000
CDUS45 KBYZ 270723
CLILVM


CLIMATE REPORT
NATIONAL WEATHER SERVICE BILLINGS MT
123 AM MDT TUE JUN 27 2017


...................................

...THE LIVINGSTON MT CLIMATE SUMMARY FOR JUNE 26 2017...

CLIMATE NORMAL PERIOD 1981 TO 2010
CLIMATE RECORD PERIOD 1948 TO 2017


WEATHER ITEM   OBSERVED TIME   RECORD YEAR NORMAL DEPARTURE LAST
                VALUE   (LST)  VALUE       VALUE  FROM      YEAR
                                                  NORMAL
..................................................................
TEMPERATURE (F)
 YESTERDAY
  MAXIMUM         91    416 PM  94    1990  78     13       85
  MINIMUM         44    456 AM  32    2007  46     -2       38
  AVERAGE         68                        62      6       62

PRECIPITATION (IN)
  YESTERDAY        T             1.33 1971   0.07  -0.07     0.00
  MONTH TO DATE    1.54                      2.16  -0.62     0.61
  SINCE OCT 1     13.57                     10.79   2.78     9.38
  SINCE JAN 1      9.64                      8.42   1.22     5.68

DEGREE DAYS
 HEATING
  YESTERDAY        0                         4     -4        3
  MONTH TO DATE  144                       192    -48       78
  SINCE JUN 1    144                       192    -48       78
  SINCE JUL 1   7134                      7588   -454     6398

 COOLING
  YESTERDAY        3                         1      2        0
  MONTH TO DATE   20                        10     10       45
  SINCE JUN 1     20                        10     10       45
  SINCE JAN 1     20                        11      9       45
..................................................................


WIND (MPH)
  HIGHEST WIND SPEED    32   HIGHEST WIND DIRECTION     N (340)
  HIGHEST GUST SPEED    40   HIGHEST GUST DIRECTION    NW (330)
  AVERAGE WIND SPEED    10.9


SKY COVER
  POSSIBLE SUNSHINE  MM
  AVERAGE SKY COVER 0.1


WEATHER CONDITIONS
 THE FOLLOWING WEATHER WAS RECORDED YESTERDAY.
  THUNDERSTORM
  LIGHT RAIN


RELATIVE HUMIDITY (PERCENT)
 HIGHEST    83           300 AM
 LOWEST     18           800 PM
 AVERAGE    51

..........................................................


THE LIVINGSTON MT CLIMATE NORMALS FOR TODAY
                         NORMAL    RECORD    YEAR
 MAXIMUM TEMPERATURE (F)   78        96      2015
 MINIMUM TEMPERATURE (F)   46        35      2011
                                             1985


SUNRISE AND SUNSET
JUNE 27 2017..........SUNRISE   534 AM MDT   SUNSET   915 PM MDT
JUNE 28 2017..........SUNRISE   535 AM MDT   SUNSET   915 PM MDT


-  INDICATES NEGATIVE NUMBERS.
R  INDICATES RECORD WAS SET OR TIED.
MM INDICATES DATA IS MISSING.
T  INDICATES TRACE AMOUNT.




$$
