000
CDUS45 KBYZ 060941
CLILVM


CLIMATE REPORT
NATIONAL WEATHER SERVICE BILLINGS MT
340 AM MDT MON JUL 6 2015


...................................

...THE LIVINGSTON MT CLIMATE SUMMARY FOR JULY 5 2015...

CLIMATE NORMAL PERIOD 1981 TO 2010
CLIMATE RECORD PERIOD 1948 TO 2015


WEATHER ITEM   OBSERVED TIME   RECORD YEAR NORMAL DEPARTURE LAST
                VALUE   (LST)  VALUE       VALUE  FROM      YEAR
                                                  NORMAL
..................................................................
TEMPERATURE (F)
 YESTERDAY
  MAXIMUM         74   1223 AM  99    1985  82     -8       96
  MINIMUM         54   1159 PM  37    1999  48      6       51
  AVERAGE         64                        65     -1       74

PRECIPITATION (IN)
  YESTERDAY        0.02          0.45 1986   0.06  -0.04     0.00
  MONTH TO DATE    0.02                      0.28  -0.26      T
  SINCE OCT 1      9.50                     11.30  -1.80    11.09
  SINCE JAN 1      7.71                      8.93  -1.22     8.80

DEGREE DAYS
 HEATING
  YESTERDAY        1                         3     -2        0
  MONTH TO DATE    1                        15    -14        9
  SINCE JUN 1     55                       222   -167      204
  SINCE JUL 1      1                        15    -14        9

 COOLING
  YESTERDAY        0                         2     -2        9
  MONTH TO DATE   34                        10     24       22
  SINCE JUN 1    133                        29    104       24
  SINCE JAN 1    134                        30    104       29
..................................................................


WIND (MPH)
  HIGHEST WIND SPEED    29   HIGHEST WIND DIRECTION    NW (310)
  HIGHEST GUST SPEED    35   HIGHEST GUST DIRECTION    NW (310)
  AVERAGE WIND SPEED    14.0


SKY COVER
  POSSIBLE SUNSHINE  MM
  AVERAGE SKY COVER 0.8


WEATHER CONDITIONS
 THE FOLLOWING WEATHER WAS RECORDED YESTERDAY.
  LIGHT RAIN
  FOG
  HAZE


RELATIVE HUMIDITY (PERCENT)
 HIGHEST    86           800 AM
 LOWEST     38          1200 AM
 AVERAGE    62

..........................................................


THE LIVINGSTON MT CLIMATE NORMALS FOR TODAY
                         NORMAL    RECORD    YEAR
 MAXIMUM TEMPERATURE (F)   82       102      2007
 MINIMUM TEMPERATURE (F)   48        38      1986


SUNRISE AND SUNSET
JULY  6 2015..........SUNRISE   539 AM MDT   SUNSET   913 PM MDT
JULY  7 2015..........SUNRISE   540 AM MDT   SUNSET   913 PM MDT


-  INDICATES NEGATIVE NUMBERS.
R  INDICATES RECORD WAS SET OR TIED.
MM INDICATES DATA IS MISSING.
T  INDICATES TRACE AMOUNT.





&&

THIS IS AN AUTOMATED...UNATTENDED WEATHER STATION AND MAY
UNDERESTIMATE WINTER PRECIPITATION.

$$
