000
CDUS45 KBYZ 290931
CLILVM


CLIMATE REPORT
NATIONAL WEATHER SERVICE BILLINGS MT
331 AM MDT FRI AUG 29 2014


...................................

...THE LIVINGSTON MT CLIMATE SUMMARY FOR AUGUST 28 2014...

CLIMATE NORMAL PERIOD 1981 TO 2010
CLIMATE RECORD PERIOD 1948 TO 2014


WEATHER ITEM   OBSERVED TIME   RECORD YEAR NORMAL DEPARTURE LAST
                VALUE   (LST)  VALUE       VALUE  FROM      YEAR
                                                  NORMAL
..................................................................
TEMPERATURE (F)
 YESTERDAY
  MAXIMUM         88    334 PM 100    2012  81      7       92
  MINIMUM         47    515 AM  36    1964  45      2       56
  AVERAGE         68                        62      6       74

PRECIPITATION (IN)
  YESTERDAY        0.03          0.67 1999   0.03   0.00     0.08
  MONTH TO DATE    2.26                      1.00   1.26     0.39
  SINCE OCT 1     13.80                     13.49   0.31     9.77
  SINCE JAN 1     11.51                     11.12   0.39     7.47

DEGREE DAYS
 HEATING
  YESTERDAY        0                         4     -4        0
  MONTH TO DATE   51                        54     -3        0
  SINCE JUN 1    255                       311    -56      137
  SINCE JUL 1     60                       104    -44        0

 COOLING
  YESTERDAY        3                         1      2        9
  MONTH TO DATE  120                        84     36      187
  SINCE JUN 1    295                       212     83      415
  SINCE JAN 1    300                       213     87      423
..................................................................


WIND (MPH)
  HIGHEST WIND SPEED    40   HIGHEST WIND DIRECTION    SW (210)
  HIGHEST GUST SPEED    52   HIGHEST GUST DIRECTION    SW (220)
  AVERAGE WIND SPEED     9.6


SKY COVER
  POSSIBLE SUNSHINE  MM
  AVERAGE SKY COVER 0.2


WEATHER CONDITIONS
 THE FOLLOWING WEATHER WAS RECORDED YESTERDAY.
  THUNDERSTORM
  LIGHT RAIN


RELATIVE HUMIDITY (PERCENT)
 HIGHEST    80           300 AM
 LOWEST     16           100 PM
 AVERAGE    48

..........................................................


THE LIVINGSTON MT CLIMATE NORMALS FOR TODAY
                         NORMAL    RECORD    YEAR
 MAXIMUM TEMPERATURE (F)   80        95      2005
                                             1998
 MINIMUM TEMPERATURE (F)   44        35      1992


SUNRISE AND SUNSET
AUGUST 29 2014........SUNRISE   639 AM MDT   SUNSET   805 PM MDT
AUGUST 30 2014........SUNRISE   640 AM MDT   SUNSET   803 PM MDT


-  INDICATES NEGATIVE NUMBERS.
R  INDICATES RECORD WAS SET OR TIED.
MM INDICATES DATA IS MISSING.
T  INDICATES TRACE AMOUNT.





&&

THIS IS AN AUTOMATED...UNATTENDED WEATHER STATION AND MAY
UNDERESTIMATE WINTER PRECIPITATION.

$$
