000
CDUS45 KBYZ 292235
CLILVM


CLIMATE REPORT
NATIONAL WEATHER SERVICE BILLINGS MT
434 PM MDT SUN MAR 29 2015


...................................

...THE LIVINGSTON MT CLIMATE SUMMARY FOR MARCH 29 2015...
VALID TODAY AS OF 0400 PM LOCAL TIME.

CLIMATE NORMAL PERIOD 1981 TO 2010
CLIMATE RECORD PERIOD 1948 TO 2015


WEATHER ITEM   OBSERVED TIME   RECORD YEAR NORMAL DEPARTURE LAST
                VALUE   (LST)  VALUE       VALUE  FROM      YEAR
                                                  NORMAL
..................................................................
TEMPERATURE (F)
 TODAY
  MAXIMUM         65    246 PM  73    1978  50     15       54
  MINIMUM         34    556 AM   1    1954  26      8       38
  AVERAGE         50                        38     12       46

PRECIPITATION (IN)
  TODAY            0.00          0.42        0.03  -0.03     0.02
  MONTH TO DATE    0.27                      0.76  -0.49     1.71
  SINCE OCT 1      3.25                      4.12  -0.87     5.10
  SINCE JAN 1      1.46                      1.75  -0.29     2.81

DEGREE DAYS
 HEATING
  TODAY           15                        27    -12       19
  MONTH TO DATE  590                       859   -269      865
  SINCE MAR 1    590                       859   -269      865
  SINCE JUL 1   5204                      6207  -1003     6108

 COOLING
  TODAY            0                         0      0        0
  MONTH TO DATE    0                         0      0        0
  SINCE MAR 1      0                         0      0        0
  SINCE JAN 1      0                         0      0        0
..................................................................


WIND (MPH)
  HIGHEST WIND SPEED    28   HIGHEST WIND DIRECTION     W (280)
  HIGHEST GUST SPEED    35   HIGHEST GUST DIRECTION     W (280)
  AVERAGE WIND SPEED    17.6


SKY COVER
  POSSIBLE SUNSHINE  MM
  AVERAGE SKY COVER 0.1


WEATHER CONDITIONS
 THE FOLLOWING WEATHER WAS RECORDED TODAY.
  NO SIGNIFICANT WEATHER WAS OBSERVED.


RELATIVE HUMIDITY (PERCENT)
 HIGHEST    56           600 AM
 LOWEST     16           200 PM
 AVERAGE    36

..........................................................


THE LIVINGSTON MT CLIMATE NORMALS FOR TOMORROW
                         NORMAL    RECORD    YEAR
 MAXIMUM TEMPERATURE (F)   51        74      2004
                                             1978
 MINIMUM TEMPERATURE (F)   27        -5      1954


SUNRISE AND SUNSET
MARCH 29 2015.........SUNRISE   708 AM MDT   SUNSET   746 PM MDT
MARCH 30 2015.........SUNRISE   706 AM MDT   SUNSET   747 PM MDT


-  INDICATES NEGATIVE NUMBERS.
R  INDICATES RECORD WAS SET OR TIED.
MM INDICATES DATA IS MISSING.
T  INDICATES TRACE AMOUNT.





&&

THIS IS AN AUTOMATED...UNATTENDED WEATHER STATION AND MAY
UNDERESTIMATE WINTER PRECIPITATION.

$$
