400
CDUS45 KBYZ 142323
CLILVM


CLIMATE REPORT
NATIONAL WEATHER SERVICE BILLINGS MT
423 PM MST THU DEC 14 2017


...................................

...THE LIVINGSTON MT CLIMATE SUMMARY FOR DECEMBER 14 2017...
VALID TODAY AS OF 0400 PM LOCAL TIME.

CLIMATE NORMAL PERIOD 1981 TO 2010
CLIMATE RECORD PERIOD 1948 TO 2017


WEATHER ITEM   OBSERVED TIME   RECORD YEAR NORMAL DEPARTURE LAST
                VALUE   (LST)  VALUE       VALUE  FROM      YEAR
                                                  NORMAL
..................................................................
TEMPERATURE (F)
 TODAY
  MAXIMUM         38    316 PM  57    1997  35      3        8
  MINIMUM         22    244 AM -18    2008  16      6       -6
  AVERAGE         30                        26      4        1

PRECIPITATION (IN)
  TODAY            0.00          0.44 2015   0.02  -0.02      T
  MONTH TO DATE    0.13                      0.27  -0.14     0.23
  SINCE OCT 1      2.40                      2.12   0.28     3.80
  SINCE JAN 1     16.30                     14.56   1.74    13.79

DEGREE DAYS
 HEATING
  TODAY           35                        39     -4       64
  MONTH TO DATE  406                       537   -131      675
  SINCE DEC 1    406                       537   -131      675
  SINCE JUL 1   2229                      2496   -267     2173

 COOLING
  TODAY            0                         0      0        0
  MONTH TO DATE    0                         0      0        0
  SINCE DEC 1      0                         0      0        0
  SINCE JAN 1    397                       230    167      330
..................................................................


WIND (MPH)
  HIGHEST WIND SPEED    26   HIGHEST WIND DIRECTION    SW (240)
  HIGHEST GUST SPEED    32   HIGHEST GUST DIRECTION    SW (240)
  AVERAGE WIND SPEED    16.2


SKY COVER
  POSSIBLE SUNSHINE  MM
  AVERAGE SKY COVER 0.4


WEATHER CONDITIONS
 THE FOLLOWING WEATHER WAS RECORDED TODAY.
  NO SIGNIFICANT WEATHER WAS OBSERVED.


RELATIVE HUMIDITY (PERCENT)
 HIGHEST    92          1200 AM
 LOWEST     59           200 PM
 AVERAGE    76

..........................................................


THE LIVINGSTON MT CLIMATE NORMALS FOR TOMORROW
                         NORMAL    RECORD    YEAR
 MAXIMUM TEMPERATURE (F)   35        60      1980
 MINIMUM TEMPERATURE (F)   16       -24      1964


SUNRISE AND SUNSET
DECEMBER 14 2017......SUNRISE   755 AM MST   SUNSET   438 PM MST
DECEMBER 15 2017......SUNRISE   756 AM MST   SUNSET   438 PM MST


-  INDICATES NEGATIVE NUMBERS.
R  INDICATES RECORD WAS SET OR TIED.
MM INDICATES DATA IS MISSING.
T  INDICATES TRACE AMOUNT.




$$
