000
CDUS45 KBYZ 241032
CLILVM


CLIMATE REPORT
NATIONAL WEATHER SERVICE BILLINGS MT
331 AM MST MON NOV 24 2014


...................................

...THE LIVINGSTON MT CLIMATE SUMMARY FOR NOVEMBER 23 2014...

CLIMATE NORMAL PERIOD 1981 TO 2010
CLIMATE RECORD PERIOD 1948 TO 2014


WEATHER ITEM   OBSERVED TIME   RECORD YEAR NORMAL DEPARTURE LAST
                VALUE   (LST)  VALUE       VALUE  FROM      YEAR
                                                  NORMAL
..................................................................
TEMPERATURE (F)
 YESTERDAY
  MAXIMUM         41    153 PM  58    2005  40      1       32
                                      1995
  MINIMUM         30    754 AM -15    1985  22      8        6
  AVERAGE         36                        31      5       19

PRECIPITATION (IN)
  YESTERDAY        T             0.49        0.02  -0.02     0.00
  MONTH TO DATE    0.42                      0.45  -0.03     0.36
  SINCE OCT 1      0.71                      1.71  -1.00     1.51
  SINCE JAN 1     14.38                     14.15   0.23    11.30

DEGREE DAYS
 HEATING
  YESTERDAY       29                        34     -5       46
  MONTH TO DATE  806                       682    124      662
  SINCE SEP 1   1455                      1592   -137     1514
  SINCE JUL 1   1524                      1710   -186     1514

 COOLING
  YESTERDAY        0                         0      0        0
  MONTH TO DATE    0                         0      0        0
  SINCE SEP 1     18                        15      3       56
  SINCE JAN 1    321                       230     91      495
..................................................................


WIND (MPH)
  HIGHEST WIND SPEED    36   HIGHEST WIND DIRECTION    SW (220)
  HIGHEST GUST SPEED    45   HIGHEST GUST DIRECTION    SW (220)
  AVERAGE WIND SPEED    21.7


SKY COVER
  POSSIBLE SUNSHINE  MM
  AVERAGE SKY COVER 0.7


WEATHER CONDITIONS
 THE FOLLOWING WEATHER WAS RECORDED YESTERDAY.
  LIGHT SNOW


RELATIVE HUMIDITY (PERCENT)
 HIGHEST    72           200 AM
 LOWEST     34           200 PM
 AVERAGE    53

..........................................................


THE LIVINGSTON MT CLIMATE NORMALS FOR TODAY
                         NORMAL    RECORD    YEAR
 MAXIMUM TEMPERATURE (F)   40        63      1954
 MINIMUM TEMPERATURE (F)   21       -13      2010


SUNRISE AND SUNSET
NOVEMBER 24 2014......SUNRISE   734 AM MST   SUNSET   443 PM MST
NOVEMBER 25 2014......SUNRISE   735 AM MST   SUNSET   442 PM MST


-  INDICATES NEGATIVE NUMBERS.
R  INDICATES RECORD WAS SET OR TIED.
MM INDICATES DATA IS MISSING.
T  INDICATES TRACE AMOUNT.





&&

THIS IS AN AUTOMATED...UNATTENDED WEATHER STATION AND MAY
UNDERESTIMATE WINTER PRECIPITATION.

$$
