000
CDUS45 KBYZ 261050
CLILVM


CLIMATE REPORT
NATIONAL WEATHER SERVICE BILLINGS MT
347 AM MST FRI DEC 26 2014


...................................

...THE LIVINGSTON MT CLIMATE SUMMARY FOR DECEMBER 25 2014...

CLIMATE NORMAL PERIOD 1981 TO 2010
CLIMATE RECORD PERIOD 1948 TO 2014


WEATHER ITEM   OBSERVED TIME   RECORD YEAR NORMAL DEPARTURE LAST
                VALUE   (LST)  VALUE       VALUE  FROM      YEAR
                                                  NORMAL
..................................................................
TEMPERATURE (F)
 YESTERDAY
  MAXIMUM         30   1216 AM  56    2005  35     -5       40
  MINIMUM          0   1132 PM -22    1983  16    -16       22
  AVERAGE         15                        26    -11       31

PRECIPITATION (IN)
  YESTERDAY        0.07          0.43        0.01   0.06     0.00
  MONTH TO DATE    0.28                      0.43  -0.15     0.60
  SINCE OCT 1      1.66                      2.28  -0.62     2.11
  SINCE JAN 1     15.33                     14.72   0.61    11.90

DEGREE DAYS
 HEATING
  YESTERDAY       50                        39     11       34
  MONTH TO DATE  715                       971   -256     1084
  SINCE DEC 1    715                       971   -256     1084
  SINCE JUL 1   2453                      2930   -477     2791

 COOLING
  YESTERDAY        0                         0      0        0
  MONTH TO DATE    0                         0      0        0
  SINCE DEC 1      0                         0      0        0
  SINCE JAN 1    321                       230     91      495
..................................................................


WIND (MPH)
  HIGHEST WIND SPEED    25   HIGHEST WIND DIRECTION     E (80)
  HIGHEST GUST SPEED    32   HIGHEST GUST DIRECTION     E (80)
  AVERAGE WIND SPEED    11.1


SKY COVER
  POSSIBLE SUNSHINE  MM
  AVERAGE SKY COVER 0.8


WEATHER CONDITIONS
 THE FOLLOWING WEATHER WAS RECORDED YESTERDAY.
  SNOW
  LIGHT SNOW
  FOG
  HAZE


RELATIVE HUMIDITY (PERCENT)
 HIGHEST    92           400 AM
 LOWEST     74           100 PM
 AVERAGE    83

..........................................................


THE LIVINGSTON MT CLIMATE NORMALS FOR TODAY
                         NORMAL    RECORD    YEAR
 MAXIMUM TEMPERATURE (F)   36        62      1980
 MINIMUM TEMPERATURE (F)   16       -21      1996


SUNRISE AND SUNSET
DECEMBER 26 2014......SUNRISE   802 AM MST   SUNSET   443 PM MST
DECEMBER 27 2014......SUNRISE   802 AM MST   SUNSET   444 PM MST


-  INDICATES NEGATIVE NUMBERS.
R  INDICATES RECORD WAS SET OR TIED.
MM INDICATES DATA IS MISSING.
T  INDICATES TRACE AMOUNT.





&&

THIS IS AN AUTOMATED...UNATTENDED WEATHER STATION AND MAY
UNDERESTIMATE WINTER PRECIPITATION.

$$
