000
CDUS45 KBYZ 290934
CLILVM


CLIMATE REPORT
NATIONAL WEATHER SERVICE BILLINGS MT
333 AM MDT SAT AUG 29 2015


...................................

...THE LIVINGSTON MT CLIMATE SUMMARY FOR AUGUST 28 2015...

CLIMATE NORMAL PERIOD 1981 TO 2010
CLIMATE RECORD PERIOD 1948 TO 2015


WEATHER ITEM   OBSERVED TIME   RECORD YEAR NORMAL DEPARTURE LAST
                VALUE   (LST)  VALUE       VALUE  FROM      YEAR
                                                  NORMAL
..................................................................
TEMPERATURE (F)
 YESTERDAY
  MAXIMUM         90    406 PM 100    2012  81      9       88
  MINIMUM         52    559 AM  36    1964  45      7       47
  AVERAGE         71                        62      9       68

PRECIPITATION (IN)
  YESTERDAY        0.00          0.67 1999   0.03  -0.03     0.03
  MONTH TO DATE    1.21                      1.00   0.21     2.26
  SINCE OCT 1     11.86                     13.49  -1.63    13.80
  SINCE JAN 1     10.07                     11.12  -1.05    11.51

DEGREE DAYS
 HEATING
  YESTERDAY        0                         4     -4        0
  MONTH TO DATE   57                        54      3       51
  SINCE JUN 1    121                       311   -190      255
  SINCE JUL 1     67                       104    -37       60

 COOLING
  YESTERDAY        6                         1      5        3
  MONTH TO DATE  114                        84     30      120
  SINCE JUN 1    328                       212    116      295
  SINCE JAN 1    329                       213    116      300
..................................................................


WIND (MPH)
  HIGHEST WIND SPEED    23   HIGHEST WIND DIRECTION     W (280)
  HIGHEST GUST SPEED    30   HIGHEST GUST DIRECTION     W (280)
  AVERAGE WIND SPEED    10.6


SKY COVER
  POSSIBLE SUNSHINE  MM
  AVERAGE SKY COVER 0.2


WEATHER CONDITIONS
 THE FOLLOWING WEATHER WAS RECORDED YESTERDAY.
  NO SIGNIFICANT WEATHER WAS OBSERVED.


RELATIVE HUMIDITY (PERCENT)
 HIGHEST    68           600 AM
 LOWEST     15           400 PM
 AVERAGE    42

..........................................................


THE LIVINGSTON MT CLIMATE NORMALS FOR TODAY
                         NORMAL    RECORD    YEAR
 MAXIMUM TEMPERATURE (F)   80        95      2005
                                             1998
 MINIMUM TEMPERATURE (F)   44        35      1992


SUNRISE AND SUNSET
AUGUST 29 2015........SUNRISE   639 AM MDT   SUNSET   806 PM MDT
AUGUST 30 2015........SUNRISE   640 AM MDT   SUNSET   804 PM MDT


-  INDICATES NEGATIVE NUMBERS.
R  INDICATES RECORD WAS SET OR TIED.
MM INDICATES DATA IS MISSING.
T  INDICATES TRACE AMOUNT.





&&

THIS IS AN AUTOMATED...UNATTENDED WEATHER STATION AND MAY
UNDERESTIMATE WINTER PRECIPITATION.

$$
