000
CDUS45 KBYZ 230723
CLILVM


CLIMATE REPORT
NATIONAL WEATHER SERVICE BILLINGS MT
123 AM MDT WED AUG 23 2017


...................................

...THE LIVINGSTON MT CLIMATE SUMMARY FOR AUGUST 22 2017...

CLIMATE NORMAL PERIOD 1981 TO 2010
CLIMATE RECORD PERIOD 1948 TO 2017


WEATHER ITEM   OBSERVED TIME   RECORD YEAR NORMAL DEPARTURE LAST
                VALUE   (LST)  VALUE       VALUE  FROM      YEAR
                                                  NORMAL
..................................................................
TEMPERATURE (F)
 YESTERDAY
  MAXIMUM         91    356 PM  97    2011  83      8       89
  MINIMUM         41    509 AM  34    2015  46     -5       46
  AVERAGE         66                        64      2       68

PRECIPITATION (IN)
  YESTERDAY        0.00          0.78 1965   0.04  -0.04     0.00
  MONTH TO DATE    0.68                      0.79  -0.11     1.11
  SINCE OCT 1     14.78                     13.28   1.50    12.00
  SINCE JAN 1     10.85                     10.91  -0.06     8.30

DEGREE DAYS
 HEATING
  YESTERDAY        0                         3     -3        0
  MONTH TO DATE   21                        34    -13       21
  SINCE JUN 1    181                       291   -110      132
  SINCE JUL 1     23                        84    -61       54

 COOLING
  YESTERDAY        1                         2     -1        3
  MONTH TO DATE   29                        73    -44       69
  SINCE JUN 1    285                       201     84      291
  SINCE JAN 1    285                       202     83      291
..................................................................


WIND (MPH)
  HIGHEST WIND SPEED    14   HIGHEST WIND DIRECTION     N (340)
  HIGHEST GUST SPEED    16   HIGHEST GUST DIRECTION     N (340)
  AVERAGE WIND SPEED     5.6


SKY COVER
  POSSIBLE SUNSHINE  MM
  AVERAGE SKY COVER 0.0


WEATHER CONDITIONS
 THE FOLLOWING WEATHER WAS RECORDED YESTERDAY.
  NO SIGNIFICANT WEATHER WAS OBSERVED.


RELATIVE HUMIDITY (PERCENT)
 HIGHEST    70           500 AM
 LOWEST     13           500 PM
 AVERAGE    42

..........................................................


THE LIVINGSTON MT CLIMATE NORMALS FOR TODAY
                         NORMAL    RECORD    YEAR
 MAXIMUM TEMPERATURE (F)   82        98      1969
 MINIMUM TEMPERATURE (F)   46        30      2015


SUNRISE AND SUNSET
AUGUST 23 2017........SUNRISE   632 AM MDT   SUNSET   815 PM MDT
AUGUST 24 2017........SUNRISE   633 AM MDT   SUNSET   814 PM MDT


-  INDICATES NEGATIVE NUMBERS.
R  INDICATES RECORD WAS SET OR TIED.
MM INDICATES DATA IS MISSING.
T  INDICATES TRACE AMOUNT.




$$
