000
CDUS45 KBYZ 011032
CLILVM


CLIMATE REPORT
NATIONAL WEATHER SERVICE BILLINGS MT
331 AM MST WED MAR 1 2017


...................................

...THE LIVINGSTON MT CLIMATE SUMMARY FOR FEBRUARY 28 2017...

CLIMATE NORMAL PERIOD 1981 TO 2010
CLIMATE RECORD PERIOD 1948 TO 2017


WEATHER ITEM   OBSERVED TIME   RECORD YEAR NORMAL DEPARTURE LAST
                VALUE   (LST)  VALUE       VALUE  FROM      YEAR
                                                  NORMAL
..................................................................
TEMPERATURE (F)
 YESTERDAY
  MAXIMUM         35    142 PM  65    1992  43     -8       56
  MINIMUM         22    428 AM -18    1996  20      2       31
  AVERAGE         29                        32     -3       44

PRECIPITATION (IN)
  YESTERDAY        T             0.36 2004   0.02  -0.02     0.00
  MONTH TO DATE    0.91                      0.50   0.41     0.16
  SINCE OCT 1      5.25                      3.36   1.89     4.01
  SINCE JAN 1      1.32                      0.99   0.33     0.31

DEGREE DAYS
 HEATING
  YESTERDAY       36                        33      3       21
  MONTH TO DATE  966                      1005    -39      696
  SINCE DEC 1   3728                      3389    339     2898
  SINCE JUL 1   5226                      5348   -122     4575

 COOLING
  YESTERDAY        0                         0      0        0
  MONTH TO DATE    0                         0      0        0
  SINCE DEC 1      0                         0      0        0
  SINCE JAN 1      0                         0      0        0
..................................................................


WIND (MPH)
  HIGHEST WIND SPEED    35   HIGHEST WIND DIRECTION     W (290)
  HIGHEST GUST SPEED    45   HIGHEST GUST DIRECTION     W (280)
  AVERAGE WIND SPEED    21.2


SKY COVER
  POSSIBLE SUNSHINE  MM
  AVERAGE SKY COVER 0.2


WEATHER CONDITIONS
 THE FOLLOWING WEATHER WAS RECORDED YESTERDAY.
  LIGHT SNOW
  FOG
  HAZE


RELATIVE HUMIDITY (PERCENT)
 HIGHEST    81           400 PM
 LOWEST     32           100 PM
 AVERAGE    57

..........................................................


THE LIVINGSTON MT CLIMATE NORMALS FOR TODAY
                         NORMAL    RECORD    YEAR
 MAXIMUM TEMPERATURE (F)   44        64      1992
 MINIMUM TEMPERATURE (F)   20       -14      2014


SUNRISE AND SUNSET
MARCH  1 2017.........SUNRISE   700 AM MST   SUNSET   609 PM MST
MARCH  2 2017.........SUNRISE   658 AM MST   SUNSET   610 PM MST


-  INDICATES NEGATIVE NUMBERS.
R  INDICATES RECORD WAS SET OR TIED.
MM INDICATES DATA IS MISSING.
T  INDICATES TRACE AMOUNT.





&&

THIS IS AN AUTOMATED...UNATTENDED WEATHER STATION AND MAY
UNDERESTIMATE WINTER PRECIPITATION.

$$
