000
CDUS45 KBYZ 310933
CLILVM


CLIMATE REPORT
NATIONAL WEATHER SERVICE BILLINGS MT
332 AM MDT WED AUG 31 2016


...................................

...THE LIVINGSTON MT CLIMATE SUMMARY FOR AUGUST 30 2016...

CLIMATE NORMAL PERIOD 1981 TO 2010
CLIMATE RECORD PERIOD 1948 TO 2016


WEATHER ITEM   OBSERVED TIME   RECORD YEAR NORMAL DEPARTURE LAST
                VALUE   (LST)  VALUE       VALUE  FROM      YEAR
                                                  NORMAL
..................................................................
TEMPERATURE (F)
 YESTERDAY
  MAXIMUM         89    330 PM  96    2007  80      9       89
                                      1954
  MINIMUM         48    530 AM  31    1993  44      4       56
  AVERAGE         69                        62      7       73

PRECIPITATION (IN)
  YESTERDAY        0.00          0.85 1977   0.03  -0.03     0.04
  MONTH TO DATE    1.16                      1.07   0.09     1.25
  SINCE OCT 1     12.05                     13.56  -1.51    11.90
  SINCE JAN 1      8.35                     11.19  -2.84    10.11

DEGREE DAYS
 HEATING
  YESTERDAY        0                         4     -4        0
  MONTH TO DATE   55                        62     -7       57
  SINCE JUN 1    166                       319   -153      121
  SINCE JUL 1     88                       112    -24       67

 COOLING
  YESTERDAY        4                         1      3        8
  MONTH TO DATE   81                        86     -5      127
  SINCE JUN 1    303                       214     89      341
  SINCE JAN 1    303                       215     88      342
..................................................................


WIND (MPH)
  HIGHEST WIND SPEED    20   HIGHEST WIND DIRECTION     E (100)
  HIGHEST GUST SPEED    24   HIGHEST GUST DIRECTION     E (110)
  AVERAGE WIND SPEED    10.4


SKY COVER
  POSSIBLE SUNSHINE  MM
  AVERAGE SKY COVER 0.0


WEATHER CONDITIONS
 THE FOLLOWING WEATHER WAS RECORDED YESTERDAY.
  NO SIGNIFICANT WEATHER WAS OBSERVED.


RELATIVE HUMIDITY (PERCENT)
 HIGHEST    74           500 AM
 LOWEST     17           100 PM
 AVERAGE    46

..........................................................


THE LIVINGSTON MT CLIMATE NORMALS FOR TODAY
                         NORMAL    RECORD    YEAR
 MAXIMUM TEMPERATURE (F)   79       100      1955
 MINIMUM TEMPERATURE (F)   44        33      1993


SUNRISE AND SUNSET
AUGUST 31 2016........SUNRISE   642 AM MDT   SUNSET   800 PM MDT
SEPTEMBER  1 2016.....SUNRISE   644 AM MDT   SUNSET   759 PM MDT


-  INDICATES NEGATIVE NUMBERS.
R  INDICATES RECORD WAS SET OR TIED.
MM INDICATES DATA IS MISSING.
T  INDICATES TRACE AMOUNT.





&&

THIS IS AN AUTOMATED...UNATTENDED WEATHER STATION AND MAY
UNDERESTIMATE WINTER PRECIPITATION.

$$
