000
CDUS45 KBYZ 081044
CLILVM


CLIMATE REPORT
NATIONAL WEATHER SERVICE BILLINGS MT
343 AM MST THU DEC 8 2016


...................................

...THE LIVINGSTON MT CLIMATE SUMMARY FOR DECEMBER 7 2016...

CLIMATE NORMAL PERIOD 1981 TO 2010
CLIMATE RECORD PERIOD 1948 TO 2016


WEATHER ITEM   OBSERVED TIME   RECORD YEAR NORMAL DEPARTURE LAST
                VALUE   (LST)  VALUE       VALUE  FROM      YEAR
                                                  NORMAL
..................................................................
TEMPERATURE (F)
 YESTERDAY
  MAXIMUM          9    315 PM  54    1981  36    -27       52
  MINIMUM          1    826 AM -24    2013  18    -17       41
  AVERAGE          5                        27    -22       47

PRECIPITATION (IN)
  YESTERDAY        0.00          0.38 1954   0.02  -0.02     0.08
  MONTH TO DATE    0.11                      0.14  -0.03     0.09
  SINCE OCT 1      3.68                      1.99   1.69     2.82
  SINCE JAN 1     13.67                     14.43  -0.76    14.17

DEGREE DAYS
 HEATING
  YESTERDAY       60                        38     22       18
  MONTH TO DATE  296                       264     32      189
  SINCE DEC 1    296                       264     32      189
  SINCE JUL 1   1794                      2223   -429     1866

 COOLING
  YESTERDAY        0                         0      0        0
  MONTH TO DATE    0                         0      0        0
  SINCE DEC 1      0                         0      0        0
  SINCE JAN 1    330                       230    100      393
..................................................................


WIND (MPH)
  HIGHEST WIND SPEED    16   HIGHEST WIND DIRECTION    NW (330)
  HIGHEST GUST SPEED    21   HIGHEST GUST DIRECTION    NW (330)
  AVERAGE WIND SPEED     8.2


SKY COVER
  POSSIBLE SUNSHINE  MM
  AVERAGE SKY COVER 0.8


WEATHER CONDITIONS
 THE FOLLOWING WEATHER WAS RECORDED YESTERDAY.
  NO SIGNIFICANT WEATHER WAS OBSERVED.


RELATIVE HUMIDITY (PERCENT)
 HIGHEST    76          1000 PM
 LOWEST     57           100 PM
 AVERAGE    67

..........................................................


THE LIVINGSTON MT CLIMATE NORMALS FOR TODAY
                         NORMAL    RECORD    YEAR
 MAXIMUM TEMPERATURE (F)   36        58      1957
 MINIMUM TEMPERATURE (F)   17       -30      1972


SUNRISE AND SUNSET
DECEMBER  8 2016......SUNRISE   750 AM MST   SUNSET   438 PM MST
DECEMBER  9 2016......SUNRISE   751 AM MST   SUNSET   438 PM MST


-  INDICATES NEGATIVE NUMBERS.
R  INDICATES RECORD WAS SET OR TIED.
MM INDICATES DATA IS MISSING.
T  INDICATES TRACE AMOUNT.





&&

THIS IS AN AUTOMATED...UNATTENDED WEATHER STATION AND MAY
UNDERESTIMATE WINTER PRECIPITATION.

$$
