000
CDUS45 KBYZ 290942
CLILVM


CLIMATE REPORT
NATIONAL WEATHER SERVICE BILLINGS MT
336 AM MDT FRI JUL 29 2016


...................................

...THE LIVINGSTON MT CLIMATE SUMMARY FOR JULY 28 2016...

CLIMATE NORMAL PERIOD 1981 TO 2010
CLIMATE RECORD PERIOD 1948 TO 2016


WEATHER ITEM   OBSERVED TIME   RECORD YEAR NORMAL DEPARTURE LAST
                VALUE   (LST)  VALUE       VALUE  FROM      YEAR
                                                  NORMAL
..................................................................
TEMPERATURE (F)
 YESTERDAY
  MAXIMUM         85    200 PM 101    2006  87     -2       71
  MINIMUM         55    549 AM  40    1949  50      5       50
  AVERAGE         70                        68      2       61

PRECIPITATION (IN)
  YESTERDAY        0.01          1.64 1998   0.04  -0.03     0.00
  MONTH TO DATE    1.39                      1.35   0.04     1.17
  SINCE OCT 1     10.89                     12.37  -1.48    10.65
  SINCE JAN 1      7.19                     10.00  -2.81     8.86

DEGREE DAYS
 HEATING
  YESTERDAY        0                         1     -1        4
  MONTH TO DATE   33                        47    -14        9
  SINCE JUN 1    111                       254   -143       63
  SINCE JUL 1     33                        47    -14        9

 COOLING
  YESTERDAY        5                         4      1        0
  MONTH TO DATE  125                        94     31      108
  SINCE JUN 1    195                       113     82      207
  SINCE JAN 1    195                       114     81      208
..................................................................


WIND (MPH)
  HIGHEST WIND SPEED    22   HIGHEST WIND DIRECTION     E (90)
  HIGHEST GUST SPEED    28   HIGHEST GUST DIRECTION     E (90)
  AVERAGE WIND SPEED     8.9


SKY COVER
  POSSIBLE SUNSHINE  MM
  AVERAGE SKY COVER 0.0


WEATHER CONDITIONS
 THE FOLLOWING WEATHER WAS RECORDED YESTERDAY.
  THUNDERSTORM
  RAIN
  LIGHT RAIN


RELATIVE HUMIDITY (PERCENT)
 HIGHEST    93           600 AM
 LOWEST     30          1200 PM
 AVERAGE    62

..........................................................


THE LIVINGSTON MT CLIMATE NORMALS FOR TODAY
                         NORMAL    RECORD    YEAR
 MAXIMUM TEMPERATURE (F)   87       103      2006
 MINIMUM TEMPERATURE (F)   50        35      1971


SUNRISE AND SUNSET
JULY 29 2016..........SUNRISE   602 AM MDT   SUNSET   853 PM MDT
JULY 30 2016..........SUNRISE   603 AM MDT   SUNSET   852 PM MDT


-  INDICATES NEGATIVE NUMBERS.
R  INDICATES RECORD WAS SET OR TIED.
MM INDICATES DATA IS MISSING.
T  INDICATES TRACE AMOUNT.





&&

THIS IS AN AUTOMATED...UNATTENDED WEATHER STATION AND MAY
UNDERESTIMATE WINTER PRECIPITATION.

$$
