000
CDUS41 KRNK 230923
CLILWB


CLIMATE REPORT
NATIONAL WEATHER SERVICE BLACKSBURG VA
520 AM EDT THU OCT 23 2014


...................................

...THE LEWISBURG WV CLIMATE SUMMARY FOR OCTOBER 22 2014...

CLIMATE NORMAL PERIOD 1981 TO 2010
CLIMATE RECORD PERIOD 1973 TO 2014


WEATHER ITEM   OBSERVED TIME   RECORD YEAR NORMAL DEPARTURE
                VALUE   (LST)  VALUE       VALUE  FROM
                                                  NORMAL
...............................................................
TEMPERATURE (F)
 YESTERDAY
  MAXIMUM         52   1145 AM  80    1979  63    -11
  MINIMUM         44    235 AM  26    1995  36      8
  AVERAGE         48                        49     -1

PRECIPITATION (IN)
  YESTERDAY        0.00                      0.09  -0.09
  MONTH TO DATE    3.15                      1.78   1.37
  SINCE SEP 1      4.13                      5.06  -0.93
  SINCE JAN 1     22.82                     33.16 -10.34

SNOWFALL (IN)
  YESTERDAY        0.0
  MONTH TO DATE    0.0
  SINCE SEP 1      0.0
  SINCE JUL 1      0.0
  SNOW DEPTH       0

DEGREE DAYS
 HEATING
  YESTERDAY       17                                1
  MONTH TO DATE  196                              -83
  SINCE SEP 1    268                             -145
  SINCE JUL 1    290                             -151

 COOLING
  YESTERDAY        0                                0
  MONTH TO DATE    5                                5
  SINCE SEP 1    102                               59
  SINCE JAN 1    619                              126
...............................................................


WIND (MPH)
  HIGHEST WIND SPEED    13   HIGHEST WIND DIRECTION     N (350)
  HIGHEST GUST SPEED    20   HIGHEST GUST DIRECTION    NW (320)
  AVERAGE WIND SPEED     6.4




RELATIVE HUMIDITY (PERCENT)
 HIGHEST    79
 LOWEST     63
 AVERAGE    71

..........................................................


THE LEWISBURG WV CLIMATE NORMALS FOR TODAY
                         NORMAL    RECORD    YEAR
 MAXIMUM TEMPERATURE (F)   63        77      1975
 MINIMUM TEMPERATURE (F)   35        14      1997


SUNRISE AND SUNSET
OCTOBER 23 2014.......SUNRISE   738 AM EDT   SUNSET   633 PM EDT
OCTOBER 24 2014.......SUNRISE   739 AM EDT   SUNSET   632 PM EDT


-  INDICATES NEGATIVE NUMBERS.
R  INDICATES RECORD WAS SET OR TIED.
MM INDICATES DATA IS MISSING.
T  INDICATES TRACE AMOUNT.


REMARKS:
DUE TO MISSING PRECIPITATION DATA ON JANUARY 25...THE ANNUAL
TOTAL AND DEPARTURE FROM NORMAL FOR PRECIPITATION WILL BE
CALCULATED WITHOUT DATA FROM THAT DATE.


$$
