000
CDUS41 KRNK 252129
CLILWB


CLIMATE REPORT
NATIONAL WEATHER SERVICE BLACKSBURG VA
527 PM EDT FRI JUL 25 2014


...................................

...THE LEWISBURG WV CLIMATE SUMMARY FOR JULY 25 2014...
VALID TODAY AS OF 0500 PM LOCAL TIME.

CLIMATE NORMAL PERIOD 1981 TO 2010
CLIMATE RECORD PERIOD 1973 TO 2014


WEATHER ITEM   OBSERVED TIME   RECORD YEAR NORMAL DEPARTURE
                VALUE   (LST)  VALUE       VALUE  FROM
                                                  NORMAL
...............................................................
TEMPERATURE (F)
 TODAY
  MAXIMUM         82    300 PM  91    1987  82      0
  MINIMUM         59        MM  50    2008  59      0
  AVERAGE         71                        70      1

PRECIPITATION (IN)
  TODAY            0.00          0.31 2011   0.14  -0.14
  MONTH TO DATE    0.96                      3.21  -2.25
  SINCE JUN 1      4.39                      6.94  -2.55
  SINCE JAN 1     15.32                     24.12  -8.80

SNOWFALL (IN)
  TODAY            0.0
  MONTH TO DATE    0.0
  SINCE JUN 1      0.0
  SINCE JUL 1      0.0
  SNOW DEPTH       0

DEGREE DAYS
 HEATING
  TODAY            0                                0
  MONTH TO DATE   10                               10
  SINCE JUN 1     23                              -27
  SINCE JUL 1     10                               10

 COOLING
  TODAY            6                                0
  MONTH TO DATE  155                                9
  SINCE JUN 1    319                               69
  SINCE JAN 1    352                               76
...............................................................


WIND (MPH)
  HIGHEST WIND SPEED     6   HIGHEST WIND DIRECTION     W (280)
  HIGHEST GUST SPEED    MM   HIGHEST GUST DIRECTION    MM
  AVERAGE WIND SPEED     1.9




RELATIVE HUMIDITY (PERCENT)
 HIGHEST    93
 LOWEST     33
 AVERAGE    63

..........................................................


THE LEWISBURG WV CLIMATE NORMALS FOR TOMORROW
                         NORMAL    RECORD    YEAR
 MAXIMUM TEMPERATURE (F)   82        93      2012
 MINIMUM TEMPERATURE (F)   59       -38      2006


SUNRISE AND SUNSET
JULY 25 2014..........SUNRISE   619 AM EDT   SUNSET   837 PM EDT
JULY 26 2014..........SUNRISE   620 AM EDT   SUNSET   836 PM EDT


-  INDICATES NEGATIVE NUMBERS.
R  INDICATES RECORD WAS SET OR TIED.
MM INDICATES DATA IS MISSING.
T  INDICATES TRACE AMOUNT.

REMARKS

DUE TO MISSING PRECIPITATION ON JANUARY 25...THE ANNUAL
TOTAL AND DEPARTURE FROM NORMAL FOR PRECIPITATION WILL
BE CALCULATED WITHOUT DATA FROM THAT DATE.

$$

MBS
