000
CDUS41 KRNK 262224
CLILWB


CLIMATE REPORT
NATIONAL WEATHER SERVICE BLACKSBURG VA
519 PM EST FRI DEC 26 2014


...................................

...THE LEWISBURG WV CLIMATE SUMMARY FOR DECEMBER 26 2014...
VALID TODAY AS OF 0500 PM LOCAL TIME.

CLIMATE NORMAL PERIOD 1981 TO 2010
CLIMATE RECORD PERIOD 1973 TO 2014


WEATHER ITEM   OBSERVED TIME   RECORD YEAR NORMAL DEPARTURE
                VALUE   (LST)  VALUE       VALUE  FROM
                                                  NORMAL
...............................................................
TEMPERATURE (F)
 TODAY
  MAXIMUM         50    400 PM  61    1982  39     11
  MINIMUM         22    735 AM  -1    1980  20      2
  AVERAGE         36                        29      7

PRECIPITATION (IN)
  TODAY            0.00          0.38 2012   0.10  -0.10
  MONTH TO DATE    1.51                      2.72  -1.21
  SINCE DEC 1      1.51                      2.72  -1.21
  SINCE JAN 1     25.91                     39.54 -13.63

SNOWFALL (IN)
  TODAY            0.0
  MONTH TO DATE    T
  SINCE DEC 1      T
  SINCE JUL 1      2.0
  SNOW DEPTH       0

DEGREE DAYS
 HEATING
  TODAY           29                               -7
  MONTH TO DATE  676                             -189
  SINCE DEC 1    676                             -189
  SINCE JUL 1   1888                             -294

 COOLING
  TODAY            0                                0
  MONTH TO DATE    0                                0
  SINCE DEC 1      0                                0
  SINCE JAN 1    619                              120
...............................................................


WIND (MPH)
  HIGHEST WIND SPEED     7   HIGHEST WIND DIRECTION    SW (220)
  HIGHEST GUST SPEED    MM   HIGHEST GUST DIRECTION    MM
  AVERAGE WIND SPEED     1.6




RELATIVE HUMIDITY (PERCENT)
 HIGHEST    96
 LOWEST     39
 AVERAGE    68

..........................................................


THE LEWISBURG WV CLIMATE NORMALS FOR TOMORROW
                         NORMAL    RECORD    YEAR
 MAXIMUM TEMPERATURE (F)   38        66      2008
 MINIMUM TEMPERATURE (F)   20        -3      1989


SUNRISE AND SUNSET
DECEMBER 26 2014......SUNRISE   736 AM EST   SUNSET   509 PM EST
DECEMBER 27 2014......SUNRISE   736 AM EST   SUNSET   509 PM EST


-  INDICATES NEGATIVE NUMBERS.
R  INDICATES RECORD WAS SET OR TIED.
MM INDICATES DATA IS MISSING.
T  INDICATES TRACE AMOUNT.

REMARKS:
DUE TO MISSING PRECIPITATION DATA ON JANUARY 25...THE ANNUAL
TOTAL AND DEPARTURE FROM NORMAL FOR PRECIPITATION WILL BE
CALCULATED WITHOUT DATA FROM THAT DATE.

$$
