000
CDUS43 KTOP 030641
CLILWC


CLIMATE REPORT
NATIONAL WEATHER SERVICE TOPEKA KS
140 AM CDT MON AUG 3 2015


...................................

...THE LAWRENCE KS CLIMATE SUMMARY FOR AUGUST 2 2015...

CLIMATE NORMAL PERIOD 1981 TO 2010
CLIMATE RECORD PERIOD 9999 TO 9999


WEATHER ITEM   OBSERVED NORMAL DEPARTURE LAST
                VALUE   VALUE  FROM      YEAR
                               NORMAL
...............................................
TEMPERATURE (F)
 YESTERDAY
  MAXIMUM         93     90      3       93
  MINIMUM         68     67      1       61
  AVERAGE         81     79      2       77

PRECIPITATION (IN)
  YESTERDAY        0.00   0.09  -0.09     0.00
  MONTH TO DATE    0.00   0.19  -0.19     0.00
  SINCE JUN 1     12.72   9.83   2.89    10.96
  SINCE JAN 1     27.00  23.72   3.28    18.62

DEGREE DAYS
 HEATING
  YESTERDAY        0      0      0        0
  MONTH TO DATE    0      0      0        0
  SINCE JUN 1      4      9     -5        1
  SINCE JUL 1      1      1      0        1

 COOLING
  YESTERDAY       16     14      2       12
  MONTH TO DATE   31     28      3       23
  SINCE JUN 1    789    717     72      657
  SINCE JAN 1    865    836     29      850
...............................................


WIND (MPH)
  HIGHEST WIND SPEED    18   HIGHEST WIND DIRECTION    SW (220)
  HIGHEST GUST SPEED    24   HIGHEST GUST DIRECTION    SW (220)
  AVERAGE WIND SPEED     7.0


SKY COVER
  AVERAGE SKY COVER 0.0


WEATHER CONDITIONS
 THE FOLLOWING WEATHER WAS RECORDED YESTERDAY.
  NO SIGNIFICANT WEATHER WAS OBSERVED.


RELATIVE HUMIDITY (PERCENT)
 HIGHEST    90
 LOWEST     44
 AVERAGE    67

..........................................................


THE LAWRENCE KS CLIMATE NORMALS FOR TODAY
                         NORMAL
 MAXIMUM TEMPERATURE (F)   90
 MINIMUM TEMPERATURE (F)   67


SUNRISE AND SUNSET
AUGUST  3 2015........SUNRISE   623 AM CDT   SUNSET   830 PM CDT
AUGUST  4 2015........SUNRISE   624 AM CDT   SUNSET   829 PM CDT


-  INDICATES NEGATIVE NUMBERS.
R  INDICATES RECORD WAS SET OR TIED.
MM INDICATES DATA IS MISSING.
T  INDICATES TRACE AMOUNT.




$$
