000
CDUS43 KTOP 230635
CLILWC


CLIMATE REPORT
NATIONAL WEATHER SERVICE TOPEKA KS
134 AM CDT THU OCT 23 2014


...................................

...THE LAWRENCE KS CLIMATE SUMMARY FOR OCTOBER 22 2014...

CLIMATE NORMAL PERIOD 1981 TO 2010
CLIMATE RECORD PERIOD 9999 TO 9999


WEATHER ITEM   OBSERVED NORMAL DEPARTURE LAST
                VALUE   VALUE  FROM      YEAR
                               NORMAL
...............................................
TEMPERATURE (F)
 YESTERDAY
  MAXIMUM         75     67      8       64
  MINIMUM         50     41      9       33
  AVERAGE         63     54      9       49

PRECIPITATION (IN)
  YESTERDAY        0.00   0.07  -0.07      T
  MONTH TO DATE    4.75   2.24   2.51     1.64
  SINCE SEP 1      9.37   6.40   2.97     4.98
  SINCE JAN 1     33.82  34.26  -0.44    25.26

DEGREE DAYS
 HEATING
  YESTERDAY        2     11     -9       16
  MONTH TO DATE  189    182      7      174
  SINCE SEP 1    260    242     18      197
  SINCE JUL 1    261    245     16      197

 COOLING
  YESTERDAY        0      0      0        0
  MONTH TO DATE    8     24    -16       36
  SINCE SEP 1    112    177    -65      271
  SINCE JAN 1   1419   1368     51     1492
...............................................


WIND (MPH)
  HIGHEST WIND SPEED    16   HIGHEST WIND DIRECTION    SE (150)
  HIGHEST GUST SPEED    21   HIGHEST GUST DIRECTION    SE (140)
  AVERAGE WIND SPEED     9.3


SKY COVER
  AVERAGE SKY COVER 0.2


WEATHER CONDITIONS
 THE FOLLOWING WEATHER WAS RECORDED YESTERDAY.
  HAZE


RELATIVE HUMIDITY (PERCENT)
 HIGHEST    86
 LOWEST     53
 AVERAGE    70

..........................................................


THE LAWRENCE KS CLIMATE NORMALS FOR TODAY
                         NORMAL
 MAXIMUM TEMPERATURE (F)   66
 MINIMUM TEMPERATURE (F)   41


SUNRISE AND SUNSET
OCTOBER 23 2014.......SUNRISE   739 AM CDT   SUNSET   631 PM CDT
OCTOBER 24 2014.......SUNRISE   740 AM CDT   SUNSET   630 PM CDT


-  INDICATES NEGATIVE NUMBERS.
R  INDICATES RECORD WAS SET OR TIED.
MM INDICATES DATA IS MISSING.
T  INDICATES TRACE AMOUNT.




$$
