000
CDUS43 KTOP 230633
CLILWC


CLIMATE REPORT
NATIONAL WEATHER SERVICE TOPEKA KS
1232 AM CST SUN NOV 23 2014


...................................

...THE LAWRENCE KS CLIMATE SUMMARY FOR NOVEMBER 22 2014...

CLIMATE NORMAL PERIOD 1981 TO 2010
CLIMATE RECORD PERIOD 9999 TO 9999


WEATHER ITEM   OBSERVED NORMAL DEPARTURE LAST
                VALUE   VALUE  FROM      YEAR
                               NORMAL
...............................................
TEMPERATURE (F)
 YESTERDAY
  MAXIMUM         60     52      8       31
  MINIMUM         46     29     17       22
  AVERAGE         53     40     13       27

PRECIPITATION (IN)
  YESTERDAY        0.01   0.06  -0.05     0.00
  MONTH TO DATE    0.14   1.65  -1.51     0.28
  SINCE SEP 1     10.33   8.69   1.64     7.67
  SINCE JAN 1     34.78  36.55  -1.77    27.95

DEGREE DAYS
 HEATING
  YESTERDAY       12     25    -13       38
  MONTH TO DATE  634    432    202      403
  SINCE SEP 1    971    793    178      749
  SINCE JUL 1    972    796    176      749

 COOLING
  YESTERDAY        0      0      0        0
  MONTH TO DATE    0      0      0        0
  SINCE SEP 1    119    179    -60      271
  SINCE JAN 1   1426   1370     56     1492
...............................................


WIND (MPH)
  HIGHEST WIND SPEED    21   HIGHEST WIND DIRECTION     S (170)
  HIGHEST GUST SPEED    27   HIGHEST GUST DIRECTION     S (190)
  AVERAGE WIND SPEED    10.6


SKY COVER
  AVERAGE SKY COVER 1.0


WEATHER CONDITIONS
 THE FOLLOWING WEATHER WAS RECORDED YESTERDAY.
  LIGHT RAIN
  FOG
  FOG W/VISIBILITY <= 1/4 MILE


RELATIVE HUMIDITY (PERCENT)
 HIGHEST   100
 LOWEST     80
 AVERAGE    90

..........................................................


THE LAWRENCE KS CLIMATE NORMALS FOR TODAY
                         NORMAL
 MAXIMUM TEMPERATURE (F)   52
 MINIMUM TEMPERATURE (F)   29


SUNRISE AND SUNSET
NOVEMBER 23 2014......SUNRISE   712 AM CST   SUNSET   502 PM CST
NOVEMBER 24 2014......SUNRISE   714 AM CST   SUNSET   501 PM CST


-  INDICATES NEGATIVE NUMBERS.
R  INDICATES RECORD WAS SET OR TIED.
MM INDICATES DATA IS MISSING.
T  INDICATES TRACE AMOUNT.




$$
