000
CDUS43 KTOP 280635
CLILWC


CLIMATE REPORT
NATIONAL WEATHER SERVICE TOPEKA KS
135 AM CDT FRI APR 28 2017


...................................

...THE LAWRENCE KS CLIMATE SUMMARY FOR APRIL 27 2017...

CLIMATE NORMAL PERIOD 1981 TO 2010
CLIMATE RECORD PERIOD 9999 TO 9999


WEATHER ITEM   OBSERVED NORMAL DEPARTURE LAST
                VALUE   VALUE  FROM      YEAR
                               NORMAL
...............................................
TEMPERATURE (F)
 YESTERDAY
  MAXIMUM         62     70     -8       71
  MINIMUM         36     47    -11       50
  AVERAGE         49     58     -9       61

PRECIPITATION (IN)
  YESTERDAY        0.08   0.15  -0.07     0.41
  MONTH TO DATE    4.58   3.26   1.32     3.79
  SINCE MAR 1      6.94   5.88   1.06     5.44
  SINCE JAN 1      7.95   8.19  -0.24     6.56

DEGREE DAYS
 HEATING
  YESTERDAY       16      7      9        4
  MONTH TO DATE  217    303    -86      211
  SINCE MAR 1    736    944   -208      695
  SINCE JUL 1   4017   4959   -942     4197

 COOLING
  YESTERDAY        0      1     -1        0
  MONTH TO DATE   25     20      5       15
  SINCE MAR 1     32     23      9       18
  SINCE JAN 1     32     23      9       18
...............................................


WIND (MPH)
  HIGHEST WIND SPEED    16   HIGHEST WIND DIRECTION    NE (30)
  HIGHEST GUST SPEED    20   HIGHEST GUST DIRECTION     W (280)
  AVERAGE WIND SPEED     6.7


SKY COVER
  AVERAGE SKY COVER 0.5


WEATHER CONDITIONS
 THE FOLLOWING WEATHER WAS RECORDED YESTERDAY.
  LIGHT RAIN


RELATIVE HUMIDITY (PERCENT)
 HIGHEST   100
 LOWEST     42
 AVERAGE    71

..........................................................


THE LAWRENCE KS CLIMATE NORMALS FOR TODAY
                         NORMAL
 MAXIMUM TEMPERATURE (F)   71
 MINIMUM TEMPERATURE (F)   47


SUNRISE AND SUNSET
APRIL 28 2017.........SUNRISE   626 AM CDT   SUNSET   811 PM CDT
APRIL 29 2017.........SUNRISE   625 AM CDT   SUNSET   812 PM CDT


-  INDICATES NEGATIVE NUMBERS.
R  INDICATES RECORD WAS SET OR TIED.
MM INDICATES DATA IS MISSING.
T  INDICATES TRACE AMOUNT.




$$
