333
CDUS43 KTOP 222131
CLILWC


CLIMATE REPORT
NATIONAL WEATHER SERVICE TOPEKA KS
431 PM CDT WED MAR 22 2017


...................................

...THE LAWRENCE KS CLIMATE SUMMARY FOR MARCH 22 2017...
VALID TODAY AS OF 0400 PM LOCAL TIME.

CLIMATE NORMAL PERIOD 1981 TO 2010
CLIMATE RECORD PERIOD 9999 TO 9999


WEATHER ITEM   OBSERVED NORMAL DEPARTURE LAST
                VALUE   VALUE  FROM      YEAR
                               NORMAL
...............................................
TEMPERATURE (F)
 TODAY
  MAXIMUM         60     59      1       76
  MINIMUM         36     34      2       48
  AVERAGE         48     47      1       62

PRECIPITATION (IN)
  TODAY            0.00   0.08  -0.08     0.00
  MONTH TO DATE    0.07   1.82  -1.75     0.57
  SINCE MAR 1      0.07   1.82  -1.75     0.57
  SINCE JAN 1      1.08   4.13  -3.05     1.69

DEGREE DAYS
 HEATING
  TODAY           17     18     -1        3
  MONTH TO DATE  418    491    -73      346
  SINCE MAR 1    418    491    -73      346
  SINCE JUL 1   3699   4506   -807     3848

 COOLING
  TODAY            0      0      0        0
  MONTH TO DATE    6      0      6        2
  SINCE MAR 1      6      0      6        2
  SINCE JAN 1      6      0      6        2
...............................................


WIND (MPH)
  HIGHEST WIND SPEED    21   HIGHEST WIND DIRECTION     E (80)
  HIGHEST GUST SPEED    25   HIGHEST GUST DIRECTION     E (90)
  AVERAGE WIND SPEED    10.6



WEATHER CONDITIONS
 THE FOLLOWING WEATHER WAS RECORDED TODAY.
  NO SIGNIFICANT WEATHER WAS OBSERVED.


RELATIVE HUMIDITY (PERCENT)
 HIGHEST    59
 LOWEST     25
 AVERAGE    42

..........................................................


THE LAWRENCE KS CLIMATE NORMALS FOR TOMORROW
                         NORMAL
 MAXIMUM TEMPERATURE (F)   60
 MINIMUM TEMPERATURE (F)   35


SUNRISE AND SUNSET
MARCH 22 2017.........SUNRISE   721 AM CDT   SUNSET   735 PM CDT
MARCH 23 2017.........SUNRISE   719 AM CDT   SUNSET   736 PM CDT


-  INDICATES NEGATIVE NUMBERS.
R  INDICATES RECORD WAS SET OR TIED.
MM INDICATES DATA IS MISSING.
T  INDICATES TRACE AMOUNT.




$$
