000
CDUS43 KTOP 180632
CLILWC


CLIMATE REPORT
NATIONAL WEATHER SERVICE TOPEKA KS
1232 AM CST WED JAN 18 2017


...................................

...THE LAWRENCE KS CLIMATE SUMMARY FOR JANUARY 17 2017...

CLIMATE NORMAL PERIOD 1981 TO 2010
CLIMATE RECORD PERIOD 9999 TO 9999


WEATHER ITEM   OBSERVED NORMAL DEPARTURE LAST
                VALUE   VALUE  FROM      YEAR
                               NORMAL
...............................................
TEMPERATURE (F)
 YESTERDAY
  MAXIMUM         44     40      4       22
  MINIMUM         26     18      8        0
  AVERAGE         35     29      6       11

PRECIPITATION (IN)
  YESTERDAY        0.00   0.04  -0.04      T
  MONTH TO DATE    0.93   0.49   0.44     0.61
  SINCE DEC 1      1.93   1.96  -0.03     3.82
  SINCE JAN 1      0.93   0.49   0.44     0.61

DEGREE DAYS
 HEATING
  YESTERDAY       30     36     -6       54
  MONTH TO DATE  642    612     30      624
  SINCE DEC 1   1673   1647     26     1434
  SINCE JUL 1   2317   2655   -338     2257

 COOLING
  YESTERDAY        0      0      0        0
  MONTH TO DATE    0      0      0        0
  SINCE DEC 1      0      0      0        0
  SINCE JAN 1      0      0      0        0
...............................................


WIND (MPH)
  HIGHEST WIND SPEED    13   HIGHEST WIND DIRECTION     W (290)
  HIGHEST GUST SPEED    16   HIGHEST GUST DIRECTION     W (290)
  AVERAGE WIND SPEED     6.0


SKY COVER
  AVERAGE SKY COVER 0.7


WEATHER CONDITIONS
 THE FOLLOWING WEATHER WAS RECORDED YESTERDAY.
  FOG
  FOG W/VISIBILITY <= 1/4 MILE


RELATIVE HUMIDITY (PERCENT)
 HIGHEST   100
 LOWEST     76
 AVERAGE    88

..........................................................


THE LAWRENCE KS CLIMATE NORMALS FOR TODAY
                         NORMAL
 MAXIMUM TEMPERATURE (F)   40
 MINIMUM TEMPERATURE (F)   18


SUNRISE AND SUNSET
JANUARY 18 2017.......SUNRISE   737 AM CST   SUNSET   526 PM CST
JANUARY 19 2017.......SUNRISE   736 AM CST   SUNSET   527 PM CST


-  INDICATES NEGATIVE NUMBERS.
R  INDICATES RECORD WAS SET OR TIED.
MM INDICATES DATA IS MISSING.
T  INDICATES TRACE AMOUNT.




$$
