000
CDUS43 KTOP 140632
CLILWC


CLIMATE REPORT
NATIONAL WEATHER SERVICE TOPEKA KS
1231 AM CST SUN FEB 14 2016


...................................

...THE LAWRENCE KS CLIMATE SUMMARY FOR FEBRUARY 13 2016...

CLIMATE NORMAL PERIOD 1981 TO 2010
CLIMATE RECORD PERIOD 9999 TO 9999


WEATHER ITEM   OBSERVED NORMAL DEPARTURE LAST
                VALUE   VALUE  FROM      YEAR
                               NORMAL
...............................................
TEMPERATURE (F)
 YESTERDAY
  MAXIMUM         24     45    -21       48
  MINIMUM         18     22     -4       19
  AVERAGE         21     34    -13       34

PRECIPITATION (IN)
  YESTERDAY        0.00   0.04  -0.04     0.00
  MONTH TO DATE    0.44   0.63  -0.19     0.31
  SINCE DEC 1      4.33   3.11   1.22     3.23
  SINCE JAN 1      1.12   1.64  -0.52     1.37

DEGREE DAYS
 HEATING
  YESTERDAY       44     32     12       31
  MONTH TO DATE  416    429    -13      438
  SINCE DEC 1   2327   2572   -245     2457
  SINCE JUL 1   3150   3580   -430     3637

 COOLING
  YESTERDAY        0      0      0        0
  MONTH TO DATE    0      0      0        0
  SINCE DEC 1      0      0      0        0
  SINCE JAN 1      0      0      0        0
...............................................


WIND (MPH)
  HIGHEST WIND SPEED    18   HIGHEST WIND DIRECTION     E (100)
  HIGHEST GUST SPEED    22   HIGHEST GUST DIRECTION     E (100)
  AVERAGE WIND SPEED    10.9


SKY COVER
  AVERAGE SKY COVER 1.0


WEATHER CONDITIONS
 THE FOLLOWING WEATHER WAS RECORDED YESTERDAY.
  NO SIGNIFICANT WEATHER WAS OBSERVED.


RELATIVE HUMIDITY (PERCENT)
 HIGHEST    56
 LOWEST     36
 AVERAGE    46

..........................................................


THE LAWRENCE KS CLIMATE NORMALS FOR TODAY
                         NORMAL
 MAXIMUM TEMPERATURE (F)   45
 MINIMUM TEMPERATURE (F)   23


SUNRISE AND SUNSET
FEBRUARY 14 2016......SUNRISE   714 AM CST   SUNSET   557 PM CST
FEBRUARY 15 2016......SUNRISE   713 AM CST   SUNSET   558 PM CST


-  INDICATES NEGATIVE NUMBERS.
R  INDICATES RECORD WAS SET OR TIED.
MM INDICATES DATA IS MISSING.
T  INDICATES TRACE AMOUNT.




$$
