000
CDUS43 KTOP 290632
CLILWC


CLIMATE REPORT
NATIONAL WEATHER SERVICE TOPEKA KS
131 AM CDT SAT AUG 29 2015


...................................

...THE LAWRENCE KS CLIMATE SUMMARY FOR AUGUST 28 2015...

CLIMATE NORMAL PERIOD 1981 TO 2010
CLIMATE RECORD PERIOD 9999 TO 9999


WEATHER ITEM   OBSERVED NORMAL DEPARTURE LAST
                VALUE   VALUE  FROM      YEAR
                               NORMAL
...............................................
TEMPERATURE (F)
 YESTERDAY
  MAXIMUM         82     88     -6       99
  MINIMUM         68     62      6       73
  AVERAGE         75     75      0       86

PRECIPITATION (IN)
  YESTERDAY        0.06   0.13  -0.07     0.00
  MONTH TO DATE    2.92   3.93  -1.01     4.32
  SINCE JUN 1     15.64  13.57   2.07    15.28
  SINCE JAN 1     29.92  27.46   2.46    22.94

DEGREE DAYS
 HEATING
  YESTERDAY        0      0      0        0
  MONTH TO DATE    1      0      1        0
  SINCE JUN 1      5      9     -4        1
  SINCE JUL 1      2      1      1        1

 COOLING
  YESTERDAY       10     10      0       21
  MONTH TO DATE  269    355    -86      429
  SINCE JUN 1   1027   1044    -17     1063
  SINCE JAN 1   1103   1163    -60     1256
...............................................


WIND (MPH)
  HIGHEST WIND SPEED    23   HIGHEST WIND DIRECTION     S (170)
  HIGHEST GUST SPEED    28   HIGHEST GUST DIRECTION     S (190)
  AVERAGE WIND SPEED     8.8


SKY COVER
  AVERAGE SKY COVER 0.5


WEATHER CONDITIONS
 THE FOLLOWING WEATHER WAS RECORDED YESTERDAY.
  LIGHT RAIN
  FOG


RELATIVE HUMIDITY (PERCENT)
 HIGHEST    90
 LOWEST     62
 AVERAGE    76

..........................................................


THE LAWRENCE KS CLIMATE NORMALS FOR TODAY
                         NORMAL
 MAXIMUM TEMPERATURE (F)   88
 MINIMUM TEMPERATURE (F)   62


SUNRISE AND SUNSET
AUGUST 29 2015........SUNRISE   647 AM CDT   SUNSET   756 PM CDT
AUGUST 30 2015........SUNRISE   648 AM CDT   SUNSET   755 PM CDT


-  INDICATES NEGATIVE NUMBERS.
R  INDICATES RECORD WAS SET OR TIED.
MM INDICATES DATA IS MISSING.
T  INDICATES TRACE AMOUNT.




$$
