000
CDUS43 KTOP 050635
CLILWC


CLIMATE REPORT
NATIONAL WEATHER SERVICE TOPEKA KS
1234 AM CST THU MAR 5 2015


...................................

...THE LAWRENCE KS CLIMATE SUMMARY FOR MARCH 4 2015...

CLIMATE NORMAL PERIOD 1981 TO 2010
CLIMATE RECORD PERIOD 9999 TO 9999


WEATHER ITEM   OBSERVED NORMAL DEPARTURE LAST
                VALUE   VALUE  FROM      YEAR
                               NORMAL
...............................................
TEMPERATURE (F)
 YESTERDAY
  MAXIMUM         31     52    -21       44
  MINIMUM         19     28     -9       10
  AVERAGE         25     40    -15       27

PRECIPITATION (IN)
  YESTERDAY        T      0.08  -0.08     0.00
  MONTH TO DATE    T      0.31  -0.31     0.14
  SINCE MAR 1      T      0.31  -0.31     0.14
  SINCE JAN 1      1.69   2.62  -0.93     1.19

DEGREE DAYS
 HEATING
  YESTERDAY       40     25     15       38
  MONTH TO DATE  141    103     38      196
  SINCE MAR 1    141    103     38      196
  SINCE JUL 1   4430   4118    312     4622

 COOLING
  YESTERDAY        0      0      0        0
  MONTH TO DATE    0      0      0        0
  SINCE MAR 1      0      0      0        0
  SINCE JAN 1      0      0      0        0
...............................................


WIND (MPH)
  HIGHEST WIND SPEED    25   HIGHEST WIND DIRECTION     N (360)
  HIGHEST GUST SPEED    33   HIGHEST GUST DIRECTION     N (10)
  AVERAGE WIND SPEED    11.6


SKY COVER
  AVERAGE SKY COVER 0.4


WEATHER CONDITIONS
 THE FOLLOWING WEATHER WAS RECORDED YESTERDAY.
  LIGHT SNOW
  HAZE


RELATIVE HUMIDITY (PERCENT)
 HIGHEST    63
 LOWEST     31
 AVERAGE    47

..........................................................


THE LAWRENCE KS CLIMATE NORMALS FOR TODAY
                         NORMAL
 MAXIMUM TEMPERATURE (F)   52
 MINIMUM TEMPERATURE (F)   28


SUNRISE AND SUNSET
MARCH  5 2015.........SUNRISE   648 AM CST   SUNSET   617 PM CST
MARCH  6 2015.........SUNRISE   646 AM CST   SUNSET   619 PM CST


-  INDICATES NEGATIVE NUMBERS.
R  INDICATES RECORD WAS SET OR TIED.
MM INDICATES DATA IS MISSING.
T  INDICATES TRACE AMOUNT.




$$
