068
CDUS43 KTOP 290705
CLILWC


CLIMATE REPORT
NATIONAL WEATHER SERVICE TOPEKA KS
204 AM CDT FRI JUL 29 2016


...................................

...THE LAWRENCE KS CLIMATE SUMMARY FOR JULY 28 2016...

CLIMATE NORMAL PERIOD 1981 TO 2010
CLIMATE RECORD PERIOD 9999 TO 9999


WEATHER ITEM   OBSERVED NORMAL DEPARTURE LAST
                VALUE   VALUE  FROM      YEAR
                               NORMAL
...............................................
TEMPERATURE (F)
 YESTERDAY
  MAXIMUM         92     90      2       96
  MINIMUM         68     68      0       76
  AVERAGE         80     79      1       86

PRECIPITATION (IN)
  YESTERDAY        0.13   0.10   0.03     0.00
  MONTH TO DATE    4.70   3.79   0.91     7.67
  SINCE JUN 1      5.79   9.25  -3.46    11.98
  SINCE JAN 1     20.43  23.14  -2.71    26.26

DEGREE DAYS
 HEATING
  YESTERDAY        0      0      0        0
  MONTH TO DATE    0      0      0        1
  SINCE JUN 1      0      8     -8        4
  SINCE JUL 1      0      0      0        1

 COOLING
  YESTERDAY       15     14      1       21
  MONTH TO DATE  410    373     37      387
  SINCE JUN 1    822    648    174      727
  SINCE JAN 1    902    767    135      803
...............................................


WIND (MPH)
  HIGHEST WIND SPEED    17   HIGHEST WIND DIRECTION     W (280)
  HIGHEST GUST SPEED    24   HIGHEST GUST DIRECTION     W (270)
  AVERAGE WIND SPEED     5.4


SKY COVER
  AVERAGE SKY COVER 0.1


WEATHER CONDITIONS
 THE FOLLOWING WEATHER WAS RECORDED YESTERDAY.
  THUNDERSTORM
  LIGHT RAIN
  FOG


RELATIVE HUMIDITY (PERCENT)
 HIGHEST   100
 LOWEST     47
 AVERAGE    74

..........................................................


THE LAWRENCE KS CLIMATE NORMALS FOR TODAY
                         NORMAL
 MAXIMUM TEMPERATURE (F)   90
 MINIMUM TEMPERATURE (F)   68


SUNRISE AND SUNSET
JULY 29 2016..........SUNRISE   619 AM CDT   SUNSET   835 PM CDT
JULY 30 2016..........SUNRISE   620 AM CDT   SUNSET   834 PM CDT


-  INDICATES NEGATIVE NUMBERS.
R  INDICATES RECORD WAS SET OR TIED.
MM INDICATES DATA IS MISSING.
T  INDICATES TRACE AMOUNT.




$$
