000
CDUS46 KOTX 310030
CLILWS


CLIMATE REPORT
NATIONAL WEATHER SERVICE SPOKANE, WA
429 PM PST FRI JAN 30 2015


...................................

...THE LEWISTON ID AIRPORT CLIMATE SUMMARY FOR JANUARY 30 2015...
VALID AS OF 0400 PM LOCAL TIME.

CLIMATE NORMAL PERIOD 1981 TO 2010
CLIMATE RECORD PERIOD 1881 TO 2015


WEATHER ITEM   OBSERVED TIME   RECORD YEAR NORMAL DEPARTURE LAST
                VALUE   (LST)  VALUE       VALUE  FROM      YEAR
                                                  NORMAL
..................................................................
TEMPERATURE (F)
 TODAY
  MAXIMUM         38    323 PM  63    1971  44     -6       45
  MINIMUM         36    918 AM -16    1950  31      5       36
  AVERAGE         37                        37      0       41

PRECIPITATION (IN)
  TODAY            0.00          0.59 1883   0.04  -0.04      T
  MONTH TO DATE    0.82                      1.05  -0.23     1.04
  SINCE OCT 1      5.01                      4.16   0.85     2.57
  SINCE JAN 1      0.82                      1.05  -0.23     1.04

SNOWFALL (IN)
  TODAY            0.0           3.0  1974   0.0    0.0      0.0
  MONTH TO DATE    1.5                       2.3   -0.8       T
  SINCE DEC 1      1.5                       5.8   -4.3      2.5
  SINCE JUL 1      1.5                       7.6   -6.1      2.5
  SNOW DEPTH       0

DEGREE DAYS
 HEATING
  TODAY           28                        28      0       24
  MONTH TO DATE  792                       883    -91      873
  SINCE DEC 1   1624                      1851   -227     1927
  SINCE JUL 1   2602                      3091   -489     3281

 COOLING
  TODAY            0                         0      0        0
  MONTH TO DATE    0                         0      0        0
  SINCE DEC 1      0                         0      0        0
  SINCE JAN 1      0                         0      0        0
..................................................................


WIND (MPH)
  HIGHEST WIND SPEED     7   HIGHEST WIND DIRECTION     N (20)
  HIGHEST GUST SPEED     9   HIGHEST GUST DIRECTION    NE (30)
  AVERAGE WIND SPEED     1.6


SKY COVER
  POSSIBLE SUNSHINE  MM
  AVERAGE SKY COVER 1.0


WEATHER CONDITIONS
 THE FOLLOWING WEATHER WAS RECORDED TODAY.
  FOG


RELATIVE HUMIDITY (PERCENT)
 HIGHEST   100
 LOWEST     85
 AVERAGE    93

..........................................................


THE LEWISTON ID AIRPORT CLIMATE NORMALS FOR TOMORROW
                         NORMAL    RECORD    YEAR
 MAXIMUM TEMPERATURE (F)   44        61      1995
 MINIMUM TEMPERATURE (F)   31        -7      1956


SUNRISE AND SUNSET
JANUARY 30 2015.......SUNRISE   714 AM PST   SUNSET   449 PM PST
JANUARY 31 2015.......SUNRISE   713 AM PST   SUNSET   451 PM PST


-  INDICATES NEGATIVE NUMBERS.
R  INDICATES RECORD WAS SET OR TIED.
MM INDICATES DATA IS MISSING.
T  INDICATES TRACE AMOUNT.




$$
