000
CDUS46 KOTX 010824
CLILWS


CLIMATE REPORT
NATIONAL WEATHER SERVICE SPOKANE, WA
121 AM PDT SAT AUG 1 2015


...................................

...THE LEWISTON ID AIRPORT CLIMATE SUMMARY FOR JULY 31 2015...

CLIMATE NORMAL PERIOD 1981 TO 2010
CLIMATE RECORD PERIOD 1881 TO 2015


WEATHER ITEM   OBSERVED TIME   RECORD YEAR NORMAL DEPARTURE LAST
                VALUE   (LST)  VALUE       VALUE  FROM      YEAR
                                                  NORMAL
..................................................................
TEMPERATURE (F)
 YESTERDAY
  MAXIMUM        106    426 PM 109    1929  92     14      105
  MINIMUM         66    529 AM  47    1945  61      5       68
  AVERAGE         86                        77      9       87

PRECIPITATION (IN)
  YESTERDAY        0.00          0.57 1985   0.02  -0.02     0.00
  MONTH TO DATE    0.02                      0.66  -0.64     0.26
  SINCE OCT 1     10.30                     10.95  -0.65     8.03
  SINCE JAN 1      6.11                      7.84  -1.73     6.50

SNOWFALL (IN)
  YESTERDAY        0.0           0.0  1995   0.0    0.0      0.0
  MONTH TO DATE    0.0                       0.0    0.0      0.0
  SINCE JUN 1      0.0                       0.0    0.0      0.0
  SINCE JUL 1      0.0                       0.0    0.0      0.0
  SNOW DEPTH       0

DEGREE DAYS
 HEATING
  YESTERDAY        0                         0      0        0
  MONTH TO DATE    0                         4     -4        0
  SINCE JUN 1      2                        77    -75       41
  SINCE JUL 1      0                         7     -7        0

 COOLING
  YESTERDAY       21                        12      9       22
  MONTH TO DATE  431                       300    131      483
  SINCE JUN 1    746                       398    348      573
  SINCE JAN 1    798                       430    368      601
..................................................................


WIND (MPH)
  HIGHEST WIND SPEED    10   HIGHEST WIND DIRECTION    SW (210)
  HIGHEST GUST SPEED    15   HIGHEST GUST DIRECTION     W (290)
  AVERAGE WIND SPEED     4.5


SKY COVER
  POSSIBLE SUNSHINE  MM
  AVERAGE SKY COVER 0.0


WEATHER CONDITIONS
 THE FOLLOWING WEATHER WAS RECORDED YESTERDAY.
  NO SIGNIFICANT WEATHER WAS OBSERVED.


RELATIVE HUMIDITY (PERCENT)
 HIGHEST    40           500 AM
 LOWEST      7           300 PM
 AVERAGE    24

..........................................................


THE LEWISTON ID AIRPORT CLIMATE NORMALS FOR TODAY
                         NORMAL    RECORD    YEAR
 MAXIMUM TEMPERATURE (F)   92       106      2009
                                             1971
                                             1907
 MINIMUM TEMPERATURE (F)   61        48      1897


SUNRISE AND SUNSET
AUGUST  1 2015........SUNRISE   529 AM PDT   SUNSET   819 PM PDT
AUGUST  2 2015........SUNRISE   530 AM PDT   SUNSET   818 PM PDT


-  INDICATES NEGATIVE NUMBERS.
R  INDICATES RECORD WAS SET OR TIED.
MM INDICATES DATA IS MISSING.
T  INDICATES TRACE AMOUNT.




$$
