000
CDUS46 KOTX 192337
CLILWS


CLIMATE REPORT
NATIONAL WEATHER SERVICE SPOKANE, WA
428 PM PDT FRI SEP 19 2014


...................................

...THE LEWISTON ID AIRPORT CLIMATE SUMMARY FOR SEPTEMBER 19 2014...
VALID AS OF 0400 PM LOCAL TIME.

CLIMATE NORMAL PERIOD 1981 TO 2010
CLIMATE RECORD PERIOD 1881 TO 2014


WEATHER ITEM   OBSERVED TIME   RECORD YEAR NORMAL DEPARTURE LAST
                VALUE   (LST)  VALUE       VALUE  FROM      YEAR
                                                  NORMAL
..................................................................
TEMPERATURE (F)
 TODAY
  MAXIMUM         82    142 PM 100    1922  77      5       77
  MINIMUM         62    509 AM  30    1895  50     12       47
  AVERAGE         72                        63      9       62

PRECIPITATION (IN)
  TODAY            0.00          0.55 1940   0.02  -0.02     0.00
  MONTH TO DATE    T                         0.41  -0.41     0.77
  SINCE OCT 1      9.20                     12.05  -2.85    11.32
  SINCE JAN 1      7.67                      8.94  -1.27     7.16

SNOWFALL (IN)
  TODAY            0.0           0.0  1998   0.0    0.0      0.0
  MONTH TO DATE    0.0                       0.0    0.0      0.0
  SINCE SEP 1      0.0                       0.0    0.0      0.0
  SINCE JUL 1      0.0                       0.0    0.0      0.0
  SNOW DEPTH      MM

DEGREE DAYS
 HEATING
  TODAY            0                         4     -4        3
  MONTH TO DATE   13                        39    -26       11
  SINCE SEP 1     13                        39    -26       11
  SINCE JUL 1     13                        54    -41       11

 COOLING
  TODAY            7                         2      5        0
  MONTH TO DATE   73                        73      0      179
  SINCE SEP 1     73                        73      0      179
  SINCE JAN 1   1043                       790    253     1173
..................................................................


WIND (MPH)
  HIGHEST WIND SPEED    12   HIGHEST WIND DIRECTION     N (340)
  HIGHEST GUST SPEED    15   HIGHEST GUST DIRECTION    NW (310)
  AVERAGE WIND SPEED     5.5


SKY COVER
  POSSIBLE SUNSHINE  MM
  AVERAGE SKY COVER 0.3


WEATHER CONDITIONS
 THE FOLLOWING WEATHER WAS RECORDED TODAY.
  HAZE


RELATIVE HUMIDITY (PERCENT)
 HIGHEST    60
 LOWEST     30
 AVERAGE    45

..........................................................


THE LEWISTON ID AIRPORT CLIMATE NORMALS FOR TOMORROW
                         NORMAL    RECORD    YEAR
 MAXIMUM TEMPERATURE (F)   76       102      1939
 MINIMUM TEMPERATURE (F)   50        34      1983


SUNRISE AND SUNSET
SEPTEMBER 19 2014.....SUNRISE   631 AM PDT   SUNSET   651 PM PDT
SEPTEMBER 20 2014.....SUNRISE   632 AM PDT   SUNSET   649 PM PDT


-  INDICATES NEGATIVE NUMBERS.
R  INDICATES RECORD WAS SET OR TIED.
MM INDICATES DATA IS MISSING.
T  INDICATES TRACE AMOUNT.




$$
