000
CDUS46 KOTX 230443
CLILWS


CLIMATE REPORT
NATIONAL WEATHER SERVICE SPOKANE, WA
943 PM PDT THU JUN 22 2017


...................................

...THE LEWISTON ID AIRPORT CLIMATE SUMMARY FOR JUNE 22 2017...
VALID TODAY AS OF 0800 PM LOCAL TIME.

CLIMATE NORMAL PERIOD 1981 TO 2010
CLIMATE RECORD PERIOD 1881 TO 2017


WEATHER ITEM   OBSERVED TIME   RECORD YEAR NORMAL DEPARTURE LAST
                VALUE   (LST)  VALUE       VALUE  FROM      YEAR
                                                  NORMAL
..................................................................
TEMPERATURE (F)
 TODAY
  MAXIMUM         80    415 PM 109    1936  80      0       88
  MINIMUM         53    424 AM  44    1957  55     -2       51
  AVERAGE         67                        68     -1       70

PRECIPITATION (IN)
  TODAY            0.00          0.82 1946   0.03  -0.03     0.00
  MONTH TO DATE    0.62                      0.98  -0.36     0.70
  SINCE OCT 1     15.25                     10.03   5.22    10.97
  SINCE JAN 1     10.37                      6.92   3.45     7.52

DEGREE DAYS
 HEATING
  TODAY            0                         2     -2        0
  MONTH TO DATE   37                        61    -24       57
  SINCE JUN 1     37                        61    -24       57
  SINCE JUL 1   5280                      5158    122     4223

 COOLING
  TODAY            2                         4     -2        5
  MONTH TO DATE   70                        57     13      101
  SINCE JUN 1     70                        57     13      101
  SINCE JAN 1    121                        89     32      141
..................................................................


WIND (MPH)
  HIGHEST WIND SPEED    16   HIGHEST WIND DIRECTION    NW (300)
  HIGHEST GUST SPEED    23   HIGHEST GUST DIRECTION     W (290)
  AVERAGE WIND SPEED     8.3


SKY COVER
  POSSIBLE SUNSHINE  MM
  AVERAGE SKY COVER 0.0


WEATHER CONDITIONS
 THE FOLLOWING WEATHER WAS RECORDED TODAY.
  NO SIGNIFICANT WEATHER WAS OBSERVED.


RELATIVE HUMIDITY (PERCENT)
 HIGHEST    47           500 AM
 LOWEST     16          1200 PM
 AVERAGE    32

..........................................................


THE LEWISTON ID AIRPORT CLIMATE NORMALS FOR TOMORROW
                         NORMAL    RECORD    YEAR
 MAXIMUM TEMPERATURE (F)   81       102      1992
 MINIMUM TEMPERATURE (F)   55        43      1952


SUNRISE AND SUNSET
JUNE 22 2017..........SUNRISE   456 AM PDT   SUNSET   844 PM PDT
JUNE 23 2017..........SUNRISE   456 AM PDT   SUNSET   844 PM PDT


-  INDICATES NEGATIVE NUMBERS.
R  INDICATES RECORD WAS SET OR TIED.
MM INDICATES DATA IS MISSING.
T  INDICATES TRACE AMOUNT.




$$
