000
CDUS45 KTFX 252326
CLILWT


CLIMATE REPORT
NATIONAL WEATHER SERVICE GREAT FALLS MT
425 PM MST TUE NOV 25 2014


...................................

...THE LEWISTOWN MT CLIMATE SUMMARY FOR NOVEMBER 25 2014...
VALID TODAY AS OF 0400 PM LOCAL TIME.

CLIMATE NORMAL PERIOD 1981 TO 2010
CLIMATE RECORD PERIOD 1896 TO 2014


WEATHER ITEM   OBSERVED TIME   RECORD YEAR NORMAL DEPARTURE LAST
                VALUE   (LST)  VALUE       VALUE  FROM      YEAR
                                                  NORMAL
..................................................................
TEMPERATURE (F)
 TODAY
  MAXIMUM         40    536 AM  64    1960  39      1       40
  MINIMUM         31    359 PM -26    1985  17     14       17
  AVERAGE         36                        28      8       29

PRECIPITATION (IN)
  TODAY            0.11          0.54 1910   0.02   0.09     0.00
  MONTH TO DATE    0.58                      0.60  -0.02     0.35
  SINCE OCT 1      1.44                      1.73  -0.29     1.42
  SINCE JAN 1     18.01                     16.08   1.93    21.83

SNOWFALL (IN)
  TODAY           MM
  SNOW DEPTH       0

DEGREE DAYS
 HEATING
  TODAY           29                        37     -8       36
  MONTH TO DATE  907                       800    107      844
  SINCE SEP 1   1608                      1780   -172     1807
  SINCE JUL 1   1689                      1938   -249     1846

 COOLING
  TODAY            0                         0      0        0
  MONTH TO DATE    0                         0      0        0
  SINCE SEP 1     14                        14      0       47
  SINCE JAN 1    295                       210     85      277
..................................................................


WIND (MPH)
  HIGHEST WIND SPEED    35   HIGHEST WIND DIRECTION     W (260)
  HIGHEST GUST SPEED    40   HIGHEST GUST DIRECTION     W (270)
  AVERAGE WIND SPEED    16.5


SKY COVER
  AVERAGE SKY COVER 1.0


WEATHER CONDITIONS
 THE FOLLOWING WEATHER WAS RECORDED TODAY.
  LIGHT RAIN
  LIGHT SNOW
  FOG


RELATIVE HUMIDITY (PERCENT)
 HIGHEST    89
 LOWEST     48
 AVERAGE    69

..........................................................


THE LEWISTOWN MT CLIMATE NORMALS FOR TOMORROW
                         NORMAL    RECORD    YEAR
 MAXIMUM TEMPERATURE (F)   38        66      1914
 MINIMUM TEMPERATURE (F)   17       -23      1985


SUNRISE AND SUNSET
NOVEMBER 25 2014......SUNRISE   735 AM MST   SUNSET   434 PM MST
NOVEMBER 26 2014......SUNRISE   737 AM MST   SUNSET   433 PM MST


-  INDICATES NEGATIVE NUMBERS.
R  INDICATES RECORD WAS SET OR TIED.
MM INDICATES DATA IS MISSING.
T  INDICATES TRACE AMOUNT.




$$
