894
CDUS45 KTFX 290727
CLILWT


CLIMATE REPORT
NATIONAL WEATHER SERVICE GREAT FALLS MT
126 AM MDT MON MAY 29 2017


...................................

...THE LEWISTOWN MT CLIMATE SUMMARY FOR MAY 28 2017...

CLIMATE NORMAL PERIOD 1981 TO 2010
CLIMATE RECORD PERIOD 1896 TO 2017


WEATHER ITEM   OBSERVED TIME   RECORD YEAR NORMAL DEPARTURE LAST
                VALUE   (LST)  VALUE       VALUE  FROM      YEAR
                                                  NORMAL
..................................................................
TEMPERATURE (F)
 YESTERDAY
  MAXIMUM         69    112 PM  93    1919  66      3       62
  MINIMUM         45   1157 PM  15    1947  41      4       40
  AVERAGE         57                        53      4       51

PRECIPITATION (IN)
  YESTERDAY        0.01          1.32 1898   0.12  -0.11      T
  MONTH TO DATE    1.69                      2.50  -0.81     3.68
  SINCE OCT 1     10.21                      8.41   1.80     9.47
  SINCE JAN 1      5.81                      5.91  -0.10     7.39

SNOWFALL (IN)
  YESTERDAY       MM
  SNOW DEPTH       0

DEGREE DAYS
 HEATING
  YESTERDAY        8                        12     -4       14
  MONTH TO DATE  387                       433    -46      379
  SINCE MAR 1   1948                      2136   -188     1723
  SINCE JUL 1   7759                      7940   -181     6681

 COOLING
  YESTERDAY        0                         0      0        0
  MONTH TO DATE    0                         0      0        0
  SINCE MAR 1      0                         0      0        0
  SINCE JAN 1      0                         0      0        0
..................................................................


WIND (MPH)
  HIGHEST WIND SPEED    25   HIGHEST WIND DIRECTION     W (270)
  HIGHEST GUST SPEED    33   HIGHEST GUST DIRECTION     W (270)
  AVERAGE WIND SPEED    10.2


SKY COVER
  AVERAGE SKY COVER 0.2


WEATHER CONDITIONS
 THE FOLLOWING WEATHER WAS RECORDED YESTERDAY.
  LIGHT RAIN


RELATIVE HUMIDITY (PERCENT)
 HIGHEST    80           100 AM
 LOWEST     34           600 PM
 AVERAGE    57

..........................................................


THE LEWISTOWN MT CLIMATE NORMALS FOR TODAY
                         NORMAL    RECORD    YEAR
 MAXIMUM TEMPERATURE (F)   66        92      1936
 MINIMUM TEMPERATURE (F)   42        27      1951


SUNRISE AND SUNSET
MAY 29 2017...........SUNRISE   528 AM MDT   SUNSET   903 PM MDT
MAY 30 2017...........SUNRISE   528 AM MDT   SUNSET   904 PM MDT


-  INDICATES NEGATIVE NUMBERS.
R  INDICATES RECORD WAS SET OR TIED.
MM INDICATES DATA IS MISSING.
T  INDICATES TRACE AMOUNT.




$$
