000
CDUS45 KTFX 010902
CLILWT


CLIMATE REPORT
NATIONAL WEATHER SERVICE GREAT FALLS MT
159 AM MST SUN FEB 1 2015


...................................

...THE LEWISTOWN MT CLIMATE SUMMARY FOR JANUARY 31 2015...

CLIMATE NORMAL PERIOD 1981 TO 2010
CLIMATE RECORD PERIOD 1896 TO 2015


WEATHER ITEM   OBSERVED TIME   RECORD YEAR NORMAL DEPARTURE LAST
                VALUE   (LST)  VALUE       VALUE  FROM      YEAR
                                                  NORMAL
..................................................................
TEMPERATURE (F)
 YESTERDAY
  MAXIMUM         32        MM  61    1992  35     -3       18
  MINIMUM          5        MM -40    1917  14     -9       -8
  AVERAGE         19                        24     -5        5

PRECIPITATION (IN)
  YESTERDAY        0.02          0.41 2013   0.02   0.00      T
  MONTH TO DATE    0.61                      0.57   0.04     0.99
  SINCE OCT 1      2.80                      3.07  -0.27     3.07
  SINCE JAN 1      0.61                      0.57   0.04     0.99

SNOWFALL (IN)
  YESTERDAY       MM
  SNOW DEPTH       0

DEGREE DAYS
 HEATING
  YESTERDAY       46                        41      5       60
  MONTH TO DATE 1208                      1283    -75     1221
  SINCE DEC 1   2308                      2577   -269     2636
  SINCE JUL 1   4225                      4705   -480     4614

 COOLING
  YESTERDAY        0                         0      0        0
  MONTH TO DATE    0                         0      0        0
  SINCE DEC 1      0                         0      0        0
  SINCE JAN 1      0                         0      0        0
..................................................................


WIND (MPH)
  HIGHEST WIND SPEED    17   HIGHEST WIND DIRECTION    NW (310)
  HIGHEST GUST SPEED    30   HIGHEST GUST DIRECTION    NW (300)
  AVERAGE WIND SPEED     9.5


SKY COVER
  AVERAGE SKY COVER 0.8


WEATHER CONDITIONS
 THE FOLLOWING WEATHER WAS RECORDED YESTERDAY.
  MIXED PRECIP
  HEAVY SNOW
  SNOW
  LIGHT SNOW
  FOG
  FOG W/VISIBILITY <= 1/4 MILE


RELATIVE HUMIDITY (PERCENT)
 HIGHEST    92           800 AM
 LOWEST     62           200 AM
 AVERAGE    77

..........................................................


THE LEWISTOWN MT CLIMATE NORMALS FOR TODAY
                         NORMAL    RECORD    YEAR
 MAXIMUM TEMPERATURE (F)   35        64      1992
 MINIMUM TEMPERATURE (F)   14       -30      1989


SUNRISE AND SUNSET
FEBRUARY  1 2015......SUNRISE   743 AM MST   SUNSET   520 PM MST
FEBRUARY  2 2015......SUNRISE   742 AM MST   SUNSET   522 PM MST


-  INDICATES NEGATIVE NUMBERS.
R  INDICATES RECORD WAS SET OR TIED.
MM INDICATES DATA IS MISSING.
T  INDICATES TRACE AMOUNT.




$$
