000
CDUS45 KTFX 251010
CLILWT


CLIMATE REPORT
NATIONAL WEATHER SERVICE GREAT FALLS MT
409 AM MDT SAT OCT 25 2014


...................................

...THE LEWISTOWN MT CLIMATE SUMMARY FOR OCTOBER 24 2014...

CLIMATE NORMAL PERIOD 1981 TO 2010
CLIMATE RECORD PERIOD 1896 TO 2014


WEATHER ITEM   OBSERVED TIME   RECORD YEAR NORMAL DEPARTURE LAST
                VALUE   (LST)  VALUE       VALUE  FROM      YEAR
                                                  NORMAL
..................................................................
TEMPERATURE (F)
 YESTERDAY
  MAXIMUM         56    309 PM  82    2007  54      2       62
  MINIMUM         41   1159 PM  -1    1919  28     13       31
  AVERAGE         49                        41      8       47

PRECIPITATION (IN)
  YESTERDAY        0.03          0.46 2009   0.03   0.00     0.00
  MONTH TO DATE    0.79                      0.93  -0.14     1.03
  SINCE OCT 1      0.79                      0.93  -0.14     1.03
  SINCE JAN 1     17.36                     15.28   2.08    21.44

SNOWFALL (IN)
  YESTERDAY       MM
  SNOW DEPTH       0

DEGREE DAYS
 HEATING
  YESTERDAY       16                        24     -8       18
  MONTH TO DATE  300                       483   -183      543
  SINCE SEP 1    574                       802   -228      767
  SINCE JUL 1    655                       960   -305      806

 COOLING
  YESTERDAY        0                         0      0        0
  MONTH TO DATE    0                         0      0        0
  SINCE SEP 1     14                        14      0       47
  SINCE JAN 1    295                       210     85      277
..................................................................


WIND (MPH)
  HIGHEST WIND SPEED    20   HIGHEST WIND DIRECTION     W (260)
  HIGHEST GUST SPEED    24   HIGHEST GUST DIRECTION     W (260)
  AVERAGE WIND SPEED     6.7


SKY COVER
  AVERAGE SKY COVER 0.8


WEATHER CONDITIONS
 THE FOLLOWING WEATHER WAS RECORDED YESTERDAY.
  LIGHT RAIN


RELATIVE HUMIDITY (PERCENT)
 HIGHEST    89          1100 PM
 LOWEST     43          1100 AM
 AVERAGE    66

..........................................................


THE LEWISTOWN MT CLIMATE NORMALS FOR TODAY
                         NORMAL    RECORD    YEAR
 MAXIMUM TEMPERATURE (F)   53        80      1924
 MINIMUM TEMPERATURE (F)   28        -8      1923


SUNRISE AND SUNSET
OCTOBER 25 2014.......SUNRISE   750 AM MDT   SUNSET   613 PM MDT
OCTOBER 26 2014.......SUNRISE   752 AM MDT   SUNSET   611 PM MDT


-  INDICATES NEGATIVE NUMBERS.
R  INDICATES RECORD WAS SET OR TIED.
MM INDICATES DATA IS MISSING.
T  INDICATES TRACE AMOUNT.




$$
