000
CDUS43 KILX 280635
CLILWV


CLIMATE REPORT
NATIONAL WEATHER SERVICE LINCOLN IL
133 AM CDT MON JUL 28 2014


...................................

...THE LAWRENCEVILLE IL AIRPORT CLIMATE SUMMARY FOR JULY 27 2014...

CLIMATE NORMAL PERIOD 1981 TO 2010
CLIMATE RECORD PERIOD 9999 TO 9999


WEATHER ITEM   OBSERVED TIME   RECORD YEAR NORMAL DEPARTURE LAST
                VALUE   (LST)  VALUE       VALUE  FROM      YEAR
                                                  NORMAL
..................................................................
TEMPERATURE (F)
 YESTERDAY
  MAXIMUM         88    404 PM  MM      MM  88      0       78
  MINIMUM         67   1159 PM  MM      MM  67      0       56
  AVERAGE         78                        78      0       67

PRECIPITATION (IN)
  YESTERDAY        0.00         MM      MM   0.11  -0.11     0.37
  MONTH TO DATE    4.49                      3.97   0.52     4.16
  SINCE JUN 1      8.43                      7.95   0.48    14.59
  SINCE JAN 1     24.04                     25.51  -1.47    39.62

DEGREE DAYS
 HEATING
  YESTERDAY        0                         0      0        0
  MONTH TO DATE    0                         0      0        0
  SINCE JUN 1      0                         7     -7        3
  SINCE JUL 1      0                         0      0        0

 COOLING
  YESTERDAY       13                        13      0        2
  MONTH TO DATE  211                       351   -140      289
  SINCE JUN 1    534                       641   -107      545
  SINCE JAN 1    725                       780    -55      713
..................................................................


WIND (MPH)
  HIGHEST WIND SPEED    26   HIGHEST WIND DIRECTION    NW (320)
  HIGHEST GUST SPEED    32   HIGHEST GUST DIRECTION    NW (300)
  AVERAGE WIND SPEED    11.2


SKY COVER
  POSSIBLE SUNSHINE  MM
  AVERAGE SKY COVER 0.4


WEATHER CONDITIONS
 THE FOLLOWING WEATHER WAS RECORDED YESTERDAY.
  FOG
  HAZE


RELATIVE HUMIDITY (PERCENT)
 HIGHEST   100          1200 AM
 LOWEST     47           600 PM
 AVERAGE    74

..........................................................


THE LAWRENCEVILLE IL AIRPORT CLIMATE NORMALS FOR TODAY
                         NORMAL    RECORD    YEAR
 MAXIMUM TEMPERATURE (F)   88        MM        MM
 MINIMUM TEMPERATURE (F)   67        MM        MM


SUNRISE AND SUNSET
JULY 28 2014..........SUNRISE   548 AM CDT   SUNSET   805 PM CDT
JULY 29 2014..........SUNRISE   549 AM CDT   SUNSET   804 PM CDT


-  INDICATES NEGATIVE NUMBERS.
R  INDICATES RECORD WAS SET OR TIED.
MM INDICATES DATA IS MISSING.
T  INDICATES TRACE AMOUNT.




$$
