000
CDUS43 KILX 032127
CLILWV


CLIMATE REPORT
NATIONAL WEATHER SERVICE LINCOLN IL
427 PM CDT TUE MAY 3 2016


...................................

...THE LAWRENCEVILLE IL AIRPORT CLIMATE SUMMARY FOR MAY 3 2016...
VALID TODAY AS OF 0400 PM LOCAL TIME.

CLIMATE NORMAL PERIOD 1981 TO 2010
CLIMATE RECORD PERIOD 9999 TO 9999


WEATHER ITEM   OBSERVED TIME   RECORD YEAR NORMAL DEPARTURE LAST
                VALUE   (LST)  VALUE       VALUE  FROM      YEAR
                                                  NORMAL
..................................................................
TEMPERATURE (F)
 TODAY
  MAXIMUM         65    222 PM  MM      MM  73     -8       81
  MINIMUM         49    516 AM  MM      MM  52     -3       56
  AVERAGE         57                        62     -5       69

PRECIPITATION (IN)
  TODAY            0.00         MM      MM   0.21  -0.21      T
  MONTH TO DATE    0.21                      0.61  -0.40      T
  SINCE MAR 1      9.47                      8.20   1.27    11.07
  SINCE JAN 1     13.71                     12.59   1.12    13.57

DEGREE DAYS
 HEATING
  TODAY            8                         4      4        0
  MONTH TO DATE   17                        14      3       13
  SINCE MAR 1    744                       930   -186      993
  SINCE JUL 1   3971                      4605   -634     5267

 COOLING
  TODAY            0                         2     -2        4
  MONTH TO DATE    3                         4     -1        4
  SINCE MAR 1     24                        30     -6       11
  SINCE JAN 1     24                        30     -6       11
..................................................................


WIND (MPH)
  HIGHEST WIND SPEED    15   HIGHEST WIND DIRECTION    NW (310)
  HIGHEST GUST SPEED    18   HIGHEST GUST DIRECTION     N (340)
  AVERAGE WIND SPEED     9.1


SKY COVER
  POSSIBLE SUNSHINE  MM
  AVERAGE SKY COVER 0.7


WEATHER CONDITIONS
 THE FOLLOWING WEATHER WAS RECORDED TODAY.
  FOG


RELATIVE HUMIDITY (PERCENT)
 HIGHEST    96           200 AM
 LOWEST     48           200 PM
 AVERAGE    72

..........................................................


THE LAWRENCEVILLE IL AIRPORT CLIMATE NORMALS FOR TOMORROW
                         NORMAL    RECORD    YEAR
 MAXIMUM TEMPERATURE (F)   73        MM        MM
 MINIMUM TEMPERATURE (F)   52        MM        MM


SUNRISE AND SUNSET
MAY  3 2016...........SUNRISE   550 AM CDT   SUNSET   745 PM CDT
MAY  4 2016...........SUNRISE   549 AM CDT   SUNSET   746 PM CDT


-  INDICATES NEGATIVE NUMBERS.
R  INDICATES RECORD WAS SET OR TIED.
MM INDICATES DATA IS MISSING.
T  INDICATES TRACE AMOUNT.




$$
