000
CDUS43 KILX 312200
CLILWV


CLIMATE REPORT
NATIONAL WEATHER SERVICE LINCOLN IL
449 PM CDT FRI OCT 31 2014


...................................

...THE LAWRENCEVILLE IL AIRPORT CLIMATE SUMMARY FOR OCTOBER 31 2014...
VALID TODAY AS OF 0400 PM LOCAL TIME.

CLIMATE NORMAL PERIOD 1981 TO 2010
CLIMATE RECORD PERIOD 9999 TO 9999


WEATHER ITEM   OBSERVED TIME   RECORD YEAR NORMAL DEPARTURE LAST
                VALUE   (LST)  VALUE       VALUE  FROM      YEAR
                                                  NORMAL
..................................................................
TEMPERATURE (F)
 TODAY
  MAXIMUM         47    750 AM  MM      MM  64    -17       68
  MINIMUM         40    930 AM  MM      MM  42     -2       52
  AVERAGE         44                        53     -9       60

PRECIPITATION (IN)
  TODAY            0.02         MM      MM   0.07  -0.05     2.51
  MONTH TO DATE    4.56                      3.98   0.58     6.46
  SINCE SEP 1      7.49                      7.17   0.32     7.42
  SINCE JAN 1     36.29                     36.52  -0.23    49.06

DEGREE DAYS
 HEATING
  TODAY           21                        13      8        5
  MONTH TO DATE  265                       258      7      295
  SINCE SEP 1    325                       296     29      306
  SINCE JUL 1    325                       297     28      311

 COOLING
  TODAY            0                         0      0        0
  MONTH TO DATE   27                        32     -5       45
  SINCE SEP 1    145                       203    -58      232
  SINCE JAN 1   1218                      1386   -168     1287
..................................................................


WIND (MPH)
  HIGHEST WIND SPEED    33   HIGHEST WIND DIRECTION    NW (320)
  HIGHEST GUST SPEED    43   HIGHEST GUST DIRECTION    NW (320)
  AVERAGE WIND SPEED    17.0


SKY COVER
  POSSIBLE SUNSHINE  MM
  AVERAGE SKY COVER 1.0


WEATHER CONDITIONS
 THE FOLLOWING WEATHER WAS RECORDED TODAY.
  LIGHT RAIN
  FOG
  HAZE


RELATIVE HUMIDITY (PERCENT)
 HIGHEST   100           100 AM
 LOWEST     53           200 PM
 AVERAGE    77

..........................................................


THE LAWRENCEVILLE IL AIRPORT CLIMATE NORMALS FOR TOMORROW
                         NORMAL    RECORD    YEAR
 MAXIMUM TEMPERATURE (F)   63        MM        MM
 MINIMUM TEMPERATURE (F)   42        MM        MM


SUNRISE AND SUNSET
OCTOBER 31 2014.......SUNRISE   716 AM CDT   SUNSET   551 PM CDT
NOVEMBER  1 2014......SUNRISE   717 AM CDT   SUNSET   550 PM CDT


-  INDICATES NEGATIVE NUMBERS.
R  INDICATES RECORD WAS SET OR TIED.
MM INDICATES DATA IS MISSING.
T  INDICATES TRACE AMOUNT.




$$
