000
CDUS43 KILX 200647
CLILWV


CLIMATE REPORT
NATIONAL WEATHER SERVICE LINCOLN IL
147 AM CDT FRI OCT 20 2017


...................................

...THE LAWRENCEVILLE IL AIRPORT CLIMATE SUMMARY FOR OCTOBER 19 2017...

CLIMATE NORMAL PERIOD 1981 TO 2010
CLIMATE RECORD PERIOD 9999 TO 9999


WEATHER ITEM   OBSERVED TIME   RECORD YEAR NORMAL DEPARTURE LAST
                VALUE   (LST)  VALUE       VALUE  FROM      YEAR
                                                  NORMAL
..................................................................
TEMPERATURE (F)
 YESTERDAY
  MAXIMUM         77    324 PM  MM      MM  68      9       83
  MINIMUM         48    627 AM  MM      MM  45      3       61
  AVERAGE         63                        57      6       72

PRECIPITATION (IN)
  YESTERDAY        0.00         MM      MM   0.13  -0.13     0.94
  MONTH TO DATE    3.38                      2.60   0.78     1.05
  SINCE SEP 1      4.13                      5.79  -1.66     3.78
  SINCE JAN 1     28.49                     35.14  -6.65    36.04

DEGREE DAYS
 HEATING
  YESTERDAY        2                         9     -7        0
  MONTH TO DATE   27                       127   -100       41
  SINCE SEP 1     39                       165   -126       53
  SINCE JUL 1     39                       166   -127       53

 COOLING
  YESTERDAY        0                         1     -1        7
  MONTH TO DATE   70                        29     41       68
  SINCE SEP 1    280                       200     80      309
  SINCE JAN 1   1423                      1383     40     1600
..................................................................


WIND (MPH)
  HIGHEST WIND SPEED    13   HIGHEST WIND DIRECTION    SW (240)
  HIGHEST GUST SPEED    15   HIGHEST GUST DIRECTION    SW (220)
  AVERAGE WIND SPEED     5.6


SKY COVER
  POSSIBLE SUNSHINE  MM
  AVERAGE SKY COVER 0.0


WEATHER CONDITIONS
 THE FOLLOWING WEATHER WAS RECORDED YESTERDAY.
  HAZE


RELATIVE HUMIDITY (PERCENT)
 HIGHEST    93           500 AM
 LOWEST     40           300 PM
 AVERAGE    67

..........................................................


THE LAWRENCEVILLE IL AIRPORT CLIMATE NORMALS FOR TODAY
                         NORMAL    RECORD    YEAR
 MAXIMUM TEMPERATURE (F)   68        MM        MM
 MINIMUM TEMPERATURE (F)   45        MM        MM


SUNRISE AND SUNSET
OCTOBER 20 2017.......SUNRISE   705 AM CDT   SUNSET   605 PM CDT
OCTOBER 21 2017.......SUNRISE   706 AM CDT   SUNSET   603 PM CDT


-  INDICATES NEGATIVE NUMBERS.
R  INDICATES RECORD WAS SET OR TIED.
MM INDICATES DATA IS MISSING.
T  INDICATES TRACE AMOUNT.




$$
