000
CDUS43 KILX 210628
CLILWV


CLIMATE REPORT
NATIONAL WEATHER SERVICE LINCOLN IL
128 AM CDT SUN SEP 21 2014


...................................

...THE LAWRENCEVILLE IL AIRPORT CLIMATE SUMMARY FOR SEPTEMBER 20 2014...

CLIMATE NORMAL PERIOD 1981 TO 2010
CLIMATE RECORD PERIOD 9999 TO 9999


WEATHER ITEM   OBSERVED TIME   RECORD YEAR NORMAL DEPARTURE LAST
                VALUE   (LST)  VALUE       VALUE  FROM      YEAR
                                                  NORMAL
..................................................................
TEMPERATURE (F)
 YESTERDAY
  MAXIMUM         86    222 PM  MM      MM  81      5       79
  MINIMUM         53    556 AM  MM      MM  55     -2       64
  AVERAGE         70                        68      2       72

PRECIPITATION (IN)
  YESTERDAY        0.00         MM      MM   0.10  -0.10     0.28
  MONTH TO DATE    2.79                      2.10   0.69     0.58
  SINCE SEP 1      2.79                      2.10   0.69     0.58
  SINCE JAN 1     31.59                     31.45   0.14    42.22

DEGREE DAYS
 HEATING
  YESTERDAY        0                         2     -2        0
  MONTH TO DATE   46                         8     38        7
  SINCE SEP 1     46                         8     38        7
  SINCE JUL 1     46                         9     37       12

 COOLING
  YESTERDAY        5                         4      1        7
  MONTH TO DATE   89                       137    -48      165
  SINCE SEP 1     89                       137    -48      165
  SINCE JAN 1   1162                      1320   -158     1220
..................................................................


WIND (MPH)
  HIGHEST WIND SPEED    20   HIGHEST WIND DIRECTION    SW (220)
  HIGHEST GUST SPEED    25   HIGHEST GUST DIRECTION    SW (210)
  AVERAGE WIND SPEED     8.0


SKY COVER
  POSSIBLE SUNSHINE  MM
  AVERAGE SKY COVER 0.1


WEATHER CONDITIONS
 THE FOLLOWING WEATHER WAS RECORDED YESTERDAY.
  FOG
  FOG W/VISIBILITY <= 1/4 MILE
  HAZE


RELATIVE HUMIDITY (PERCENT)
 HIGHEST   100           100 AM
 LOWEST     55           100 PM
 AVERAGE    78

..........................................................


THE LAWRENCEVILLE IL AIRPORT CLIMATE NORMALS FOR TODAY
                         NORMAL    RECORD    YEAR
 MAXIMUM TEMPERATURE (F)   80        MM        MM
 MINIMUM TEMPERATURE (F)   55        MM        MM


SUNRISE AND SUNSET
SEPTEMBER 21 2014.....SUNRISE   637 AM CDT   SUNSET   649 PM CDT
SEPTEMBER 22 2014.....SUNRISE   638 AM CDT   SUNSET   647 PM CDT


-  INDICATES NEGATIVE NUMBERS.
R  INDICATES RECORD WAS SET OR TIED.
MM INDICATES DATA IS MISSING.
T  INDICATES TRACE AMOUNT.




$$
