000
CDUS41 KRNK 022121
CLILYH


CLIMATE REPORT
NATIONAL WEATHER SERVICE BLACKSBURG VA
516 PM EDT THU JUL 2 2015


...................................

...THE LYNCHBURG VA CLIMATE SUMMARY FOR JULY 2 2015...
VALID TODAY AS OF 0500 PM LOCAL TIME.

CLIMATE NORMAL PERIOD 1981 TO 2010
CLIMATE RECORD PERIOD 1893 TO 2015


WEATHER ITEM   OBSERVED TIME   RECORD YEAR NORMAL DEPARTURE LAST
                VALUE   (LST)  VALUE       VALUE  FROM      YEAR
                                                  NORMAL
..................................................................
TEMPERATURE (F)
 TODAY
  MAXIMUM         79   1253 PM  99    1898  86     -7       94
  MINIMUM         68    616 AM  49    1988  64      4       71
  AVERAGE         74                        75     -1       83

PRECIPITATION (IN)
  TODAY            T             1.70 1893   0.12  -0.12     0.04
  MONTH TO DATE    T                         0.24  -0.24     0.04
  SINCE JUN 1      5.59                      3.86   1.73     2.44
  SINCE JAN 1     18.97                     20.55  -1.58    23.46

SNOWFALL (IN)
  TODAY            0.0                                       0.0
  MONTH TO DATE    0.0                                       0.0
  SINCE JUN 1      0.0                                       0.0
  SINCE JUL 1      0.0                                       0.0
  SNOW DEPTH       0

DEGREE DAYS
 HEATING
  TODAY            0                         0      0        0
  MONTH TO DATE    0                         0      0        0
  SINCE JUN 1     13                        14     -1        1
  SINCE JUL 1      0                         0      0        0

 COOLING
  TODAY            9                        10     -1       18
  MONTH TO DATE   16                        20     -4       33
  SINCE JUN 1    294                       234     60      288
  SINCE JAN 1    442                       316    126      402
..................................................................


WIND (MPH)
  HIGHEST WIND SPEED     8   HIGHEST WIND DIRECTION     N (20)
  HIGHEST GUST SPEED    10   HIGHEST GUST DIRECTION    NE (40)
  AVERAGE WIND SPEED     3.5


SKY COVER
  AVERAGE SKY COVER 0.6


WEATHER CONDITIONS
 THE FOLLOWING WEATHER WAS RECORDED TODAY.
  LIGHT RAIN
  FOG


RELATIVE HUMIDITY (PERCENT)
 HIGHEST    90          1200 AM
 LOWEST     60          1000 AM
 AVERAGE    75

..........................................................


THE LYNCHBURG VA CLIMATE NORMALS FOR TOMORROW
                         NORMAL    RECORD    YEAR
 MAXIMUM TEMPERATURE (F)   86        97      2012
                                             1970
                                             1911
 MINIMUM TEMPERATURE (F)   64        52      1918


SUNRISE AND SUNSET
JULY  2 2015..........SUNRISE   600 AM EDT   SUNSET   841 PM EDT
JULY  3 2015..........SUNRISE   601 AM EDT   SUNSET   841 PM EDT


-  INDICATES NEGATIVE NUMBERS.
R  INDICATES RECORD WAS SET OR TIED.
MM INDICATES DATA IS MISSING.
T  INDICATES TRACE AMOUNT.


$$

PW
