000
CDUS41 KRNK 200910
CLILYH


CLIMATE REPORT
NATIONAL WEATHER SERVICE BLACKSBURG VA
507 AM EDT SAT SEP 20 2014


...................................

...THE LYNCHBURG VA CLIMATE SUMMARY FOR SEPTEMBER 19 2014...

CLIMATE NORMAL PERIOD 1981 TO 2010
CLIMATE RECORD PERIOD 1893 TO 2014


WEATHER ITEM   OBSERVED TIME   RECORD YEAR NORMAL DEPARTURE LAST
                VALUE   (LST)  VALUE       VALUE  FROM      YEAR
                                                  NORMAL
..................................................................
TEMPERATURE (F)
 YESTERDAY
  MAXIMUM         64    507 PM  99    1895  77    -13       72
  MINIMUM         60   1159 PM  39    1984  55      5       58
  AVERAGE         62                        66     -4       65

PRECIPITATION (IN)
  YESTERDAY        0.10          2.12 1899   0.13  -0.03      T
  MONTH TO DATE    1.05                      2.53  -1.48     0.02
  SINCE SEP 1      1.05                      2.53  -1.48     0.02
  SINCE JAN 1     35.04                     30.46   4.58    33.74

SNOWFALL (IN)
  YESTERDAY        0.0
  MONTH TO DATE    0.0
  SINCE SEP 1      0.0
  SINCE JUL 1      0.0
  SNOW DEPTH       0

DEGREE DAYS
 HEATING
  YESTERDAY        3                         2      1        0
  MONTH TO DATE   10                        16     -6       18
  SINCE SEP 1     10                        16     -6       18
  SINCE JUL 1     10                        19     -9       23

 COOLING
  YESTERDAY        0                         3     -3        0
  MONTH TO DATE  108                        95     13      118
  SINCE SEP 1    108                        95     13      118
  SINCE JAN 1    938                       993    -55     1147
..................................................................


WIND (MPH)
  HIGHEST WIND SPEED    10   HIGHEST WIND DIRECTION    NE (40)
  HIGHEST GUST SPEED    12   HIGHEST GUST DIRECTION    NE (40)
  AVERAGE WIND SPEED     5.0


SKY COVER
  POSSIBLE SUNSHINE  MM
  AVERAGE SKY COVER 1.0


WEATHER CONDITIONS
 THE FOLLOWING WEATHER WAS RECORDED YESTERDAY.
  LIGHT RAIN
  FOG


RELATIVE HUMIDITY (PERCENT)
 HIGHEST   100           200 AM
 LOWEST     84           300 PM
 AVERAGE    92

..........................................................


THE LYNCHBURG VA CLIMATE NORMALS FOR TODAY
                         NORMAL    RECORD    YEAR
 MAXIMUM TEMPERATURE (F)   77        98      1895
 MINIMUM TEMPERATURE (F)   54        38      1916


SUNRISE AND SUNSET
SEPTEMBER 20 2014.....SUNRISE   703 AM EDT   SUNSET   717 PM EDT
SEPTEMBER 21 2014.....SUNRISE   704 AM EDT   SUNSET   715 PM EDT


-  INDICATES NEGATIVE NUMBERS.
R  INDICATES RECORD WAS SET OR TIED.
MM INDICATES DATA IS MISSING.
T  INDICATES TRACE AMOUNT.

REMARKS:
DUE TO A SYSTEM FAILURE CAUSING MISSING TEMPERATURES ON
AUGUST 21-24...THE SEASONAL TOTAL AND DEPARTURE FROM NORMAL
FOR CDD WILL BE CALCULATED WITHOUT DATA FROM THOSE DATES.


$$
