000
CDUS41 KRNK 290522
CLILYH


CLIMATE REPORT
NATIONAL WEATHER SERVICE BLACKSBURG VA
121 AM EDT FRI APR 29 2016


...................................

...THE LYNCHBURG VA CLIMATE SUMMARY FOR APRIL 28 2016...

CLIMATE NORMAL PERIOD 1981 TO 2010
CLIMATE RECORD PERIOD 1893 TO 2016


WEATHER ITEM   OBSERVED TIME   RECORD YEAR NORMAL DEPARTURE LAST
                VALUE   (LST)  VALUE       VALUE  FROM      YEAR
                                                  NORMAL
..................................................................
TEMPERATURE (F)
 YESTERDAY
  MAXIMUM         62    303 PM  90    1957  72    -10       68
                                      1915
  MINIMUM         54   1159 PM  30    1998  46      8       36
  AVERAGE         58                        59     -1       52

PRECIPITATION (IN)
  YESTERDAY        0.07          1.75 2011   0.11  -0.04     0.00
  MONTH TO DATE    1.91                      3.10  -1.19     4.02
  SINCE MAR 1      5.27                      6.68  -1.41     7.30
  SINCE JAN 1     12.56                     12.75  -0.19    11.68

SNOWFALL (IN)
  YESTERDAY        0.0                                       0.0
  MONTH TO DATE    0.0                                       0.0
  SINCE MAR 1      T                                         2.5
  SINCE JUL 1     15.6                                      22.9
  SNOW DEPTH       0

DEGREE DAYS
 HEATING
  YESTERDAY        7                         7      0       13
  MONTH TO DATE  277                       290    -13      251
  SINCE MAR 1    667                       885   -218      861
  SINCE JUL 1   3633                      4309   -676     4550

 COOLING
  YESTERDAY        0                         1     -1        0
  MONTH TO DATE   14                        16     -2        8
  SINCE MAR 1     17                        18     -1        8
  SINCE JAN 1     17                        18     -1        8
..................................................................


WIND (MPH)
  HIGHEST WIND SPEED    16   HIGHEST WIND DIRECTION    NE (30)
  HIGHEST GUST SPEED    21   HIGHEST GUST DIRECTION    NE (30)
  AVERAGE WIND SPEED     7.2


SKY COVER
  AVERAGE SKY COVER 1.0


WEATHER CONDITIONS
 THE FOLLOWING WEATHER WAS RECORDED YESTERDAY.
  THUNDERSTORM
  RAIN
  LIGHT RAIN
  FOG


RELATIVE HUMIDITY (PERCENT)
 HIGHEST   100           100 AM
 LOWEST     90          1200 PM
 AVERAGE    95

..........................................................


THE LYNCHBURG VA CLIMATE NORMALS FOR TODAY
                         NORMAL    RECORD    YEAR
 MAXIMUM TEMPERATURE (F)   72        88      1974
                                             1915
                                             1905
 MINIMUM TEMPERATURE (F)   46        31      1976


SUNRISE AND SUNSET
APRIL 29 2016.........SUNRISE   624 AM EDT   SUNSET   805 PM EDT
APRIL 30 2016.........SUNRISE   622 AM EDT   SUNSET   806 PM EDT


-  INDICATES NEGATIVE NUMBERS.
R  INDICATES RECORD WAS SET OR TIED.
MM INDICATES DATA IS MISSING.
T  INDICATES TRACE AMOUNT.

REMARKS:

DUE TO A SENSOR FAILURE CAUSING MISSING TEMPERATURES ON OCTOBER 22
AND 23...THE SEASONAL HEATING DEGREE DAY TOTAL AND DEPARTURE FROM
NORMAL WILL BE CALCULATED WITHOUT DATA FROM THESE DATES.

$$
