000
CDUS41 KRNK 190750
CLILYH


CLIMATE REPORT
NATIONAL WEATHER SERVICE BLACKSBURG VA
343 AM EDT THU OCT 19 2017


...................................

...THE LYNCHBURG VA CLIMATE SUMMARY FOR OCTOBER 18 2017...

CLIMATE NORMAL PERIOD 1981 TO 2010
CLIMATE RECORD PERIOD 1893 TO 2017


WEATHER ITEM   OBSERVED TIME   RECORD YEAR NORMAL DEPARTURE LAST
                VALUE   (LST)  VALUE       VALUE  FROM      YEAR
                                                  NORMAL
..................................................................
TEMPERATURE (F)
 YESTERDAY
  MAXIMUM         67    325 PM  91    1938  68     -1       82
  MINIMUM         35    542 AM  28    2001  43     -8       56
  AVERAGE         51                        56     -5       69

PRECIPITATION (IN)
  YESTERDAY        0.00          1.60 1990   0.10  -0.10     0.00
  MONTH TO DATE    1.67                      1.77  -0.10     1.73
  SINCE SEP 1      3.58                      5.65  -2.07     5.11
  SINCE JAN 1     30.31                     33.58  -3.27    38.23

SNOWFALL (IN)
  YESTERDAY        0.0                                       0.0
  MONTH TO DATE    0.0                                       0.0
  SINCE SEP 1      0.0                                       0.0
  SINCE JUL 1      0.0                                       0.0
  SNOW DEPTH       0

DEGREE DAYS
 HEATING
  YESTERDAY       14                        10      4        0
  MONTH TO DATE   67                       134    -67       77
  SINCE SEP 1    118                       192    -74       77
  SINCE JUL 1    120                       195    -75       77

 COOLING
  YESTERDAY        0                         0      0        4
  MONTH TO DATE   55                        11     44       16
  SINCE SEP 1    196                       129     67      256
  SINCE JAN 1   1174                      1027    147     1334
..................................................................


WIND (MPH)
  HIGHEST WIND SPEED     8   HIGHEST WIND DIRECTION     S (170)
  HIGHEST GUST SPEED    10   HIGHEST GUST DIRECTION     E (100)
  AVERAGE WIND SPEED     1.5


SKY COVER
  AVERAGE SKY COVER 0.0


WEATHER CONDITIONS
 THE FOLLOWING WEATHER WAS RECORDED YESTERDAY.
  NO SIGNIFICANT WEATHER WAS OBSERVED.


RELATIVE HUMIDITY (PERCENT)
 HIGHEST   100           200 AM
 LOWEST     30           340 PM
 AVERAGE    65

..........................................................


THE LYNCHBURG VA CLIMATE NORMALS FOR TODAY
                         NORMAL    RECORD    YEAR
 MAXIMUM TEMPERATURE (F)   68        88      1938
 MINIMUM TEMPERATURE (F)   43        26      1948


SUNRISE AND SUNSET
OCTOBER 19 2017.......SUNRISE   729 AM EDT   SUNSET   634 PM EDT
OCTOBER 20 2017.......SUNRISE   730 AM EDT   SUNSET   633 PM EDT


-  INDICATES NEGATIVE NUMBERS.
R  INDICATES RECORD WAS SET OR TIED.
MM INDICATES DATA IS MISSING.
T  INDICATES TRACE AMOUNT.


REMARKS:
DUE TO MISSING TEMPERATURES ON FEBRUARY 23 AND JULY 24-25...ALL
TEMPERATURE AND DEGREE DAY INFORMATION WILL BE CALCULATED WITHOUT
DATA FROM THESE DATES.


$$
