000
CDUS41 KRNK 280721
CLILYH


CLIMATE REPORT
NATIONAL WEATHER SERVICE BLACKSBURG VA
306 AM EDT FRI APR 28 2017


...................................

...THE LYNCHBURG VA CLIMATE SUMMARY FOR APRIL 27 2017...

CLIMATE NORMAL PERIOD 1981 TO 2010
CLIMATE RECORD PERIOD 1893 TO 2017


WEATHER ITEM   OBSERVED TIME   RECORD YEAR NORMAL DEPARTURE LAST
                VALUE   (LST)  VALUE       VALUE  FROM      YEAR
                                                  NORMAL
..................................................................
TEMPERATURE (F)
 YESTERDAY
  MAXIMUM         80    241 PM  93    1915  71      9       79
  MINIMUM         54    501 AM  31    1976  46      8       57
  AVERAGE         67                        58      9       68

PRECIPITATION (IN)
  YESTERDAY        T             2.04 1928   0.11  -0.11      T
  MONTH TO DATE    4.18                      2.99   1.19     1.84
  SINCE MAR 1      6.84                      6.57   0.27     5.20
  SINCE JAN 1     11.22                     12.64  -1.42    12.49

SNOWFALL (IN)
  YESTERDAY        0.0                                       0.0
  MONTH TO DATE    0.0                                       0.0
  SINCE MAR 1      T                                          T
  SINCE JUL 1      5.9                                      15.6
  SNOW DEPTH       0

DEGREE DAYS
 HEATING
  YESTERDAY        0                         7     -7        0
  MONTH TO DATE  160                       283   -123      270
  SINCE MAR 1    699                       878   -179      660
  SINCE JUL 1   3408                      4302   -894     3626

 COOLING
  YESTERDAY        2                         1      1        3
  MONTH TO DATE   28                        15     13       14
  SINCE MAR 1     28                        17     11       17
  SINCE JAN 1     29                        17     12       17
..................................................................


WIND (MPH)
  HIGHEST WIND SPEED    24   HIGHEST WIND DIRECTION     S (200)
  HIGHEST GUST SPEED    32   HIGHEST GUST DIRECTION     S (200)
  AVERAGE WIND SPEED     6.9


SKY COVER
  AVERAGE SKY COVER 0.4


WEATHER CONDITIONS
 THE FOLLOWING WEATHER WAS RECORDED YESTERDAY.
  LIGHT RAIN
  FOG
  FOG W/VISIBILITY <= 1/4 MILE


RELATIVE HUMIDITY (PERCENT)
 HIGHEST   100          1200 AM
 LOWEST     45           100 PM
 AVERAGE    73

..........................................................


THE LYNCHBURG VA CLIMATE NORMALS FOR TODAY
                         NORMAL    RECORD    YEAR
 MAXIMUM TEMPERATURE (F)   72        90      1957
                                             1915
 MINIMUM TEMPERATURE (F)   46        30      1998


SUNRISE AND SUNSET
APRIL 28 2017.........SUNRISE   625 AM EDT   SUNSET   804 PM EDT
APRIL 29 2017.........SUNRISE   624 AM EDT   SUNSET   805 PM EDT


-  INDICATES NEGATIVE NUMBERS.
R  INDICATES RECORD WAS SET OR TIED.
MM INDICATES DATA IS MISSING.
T  INDICATES TRACE AMOUNT.




$$
