000
CDUS41 KRNK 060945
CLILYH


CLIMATE REPORT
NATIONAL WEATHER SERVICE BLACKSBURG VA
437 AM EST FRI MAR 6 2015


...................................

...THE LYNCHBURG VA CLIMATE SUMMARY FOR MARCH 5 2015...

CLIMATE NORMAL PERIOD 1981 TO 2010
CLIMATE RECORD PERIOD 1893 TO 2015


WEATHER ITEM   OBSERVED TIME   RECORD YEAR NORMAL DEPARTURE LAST
                VALUE   (LST)  VALUE       VALUE  FROM      YEAR
                                                  NORMAL
..................................................................
TEMPERATURE (F)
 YESTERDAY
  MAXIMUM         48    304 AM  80    1976  54     -6       48
  MINIMUM         25   1159 PM   8    1978  31     -6       22
  AVERAGE         37                        42     -5       35

PRECIPITATION (IN)
  YESTERDAY        0.87          1.74 1979   0.10   0.77     0.00
  MONTH TO DATE    1.14                      0.52   0.62     0.79
  SINCE MAR 1      1.14                      0.52   0.62     0.79
  SINCE JAN 1      5.52                      6.59  -1.07     7.87

SNOWFALL (IN)
  YESTERDAY        2.5
  MONTH TO DATE    2.5
  SINCE MAR 1      2.5
  SINCE JUL 1     22.9
  SNOW DEPTH       3

DEGREE DAYS
 HEATING
  YESTERDAY       28                        23      5       30
  MONTH TO DATE  139                       116     23      158
  SINCE MAR 1    139                       116     23      158
  SINCE JUL 1   3828                      3540    288     3672

 COOLING
  YESTERDAY        0                         0      0        0
  MONTH TO DATE    0                         0      0        0
  SINCE MAR 1      0                         0      0        0
  SINCE JAN 1      0                         0      0        0
..................................................................


WIND (MPH)
  HIGHEST WIND SPEED    17   HIGHEST WIND DIRECTION     N (20)
  HIGHEST GUST SPEED    22   HIGHEST GUST DIRECTION    NE (50)
  AVERAGE WIND SPEED     9.5


SKY COVER
  POSSIBLE SUNSHINE  MM
  AVERAGE SKY COVER 1.0


WEATHER CONDITIONS
 THE FOLLOWING WEATHER WAS RECORDED YESTERDAY.
  RAIN
  LIGHT RAIN
  SNOW
  LIGHT SNOW
  SLEET
  FOG


RELATIVE HUMIDITY (PERCENT)
 HIGHEST   100          1200 AM
 LOWEST     92           900 AM
 AVERAGE    96

..........................................................


THE LYNCHBURG VA CLIMATE NORMALS FOR TODAY
                         NORMAL    RECORD    YEAR
 MAXIMUM TEMPERATURE (F)   54        80      1956
                                             1918
 MINIMUM TEMPERATURE (F)   31        13      1960


SUNRISE AND SUNSET
MARCH  6 2015.........SUNRISE   641 AM EST   SUNSET   615 PM EST
MARCH  7 2015.........SUNRISE   640 AM EST   SUNSET   616 PM EST


-  INDICATES NEGATIVE NUMBERS.
R  INDICATES RECORD WAS SET OR TIED.
MM INDICATES DATA IS MISSING.
T  INDICATES TRACE AMOUNT.




$$
