000
CDUS41 KRNK 162231
CLILYH


CLIMATE REPORT
NATIONAL WEATHER SERVICE BLACKSBURG VA
529 PM EST SAT DEC 16 2017


...................................

...THE LYNCHBURG VA CLIMATE SUMMARY FOR DECEMBER 16 2017...
VALID TODAY AS OF 0500 PM LOCAL TIME.

CLIMATE NORMAL PERIOD 1981 TO 2010
CLIMATE RECORD PERIOD 1893 TO 2017


WEATHER ITEM   OBSERVED TIME   RECORD YEAR NORMAL DEPARTURE LAST
                VALUE   (LST)  VALUE       VALUE  FROM      YEAR
                                                  NORMAL
..................................................................
TEMPERATURE (F)
 TODAY
  MAXIMUM         48    343 PM  78    1971  47      1       27
  MINIMUM         24    736 AM   8    1951  27     -3       13
  AVERAGE         36                        37     -1       20

PRECIPITATION (IN)
  TODAY            0.00          1.02 1911   0.11  -0.11     0.00
  MONTH TO DATE    0.45                      1.79  -1.34     2.08
  SINCE DEC 1      0.45                      1.79  -1.34     2.08
  SINCE JAN 1     32.68                     40.12  -7.44    41.48

SNOWFALL (IN)
  TODAY            0.0                                       0.0
  MONTH TO DATE    1.5                                       0.0
  SINCE DEC 1      1.5                                       0.0
  SINCE JUL 1      1.5                                       0.0
  SNOW DEPTH       0

DEGREE DAYS
 HEATING
  TODAY           29                        28      1       45
  MONTH TO DATE  421                       415      6      445
  SINCE DEC 1    421                       415      6      445
  SINCE JUL 1   1236                      1309    -73     1075

 COOLING
  TODAY            0                         0      0        0
  MONTH TO DATE    0                         0      0        0
  SINCE DEC 1      0                         0      0        0
  SINCE JAN 1   1174                      1032    142     1358
..................................................................


WIND (MPH)
  HIGHEST WIND SPEED    14   HIGHEST WIND DIRECTION    SW (210)
  HIGHEST GUST SPEED    22   HIGHEST GUST DIRECTION    SW (210)
  AVERAGE WIND SPEED     7.7


SKY COVER
  AVERAGE SKY COVER 0.1


WEATHER CONDITIONS
 THE FOLLOWING WEATHER WAS RECORDED TODAY.
  NO SIGNIFICANT WEATHER WAS OBSERVED.


RELATIVE HUMIDITY (PERCENT)
 HIGHEST    75           800 AM
 LOWEST     38           100 PM
 AVERAGE    57

..........................................................


THE LYNCHBURG VA CLIMATE NORMALS FOR TOMORROW
                         NORMAL    RECORD    YEAR
 MAXIMUM TEMPERATURE (F)   47        76      1924
 MINIMUM TEMPERATURE (F)   27         3      1989


SUNRISE AND SUNSET
DECEMBER 16 2017......SUNRISE   724 AM EST   SUNSET   501 PM EST
DECEMBER 17 2017......SUNRISE   725 AM EST   SUNSET   501 PM EST


-  INDICATES NEGATIVE NUMBERS.
R  INDICATES RECORD WAS SET OR TIED.
MM INDICATES DATA IS MISSING.
T  INDICATES TRACE AMOUNT.




$$
