000
CDUS44 KLZK 230635
CLILZK


CLIMATE REPORT
NATIONAL WEATHER SERVICE LITTLE ROCK AR
135 AM CDT THU MAR 23 2017


...................................

...THE NORTH LITTLE ROCK CLIMATE SUMMARY FOR MARCH 22 2017...

CLIMATE NORMAL PERIOD 1981 TO 2010
CLIMATE RECORD PERIOD 1975 TO 2017


WEATHER ITEM   OBSERVED TIME   RECORD YEAR NORMAL DEPARTURE LAST
                VALUE   (LST)  VALUE       VALUE  FROM      YEAR
                                                  NORMAL
..................................................................
TEMPERATURE (F)
 YESTERDAY
  MAXIMUM         64    200 PM  83    1995  66     -2       71
  MINIMUM         48        MM  25    2002  46      2       42
  AVERAGE         56                        56      0       57

PRECIPITATION (IN)
  YESTERDAY        0.00          0.87 2005   0.16  -0.16     0.00
  MONTH TO DATE    2.64                      3.37  -0.73     6.90
  SINCE MAR 1      2.64                      3.37  -0.73     6.90
  SINCE JAN 1      7.92                     10.45  -2.53    11.96

SNOWFALL (IN)
  YESTERDAY        0.0          MM      MM   0.0    0.0      0.0
  MONTH TO DATE    T                         0.4   -0.4       T
  SINCE MAR 1      T                         0.4   -0.4       T
  SINCE JUL 1      0.8                       4.4   -3.6      7.2
  SNOW DEPTH       0

DEGREE DAYS
 HEATING
  YESTERDAY        9                        10     -1        8
  MONTH TO DATE  254                       282    -28      180
  SINCE MAR 1    254                       282    -28      180
  SINCE JUL 1   2085                      2768   -683     2141

 COOLING
  YESTERDAY        0                         1     -1        0
  MONTH TO DATE   16                         7      9       11
  SINCE MAR 1     16                         7      9       11
  SINCE JAN 1     33                         9     24       14
..................................................................


WIND (MPH)
  HIGHEST WIND SPEED    13   HIGHEST WIND DIRECTION     E (70)
  HIGHEST GUST SPEED    23   HIGHEST GUST DIRECTION     E (70)
  AVERAGE WIND SPEED    10.3


SKY COVER
  POSSIBLE SUNSHINE  MM
  AVERAGE SKY COVER 0.0


WEATHER CONDITIONS
 THE FOLLOWING WEATHER WAS RECORDED YESTERDAY.
  NO SIGNIFICANT WEATHER WAS OBSERVED.


RELATIVE HUMIDITY (PERCENT)
 HIGHEST    80           700 AM
 LOWEST     56           100 PM
 AVERAGE    68

..........................................................


THE NORTH LITTLE ROCK CLIMATE NORMALS FOR TODAY
                         NORMAL    RECORD    YEAR
 MAXIMUM TEMPERATURE (F)   66        84      1995
 MINIMUM TEMPERATURE (F)   46        30      2002


SUNRISE AND SUNSET
MARCH 23 2017.........SUNRISE   708 AM CDT   SUNSET   723 PM CDT
MARCH 24 2017.........SUNRISE   707 AM CDT   SUNSET   724 PM CDT


-  INDICATES NEGATIVE NUMBERS.
R  INDICATES RECORD WAS SET OR TIED.
MM INDICATES DATA IS MISSING.
T  INDICATES TRACE AMOUNT.




$$
