000
CDUS44 KLZK 210906
CLILZK


CLIMATE REPORT
NATIONAL WEATHER SERVICE LITTLE ROCK AR
406 AM CDT SUN SEP 21 2014


...................................

...THE NORTH LITTLE ROCK CLIMATE SUMMARY FOR SEPTEMBER 20 2014...

CLIMATE NORMAL PERIOD 1981 TO 2010
CLIMATE RECORD PERIOD 1975 TO 2014


WEATHER ITEM   OBSERVED TIME   RECORD YEAR NORMAL DEPARTURE LAST
                VALUE   (LST)  VALUE       VALUE  FROM      YEAR
                                                  NORMAL
..................................................................
TEMPERATURE (F)
 YESTERDAY
  MAXIMUM         88        MM  98    2005  83      5       81
  MINIMUM         68        MM  45    1991  63      5       65
  AVERAGE         78                        73      5       73

PRECIPITATION (IN)
  YESTERDAY        0.00          2.85 1979   0.10  -0.10     2.00
  MONTH TO DATE    1.07                      2.18  -1.11     2.04
  SINCE SEP 1      1.07                      2.18  -1.11     2.04
  SINCE JAN 1     36.87                     33.70   3.17    36.26

SNOWFALL (IN)
  YESTERDAY        0.0          MM      MM   0.0    0.0      0.0
  MONTH TO DATE    0.0                       0.0    0.0      0.0
  SINCE SEP 1      0.0                       0.0    0.0      0.0
  SINCE JUL 1      0.0                       0.0    0.0      0.0
  SNOW DEPTH       0

DEGREE DAYS
 HEATING
  YESTERDAY        0                         1     -1        0
  MONTH TO DATE    7                         2      5        0
  SINCE SEP 1      7                         2      5        0
  SINCE JUL 1      7                         2      5        0

 COOLING
  YESTERDAY       13                         8      5        8
  MONTH TO DATE  226                       230     -4      315
  SINCE SEP 1    226                       230     -4      315
  SINCE JAN 1   1741                      2007   -266     1951
..................................................................


WIND (MPH)
  HIGHEST WIND SPEED    MM   HIGHEST WIND DIRECTION    MM
  HIGHEST GUST SPEED    MM   HIGHEST GUST DIRECTION    MM
  AVERAGE WIND SPEED    MM


SKY COVER
  POSSIBLE SUNSHINE  MM
  AVERAGE SKY COVER  MM


WEATHER CONDITIONS
 THE FOLLOWING WEATHER WAS RECORDED YESTERDAY.
  NO SIGNIFICANT WEATHER WAS OBSERVED.


RELATIVE HUMIDITY (PERCENT)
 HIGHEST    MM
 LOWEST     MM
 AVERAGE    MM

..........................................................


THE NORTH LITTLE ROCK CLIMATE NORMALS FOR TODAY
                         NORMAL    RECORD    YEAR
 MAXIMUM TEMPERATURE (F)   82        98      2005
 MINIMUM TEMPERATURE (F)   63        44      1983


SUNRISE AND SUNSET
SEPTEMBER 21 2014.....SUNRISE   656 AM CDT   SUNSET   707 PM CDT
SEPTEMBER 22 2014.....SUNRISE   657 AM CDT   SUNSET   706 PM CDT


-  INDICATES NEGATIVE NUMBERS.
R  INDICATES RECORD WAS SET OR TIED.
MM INDICATES DATA IS MISSING.
T  INDICATES TRACE AMOUNT.




$$
