000
CDUS44 KLZK 252103
CLILZK


CLIMATE REPORT
NATIONAL WEATHER SERVICE LITTLE ROCK AR
402 PM CDT MON MAY 25 2015


...................................

...THE NORTH LITTLE ROCK CLIMATE SUMMARY FOR MAY 25 2015...
VALID TODAY AS OF 0400 PM LOCAL TIME.

CLIMATE NORMAL PERIOD 1981 TO 2010
CLIMATE RECORD PERIOD 1975 TO 2015


WEATHER ITEM   OBSERVED TIME   RECORD YEAR NORMAL DEPARTURE LAST
                VALUE   (LST)  VALUE       VALUE  FROM      YEAR
                                                  NORMAL
..................................................................
TEMPERATURE (F)
 TODAY
  MAXIMUM         82        MM  92    1996  83     -1       85
  MINIMUM         67        MM  49    1979  64      3       67
  AVERAGE         75                        73      2       76

PRECIPITATION (IN)
  TODAY            0.00          3.15 1981   0.14  -0.14     0.00
  MONTH TO DATE    8.30                      4.13   4.17     3.91
  SINCE MAR 1     21.91                     13.69   8.22    13.67
  SINCE JAN 1     28.09                     20.77   7.32    18.99

SNOWFALL (IN)
  TODAY            0.0          MM      MM   0.0    0.0      0.0
  MONTH TO DATE    0.0                       0.0    0.0      0.0
  SINCE MAR 1      6.4                       0.4    6.0      1.6
  SINCE JUL 1     10.6                       4.4    6.2      5.2
  SNOW DEPTH       0

DEGREE DAYS
 HEATING
  TODAY            0                         0      0        0
  MONTH TO DATE   18                        21     -3       67
  SINCE MAR 1    515                       517     -2      707
  SINCE JUL 1   3312                      3003    309     3534

 COOLING
  TODAY           10                         9      1       11
  MONTH TO DATE  159                       151      8      152
  SINCE MAR 1    234                       238     -4      208
  SINCE JAN 1    234                       240     -6      208
..................................................................


WIND (MPH)
  HIGHEST WIND SPEED     9   HIGHEST WIND DIRECTION     S (190)
  HIGHEST GUST SPEED    MM   HIGHEST GUST DIRECTION    MM
  AVERAGE WIND SPEED     7.0


SKY COVER
  POSSIBLE SUNSHINE  MM
  AVERAGE SKY COVER 0.4


WEATHER CONDITIONS
 THE FOLLOWING WEATHER WAS RECORDED TODAY.
  NO SIGNIFICANT WEATHER WAS OBSERVED.


RELATIVE HUMIDITY (PERCENT)
 HIGHEST   100          1200 AM
 LOWEST     76           100 PM
 AVERAGE    88

..........................................................


THE NORTH LITTLE ROCK CLIMATE NORMALS FOR TOMORROW
                         NORMAL    RECORD    YEAR
 MAXIMUM TEMPERATURE (F)   83        92      2012
 MINIMUM TEMPERATURE (F)   64        51      1988


SUNRISE AND SUNSET
MAY 25 2015...........SUNRISE   600 AM CDT   SUNSET   813 PM CDT
MAY 26 2015...........SUNRISE   559 AM CDT   SUNSET   813 PM CDT


-  INDICATES NEGATIVE NUMBERS.
R  INDICATES RECORD WAS SET OR TIED.
MM INDICATES DATA IS MISSING.
T  INDICATES TRACE AMOUNT.




$$
