000
CDUS44 KLZK 170634
CLILZK


CLIMATE REPORT
NATIONAL WEATHER SERVICE LITTLE ROCK AR
133 AM CDT TUE OCT 17 2017


...................................

...THE NORTH LITTLE ROCK CLIMATE SUMMARY FOR OCTOBER 16 2017...

CLIMATE NORMAL PERIOD 1981 TO 2010
CLIMATE RECORD PERIOD 1975 TO 2017


WEATHER ITEM   OBSERVED TIME   RECORD YEAR NORMAL DEPARTURE LAST
                VALUE   (LST)  VALUE       VALUE  FROM      YEAR
                                                  NORMAL
..................................................................
TEMPERATURE (F)
 YESTERDAY
  MAXIMUM         69        MM  87    2011  73     -4       83
  MINIMUM         48        MM  41    2001  54     -6       66
  AVERAGE         59                        64     -5       75

PRECIPITATION (IN)
  YESTERDAY        0.00          1.20 2006   0.17  -0.17     0.00
  MONTH TO DATE    0.67                      2.27  -1.60     1.46
  SINCE SEP 1      0.95                      5.58  -4.63     2.39
  SINCE JAN 1     43.54                     37.10   6.44    46.58

SNOWFALL (IN)
  YESTERDAY        0.0          MM      MM   0.0    0.0      0.0
  MONTH TO DATE    0.0                       0.0    0.0      0.0
  SINCE SEP 1      0.0                       0.0    0.0      0.0
  SINCE JUL 1      T                         0.0    0.0       T
  SNOW DEPTH       0

DEGREE DAYS
 HEATING
  YESTERDAY        6                         4      2        0
  MONTH TO DATE   11                        40    -29        9
  SINCE SEP 1     12                        53    -41        9
  SINCE JUL 1     12                        53    -41        9

 COOLING
  YESTERDAY        0                         2     -2       10
  MONTH TO DATE  126                        57     69       91
  SINCE SEP 1    450                       354     96      467
  SINCE JAN 1   2047                      2131    -84     2262
..................................................................


WIND (MPH)
  HIGHEST WIND SPEED    10   HIGHEST WIND DIRECTION     E (70)
  HIGHEST GUST SPEED    20   HIGHEST GUST DIRECTION    NE (50)
  AVERAGE WIND SPEED     5.1


SKY COVER
  POSSIBLE SUNSHINE  MM
  AVERAGE SKY COVER 0.0


WEATHER CONDITIONS
 THE FOLLOWING WEATHER WAS RECORDED YESTERDAY.
  NO SIGNIFICANT WEATHER WAS OBSERVED.


RELATIVE HUMIDITY (PERCENT)
 HIGHEST    80           600 AM
 LOWEST     35           300 PM
 AVERAGE    58

..........................................................


THE NORTH LITTLE ROCK CLIMATE NORMALS FOR TODAY
                         NORMAL    RECORD    YEAR
 MAXIMUM TEMPERATURE (F)   73        86      2016
                                             2011
 MINIMUM TEMPERATURE (F)   54        37      1976


SUNRISE AND SUNSET
OCTOBER 17 2017.......SUNRISE   717 AM CDT   SUNSET   631 PM CDT
OCTOBER 18 2017.......SUNRISE   718 AM CDT   SUNSET   630 PM CDT


-  INDICATES NEGATIVE NUMBERS.
R  INDICATES RECORD WAS SET OR TIED.
MM INDICATES DATA IS MISSING.
T  INDICATES TRACE AMOUNT.




$$
