000
CDUS44 KLZK 292103
CLILZK


CLIMATE REPORT
NATIONAL WEATHER SERVICE LITTLE ROCK AR
402 PM CDT FRI APR 29 2016


...................................

...THE NORTH LITTLE ROCK CLIMATE SUMMARY FOR APRIL 29 2016...
VALID TODAY AS OF 0400 PM LOCAL TIME.

CLIMATE NORMAL PERIOD 1981 TO 2010
CLIMATE RECORD PERIOD 1975 TO 2016


WEATHER ITEM   OBSERVED TIME   RECORD YEAR NORMAL DEPARTURE LAST
                VALUE   (LST)  VALUE       VALUE  FROM      YEAR
                                                  NORMAL
..................................................................
TEMPERATURE (F)
 TODAY
  MAXIMUM         67        MM  88    1990  76     -9       77
                                      1987
  MINIMUM         60        MM  42    2008  57      3       49
  AVERAGE         64                        66     -2       63

PRECIPITATION (IN)
  TODAY            2.70          4.43 2006   0.17   2.53     0.00
  MONTH TO DATE    5.57                      4.62   0.95     4.84
  SINCE MAR 1     18.09                      9.39   8.70    13.61
  SINCE JAN 1     23.15                     16.47   6.68    19.79

SNOWFALL (IN)
  TODAY            0.0          MM      MM   0.0    0.0      0.0
  MONTH TO DATE    0.0                       0.0    0.0      0.0
  SINCE MAR 1      T                         0.4   -0.4      6.4
  SINCE JUL 1      7.2                       4.4    2.8     10.6
  SNOW DEPTH       0

DEGREE DAYS
 HEATING
  TODAY            1                         2     -1        2
  MONTH TO DATE   83                       135    -52       94
  SINCE MAR 1    327                       495   -168      497
  SINCE JUL 1   2288                      2981   -693     3294

 COOLING
  TODAY            0                         4     -4        0
  MONTH TO DATE   54                        64    -10       59
  SINCE MAR 1     71                        81    -10       73
  SINCE JAN 1     74                        83     -9       73
..................................................................


WIND (MPH)
  HIGHEST WIND SPEED    12   HIGHEST WIND DIRECTION     E (90)
  HIGHEST GUST SPEED    21   HIGHEST GUST DIRECTION     E (90)
  AVERAGE WIND SPEED     8.2


SKY COVER
  POSSIBLE SUNSHINE  MM
  AVERAGE SKY COVER 0.0


WEATHER CONDITIONS
 THE FOLLOWING WEATHER WAS RECORDED TODAY.
  THUNDERSTORM
  HEAVY RAIN
  RAIN
  LIGHT RAIN


RELATIVE HUMIDITY (PERCENT)
 HIGHEST   100          1000 AM
 LOWEST     58           600 AM
 AVERAGE    79

..........................................................


THE NORTH LITTLE ROCK CLIMATE NORMALS FOR TOMORROW
                         NORMAL    RECORD    YEAR
 MAXIMUM TEMPERATURE (F)   76        92      1987
 MINIMUM TEMPERATURE (F)   57        41      1996


SUNRISE AND SUNSET
APRIL 29 2016.........SUNRISE   620 AM CDT   SUNSET   753 PM CDT
APRIL 30 2016.........SUNRISE   619 AM CDT   SUNSET   754 PM CDT


-  INDICATES NEGATIVE NUMBERS.
R  INDICATES RECORD WAS SET OR TIED.
MM INDICATES DATA IS MISSING.
T  INDICATES TRACE AMOUNT.




$$
