000
CDUS46 KHNX 270023
CLIMAE


CLIMATE REPORT
NATIONAL WEATHER SERVICE SAN JOAQUIN VALLEY, CA
522 PM PDT FRI MAY 26 2017


...................................

...THE MADERA CA CLIMATE SUMMARY FOR MAY 26 2017...
VALID AS OF 0400 PM LOCAL TIME.

CLIMATE NORMAL PERIOD 1981 TO 2010
CLIMATE RECORD PERIOD 1998 TO 2017


WEATHER ITEM   OBSERVED TIME   RECORD YEAR NORMAL DEPARTURE LAST
                VALUE   (LST)  VALUE       VALUE  FROM      YEAR
                                                  NORMAL
..................................................................
TEMPERATURE (F)
 TODAY
  MAXIMUM         75        MM  96    2014  86    -11       84
                                      2005
  MINIMUM         52        MM  46    2011  53     -1       52
  AVERAGE         64                        69     -5       68

PRECIPITATION (IN)
  TODAY            0.00          T    2008   0.00   0.00     0.00
  MONTH TO DATE    T                         0.45  -0.45      T
  SINCE OCT 1     14.17                     11.51   2.66    12.96
  SINCE JAN 1     10.10                      7.78   2.32     8.40

SNOWFALL (IN)
  TODAY            0.0
  MONTH TO DATE    0.0
  SINCE MAR 1      0.0
  SINCE JUL 1      0.0
  SNOW DEPTH       0

DEGREE DAYS
 HEATING
  TODAY            1                                         0
  MONTH TO DATE   25                                        19
  SINCE MAR 1    389                                       328
  SINCE JUL 1   2068                                      2072

 COOLING
  TODAY            0                                         3
  MONTH TO DATE  139                                       108
  SINCE MAR 1    152                                       140
  SINCE JAN 1    152                                       140
..................................................................


WIND (MPH)
  HIGHEST WIND SPEED    10   HIGHEST WIND DIRECTION    NW (310)
  HIGHEST GUST SPEED    MM   HIGHEST GUST DIRECTION    MM
  AVERAGE WIND SPEED     6.0




RELATIVE HUMIDITY (PERCENT)
 HIGHEST    89
 LOWEST     44
 AVERAGE    67

..........................................................


THE MADERA CA CLIMATE NORMALS FOR TOMORROW
                         NORMAL    RECORD    YEAR
 MAXIMUM TEMPERATURE (F)   86        97      2009
 MINIMUM TEMPERATURE (F)   53        46      2011


SUNRISE AND SUNSET
MAY 26 2017...........SUNRISE   545 AM PDT   SUNSET   811 PM PDT
MAY 27 2017...........SUNRISE   544 AM PDT   SUNSET   811 PM PDT


-  INDICATES NEGATIVE NUMBERS.
R  INDICATES RECORD WAS SET OR TIED.
MM INDICATES DATA IS MISSING.
T  INDICATES TRACE AMOUNT.




$$
