000
CDUS46 KHNX 150837
CLIMAE


CLIMATE REPORT
NATIONAL WEATHER SERVICE SAN JOAQUIN VALLEY, CA
136 AM PDT MON SEP 15 2014


...................................

...THE MADERA CA AIRPORT CLIMATE SUMMARY FOR SEPTEMBER 14 2014...

CLIMATE NORMAL PERIOD 1981 TO 2010
CLIMATE RECORD PERIOD 1998 TO 2014


WEATHER ITEM   OBSERVED TIME   RECORD YEAR NORMAL DEPARTURE
                VALUE   (LST)  VALUE       VALUE  FROM
                                                  NORMAL
...............................................................
TEMPERATURE (F)
 YESTERDAY
  MAXIMUM        102R   402 PM 102    2012  90     12
  MINIMUM         64    559 AM  48    2005  56      8
  AVERAGE         83                        73     10

PRECIPITATION (IN)
  YESTERDAY        0.00          0.04 2009   0.01  -0.01
  MONTH TO DATE    T                         0.09  -0.09
  SINCE JUL 1      T                         0.13  -0.13
  SINCE JAN 1      3.61                      8.13  -4.52

SNOWFALL (IN)
  YESTERDAY        0.0
  MONTH TO DATE    0.0
  SINCE SEP 1      0.0
  SINCE JUL 1      0.0
  SNOW DEPTH       0

DEGREE DAYS
 HEATING
  YESTERDAY        0
  MONTH TO DATE    0
  SINCE SEP 1      0
  SINCE JUL 1      0

 COOLING
  YESTERDAY       18
  MONTH TO DATE  198
  SINCE SEP 1    198
  SINCE JAN 1   2684
...............................................................


WIND (MPH)
  HIGHEST WIND SPEED    14   HIGHEST WIND DIRECTION    NW (320)
  HIGHEST GUST SPEED    MM   HIGHEST GUST DIRECTION    MM
  AVERAGE WIND SPEED     6.0




RELATIVE HUMIDITY (PERCENT)
 HIGHEST    63
 LOWEST     13
 AVERAGE    38

..........................................................


THE MADERA CA AIRPORT CLIMATE NORMALS FOR TODAY
                         NORMAL    RECORD    YEAR
 MAXIMUM TEMPERATURE (F)   90        98      2012
                                             1998
 MINIMUM TEMPERATURE (F)   56        49      2006


SUNRISE AND SUNSET
SEPTEMBER 15 2014.....SUNRISE   643 AM PDT   SUNSET   708 PM PDT
SEPTEMBER 16 2014.....SUNRISE   643 AM PDT   SUNSET   706 PM PDT


-  INDICATES NEGATIVE NUMBERS.
R  INDICATES RECORD WAS SET OR TIED.
MM INDICATES DATA IS MISSING.
T  INDICATES TRACE AMOUNT.




$$
