000
CDUS46 KHNX 220024
CLIMAE


CLIMATE REPORT
NATIONAL WEATHER SERVICE SAN JOAQUIN VALLEY, CA
423 PM PST SUN DEC 21 2014


...................................

...THE MADERA CA CLIMATE SUMMARY FOR DECEMBER 21 2014...
VALID AS OF 0400 PM LOCAL TIME.

CLIMATE NORMAL PERIOD 1981 TO 2010
CLIMATE RECORD PERIOD 1998 TO 2014


WEATHER ITEM   OBSERVED TIME   RECORD YEAR NORMAL DEPARTURE LAST
                VALUE   (LST)  VALUE       VALUE  FROM      YEAR
                                                  NORMAL
..................................................................
TEMPERATURE (F)
 TODAY
  MAXIMUM         61    359 PM  65    2000  53      8       57
  MINIMUM         48    728 AM  19    1998  36     12       33
  AVERAGE         55                        45     10       45

PRECIPITATION (IN)
  TODAY            0.00          0.46 2009   0.06  -0.06     0.00
  MONTH TO DATE    2.87                      1.01   1.86     0.27
  SINCE JUL 1      3.70                      3.33   0.37     0.97
  SINCE JAN 1      7.31                     11.33  -4.02     4.49

SNOWFALL (IN)
  TODAY            0.0
  MONTH TO DATE    0.0
  SINCE DEC 1      0.0
  SINCE JUL 1      0.0
  SNOW DEPTH       0

DEGREE DAYS
 HEATING
  TODAY           10                                        20
  MONTH TO DATE  194                                       474
  SINCE DEC 1    194                                       474
  SINCE JUL 1    510                                       892

 COOLING
  TODAY            0                                         0
  MONTH TO DATE    1                                         0
  SINCE DEC 1      1                                         0
  SINCE JAN 1   2953                                      1688
..................................................................


WIND (MPH)
  HIGHEST WIND SPEED     6   HIGHEST WIND DIRECTION     W (290)
  HIGHEST GUST SPEED     7   HIGHEST GUST DIRECTION     W (290)
  AVERAGE WIND SPEED     1.0




RELATIVE HUMIDITY (PERCENT)
 HIGHEST    96
 LOWEST     72
 AVERAGE    84

..........................................................


THE MADERA CA CLIMATE NORMALS FOR TOMORROW
                         NORMAL    RECORD    YEAR
 MAXIMUM TEMPERATURE (F)   53        68      2005
 MINIMUM TEMPERATURE (F)   36        21      1998


SUNRISE AND SUNSET
DECEMBER 21 2014......SUNRISE   710 AM PST   SUNSET   447 PM PST
DECEMBER 22 2014......SUNRISE   710 AM PST   SUNSET   448 PM PST


-  INDICATES NEGATIVE NUMBERS.
R  INDICATES RECORD WAS SET OR TIED.
MM INDICATES DATA IS MISSING.
T  INDICATES TRACE AMOUNT.




$$
