000
CDUS46 KHNX 040823
CLIMAE


CLIMATE REPORT
NATIONAL WEATHER SERVICE SAN JOAQUIN VALLEY, CA
122 AM PDT WED MAY 4 2016


...................................

...THE MADERA CA AIRPORT CLIMATE SUMMARY FOR MAY 3 2016...

CLIMATE NORMAL PERIOD 1981 TO 2010
CLIMATE RECORD PERIOD 1998 TO 2016


WEATHER ITEM   OBSERVED TIME   RECORD YEAR NORMAL DEPARTURE
                VALUE   (LST)  VALUE       VALUE  FROM
                                                  NORMAL
...............................................................
TEMPERATURE (F)
 YESTERDAY
  MAXIMUM         89    342 PM  98    2004  80      9
  MINIMUM         53    505 AM  42    2007  48      5
  AVERAGE         71                        64      7

PRECIPITATION (IN)
  YESTERDAY        0.00          0.68 2003   0.03  -0.03
  MONTH TO DATE    T                         0.08  -0.08
  SINCE OCT 1     12.96                     11.14   1.82
  SINCE JAN 1      8.40                      7.41   0.99

SNOWFALL (IN)
  YESTERDAY        0.0
  MONTH TO DATE    0.0
  SINCE MAR 1      0.0
  SINCE JUL 1      0.0
  SNOW DEPTH       0

DEGREE DAYS
 HEATING
  YESTERDAY        0
  MONTH TO DATE    0
  SINCE MAR 1    309
  SINCE JUL 1   2053

 COOLING
  YESTERDAY        6
  MONTH TO DATE   16
  SINCE MAR 1     48
  SINCE JAN 1     48
...............................................................


WIND (MPH)
  HIGHEST WIND SPEED    12   HIGHEST WIND DIRECTION    SE (140)
  HIGHEST GUST SPEED    14   HIGHEST GUST DIRECTION    SE (140)
  AVERAGE WIND SPEED     4.6




RELATIVE HUMIDITY (PERCENT)
 HIGHEST    93
 LOWEST     22
 AVERAGE    58

..........................................................


THE MADERA CA AIRPORT CLIMATE NORMALS FOR TODAY
                         NORMAL    RECORD    YEAR
 MAXIMUM TEMPERATURE (F)   81        98      2004
 MINIMUM TEMPERATURE (F)   49        42      1999


SUNRISE AND SUNSET
MAY  4 2016...........SUNRISE   602 AM PDT   SUNSET   753 PM PDT
MAY  5 2016...........SUNRISE   601 AM PDT   SUNSET   754 PM PDT


-  INDICATES NEGATIVE NUMBERS.
R  INDICATES RECORD WAS SET OR TIED.
MM INDICATES DATA IS MISSING.
T  INDICATES TRACE AMOUNT.




$$
