000
CDUS46 KHNX 240823
CLIMAE


CLIMATE REPORT
NATIONAL WEATHER SERVICE SAN JOAQUIN VALLEY, CA
1223 AM PST FRI NOV 24 2017


...................................

...THE MADERA CA AIRPORT CLIMATE SUMMARY FOR NOVEMBER 23 2017...

CLIMATE NORMAL PERIOD 1981 TO 2010
CLIMATE RECORD PERIOD 1998 TO 2017


WEATHER ITEM   OBSERVED TIME   RECORD YEAR NORMAL DEPARTURE
                VALUE   (LST)  VALUE       VALUE  FROM
                                                  NORMAL
...............................................................
TEMPERATURE (F)
 YESTERDAY
  MAXIMUM         75R   232 PM  73    2015  61     14
  MINIMUM         47    531 AM  26    2003  39      8
  AVERAGE         61                        50     11

PRECIPITATION (IN)
  YESTERDAY        0.00          0.28 2010   0.03  -0.03
  MONTH TO DATE    0.13                      0.93  -0.80
  SINCE OCT 1      0.21                      1.81  -1.60
  SINCE JAN 1     10.40                     10.10   0.30

SNOWFALL (IN)
  YESTERDAY        0.0
  MONTH TO DATE    0.0
  SINCE SEP 1      0.0
  SINCE JUL 1      0.0
  SNOW DEPTH       0

DEGREE DAYS
 HEATING
  YESTERDAY        4
  MONTH TO DATE  172
  SINCE SEP 1    256
  SINCE JUL 1    256

 COOLING
  YESTERDAY        0
  MONTH TO DATE    2
  SINCE SEP 1    354
  SINCE JAN 1   2025
...............................................................


WIND (MPH)
  HIGHEST WIND SPEED    10   HIGHEST WIND DIRECTION    NW (300)
  HIGHEST GUST SPEED    12   HIGHEST GUST DIRECTION     W (280)
  AVERAGE WIND SPEED     3.6




RELATIVE HUMIDITY (PERCENT)
 HIGHEST   100
 LOWEST     53
 AVERAGE    77

..........................................................


THE MADERA CA AIRPORT CLIMATE NORMALS FOR TODAY
                         NORMAL    RECORD    YEAR
 MAXIMUM TEMPERATURE (F)   61        69      2005
 MINIMUM TEMPERATURE (F)   39        29      2003


SUNRISE AND SUNSET
NOVEMBER 24 2017......SUNRISE   649 AM PST   SUNSET   446 PM PST
NOVEMBER 25 2017......SUNRISE   650 AM PST   SUNSET   445 PM PST


-  INDICATES NEGATIVE NUMBERS.
R  INDICATES RECORD WAS SET OR TIED.
MM INDICATES DATA IS MISSING.
T  INDICATES TRACE AMOUNT.




$$
