000
CDUS44 KMAF 020736
CLIMAF


CLIMATE REPORT
NATIONAL WEATHER SERVICE MIDLAND TX
236 AM CDT WED SEP 2 2015


...................................

...THE MIDLAND CLIMATE SUMMARY FOR SEPTEMBER 1 2015...

CLIMATE NORMAL PERIOD 1981 TO 2010
CLIMATE RECORD PERIOD 1930 TO 2015


WEATHER ITEM   OBSERVED TIME   RECORD YEAR NORMAL DEPARTURE LAST
                VALUE   (LST)  VALUE       VALUE  FROM      YEAR
                                                  NORMAL
..................................................................
TEMPERATURE (F)
 YESTERDAY
  MAXIMUM         95    307 PM 104    2014  91      4      104
                                      1959
  MINIMUM         68    638 AM  55    1987  66      2       77
  AVERAGE         82                        79      3       91

PRECIPITATION (IN)
  YESTERDAY        0.00          1.14 1966   0.06  -0.06     0.00
  MONTH TO DATE    0.00                      0.06  -0.06     0.00
  SINCE SEP 1      0.00                      0.06  -0.06     0.00
  SINCE JAN 1     14.01                      9.78   4.23     4.74

DEGREE DAYS
 COOLING
  YESTERDAY       17                        14      3       26
  MONTH TO DATE   17                        14      3       26
  SINCE SEP 1     17                        14      3       26
  SINCE JAN 1   2061                      1898    163     2212
..................................................................


WIND (MPH)
  HIGHEST WIND SPEED    22   HIGHEST WIND DIRECTION     S (160)
  HIGHEST GUST SPEED    29   HIGHEST GUST DIRECTION     S (160)
  AVERAGE WIND SPEED    10.5


SKY COVER
  POSSIBLE SUNSHINE  MM
  AVERAGE SKY COVER 0.0


WEATHER CONDITIONS
 THE FOLLOWING WEATHER WAS RECORDED YESTERDAY.
  NO SIGNIFICANT WEATHER WAS OBSERVED.


RELATIVE HUMIDITY (PERCENT)
 HIGHEST    73           700 AM
 LOWEST     24           400 PM
 AVERAGE    49

..........................................................


THE MIDLAND CLIMATE NORMALS FOR TODAY
                         NORMAL    RECORD    YEAR
 MAXIMUM TEMPERATURE (F)   91       103      1937
 MINIMUM TEMPERATURE (F)   66        56      1968
                                             1950


SUNRISE AND SUNSET
SEPTEMBER  2 2015.....SUNRISE   725 AM CDT   SUNSET   812 PM CDT
SEPTEMBER  3 2015.....SUNRISE   725 AM CDT   SUNSET   810 PM CDT


-  INDICATES NEGATIVE NUMBERS.
R  INDICATES RECORD WAS SET OR TIED.
MM INDICATES DATA IS MISSING.
T  INDICATES TRACE AMOUNT.




$$
