000
CDUS44 KMAF 290801
CLIMAF


CLIMATE REPORT
NATIONAL WEATHER SERVICE MIDLAND TX
301 AM CDT FRI APR 29 2016


...................................

...THE MIDLAND CLIMATE SUMMARY FOR APRIL 28 2016...

CLIMATE NORMAL PERIOD 1981 TO 2010
CLIMATE RECORD PERIOD 1930 TO 2016


WEATHER ITEM   OBSERVED TIME   RECORD YEAR NORMAL DEPARTURE LAST
                VALUE   (LST)  VALUE       VALUE  FROM      YEAR
                                                  NORMAL
..................................................................
TEMPERATURE (F)
 YESTERDAY
  MAXIMUM         91    249 PM  98    1992  83      8       62
  MINIMUM         56    212 AM  37    2008  54      2       44
  AVERAGE         74                        68      6       53

PRECIPITATION (IN)
  YESTERDAY        0.00          2.00 1931   0.02  -0.02      T
  MONTH TO DATE    1.45                      0.60   0.85     1.30
  SINCE MAR 1      1.79                      1.20   0.59     2.95
  SINCE JAN 1      2.27                      2.47  -0.20     5.64

SNOWFALL (IN)
  YESTERDAY        0.0
  MONTH TO DATE    0.0
  SINCE MAR 1      0.0
  SINCE JUL 1      8.0
  SNOW DEPTH       0

DEGREE DAYS
 HEATING
  YESTERDAY        0                         2     -2       12
  MONTH TO DATE   54                       109    -55       56
  SINCE MAR 1    215                       416   -201      394
  SINCE JUL 1   2045                      2653   -608     2544

 COOLING
  YESTERDAY        9                         5      4        0
  MONTH TO DATE  112                        79     33      107
  SINCE MAR 1    147                        95     52      133
  SINCE JAN 1    162                        97     65      134
..................................................................


WIND (MPH)
  HIGHEST WIND SPEED    28   HIGHEST WIND DIRECTION     S (170)
  HIGHEST GUST SPEED    34   HIGHEST GUST DIRECTION     S (190)
  AVERAGE WIND SPEED    14.8


SKY COVER
  POSSIBLE SUNSHINE  MM
  AVERAGE SKY COVER 0.0


WEATHER CONDITIONS
 THE FOLLOWING WEATHER WAS RECORDED YESTERDAY.
  HAZE


RELATIVE HUMIDITY (PERCENT)
 HIGHEST    61          1100 PM
 LOWEST     15           200 PM
 AVERAGE    38

..........................................................


THE MIDLAND CLIMATE NORMALS FOR TODAY
                         NORMAL    RECORD    YEAR
 MAXIMUM TEMPERATURE (F)   83        95      2011
                                             1947
 MINIMUM TEMPERATURE (F)   54        38      2015
                                             1998
                                             1991


SUNRISE AND SUNSET
APRIL 29 2016.........SUNRISE   704 AM CDT   SUNSET   828 PM CDT
APRIL 30 2016.........SUNRISE   703 AM CDT   SUNSET   829 PM CDT


-  INDICATES NEGATIVE NUMBERS.
R  INDICATES RECORD WAS SET OR TIED.
MM INDICATES DATA IS MISSING.
T  INDICATES TRACE AMOUNT.




$$
