000
CDUS44 KMAF 052227
CLIMAF


CLIMATE REPORT
NATIONAL WEATHER SERVICE MIDLAND TX
427 PM CST MON DEC 5 2016


...................................

...THE MIDLAND CLIMATE SUMMARY FOR DECEMBER 5 2016...
VALID TODAY AS OF 0400 PM LOCAL TIME.

CLIMATE NORMAL PERIOD 1981 TO 2010
CLIMATE RECORD PERIOD 1930 TO 2016


WEATHER ITEM   OBSERVED TIME   RECORD YEAR NORMAL DEPARTURE LAST
                VALUE   (LST)  VALUE       VALUE  FROM      YEAR
                                                  NORMAL
..................................................................
TEMPERATURE (F)
 TODAY
  MAXIMUM         62    426 PM  79    1951  60      2       63
  MINIMUM         40    445 AM  18    2005  32      8       37
                                      1950
  AVERAGE         51                        46      5       50

PRECIPITATION (IN)
  TODAY            0.00          0.47 1943   0.02  -0.02     0.00
  MONTH TO DATE    0.33                      0.10   0.23     0.00
  SINCE DEC 1      0.33                      0.10   0.23     0.00
  SINCE JAN 1     15.10                     14.10   1.00    21.39

SNOWFALL (IN)
  TODAY            0.0
  MONTH TO DATE    0.0
  SINCE DEC 1      0.0
  SINCE JUL 1      0.0
  SNOW DEPTH       0

DEGREE DAYS
 HEATING
  TODAY           14                        19     -5       15
  MONTH TO DATE   88                        93     -5       86
  SINCE DEC 1     88                        93     -5       86
  SINCE JUL 1    299                       572   -273      438
..................................................................


WIND (MPH)
  HIGHEST WIND SPEED    18   HIGHEST WIND DIRECTION    SW (210)
  HIGHEST GUST SPEED    22   HIGHEST GUST DIRECTION    SW (220)
  AVERAGE WIND SPEED     7.6


SKY COVER
  POSSIBLE SUNSHINE  MM
  AVERAGE SKY COVER 0.4


WEATHER CONDITIONS
 THE FOLLOWING WEATHER WAS RECORDED TODAY.
  FOG
  HAZE


RELATIVE HUMIDITY (PERCENT)
 HIGHEST    92           400 AM
 LOWEST     36           400 PM
 AVERAGE    64

..........................................................


THE MIDLAND CLIMATE NORMALS FOR TOMORROW
                         NORMAL    RECORD    YEAR
 MAXIMUM TEMPERATURE (F)   60        81      2012
 MINIMUM TEMPERATURE (F)   32         8      1950


SUNRISE AND SUNSET
DECEMBER  5 2016......SUNRISE   735 AM CST   SUNSET   544 PM CST
DECEMBER  6 2016......SUNRISE   736 AM CST   SUNSET   544 PM CST


-  INDICATES NEGATIVE NUMBERS.
R  INDICATES RECORD WAS SET OR TIED.
MM INDICATES DATA IS MISSING.
T  INDICATES TRACE AMOUNT.




$$
