841
CDUS44 KMAF 172211
CLIMAF


CLIMATE REPORT
NATIONAL WEATHER SERVICE MIDLAND TX
411 PM CST SUN DEC 17 2017


...................................

...THE MIDLAND CLIMATE SUMMARY FOR DECEMBER 17 2017...
VALID TODAY AS OF 0400 PM LOCAL TIME.

CLIMATE NORMAL PERIOD 1981 TO 2010
CLIMATE RECORD PERIOD 1930 TO 2017


WEATHER ITEM   OBSERVED TIME   RECORD YEAR NORMAL DEPARTURE LAST
                VALUE   (LST)  VALUE       VALUE  FROM      YEAR
                                                  NORMAL
..................................................................
TEMPERATURE (F)
 TODAY
  MAXIMUM         68    350 PM  80    2016  58     10       80
  MINIMUM         35    759 AM  17    1996  30      5       18
  AVERAGE         52                        44      8       49

PRECIPITATION (IN)
  TODAY            0.00          0.93 1986   0.02  -0.02     0.00
  MONTH TO DATE    0.36                      0.34   0.02     0.35
  SINCE DEC 1      0.36                      0.34   0.02     0.35
  SINCE JAN 1     17.70                     14.34   3.36    15.12

SNOWFALL (IN)
  TODAY            0.0
  MONTH TO DATE    0.0
  SINCE DEC 1      0.0
  SINCE JUL 1      0.0
  SNOW DEPTH       0

DEGREE DAYS
 HEATING
  TODAY           13                        21     -8       16
  MONTH TO DATE  275                       336    -61      304
  SINCE DEC 1    275                       336    -61      304
  SINCE JUL 1    596                       815   -219      515
..................................................................


WIND (MPH)
  HIGHEST WIND SPEED    15   HIGHEST WIND DIRECTION     S (200)
  HIGHEST GUST SPEED    19   HIGHEST GUST DIRECTION     S (190)
  AVERAGE WIND SPEED     7.0


SKY COVER
  POSSIBLE SUNSHINE  MM
  AVERAGE SKY COVER 0.0


WEATHER CONDITIONS
 THE FOLLOWING WEATHER WAS RECORDED TODAY.
  NO SIGNIFICANT WEATHER WAS OBSERVED.


RELATIVE HUMIDITY (PERCENT)
 HIGHEST    92          1200 AM
 LOWEST     28           400 PM
 AVERAGE    60

..........................................................


THE MIDLAND CLIMATE NORMALS FOR TOMORROW
                         NORMAL    RECORD    YEAR
 MAXIMUM TEMPERATURE (F)   58        78      1939
 MINIMUM TEMPERATURE (F)   30        12      1996


SUNRISE AND SUNSET
DECEMBER 17 2017......SUNRISE   743 AM CST   SUNSET   547 PM CST
DECEMBER 18 2017......SUNRISE   744 AM CST   SUNSET   547 PM CST


-  INDICATES NEGATIVE NUMBERS.
R  INDICATES RECORD WAS SET OR TIED.
MM INDICATES DATA IS MISSING.
T  INDICATES TRACE AMOUNT.




$$
