000
CDUS44 KMAF 242231
CLIMAF


CLIMATE REPORT
NATIONAL WEATHER SERVICE MIDLAND TX
530 PM CDT SAT JUN 24 2017


...................................

...THE MIDLAND CLIMATE SUMMARY FOR JUNE 24 2017...
VALID TODAY AS OF 0500 PM LOCAL TIME.

CLIMATE NORMAL PERIOD 1981 TO 2010
CLIMATE RECORD PERIOD 1930 TO 2017


WEATHER ITEM   OBSERVED TIME   RECORD YEAR NORMAL DEPARTURE LAST
                VALUE   (LST)  VALUE       VALUE  FROM      YEAR
                                                  NORMAL
..................................................................
TEMPERATURE (F)
 TODAY
  MAXIMUM         91    429 PM 108    1990  94     -3       95
  MINIMUM         69    742 AM  60    1946  69      0       67
                                      1940
  AVERAGE         80                        82     -2       81

PRECIPITATION (IN)
  TODAY            0.00          3.95 1940   0.05  -0.05     0.00
  MONTH TO DATE    1.58                      1.45   0.13     2.69
  SINCE JUN 1      1.58                      1.45   0.13     2.69
  SINCE JAN 1      7.27                      5.71   1.56     6.43

DEGREE DAYS
 COOLING
  TODAY           15                        17     -2       16
  MONTH TO DATE  466                       360    106      396
  SINCE JUN 1    466                       360    106      396
  SINCE JAN 1   1027                       749    278      876
..................................................................


WIND (MPH)
  HIGHEST WIND SPEED    24   HIGHEST WIND DIRECTION     E (70)
  HIGHEST GUST SPEED    36   HIGHEST GUST DIRECTION     E (80)
  AVERAGE WIND SPEED    16.2


SKY COVER
  POSSIBLE SUNSHINE  MM
  AVERAGE SKY COVER 0.3


WEATHER CONDITIONS
 THE FOLLOWING WEATHER WAS RECORDED TODAY.
  NO SIGNIFICANT WEATHER WAS OBSERVED.


RELATIVE HUMIDITY (PERCENT)
 HIGHEST    68           900 AM
 LOWEST     39           200 PM
 AVERAGE    54

..........................................................


THE MIDLAND CLIMATE NORMALS FOR TOMORROW
                         NORMAL    RECORD    YEAR
 MAXIMUM TEMPERATURE (F)   94       111      2011
 MINIMUM TEMPERATURE (F)   69        57      1940


SUNRISE AND SUNSET
JUNE 24 2017..........SUNRISE   644 AM CDT   SUNSET   858 PM CDT
JUNE 25 2017..........SUNRISE   644 AM CDT   SUNSET   858 PM CDT


-  INDICATES NEGATIVE NUMBERS.
R  INDICATES RECORD WAS SET OR TIED.
MM INDICATES DATA IS MISSING.
T  INDICATES TRACE AMOUNT.




$$
