000
CDUS44 KMAF 300731
CLIMAF


CLIMATE REPORT
NATIONAL WEATHER SERVICE MIDLAND TX
230 AM CDT MON MAY 30 2016


...................................

...THE MIDLAND CLIMATE SUMMARY FOR MAY 29 2016...

CLIMATE NORMAL PERIOD 1981 TO 2010
CLIMATE RECORD PERIOD 1930 TO 2016


WEATHER ITEM   OBSERVED TIME   RECORD YEAR NORMAL DEPARTURE LAST
                VALUE   (LST)  VALUE       VALUE  FROM      YEAR
                                                  NORMAL
..................................................................
TEMPERATURE (F)
 YESTERDAY
  MAXIMUM         83    404 PM 104    1938  91     -8       85
  MINIMUM         63   1159 PM  44    1947  64     -1       58
  AVERAGE         73                        77     -4       72

PRECIPITATION (IN)
  YESTERDAY        0.00          2.01 1971   0.08  -0.08     0.00
  MONTH TO DATE    0.26                      1.59  -1.33     3.19
  SINCE MAR 1      2.05                      2.84  -0.79     6.14
  SINCE JAN 1      2.53                      4.11  -1.58     8.83

DEGREE DAYS
 COOLING
  YESTERDAY        8                        12     -4        7
  MONTH TO DATE  286                       257     29      213
  SINCE MAR 1    444                       363     81      346
  SINCE JAN 1    459                       365     94      347
..................................................................


WIND (MPH)
  HIGHEST WIND SPEED    44   HIGHEST WIND DIRECTION     N (20)
  HIGHEST GUST SPEED    49   HIGHEST GUST DIRECTION     N (20)
  AVERAGE WIND SPEED    17.6


SKY COVER
  POSSIBLE SUNSHINE  MM
  AVERAGE SKY COVER 0.5


WEATHER CONDITIONS
 THE FOLLOWING WEATHER WAS RECORDED YESTERDAY.
  HAZE


RELATIVE HUMIDITY (PERCENT)
 HIGHEST    69           100 AM
 LOWEST     51          1200 PM
 AVERAGE    60

..........................................................


THE MIDLAND CLIMATE NORMALS FOR TODAY
                         NORMAL    RECORD    YEAR
 MAXIMUM TEMPERATURE (F)   91       104      1998
 MINIMUM TEMPERATURE (F)   64        46      1947


SUNRISE AND SUNSET
MAY 30 2016...........SUNRISE   644 AM CDT   SUNSET   849 PM CDT
MAY 31 2016...........SUNRISE   644 AM CDT   SUNSET   850 PM CDT


-  INDICATES NEGATIVE NUMBERS.
R  INDICATES RECORD WAS SET OR TIED.
MM INDICATES DATA IS MISSING.
T  INDICATES TRACE AMOUNT.




$$
