000
CDUS44 KMAF 240731
CLIMAF


CLIMATE REPORT
NATIONAL WEATHER SERVICE MIDLAND TX
230 AM CDT MON APR 24 2017


...................................

...THE MIDLAND CLIMATE SUMMARY FOR APRIL 23 2017...

CLIMATE NORMAL PERIOD 1981 TO 2010
CLIMATE RECORD PERIOD 1930 TO 2017


WEATHER ITEM   OBSERVED TIME   RECORD YEAR NORMAL DEPARTURE LAST
                VALUE   (LST)  VALUE       VALUE  FROM      YEAR
                                                  NORMAL
..................................................................
TEMPERATURE (F)
 YESTERDAY
  MAXIMUM         72    617 PM  98    1989  81     -9       86
  MINIMUM         43    618 AM  33    1995  52     -9       56
  AVERAGE         58                        67     -9       71

PRECIPITATION (IN)
  YESTERDAY        0.00          1.11 1966   0.03  -0.03     0.00
  MONTH TO DATE    2.51                      0.49   2.02     1.32
  SINCE MAR 1      2.99                      1.09   1.90     1.66
  SINCE JAN 1      4.83                      2.36   2.47     2.14

SNOWFALL (IN)
  YESTERDAY        0.0
  MONTH TO DATE    0.0
  SINCE MAR 1      0.0
  SINCE JUL 1      0.3
  SNOW DEPTH       0

DEGREE DAYS
 HEATING
  YESTERDAY        7                         2      5        0
  MONTH TO DATE   46                        99    -53       54
  SINCE MAR 1    162                       406   -244      215
  SINCE JUL 1   1662                      2643   -981     2045

 COOLING
  YESTERDAY        0                         4     -4        6
  MONTH TO DATE  105                        57     48       63
  SINCE MAR 1    213                        73    140       98
  SINCE JAN 1    230                        75    155      113
..................................................................


WIND (MPH)
  HIGHEST WIND SPEED    14   HIGHEST WIND DIRECTION    SE (150)
  HIGHEST GUST SPEED    17   HIGHEST GUST DIRECTION    SE (140)
  AVERAGE WIND SPEED     6.1


SKY COVER
  POSSIBLE SUNSHINE  MM
  AVERAGE SKY COVER 0.0


WEATHER CONDITIONS
 THE FOLLOWING WEATHER WAS RECORDED YESTERDAY.
  NO SIGNIFICANT WEATHER WAS OBSERVED.


RELATIVE HUMIDITY (PERCENT)
 HIGHEST    71           700 AM
 LOWEST     20           600 PM
 AVERAGE    46

..........................................................


THE MIDLAND CLIMATE NORMALS FOR TODAY
                         NORMAL    RECORD    YEAR
 MAXIMUM TEMPERATURE (F)   82        95      2012
                                             1943
 MINIMUM TEMPERATURE (F)   52        33      2013


SUNRISE AND SUNSET
APRIL 24 2017.........SUNRISE   710 AM CDT   SUNSET   824 PM CDT
APRIL 25 2017.........SUNRISE   709 AM CDT   SUNSET   825 PM CDT


-  INDICATES NEGATIVE NUMBERS.
R  INDICATES RECORD WAS SET OR TIED.
MM INDICATES DATA IS MISSING.
T  INDICATES TRACE AMOUNT.




$$
