000
CDUS44 KMAF 280731
CLIMAF

CLIMATE REPORT
NATIONAL WEATHER SERVICE MIDLAND/ODESSA TX
230 AM CDT THU MAY 28 2015

...................................

...THE MIDLAND CLIMATE SUMMARY FOR MAY 27 2015...

CLIMATE NORMAL PERIOD 1981 TO 2010
CLIMATE RECORD PERIOD 1930 TO 2015

WEATHER ITEM   OBSERVED TIME   RECORD YEAR NORMAL DEPARTURE LAST
                VALUE   (LST)  VALUE       VALUE  FROM      YEAR
                                                  NORMAL
..................................................................
TEMPERATURE (F)
 YESTERDAY
  MAXIMUM         91    221 PM 106    2011  90      1       91
  MINIMUM         67    456 AM  48    1947  63      4       62
  AVERAGE         79                        77      2       77

PRECIPITATION (IN)
  YESTERDAY        0.00          1.10 1982   0.08  -0.08     0.00
  MONTH TO DATE    3.13                      1.44   1.69     2.26
  SINCE MAR 1      6.08                      2.69   3.39     2.90
  SINCE JAN 1      8.77                      3.96   4.81     3.16

DEGREE DAYS
 COOLING
  YESTERDAY       14                        12      2       12
  MONTH TO DATE  196                       233    -37      256
  SINCE MAR 1    326                       339    -13      423
  SINCE JAN 1    327                       341    -14      425
..................................................................

WIND (MPH)
  HIGHEST WIND SPEED    29   HIGHEST WIND DIRECTION     S (170)
  HIGHEST GUST SPEED    36   HIGHEST GUST DIRECTION     S (170)
  AVERAGE WIND SPEED    13.7

SKY COVER
  POSSIBLE SUNSHINE  MM
  AVERAGE SKY COVER 0.3

WEATHER CONDITIONS
 THE FOLLOWING WEATHER WAS RECORDED YESTERDAY.
  FOG
  HAZE

RELATIVE HUMIDITY (PERCENT)
 HIGHEST   100           500 AM
 LOWEST     38           500 PM
 AVERAGE    69

..........................................................

THE MIDLAND CLIMATE NORMALS FOR TODAY
                         NORMAL    RECORD    YEAR
 MAXIMUM TEMPERATURE (F)   91       107      2011
 MINIMUM TEMPERATURE (F)   63        47      1947

SUNRISE AND SUNSET
MAY 28 2015...........SUNRISE   645 AM CDT   SUNSET   847 PM CDT
MAY 29 2015...........SUNRISE   645 AM CDT   SUNSET   848 PM CDT

-  INDICATES NEGATIVE NUMBERS.
R  INDICATES RECORD WAS SET OR TIED.
MM INDICATES DATA IS MISSING.
T  INDICATES TRACE AMOUNT.

$$

44
