000
CDUS44 KMAF 180737
CLIMAF

CLIMATE REPORT
NATIONAL WEATHER SERVICE MIDLAND/ODESSA TX
230 AM CDT THU SEP 18 2014

...................................

...THE MIDLAND CLIMATE SUMMARY FOR SEPTEMBER 17 2014...

CLIMATE NORMAL PERIOD 1981 TO 2010
CLIMATE RECORD PERIOD 1930 TO 2014

WEATHER ITEM   OBSERVED TIME   RECORD YEAR NORMAL DEPARTURE LAST
                VALUE   (LST)  VALUE       VALUE  FROM      YEAR
                                                  NORMAL
..................................................................
TEMPERATURE (F)
 YESTERDAY
  MAXIMUM         90    433 PM 101    1997  87      3       82
  MINIMUM         69    703 AM  46    1951  62      7       69
  AVERAGE         80                        74      6       76

PRECIPITATION (IN)
  YESTERDAY        0.08          1.50 1936   0.06   0.02     0.03
  MONTH TO DATE    0.86                      1.12  -0.26     0.06
  SINCE SEP 1      0.86                      1.12  -0.26     0.06
  SINCE JAN 1      5.60                     10.84  -5.24     4.63

DEGREE DAYS
 HEATING
  YESTERDAY        0                         0      0        0
  MONTH TO DATE   14                         0     14        0
  SINCE SEP 1     14                         0     14        0
  SINCE JUL 1     14                         0     14        0

 COOLING
  YESTERDAY       15                         9      6       11
  MONTH TO DATE  206                       197      9      272
  SINCE SEP 1    206                       197      9      272
  SINCE JAN 1   2403                      2081    322     2447
..................................................................

WIND (MPH)
  HIGHEST WIND SPEED    22   HIGHEST WIND DIRECTION     E (70)
  HIGHEST GUST SPEED    30   HIGHEST GUST DIRECTION     E (80)
  AVERAGE WIND SPEED     8.6

SKY COVER
  POSSIBLE SUNSHINE  MM
  AVERAGE SKY COVER 0.4

WEATHER CONDITIONS
 THE FOLLOWING WEATHER WAS RECORDED YESTERDAY.
  THUNDERSTORM
  LIGHT RAIN
  FOG

RELATIVE HUMIDITY (PERCENT)
 HIGHEST    90           500 AM
 LOWEST     38           400 PM
 AVERAGE    64

..........................................................

THE MIDLAND CLIMATE NORMALS FOR TODAY
                         NORMAL    RECORD    YEAR
 MAXIMUM TEMPERATURE (F)   86        98      2005
                                             2002
                                             1997
 MINIMUM TEMPERATURE (F)   61        47      1991
                                             1971

SUNRISE AND SUNSET
SEPTEMBER 18 2014.....SUNRISE   734 AM CDT   SUNSET   751 PM CDT
SEPTEMBER 19 2014.....SUNRISE   735 AM CDT   SUNSET   749 PM CDT

-  INDICATES NEGATIVE NUMBERS.
R  INDICATES RECORD WAS SET OR TIED.
MM INDICATES DATA IS MISSING.
T  INDICATES TRACE AMOUNT.

$$

44
