000
CDUS44 KMAF 220731
CLIMAF


CLIMATE REPORT
NATIONAL WEATHER SERVICE MIDLAND TX
230 AM CDT SUN OCT 22 2017


...................................

...THE MIDLAND CLIMATE SUMMARY FOR OCTOBER 21 2017...

CLIMATE NORMAL PERIOD 1981 TO 2010
CLIMATE RECORD PERIOD 1930 TO 2017


WEATHER ITEM   OBSERVED TIME   RECORD YEAR NORMAL DEPARTURE LAST
                VALUE   (LST)  VALUE       VALUE  FROM      YEAR
                                                  NORMAL
..................................................................
TEMPERATURE (F)
 YESTERDAY
  MAXIMUM         88    251 PM  92    2007  77     11       75
  MINIMUM         58   1159 PM  37    1999  50      8       47
  AVERAGE         73                        63     10       61

PRECIPITATION (IN)
  YESTERDAY        0.00          0.66 1998   0.04  -0.04     0.00
  MONTH TO DATE    0.09                      1.32  -1.23     0.31
  SINCE SEP 1      4.16                      3.18   0.98     2.42
  SINCE JAN 1     16.90                     12.90   4.00    12.76

SNOWFALL (IN)
  YESTERDAY        0.0
  MONTH TO DATE    0.0
  SINCE SEP 1      0.0
  SINCE JUL 1      0.0
  SNOW DEPTH       0

DEGREE DAYS
 HEATING
  YESTERDAY        0                         4     -4        4
  MONTH TO DATE   20                        47    -27       10
  SINCE SEP 1     27                        58    -31       11
  SINCE JUL 1     27                        58    -31       11

 COOLING
  YESTERDAY        8                         2      6        0
  MONTH TO DATE  144                        81     63      175
  SINCE SEP 1    526                       376    150      544
  SINCE JAN 1   2773                      2260    513     2776
..................................................................


WIND (MPH)
  HIGHEST WIND SPEED    25   HIGHEST WIND DIRECTION     W (270)
  HIGHEST GUST SPEED    33   HIGHEST GUST DIRECTION    SW (240)
  AVERAGE WIND SPEED    13.8


SKY COVER
  POSSIBLE SUNSHINE  MM
  AVERAGE SKY COVER 0.1


WEATHER CONDITIONS
 THE FOLLOWING WEATHER WAS RECORDED YESTERDAY.
  NO SIGNIFICANT WEATHER WAS OBSERVED.


RELATIVE HUMIDITY (PERCENT)
 HIGHEST    90           600 AM
 LOWEST     23           400 PM
 AVERAGE    57

..........................................................


THE MIDLAND CLIMATE NORMALS FOR TODAY
                         NORMAL    RECORD    YEAR
 MAXIMUM TEMPERATURE (F)   76        91      2001
                                             1995
 MINIMUM TEMPERATURE (F)   50        33      1990
                                             1945


SUNRISE AND SUNSET
OCTOBER 22 2017.......SUNRISE   758 AM CDT   SUNSET   708 PM CDT
OCTOBER 23 2017.......SUNRISE   758 AM CDT   SUNSET   707 PM CDT


-  INDICATES NEGATIVE NUMBERS.
R  INDICATES RECORD WAS SET OR TIED.
MM INDICATES DATA IS MISSING.
T  INDICATES TRACE AMOUNT.




$$
