000
CDUS42 KTAE 210651
CLIMAI


CLIMATE REPORT
NATIONAL WEATHER SERVICE TALLAHASSEE FL
250 AM EDT TUE OCT 21 2014


...................................

...THE MARIANNA CLIMATE SUMMARY FOR OCTOBER 20 2014...

CLIMATE NORMAL PERIOD 1981 TO 2010
CLIMATE RECORD PERIOD 1950 TO 2014


WEATHER ITEM   OBSERVED NORMAL DEPARTURE LAST
                VALUE   VALUE  FROM      YEAR
                               NORMAL
...............................................
TEMPERATURE (F)
 YESTERDAY
  MAXIMUM         81     79      2       79
  MINIMUM         49     55     -6       61
  AVERAGE         65     67     -2       70

PRECIPITATION (IN)
  YESTERDAY        0.00   0.11  -0.11     0.00
  MONTH TO DATE    1.98   2.13  -0.15     1.86
  SINCE SEP 1      6.79   5.93   0.86     4.23
  SINCE JAN 1     49.73  44.26   5.47    54.91

DEGREE DAYS
 HEATING
  YESTERDAY        0            -2
  MONTH TO DATE    7           -10
  SINCE SEP 1      7           -11
  SINCE JUL 1      7           -11

 COOLING
  YESTERDAY        0            -4
  MONTH TO DATE  125             3
  SINCE SEP 1    541            32
  SINCE JAN 1   2572            98
...............................................


WIND (MPH)
  HIGHEST WIND SPEED     9   HIGHEST WIND DIRECTION    SW (240)
  HIGHEST GUST SPEED    13   HIGHEST GUST DIRECTION     S (180)
  AVERAGE WIND SPEED     2.6




RELATIVE HUMIDITY (PERCENT)
 HIGHEST   100
 LOWEST     51
 AVERAGE    76

..........................................................




SUNRISE AND SUNSET
OCTOBER 21 2014.......SUNRISE   647 AM CDT   SUNSET   603 PM CDT
OCTOBER 22 2014.......SUNRISE   648 AM CDT   SUNSET   602 PM CDT


-  INDICATES NEGATIVE NUMBERS.
R  INDICATES RECORD WAS SET OR TIED.
MM INDICATES DATA IS MISSING.
T  INDICATES TRACE AMOUNT.




$$
