000
CDUS42 KTAE 080631
CLIMAI


CLIMATE REPORT
NATIONAL WEATHER SERVICE TALLAHASSEE FL
131 AM EST MON FEB 8 2016


...................................

...THE MARIANNA CLIMATE SUMMARY FOR FEBRUARY 7 2016...

CLIMATE NORMAL PERIOD 1981 TO 2010
CLIMATE RECORD PERIOD 1950 TO 2016


WEATHER ITEM   OBSERVED NORMAL DEPARTURE LAST
                VALUE   VALUE  FROM      YEAR
                               NORMAL
...............................................
TEMPERATURE (F)
 YESTERDAY
  MAXIMUM         60     64     -4       68
  MINIMUM         33     42     -9       31
  AVERAGE         47     53     -6       50

PRECIPITATION (IN)
  YESTERDAY        0.00   0.17  -0.17     0.00
  MONTH TO DATE    2.17   1.17   1.00     1.55
  SINCE DEC 1     16.07  10.12   5.95    10.36
  SINCE JAN 1      6.94   6.21   0.73     4.99

DEGREE DAYS
 HEATING
  YESTERDAY       18             6
  MONTH TO DATE   76           -13
  SINCE DEC 1    708          -243
  SINCE JUL 1    812          -377

 COOLING
  YESTERDAY        0             0
  MONTH TO DATE    0             0
  SINCE DEC 1     74            58
  SINCE JAN 1      0            -4
...............................................


WIND (MPH)
  HIGHEST WIND SPEED    17   HIGHEST WIND DIRECTION     N (350)
  HIGHEST GUST SPEED    22   HIGHEST GUST DIRECTION     N (340)
  AVERAGE WIND SPEED     6.7




RELATIVE HUMIDITY (PERCENT)
 HIGHEST    92
 LOWEST     25
 AVERAGE    59

..........................................................




SUNRISE AND SUNSET
FEBRUARY  8 2016......SUNRISE   628 AM CST   SUNSET   522 PM CST
FEBRUARY  9 2016......SUNRISE   627 AM CST   SUNSET   523 PM CST


-  INDICATES NEGATIVE NUMBERS.
R  INDICATES RECORD WAS SET OR TIED.
MM INDICATES DATA IS MISSING.
T  INDICATES TRACE AMOUNT.




$$
