586
CDUS42 KTAE 231500
CLIMAI


CLIMATE REPORT
NATIONAL WEATHER SERVICE
300 PM UTC FRI FEB 23 2018


...................................

...THE MARIANNA CLIMATE SUMMARY FOR FEBRUARY 22 2018...

CLIMATE NORMAL PERIOD 1981 TO 2010
CLIMATE RECORD PERIOD 1950 TO 2018


WEATHER ITEM   OBSERVED NORMAL DEPARTURE LAST
                VALUE   VALUE  FROM      YEAR
                               NORMAL
...............................................
TEMPERATURE (F)
 YESTERDAY
  MAXIMUM         84     68     16       72
  MINIMUM         59     44     15       60
  AVERAGE         72     56     16       66

PRECIPITATION (IN)
  YESTERDAY        0.00   0.18  -0.18     0.63
  MONTH TO DATE    9.96   3.78   6.18     3.70
  SINCE DEC 1     16.31  12.73   3.58    22.15
  SINCE JAN 1     13.78   8.82   4.96    10.38

DEGREE DAYS
 HEATING
  YESTERDAY        0            -9
  MONTH TO DATE   79          -172
  SINCE DEC 1    955          -158
  SINCE JUL 1   1136          -215

 COOLING
  YESTERDAY        7             7
  MONTH TO DATE   70            70
  SINCE DEC 1    107            91
  SINCE JAN 1     79            75
...............................................


WIND (MPH)
  HIGHEST WIND SPEED    14   HIGHEST WIND DIRECTION     S (180)
  HIGHEST GUST SPEED    18   HIGHEST GUST DIRECTION     S (180)
  AVERAGE WIND SPEED     3.3




RELATIVE HUMIDITY (PERCENT)
 HIGHEST   100
 LOWEST     47
 AVERAGE    74

..........................................................




SUNRISE AND SUNSET
FEBRUARY 23 2018......SUNRISE   614 AM CST   SUNSET   535 PM CST
FEBRUARY 24 2018......SUNRISE   613 AM CST   SUNSET   536 PM CST


-  INDICATES NEGATIVE NUMBERS.
R  INDICATES RECORD WAS SET OR TIED.
MM INDICATES DATA IS MISSING.
T  INDICATES TRACE AMOUNT.




$$
