000
CDUS42 KTAE 250644
CLIMAI


CLIMATE REPORT
NATIONAL WEATHER SERVICE TALLAHASSEE FL
144 AM EST SAT NOV 25 2017


...................................

...THE MARIANNA CLIMATE SUMMARY FOR NOVEMBER 24 2017...

CLIMATE NORMAL PERIOD 1981 TO 2010
CLIMATE RECORD PERIOD 1950 TO 2017


WEATHER ITEM   OBSERVED NORMAL DEPARTURE LAST
                VALUE   VALUE  FROM      YEAR
                               NORMAL
...............................................
TEMPERATURE (F)
 YESTERDAY
  MAXIMUM         71     69      2       80
  MINIMUM         45     46     -1       51
  AVERAGE         58     58      0       66

PRECIPITATION (IN)
  YESTERDAY        0.00   0.15  -0.15     0.00
  MONTH TO DATE    0.21   3.24  -3.03      T
  SINCE SEP 1      4.38  10.46  -6.08     4.04
  SINCE JAN 1     44.08  48.79  -4.71    37.83

DEGREE DAYS
 HEATING
  YESTERDAY        7            -1
  MONTH TO DATE   93           -42
  SINCE SEP 1    145           -39
  SINCE JUL 1    145           -39

 COOLING
  YESTERDAY        0            -1
  MONTH TO DATE   45            11
  SINCE SEP 1    720           141
  SINCE JAN 1   2983           439
...............................................


WIND (MPH)
  HIGHEST WIND SPEED     8   HIGHEST WIND DIRECTION    NE (30)
  HIGHEST GUST SPEED    13   HIGHEST GUST DIRECTION    NE (40)
  AVERAGE WIND SPEED     1.7




RELATIVE HUMIDITY (PERCENT)
 HIGHEST   100
 LOWEST     37
 AVERAGE    69

..........................................................




SUNRISE AND SUNSET
NOVEMBER 25 2017......SUNRISE   616 AM CST   SUNSET   439 PM CST
NOVEMBER 26 2017......SUNRISE   617 AM CST   SUNSET   439 PM CST


-  INDICATES NEGATIVE NUMBERS.
R  INDICATES RECORD WAS SET OR TIED.
MM INDICATES DATA IS MISSING.
T  INDICATES TRACE AMOUNT.




$$
