000
CDUS43 KABR 272236
CLIMBG


CLIMATE REPORT
NATIONAL WEATHER SERVICE ABERDEEN SD
535 PM CDT SAT MAY 27 2017


...................................

...THE MOBRIDGE SD CLIMATE SUMMARY FOR MAY 27 2017...
VALID TODAY AS OF 0500 PM LOCAL TIME.

CLIMATE NORMAL PERIOD 1981 TO 2010
CLIMATE RECORD PERIOD 1911 TO 2017


WEATHER ITEM   OBSERVED TIME   RECORD YEAR NORMAL DEPARTURE LAST
                VALUE   (LST)  VALUE       VALUE  FROM      YEAR
                                                  NORMAL
..................................................................
TEMPERATURE (F)
 TODAY
  MAXIMUM         77    234 PM 106    1934  71      6       73
  MINIMUM         51    325 AM  28    1915  48      3       50
  AVERAGE         64                        60      4       62

PRECIPITATION (IN)
  TODAY            0.03          1.21 1931   0.10  -0.07     0.00
  MONTH TO DATE    0.67                      2.43  -1.76     2.53
  SINCE MAR 1      1.77                      4.90  -3.13     7.94
  SINCE JAN 1      2.53                      5.63  -3.10     9.16

DEGREE DAYS
 HEATING
  TODAY            1                         6     -5        3
  MONTH TO DATE  196                       266    -70      190
  SINCE MAR 1   1656                      1886   -230     1420
  SINCE JUL 1   7093                      7861   -768     6295

 COOLING
  TODAY            0                         1     -1        0
  MONTH TO DATE   20                         9     11       13
  SINCE MAR 1     20                        10     10       15
  SINCE JAN 1     20                        10     10       15
..................................................................


WIND (MPH)
  HIGHEST WIND SPEED    30   HIGHEST WIND DIRECTION    NW (310)
  HIGHEST GUST SPEED    38   HIGHEST GUST DIRECTION    NW (310)
  AVERAGE WIND SPEED     6.9


SKY COVER
  POSSIBLE SUNSHINE  MM
  AVERAGE SKY COVER 0.2


WEATHER CONDITIONS
 THE FOLLOWING WEATHER WAS RECORDED TODAY.
  LIGHT RAIN


RELATIVE HUMIDITY (PERCENT)
 HIGHEST    66           100 AM
 LOWEST     23           200 PM
 AVERAGE    45

..........................................................


THE MOBRIDGE SD CLIMATE NORMALS FOR TOMORROW
                         NORMAL    RECORD    YEAR
 MAXIMUM TEMPERATURE (F)   72       108      1934
 MINIMUM TEMPERATURE (F)   48        28      1947


SUNRISE AND SUNSET
MAY 27 2017...........SUNRISE   559 AM CDT   SUNSET   919 PM CDT
MAY 28 2017...........SUNRISE   559 AM CDT   SUNSET   920 PM CDT


-  INDICATES NEGATIVE NUMBERS.
R  INDICATES RECORD WAS SET OR TIED.
MM INDICATES DATA IS MISSING.
T  INDICATES TRACE AMOUNT.




$$
