000
CDUS43 KABR 190911
CLIMBG


CLIMATE REPORT
NATIONAL WEATHER SERVICE ABERDEEN SD
410 AM CDT TUE SEP 19 2017


...................................

...THE MOBRIDGE SD CLIMATE SUMMARY FOR SEPTEMBER 18 2017...

CLIMATE NORMAL PERIOD 1981 TO 2010
CLIMATE RECORD PERIOD 1911 TO 2017


WEATHER ITEM   OBSERVED TIME   RECORD YEAR NORMAL DEPARTURE LAST
                VALUE   (LST)  VALUE       VALUE  FROM      YEAR
                                                  NORMAL
..................................................................
TEMPERATURE (F)
 YESTERDAY
  MAXIMUM         78    405 PM 100    1933  73      5       88
  MINIMUM         46    656 AM  28    1991  47     -1       59
  AVERAGE         62                        60      2       74

PRECIPITATION (IN)
  YESTERDAY        0.00          1.82 1946   0.05  -0.05     0.00
  MONTH TO DATE    0.81                      0.91  -0.10     0.25
  SINCE SEP 1      0.81                      0.91  -0.10     0.25
  SINCE JAN 1     13.51                     14.82  -1.31    17.22

DEGREE DAYS
 HEATING
  YESTERDAY        3                         7     -4        0
  MONTH TO DATE   56                        78    -22       55
  SINCE SEP 1     56                        78    -22       55
  SINCE JUL 1     62                       111    -49       69

 COOLING
  YESTERDAY        0                         1     -1        9
  MONTH TO DATE   69                        52     17       59
  SINCE SEP 1     69                        52     17       59
  SINCE JAN 1    780                       633    147      937
..................................................................


WIND (MPH)
  HIGHEST WIND SPEED    18   HIGHEST WIND DIRECTION     E (90)
  HIGHEST GUST SPEED    25   HIGHEST GUST DIRECTION    SE (130)
  AVERAGE WIND SPEED     7.1


SKY COVER
  POSSIBLE SUNSHINE  MM
  AVERAGE SKY COVER 0.1


WEATHER CONDITIONS
 THE FOLLOWING WEATHER WAS RECORDED YESTERDAY.
  THUNDERSTORM
  HAZE


RELATIVE HUMIDITY (PERCENT)
 HIGHEST    93           600 AM
 LOWEST     31           400 PM
 AVERAGE    62

..........................................................


THE MOBRIDGE SD CLIMATE NORMALS FOR TODAY
                         NORMAL    RECORD    YEAR
 MAXIMUM TEMPERATURE (F)   72        98      1914
 MINIMUM TEMPERATURE (F)   46        24      1991


SUNRISE AND SUNSET
SEPTEMBER 19 2017.....SUNRISE   725 AM CDT   SUNSET   744 PM CDT
SEPTEMBER 20 2017.....SUNRISE   726 AM CDT   SUNSET   742 PM CDT


-  INDICATES NEGATIVE NUMBERS.
R  INDICATES RECORD WAS SET OR TIED.
MM INDICATES DATA IS MISSING.
T  INDICATES TRACE AMOUNT.




$$
