000
CDUS43 KABR 132227
CLIMBG


CLIMATE REPORT
NATIONAL WEATHER SERVICE ABERDEEN SD
526 PM CDT SUN JUL 13 2014


...................................

...THE MOBRIDGE SD CLIMATE SUMMARY FOR JULY 13 2014...
VALID TODAY AS OF 0500 PM LOCAL TIME.

CLIMATE NORMAL PERIOD 1981 TO 2010
CLIMATE RECORD PERIOD 1911 TO 2014


WEATHER ITEM   OBSERVED TIME   RECORD YEAR NORMAL DEPARTURE LAST
                VALUE   (LST)  VALUE       VALUE  FROM      YEAR
                                                  NORMAL
..................................................................
TEMPERATURE (F)
 TODAY
  MAXIMUM         77    353 PM 105    1940  86     -9       92
  MINIMUM         57    523 AM  41    1950  60     -3       71
  AVERAGE         67                        73     -6       82

PRECIPITATION (IN)
  TODAY            0.00          2.36 1937   0.09  -0.09      T
  MONTH TO DATE    0.52                      1.12  -0.60     1.18
  SINCE JUN 1      8.43                      4.28   4.15     2.50
  SINCE JAN 1     14.55                     10.30   4.25    10.18

DEGREE DAYS
 HEATING
  TODAY            0                         0      0        0
  MONTH TO DATE   10                         5      5        0
  SINCE JUN 1     85                        80      5       68
  SINCE JUL 1     10                         5      5        0

 COOLING
  TODAY            2                         8     -6       17
  MONTH TO DATE   68                        94    -26      109
  SINCE JUN 1    113                       193    -80      220
  SINCE JAN 1    163                       209    -46      235
..................................................................


WIND (MPH)
  HIGHEST WIND SPEED    21   HIGHEST WIND DIRECTION    NW (310)
  HIGHEST GUST SPEED    26   HIGHEST GUST DIRECTION    NW (310)
  AVERAGE WIND SPEED     8.1


SKY COVER
  POSSIBLE SUNSHINE  MM
  AVERAGE SKY COVER 0.0


WEATHER CONDITIONS
 THE FOLLOWING WEATHER WAS RECORDED TODAY.
  NO SIGNIFICANT WEATHER WAS OBSERVED.


RELATIVE HUMIDITY (PERCENT)
 HIGHEST   100           400 AM
 LOWEST     33           400 PM
 AVERAGE    67

..........................................................


THE MOBRIDGE SD CLIMATE NORMALS FOR TOMORROW
                         NORMAL    RECORD    YEAR
 MAXIMUM TEMPERATURE (F)   86       104      2006
 MINIMUM TEMPERATURE (F)   60        47      1930


SUNRISE AND SUNSET
JULY 13 2014..........SUNRISE   605 AM CDT   SUNSET   929 PM CDT
JULY 14 2014..........SUNRISE   606 AM CDT   SUNSET   928 PM CDT


-  INDICATES NEGATIVE NUMBERS.
R  INDICATES RECORD WAS SET OR TIED.
MM INDICATES DATA IS MISSING.
T  INDICATES TRACE AMOUNT.




$$
