000
CDUS43 KABR 270911
CLIMBG


CLIMATE REPORT
NATIONAL WEATHER SERVICE ABERDEEN SD
410 AM CDT FRI MAY 27 2016


...................................

...THE MOBRIDGE SD CLIMATE SUMMARY FOR MAY 26 2016...

CLIMATE NORMAL PERIOD 1981 TO 2010
CLIMATE RECORD PERIOD 1911 TO 2016


WEATHER ITEM   OBSERVED TIME   RECORD YEAR NORMAL DEPARTURE LAST
                VALUE   (LST)  VALUE       VALUE  FROM      YEAR
                                                  NORMAL
..................................................................
TEMPERATURE (F)
 YESTERDAY
  MAXIMUM         77    547 PM  98    2006  71      6       81
  MINIMUM         47    345 AM  32    1947  47      0       52
  AVERAGE         62                        59      3       67

PRECIPITATION (IN)
  YESTERDAY        0.00          2.35 1932   0.08  -0.08     0.00
  MONTH TO DATE    2.53                      2.33   0.20     9.16
  SINCE MAR 1      7.94                      4.80   3.14     9.83
  SINCE JAN 1      9.16                      5.53   3.63    10.63

DEGREE DAYS
 HEATING
  YESTERDAY        3                         6     -3        0
  MONTH TO DATE  187                       260    -73      270
  SINCE MAR 1   1417                      1880   -463     1560
  SINCE JUL 1   6292                      7855  -1563     7319

 COOLING
  YESTERDAY        0                         1     -1        2
  MONTH TO DATE   13                         8      5        8
  SINCE MAR 1     15                         9      6        8
  SINCE JAN 1     15                         9      6        8
..................................................................


WIND (MPH)
  HIGHEST WIND SPEED    17   HIGHEST WIND DIRECTION     S (160)
  HIGHEST GUST SPEED    22   HIGHEST GUST DIRECTION     S (180)
  AVERAGE WIND SPEED     6.8


SKY COVER
  POSSIBLE SUNSHINE  MM
  AVERAGE SKY COVER 0.0


WEATHER CONDITIONS
 THE FOLLOWING WEATHER WAS RECORDED YESTERDAY.
  THUNDERSTORM


RELATIVE HUMIDITY (PERCENT)
 HIGHEST    93           300 AM
 LOWEST     33           600 PM
 AVERAGE    63

..........................................................


THE MOBRIDGE SD CLIMATE NORMALS FOR TODAY
                         NORMAL    RECORD    YEAR
 MAXIMUM TEMPERATURE (F)   71       106      1934
 MINIMUM TEMPERATURE (F)   48        28      1915


SUNRISE AND SUNSET
MAY 27 2016...........SUNRISE   559 AM CDT   SUNSET   919 PM CDT
MAY 28 2016...........SUNRISE   558 AM CDT   SUNSET   920 PM CDT


-  INDICATES NEGATIVE NUMBERS.
R  INDICATES RECORD WAS SET OR TIED.
MM INDICATES DATA IS MISSING.
T  INDICATES TRACE AMOUNT.




$$
