000
CDUS43 KABR 011029
CLIMBG


CLIMATE REPORT
NATIONAL WEATHER SERVICE ABERDEEN SD
429 AM CST SUN MAR 1 2015


...................................

...THE MOBRIDGE SD CLIMATE SUMMARY FOR FEBRUARY 28 2015...

CLIMATE NORMAL PERIOD 1981 TO 2010
CLIMATE RECORD PERIOD 1911 TO 2015


WEATHER ITEM   OBSERVED TIME   RECORD YEAR NORMAL DEPARTURE LAST
                VALUE   (LST)  VALUE       VALUE  FROM      YEAR
                                                  NORMAL
..................................................................
TEMPERATURE (F)
 YESTERDAY
  MAXIMUM         27    315 PM  59    1934  35     -8       18
  MINIMUM          3   1142 PM -28    1919  15    -12       -1
  AVERAGE         15                        25    -10        9

PRECIPITATION (IN)
  YESTERDAY        T             0.35 1951   0.02  -0.02      T
  MONTH TO DATE    0.49                      0.44   0.05     0.43
  SINCE DEC 1      1.22                      1.17   0.05     1.37
  SINCE JAN 1      0.80                      0.73   0.07     0.61

SNOWFALL (IN)
  YESTERDAY        T
  MONTH TO DATE    4.1
  SINCE OCT 1     18.7
  SINCE JUL 1     18.7
  SNOW DEPTH       2

DEGREE DAYS
 HEATING
  YESTERDAY       50                        40     10       56
  MONTH TO DATE 1326                      1242     84     1521
  SINCE DEC 1   3934                      4209   -275     4732
  SINCE JUL 1   5759                      5975   -216     6540

 COOLING
  YESTERDAY        0                         0      0        0
  MONTH TO DATE    0                         0      0        0
  SINCE DEC 1      0                         0      0        0
  SINCE JAN 1      0                         0      0        0
..................................................................


WIND (MPH)
  HIGHEST WIND SPEED    20   HIGHEST WIND DIRECTION    NW (320)
  HIGHEST GUST SPEED    24   HIGHEST GUST DIRECTION    NW (320)
  AVERAGE WIND SPEED     9.9


SKY COVER
  POSSIBLE SUNSHINE  MM
  AVERAGE SKY COVER 0.5


WEATHER CONDITIONS
 THE FOLLOWING WEATHER WAS RECORDED YESTERDAY.
  NO SIGNIFICANT WEATHER WAS OBSERVED.


RELATIVE HUMIDITY (PERCENT)
 HIGHEST    87          1100 PM
 LOWEST     55           400 PM
 AVERAGE    71

..........................................................


THE MOBRIDGE SD CLIMATE NORMALS FOR TODAY
                         NORMAL    RECORD    YEAR
 MAXIMUM TEMPERATURE (F)   36        71      1992
 MINIMUM TEMPERATURE (F)   15       -26      1919


SUNRISE AND SUNSET
MARCH  1 2015.........SUNRISE   720 AM CST   SUNSET   628 PM CST
MARCH  2 2015.........SUNRISE   719 AM CST   SUNSET   630 PM CST


-  INDICATES NEGATIVE NUMBERS.
R  INDICATES RECORD WAS SET OR TIED.
MM INDICATES DATA IS MISSING.
T  INDICATES TRACE AMOUNT.




$$
