000
CDUS43 KABR 040915
CLIMBG


CLIMATE REPORT
NATIONAL WEATHER SERVICE ABERDEEN SD
414 AM CDT SAT JUL 4 2015


...................................

...THE MOBRIDGE SD CLIMATE SUMMARY FOR JULY 3 2015...

CLIMATE NORMAL PERIOD 1981 TO 2010
CLIMATE RECORD PERIOD 1911 TO 2015


WEATHER ITEM   OBSERVED TIME   RECORD YEAR NORMAL DEPARTURE LAST
                VALUE   (LST)  VALUE       VALUE  FROM      YEAR
                                                  NORMAL
..................................................................
TEMPERATURE (F)
 YESTERDAY
  MAXIMUM         84    353 PM 110    1949  84      0       80
  MINIMUM         61    516 AM  42    1967  58      3       54
  AVERAGE         73                        71      2       67

PRECIPITATION (IN)
  YESTERDAY        0.00          2.04 1980   0.08  -0.08     0.00
  MONTH TO DATE    1.21                      0.24   0.97     0.01
  SINCE JUN 1      4.76                      3.40   1.36     7.92
  SINCE JAN 1     15.55                      9.42   6.13    14.04

DEGREE DAYS
 HEATING
  YESTERDAY        0                         1     -1        0
  MONTH TO DATE    0                         3     -3       10
  SINCE JUN 1     18                        78    -60       85
  SINCE JUL 1      0                         3     -3       10

 COOLING
  YESTERDAY        8                         7      1        2
  MONTH TO DATE   23                        19      4        2
  SINCE JUN 1    172                       118     54       47
  SINCE JAN 1    188                       134     54       97
..................................................................


WIND (MPH)
  HIGHEST WIND SPEED     9   HIGHEST WIND DIRECTION    SE (150)
  HIGHEST GUST SPEED    11   HIGHEST GUST DIRECTION    NW (320)
  AVERAGE WIND SPEED     3.9


SKY COVER
  POSSIBLE SUNSHINE  MM
  AVERAGE SKY COVER 0.2


WEATHER CONDITIONS
 THE FOLLOWING WEATHER WAS RECORDED YESTERDAY.
  FOG
  HAZE


RELATIVE HUMIDITY (PERCENT)
 HIGHEST   100           300 AM
 LOWEST     51           400 PM
 AVERAGE    76

..........................................................


THE MOBRIDGE SD CLIMATE NORMALS FOR TODAY
                         NORMAL    RECORD    YEAR
 MAXIMUM TEMPERATURE (F)   84       103      1936
 MINIMUM TEMPERATURE (F)   59        41      1915


SUNRISE AND SUNSET
JULY  4 2015..........SUNRISE   558 AM CDT   SUNSET   933 PM CDT
JULY  5 2015..........SUNRISE   559 AM CDT   SUNSET   933 PM CDT


-  INDICATES NEGATIVE NUMBERS.
R  INDICATES RECORD WAS SET OR TIED.
MM INDICATES DATA IS MISSING.
T  INDICATES TRACE AMOUNT.




$$
