000
CDUS43 KABR 222233
CLIMBG


CLIMATE REPORT
NATIONAL WEATHER SERVICE ABERDEEN SD
532 PM CDT TUE JUL 22 2014


...................................

...THE MOBRIDGE SD CLIMATE SUMMARY FOR JULY 22 2014...
VALID TODAY AS OF 0500 PM LOCAL TIME.

CLIMATE NORMAL PERIOD 1981 TO 2010
CLIMATE RECORD PERIOD 1911 TO 2014


WEATHER ITEM   OBSERVED TIME   RECORD YEAR NORMAL DEPARTURE LAST
                VALUE   (LST)  VALUE       VALUE  FROM      YEAR
                                                  NORMAL
..................................................................
TEMPERATURE (F)
 TODAY
  MAXIMUM         85    339 PM 109    1941  87     -2       80
  MINIMUM         63    346 AM  47    1915  60      3       61
  AVERAGE         74                        74      0       71

PRECIPITATION (IN)
  TODAY            0.00          1.05 1945   0.08  -0.08     0.00
  MONTH TO DATE    0.52                      1.95  -1.43     2.24
  SINCE JUN 1      8.43                      5.11   3.32     3.56
  SINCE JAN 1     14.55                     11.13   3.42    11.24

DEGREE DAYS
 HEATING
  TODAY            0                         0      0        0
  MONTH TO DATE   20                         5     15        0
  SINCE JUN 1     95                        80     15       68
  SINCE JUL 1     20                         5     15        0

 COOLING
  TODAY            9                         9      0        6
  MONTH TO DATE  120                       171    -51      196
  SINCE JUN 1    165                       270   -105      307
  SINCE JAN 1    215                       286    -71      322
..................................................................


WIND (MPH)
  HIGHEST WIND SPEED    20   HIGHEST WIND DIRECTION     N (360)
  HIGHEST GUST SPEED    26   HIGHEST GUST DIRECTION     N (350)
  AVERAGE WIND SPEED     6.9


SKY COVER
  POSSIBLE SUNSHINE  MM
  AVERAGE SKY COVER 0.4


WEATHER CONDITIONS
 THE FOLLOWING WEATHER WAS RECORDED TODAY.
  NO SIGNIFICANT WEATHER WAS OBSERVED.


RELATIVE HUMIDITY (PERCENT)
 HIGHEST   100           300 AM
 LOWEST     40           300 PM
 AVERAGE    70

..........................................................


THE MOBRIDGE SD CLIMATE NORMALS FOR TOMORROW
                         NORMAL    RECORD    YEAR
 MAXIMUM TEMPERATURE (F)   87       108      1940
 MINIMUM TEMPERATURE (F)   60        46      1952


SUNRISE AND SUNSET
JULY 22 2014..........SUNRISE   614 AM CDT   SUNSET   921 PM CDT
JULY 23 2014..........SUNRISE   615 AM CDT   SUNSET   920 PM CDT


-  INDICATES NEGATIVE NUMBERS.
R  INDICATES RECORD WAS SET OR TIED.
MM INDICATES DATA IS MISSING.
T  INDICATES TRACE AMOUNT.




$$
