000
CDUS43 KABR 311039
CLIMBG


CLIMATE REPORT
NATIONAL WEATHER SERVICE ABERDEEN SD
438 AM CST SAT JAN 31 2015


...................................

...THE MOBRIDGE SD CLIMATE SUMMARY FOR JANUARY 30 2015...

CLIMATE NORMAL PERIOD 1981 TO 2010
CLIMATE RECORD PERIOD 1911 TO 2015


WEATHER ITEM   OBSERVED TIME   RECORD YEAR NORMAL DEPARTURE LAST
                VALUE   (LST)  VALUE       VALUE  FROM      YEAR
                                                  NORMAL
..................................................................
TEMPERATURE (F)
 YESTERDAY
  MAXIMUM         47    451 PM  58    1919  27     20       17
  MINIMUM         20    449 AM -31    1918   7     13       -5
  AVERAGE         34                        17     17        6

PRECIPITATION (IN)
  YESTERDAY        0.00          0.80 1917   0.01  -0.01     0.11
  MONTH TO DATE    0.31                      0.28   0.03     0.18
  SINCE DEC 1      0.73                      0.72   0.01     0.94
  SINCE JAN 1      0.31                      0.28   0.03     0.18

SNOWFALL (IN)
  YESTERDAY        0.0
  MONTH TO DATE    4.3
  SINCE OCT 1     14.6
  SINCE JUL 1     14.6
  SNOW DEPTH       0

DEGREE DAYS
 HEATING
  YESTERDAY       31                        48    -17       59
  MONTH TO DATE 1277                      1464   -187     1460
  SINCE DEC 1   2560                      2914   -354     3150
  SINCE JUL 1   4385                      4680   -295     4958

 COOLING
  YESTERDAY        0                         0      0        0
  MONTH TO DATE    0                         0      0        0
  SINCE DEC 1      0                         0      0        0
  SINCE JAN 1      0                         0      0        0
..................................................................


WIND (MPH)
  HIGHEST WIND SPEED    16   HIGHEST WIND DIRECTION     S (160)
  HIGHEST GUST SPEED    21   HIGHEST GUST DIRECTION    SE (150)
  AVERAGE WIND SPEED     7.6


SKY COVER
  POSSIBLE SUNSHINE  MM
  AVERAGE SKY COVER 0.0


WEATHER CONDITIONS
 THE FOLLOWING WEATHER WAS RECORDED YESTERDAY.
  NO SIGNIFICANT WEATHER WAS OBSERVED.


RELATIVE HUMIDITY (PERCENT)
 HIGHEST    92           900 AM
 LOWEST     49           300 PM
 AVERAGE    71

..........................................................


THE MOBRIDGE SD CLIMATE NORMALS FOR TODAY
                         NORMAL    RECORD    YEAR
 MAXIMUM TEMPERATURE (F)   28        53      1992
 MINIMUM TEMPERATURE (F)    7       -32      1917


SUNRISE AND SUNSET
JANUARY 31 2015.......SUNRISE   804 AM CST   SUNSET   546 PM CST
FEBRUARY  1 2015......SUNRISE   803 AM CST   SUNSET   548 PM CST


-  INDICATES NEGATIVE NUMBERS.
R  INDICATES RECORD WAS SET OR TIED.
MM INDICATES DATA IS MISSING.
T  INDICATES TRACE AMOUNT.




$$
