220
CDUS43 KABR 061009
CLIMBG


CLIMATE REPORT
NATIONAL WEATHER SERVICE ABERDEEN SD
408 AM CST SAT FEB 6 2016


...................................

...THE MOBRIDGE SD CLIMATE SUMMARY FOR FEBRUARY 5 2016...

CLIMATE NORMAL PERIOD 1981 TO 2010
CLIMATE RECORD PERIOD 1911 TO 2016


WEATHER ITEM   OBSERVED TIME   RECORD YEAR NORMAL DEPARTURE LAST
                VALUE   (LST)  VALUE       VALUE  FROM      YEAR
                                                  NORMAL
..................................................................
TEMPERATURE (F)
 YESTERDAY
  MAXIMUM         42    431 PM  57    1991  29     13       40
  MINIMUM         25    109 AM -30    1936   8     17        6
  AVERAGE         34                        18     16       23

PRECIPITATION (IN)
  YESTERDAY        0.02          0.28 1946   0.01   0.01     0.00
  MONTH TO DATE    0.03                      0.06  -0.03     0.03
  SINCE DEC 1      0.48                      0.79  -0.31     0.76
  SINCE JAN 1      0.15                      0.35  -0.20     0.34

SNOWFALL (IN)
  YESTERDAY        0.2
  MONTH TO DATE    0.3
  SINCE OCT 1     11.2
  SINCE JUL 1     11.2
  SNOW DEPTH       T

DEGREE DAYS
 HEATING
  YESTERDAY       31                        47    -16       42
  MONTH TO DATE  187                       236    -49      271
  SINCE DEC 1   2814                      3203   -389     2879
  SINCE JUL 1   4108                      4969   -861     4704

 COOLING
  YESTERDAY        0                         0      0        0
  MONTH TO DATE    0                         0      0        0
  SINCE DEC 1      0                         0      0        0
  SINCE JAN 1      0                         0      0        0
..................................................................


WIND (MPH)
  HIGHEST WIND SPEED    17   HIGHEST WIND DIRECTION    NW (320)
  HIGHEST GUST SPEED    21   HIGHEST GUST DIRECTION    NW (320)
  AVERAGE WIND SPEED     6.7


SKY COVER
  POSSIBLE SUNSHINE  MM
  AVERAGE SKY COVER 0.5


WEATHER CONDITIONS
 THE FOLLOWING WEATHER WAS RECORDED YESTERDAY.
  SNOW
  LIGHT SNOW
  FOG


RELATIVE HUMIDITY (PERCENT)
 HIGHEST    92           900 AM
 LOWEST     43           400 PM
 AVERAGE    68

..........................................................


THE MOBRIDGE SD CLIMATE NORMALS FOR TODAY
                         NORMAL    RECORD    YEAR
 MAXIMUM TEMPERATURE (F)   29        56      1987
 MINIMUM TEMPERATURE (F)    8       -28      1936


SUNRISE AND SUNSET
FEBRUARY  6 2016......SUNRISE   757 AM CST   SUNSET   555 PM CST
FEBRUARY  7 2016......SUNRISE   756 AM CST   SUNSET   556 PM CST


-  INDICATES NEGATIVE NUMBERS.
R  INDICATES RECORD WAS SET OR TIED.
MM INDICATES DATA IS MISSING.
T  INDICATES TRACE AMOUNT.




$$
