000
CDUS43 KABR 211039
CLIMBG


CLIMATE REPORT
NATIONAL WEATHER SERVICE ABERDEEN SD
439 AM CST TUE FEB 21 2017


...................................

...THE MOBRIDGE SD CLIMATE SUMMARY FOR FEBRUARY 20 2017...

CLIMATE NORMAL PERIOD 1981 TO 2010
CLIMATE RECORD PERIOD 1911 TO 2017


WEATHER ITEM   OBSERVED TIME   RECORD YEAR NORMAL DEPARTURE LAST
                VALUE   (LST)  VALUE       VALUE  FROM      YEAR
                                                  NORMAL
..................................................................
TEMPERATURE (F)
 YESTERDAY
  MAXIMUM         55    510 PM  61    1930  33     22       45
  MINIMUM         36   1115 PM -23    1936  11     25       29
  AVERAGE         46                        22     24       37

PRECIPITATION (IN)
  YESTERDAY        0.14          0.64 1955   0.01   0.13     0.00
  MONTH TO DATE    0.21                      0.28  -0.07     0.98
  SINCE DEC 1      3.04                      1.01   2.03     1.43
  SINCE JAN 1      0.74                      0.57   0.17     1.10

SNOWFALL (IN)
  YESTERDAY        0.0
  MONTH TO DATE    0.9
  SINCE OCT 1     39.0
  SINCE JUL 1     39.0
  SNOW DEPTH       1

DEGREE DAYS
 HEATING
  YESTERDAY       19                        43    -24       28
  MONTH TO DATE  817                       911    -94      694
  SINCE DEC 1   4023                      3878    145     3321
  SINCE JUL 1   5174                      5644   -470     4615

 COOLING
  YESTERDAY        0                         0      0        0
  MONTH TO DATE    0                         0      0        0
  SINCE DEC 1      0                         0      0        0
  SINCE JAN 1      0                         0      0        0
..................................................................


WIND (MPH)
  HIGHEST WIND SPEED    24   HIGHEST WIND DIRECTION    NW (320)
  HIGHEST GUST SPEED    31   HIGHEST GUST DIRECTION    NW (320)
  AVERAGE WIND SPEED     9.7


SKY COVER
  POSSIBLE SUNSHINE  MM
  AVERAGE SKY COVER 0.4


WEATHER CONDITIONS
 THE FOLLOWING WEATHER WAS RECORDED YESTERDAY.
  RAIN
  LIGHT RAIN
  FOG


RELATIVE HUMIDITY (PERCENT)
 HIGHEST    85          1000 AM
 LOWEST     54           500 PM
 AVERAGE    70

..........................................................


THE MOBRIDGE SD CLIMATE NORMALS FOR TODAY
                         NORMAL    RECORD    YEAR
 MAXIMUM TEMPERATURE (F)   33        66      1982
 MINIMUM TEMPERATURE (F)   12       -25      1936


SUNRISE AND SUNSET
FEBRUARY 21 2017......SUNRISE   733 AM CST   SUNSET   618 PM CST
FEBRUARY 22 2017......SUNRISE   732 AM CST   SUNSET   619 PM CST


-  INDICATES NEGATIVE NUMBERS.
R  INDICATES RECORD WAS SET OR TIED.
MM INDICATES DATA IS MISSING.
T  INDICATES TRACE AMOUNT.




$$
