000
CDUS43 KABR 220909
CLIMBG


CLIMATE REPORT
NATIONAL WEATHER SERVICE ABERDEEN SD
409 AM CDT SAT JUL 22 2017


...................................

...THE MOBRIDGE SD CLIMATE SUMMARY FOR JULY 21 2017...

CLIMATE NORMAL PERIOD 1981 TO 2010
CLIMATE RECORD PERIOD 1911 TO 2017


WEATHER ITEM   OBSERVED TIME   RECORD YEAR NORMAL DEPARTURE LAST
                VALUE   (LST)  VALUE       VALUE  FROM      YEAR
                                                  NORMAL
..................................................................
TEMPERATURE (F)
 YESTERDAY
  MAXIMUM         95    550 PM 108    1960  87      8       97
  MINIMUM         68    520 AM  44    1947  60      8       74
  AVERAGE         82                        73      9       86

PRECIPITATION (IN)
  YESTERDAY        0.19          1.42 1966   0.09   0.10     0.00
  MONTH TO DATE    2.95                      1.87   1.08     0.69
  SINCE JUN 1      4.45                      5.03  -0.58     3.10
  SINCE JAN 1      6.98                     11.05  -4.07    13.48

DEGREE DAYS
 HEATING
  YESTERDAY        0                         0      0        0
  MONTH TO DATE    0                         5     -5        1
  SINCE JUN 1     29                        80    -51       13
  SINCE JUL 1      0                         5     -5        1

 COOLING
  YESTERDAY       17                         9      8       21
  MONTH TO DATE  282                       162    120      226
  SINCE JUN 1    461                       261    200      446
  SINCE JAN 1    481                       277    204      462
..................................................................


WIND (MPH)
  HIGHEST WIND SPEED    31   HIGHEST WIND DIRECTION     N (340)
  HIGHEST GUST SPEED    40   HIGHEST GUST DIRECTION     N (340)
  AVERAGE WIND SPEED     7.3


SKY COVER
  POSSIBLE SUNSHINE  MM
  AVERAGE SKY COVER 0.1


WEATHER CONDITIONS
 THE FOLLOWING WEATHER WAS RECORDED YESTERDAY.
  THUNDERSTORM
  HEAVY RAIN
  LIGHT RAIN
  FOG


RELATIVE HUMIDITY (PERCENT)
 HIGHEST    79           700 AM
 LOWEST     52           400 PM
 AVERAGE    66

..........................................................


THE MOBRIDGE SD CLIMATE NORMALS FOR TODAY
                         NORMAL    RECORD    YEAR
 MAXIMUM TEMPERATURE (F)   87       109      1941
 MINIMUM TEMPERATURE (F)   60        47      1915


SUNRISE AND SUNSET
JULY 22 2017..........SUNRISE   615 AM CDT   SUNSET   921 PM CDT
JULY 23 2017..........SUNRISE   616 AM CDT   SUNSET   920 PM CDT


-  INDICATES NEGATIVE NUMBERS.
R  INDICATES RECORD WAS SET OR TIED.
MM INDICATES DATA IS MISSING.
T  INDICATES TRACE AMOUNT.




$$
