000
CDUS43 KABR 141034
CLIMBG


CLIMATE REPORT
NATIONAL WEATHER SERVICE ABERDEEN SD
433 AM CST THU DEC 14 2017


...................................

...THE MOBRIDGE SD CLIMATE SUMMARY FOR DECEMBER 13 2017...

CLIMATE NORMAL PERIOD 1981 TO 2010
CLIMATE RECORD PERIOD 1911 TO 2017


WEATHER ITEM   OBSERVED TIME   RECORD YEAR NORMAL DEPARTURE LAST
                VALUE   (LST)  VALUE       VALUE  FROM      YEAR
                                                  NORMAL
..................................................................
TEMPERATURE (F)
 YESTERDAY
  MAXIMUM         51   1228 AM  56    1912  29     22       17
  MINIMUM         25   1051 PM -32    1917   8     17       -9
  AVERAGE         38                        18     20        4

PRECIPITATION (IN)
  YESTERDAY        0.00          0.32 1995   0.01  -0.01     0.00
  MONTH TO DATE    0.27                      0.11   0.16     0.41
  SINCE DEC 1      0.27                      0.11   0.16     0.41
  SINCE JAN 1     15.33                     17.54  -2.21    19.54

SNOWFALL (IN)
  YESTERDAY        0.0
  MONTH TO DATE    3.0
  SINCE OCT 1      3.4
  SINCE JUL 1      3.4
  SNOW DEPTH       0

DEGREE DAYS
 HEATING
  YESTERDAY       27                        47    -20       61
  MONTH TO DATE  432                       578   -146      679
  SINCE DEC 1    432                       578   -146      679
  SINCE JUL 1   1933                      2344   -411     1830

 COOLING
  YESTERDAY        0                         0      0        0
  MONTH TO DATE    0                         0      0        0
  SINCE DEC 1      0                         0      0        0
  SINCE JAN 1    791                       644    147      961
..................................................................


WIND (MPH)
  HIGHEST WIND SPEED    39   HIGHEST WIND DIRECTION    NW (310)
  HIGHEST GUST SPEED    49   HIGHEST GUST DIRECTION    NW (320)
  AVERAGE WIND SPEED    19.0


SKY COVER
  POSSIBLE SUNSHINE  MM
  AVERAGE SKY COVER 0.4


WEATHER CONDITIONS
 THE FOLLOWING WEATHER WAS RECORDED YESTERDAY.
  NO SIGNIFICANT WEATHER WAS OBSERVED.


RELATIVE HUMIDITY (PERCENT)
 HIGHEST    85           900 PM
 LOWEST     35          1200 AM
 AVERAGE    60

..........................................................


THE MOBRIDGE SD CLIMATE NORMALS FOR TODAY
                         NORMAL    RECORD    YEAR
 MAXIMUM TEMPERATURE (F)   29        54      1939
 MINIMUM TEMPERATURE (F)    7       -24      1917


SUNRISE AND SUNSET
DECEMBER 14 2017......SUNRISE   814 AM CST   SUNSET   458 PM CST
DECEMBER 15 2017......SUNRISE   815 AM CST   SUNSET   459 PM CST


-  INDICATES NEGATIVE NUMBERS.
R  INDICATES RECORD WAS SET OR TIED.
MM INDICATES DATA IS MISSING.
T  INDICATES TRACE AMOUNT.




$$
