000
CDUS43 KDTX 180538
CLIMBS


CLIMATE REPORT
NATIONAL WEATHER SERVICE DETROIT/PONTIAC MI
1238 AM EST SUN FEB 18 2018


...................................

...THE TRI CITIES MI CLIMATE SUMMARY FOR FEBRUARY 17 2018...

CLIMATE NORMAL PERIOD 1981 TO 2010
CLIMATE RECORD PERIOD 1898 TO 2018


WEATHER ITEM   OBSERVED TIME   NORMAL DEPARTURE LAST
                VALUE   (LST)  VALUE  FROM      YEAR
                                      NORMAL
......................................................
TEMPERATURE (F)
 YESTERDAY
  MAXIMUM         32    722 PM  32      0       47
  MINIMUM         20    546 AM  18      2       26
  AVERAGE         26            25      1

PRECIPITATION (IN)
  YESTERDAY        T             0.05  -0.05
  MONTH TO DATE    0.75          0.85  -0.10
  SINCE DEC 1      3.02          4.42  -1.40
  SINCE JAN 1      1.99          2.56  -0.57

SNOWFALL (IN)
  YESTERDAY        T
  MONTH TO DATE   13.5
  SINCE DEC 1     31.1
  SINCE JUL 1     31.1
  SNOW DEPTH       2

DEGREE DAYS
 HEATING
  YESTERDAY       39                   -1
  MONTH TO DATE  774                   65
  SINCE DEC 1   3348                  147
  SINCE JUL 1   4579                  -95

 COOLING
  YESTERDAY        0                    0
  MONTH TO DATE    0                    0
  SINCE DEC 1      0                    0
  SINCE JAN 1      0                    0
......................................................


WIND (MPH)
  HIGHEST WIND SPEED    20   HIGHEST WIND DIRECTION    SW (230)
  HIGHEST GUST SPEED    25   HIGHEST GUST DIRECTION    SW (210)
  AVERAGE WIND SPEED    10.5



WEATHER CONDITIONS
 THE FOLLOWING WEATHER WAS RECORDED YESTERDAY.
  LIGHT SNOW
  FOG
  HAZE


RELATIVE HUMIDITY (PERCENT)
 HIGHEST    92
 LOWEST     39
 AVERAGE    66

..........................................................


THE TRI CITIES MI CLIMATE NORMALS FOR TODAY
                         NORMAL
 MAXIMUM TEMPERATURE (F)   32
 MINIMUM TEMPERATURE (F)   18


SUNRISE AND SUNSET
FEBRUARY 18 2018......SUNRISE   730 AM EST   SUNSET   611 PM EST
FEBRUARY 19 2018......SUNRISE   729 AM EST   SUNSET   612 PM EST


-  INDICATES NEGATIVE NUMBERS.
R  INDICATES RECORD WAS SET OR TIED.
MM INDICATES DATA IS MISSING.
T  INDICATES TRACE AMOUNT.




$$
