000
CDUS43 KDTX 310557
CLIMBS


CLIMATE REPORT
NATIONAL WEATHER SERVICE DETROIT/PONTIAC MI
157 AM EDT THU JUL 31 2014


...................................

...THE  TRI CITIES MI CLIMATE SUMMARY FOR JULY 30 2014...

CLIMATE NORMAL PERIOD 1981 TO 2010
CLIMATE RECORD PERIOD 1898 TO 2014


WEATHER ITEM   OBSERVED TIME   NORMAL DEPARTURE
                VALUE   (LST)  VALUE  FROM
                                      NORMAL
...................................................
TEMPERATURE (F)
 YESTERDAY
  MAXIMUM         76    548 PM  81     -5
  MINIMUM         55    426 AM  60     -5
  AVERAGE         66            70     -4

PRECIPITATION (IN)
  YESTERDAY        0.02          0.09  -0.07
  MONTH TO DATE    3.46          2.49   0.97
  SINCE JUN 1      5.83          5.47   0.36
  SINCE JAN 1     17.42         17.12   0.30

SNOWFALL (IN)
  YESTERDAY        0.0
  MONTH TO DATE    0.0
  SINCE JUN 1      0.0
  SINCE JUL 1      0.0
  SNOW DEPTH       0

DEGREE DAYS
 HEATING
  YESTERDAY        0                    0
  MONTH TO DATE   15                   13
  SINCE JUN 1     29                  -32
  SINCE JUL 1     15                   13

 COOLING
  YESTERDAY        1                   -5
  MONTH TO DATE  123                  -71
  SINCE JUN 1    284                  -34
  SINCE JAN 1    328                  -26
...................................................


WIND (MPH)
  HIGHEST WIND SPEED    13   HIGHEST WIND DIRECTION     W (280)
  HIGHEST GUST SPEED    16   HIGHEST GUST DIRECTION     W (280)
  AVERAGE WIND SPEED     5.8




RELATIVE HUMIDITY (PERCENT)
 HIGHEST    93
 LOWEST     38
 AVERAGE    66

..........................................................


THE  TRI CITIES MI CLIMATE NORMALS FOR TODAY
                         NORMAL
 MAXIMUM TEMPERATURE (F)   81
 MINIMUM TEMPERATURE (F)   60


SUNRISE AND SUNSET
JULY 31 2014..........SUNRISE   625 AM EDT   SUNSET   900 PM EDT
AUGUST  1 2014........SUNRISE   626 AM EDT   SUNSET   859 PM EDT


-  INDICATES NEGATIVE NUMBERS.
R  INDICATES RECORD WAS SET OR TIED.
MM INDICATES DATA IS MISSING.
T  INDICATES TRACE AMOUNT.




$$
