000
CDUS43 KDTX 200537
CLIMBS


CLIMATE REPORT
NATIONAL WEATHER SERVICE DETROIT/PONTIAC MI
137 AM EDT WED AUG 20 2014


...................................

...THE  TRI CITIES MI CLIMATE SUMMARY FOR AUGUST 19 2014...

CLIMATE NORMAL PERIOD 1981 TO 2010
CLIMATE RECORD PERIOD 1898 TO 2014


WEATHER ITEM   OBSERVED TIME   NORMAL DEPARTURE
                VALUE   (LST)  VALUE  FROM
                                      NORMAL
...................................................
TEMPERATURE (F)
 YESTERDAY
  MAXIMUM         76   1114 AM  79     -3
  MINIMUM         65    510 AM  58      7
  AVERAGE         71            69      2

PRECIPITATION (IN)
  YESTERDAY        0.73          0.10   0.63
  MONTH TO DATE    4.22          1.97   2.25
  SINCE JUN 1     10.05          7.53   2.52
  SINCE JAN 1     21.64         19.18   2.46

SNOWFALL (IN)
  YESTERDAY        0.0
  MONTH TO DATE    0.0
  SINCE JUN 1      0.0
  SINCE JUL 1      0.0
  SNOW DEPTH       0

DEGREE DAYS
 HEATING
  YESTERDAY        0                   -1
  MONTH TO DATE    7                  -10
  SINCE JUN 1     36                  -53
  SINCE JUL 1     22                   -8

 COOLING
  YESTERDAY        6                    1
  MONTH TO DATE   78                  -24
  SINCE JUN 1    365                  -59
  SINCE JAN 1    409                  -51
...................................................


WIND (MPH)
  HIGHEST WIND SPEED    16   HIGHEST WIND DIRECTION     S (160)
  HIGHEST GUST SPEED    22   HIGHEST GUST DIRECTION    SW (210)
  AVERAGE WIND SPEED     9.0




RELATIVE HUMIDITY (PERCENT)
 HIGHEST    90
 LOWEST     73
 AVERAGE    82

..........................................................


THE  TRI CITIES MI CLIMATE NORMALS FOR TODAY
                         NORMAL
 MAXIMUM TEMPERATURE (F)   79
 MINIMUM TEMPERATURE (F)   58


SUNRISE AND SUNSET
AUGUST 20 2014........SUNRISE   647 AM EDT   SUNSET   832 PM EDT
AUGUST 21 2014........SUNRISE   648 AM EDT   SUNSET   830 PM EDT


-  INDICATES NEGATIVE NUMBERS.
R  INDICATES RECORD WAS SET OR TIED.
MM INDICATES DATA IS MISSING.
T  INDICATES TRACE AMOUNT.




$$
