000
CDUS43 KDTX 270536
CLIMBS


CLIMATE REPORT
NATIONAL WEATHER SERVICE DETROIT/PONTIAC MI
1236 AM EST THU NOV 27 2014


...................................

...THE  TRI CITIES MI CLIMATE SUMMARY FOR NOVEMBER 26 2014...

CLIMATE NORMAL PERIOD 1981 TO 2010
CLIMATE RECORD PERIOD 1898 TO 2014


WEATHER ITEM   OBSERVED TIME   NORMAL DEPARTURE
                VALUE   (LST)  VALUE  FROM
                                      NORMAL
...................................................
TEMPERATURE (F)
 YESTERDAY
  MAXIMUM         32    453 PM  41     -9
  MINIMUM         29   1159 PM  28      1
  AVERAGE         31            34     -3

PRECIPITATION (IN)
  YESTERDAY        T             0.08  -0.08
  MONTH TO DATE    2.15          2.39  -0.24
  SINCE SEP 1      8.23          8.85  -0.62
  SINCE JAN 1     30.34         29.37   0.97

SNOWFALL (IN)
  YESTERDAY        T
  MONTH TO DATE    2.5
  SINCE SEP 1      2.5
  SINCE JUL 1      2.5
  SNOW DEPTH       0

DEGREE DAYS
 HEATING
  YESTERDAY       34                    3
  MONTH TO DATE  777                  110
  SINCE SEP 1   1342                   36
  SINCE JUL 1   1368                   22

 COOLING
  YESTERDAY        0                    0
  MONTH TO DATE    0                    0
  SINCE SEP 1     54                    1
  SINCE JAN 1    539                  -18
...................................................


WIND (MPH)
  HIGHEST WIND SPEED    13   HIGHEST WIND DIRECTION     N (350)
  HIGHEST GUST SPEED    15   HIGHEST GUST DIRECTION     N (10)
  AVERAGE WIND SPEED     5.0




RELATIVE HUMIDITY (PERCENT)
 HIGHEST    78
 LOWEST     59
 AVERAGE    69

..........................................................


THE  TRI CITIES MI CLIMATE NORMALS FOR TODAY
                         NORMAL
 MAXIMUM TEMPERATURE (F)   40
 MINIMUM TEMPERATURE (F)   27


SUNRISE AND SUNSET
NOVEMBER 27 2014......SUNRISE   745 AM EST   SUNSET   503 PM EST
NOVEMBER 28 2014......SUNRISE   746 AM EST   SUNSET   502 PM EST


-  INDICATES NEGATIVE NUMBERS.
R  INDICATES RECORD WAS SET OR TIED.
MM INDICATES DATA IS MISSING.
T  INDICATES TRACE AMOUNT.




$$
