000
CDUS43 KDTX 280537
CLIMBS


CLIMATE REPORT
NATIONAL WEATHER SERVICE DETROIT/PONTIAC MI
136 AM EDT THU MAY 28 2015


...................................

...THE TRI CITIES MI CLIMATE SUMMARY FOR MAY 27 2015...

CLIMATE NORMAL PERIOD 1981 TO 2010
CLIMATE RECORD PERIOD 1898 TO 2015


WEATHER ITEM   OBSERVED TIME   NORMAL DEPARTURE LAST
                VALUE   (LST)  VALUE  FROM      YEAR
                                      NORMAL
......................................................
TEMPERATURE (F)
 YESTERDAY
  MAXIMUM         79    141 PM  72      7       81
  MINIMUM         59   1116 PM  51      8       68
  AVERAGE         69            61      8

PRECIPITATION (IN)
  YESTERDAY        0.00          0.10  -0.10
  MONTH TO DATE    2.03          2.97  -0.94
  SINCE MAR 1      5.22          7.92  -2.70
  SINCE JAN 1      7.33         11.24  -3.91

SNOWFALL (IN)
  YESTERDAY        0.0
  MONTH TO DATE    0.0
  SINCE MAR 1      6.1
  SINCE JUL 1     38.0
  SNOW DEPTH       0

DEGREE DAYS
 HEATING
  YESTERDAY        0                   -6
  MONTH TO DATE  143                 -110
  SINCE MAR 1   1683                 -111
  SINCE JUL 1   7044                  151

 COOLING
  YESTERDAY        4                    2
  MONTH TO DATE   50                   27
  SINCE MAR 1     50                   23
  SINCE JAN 1     50                   23
......................................................


WIND (MPH)
  HIGHEST WIND SPEED    31   HIGHEST WIND DIRECTION    SW (230)
  HIGHEST GUST SPEED    40   HIGHEST GUST DIRECTION     W (250)
  AVERAGE WIND SPEED    15.2



WEATHER CONDITIONS
 THE FOLLOWING WEATHER WAS RECORDED YESTERDAY.
  NO SIGNIFICANT WEATHER WAS OBSERVED.


RELATIVE HUMIDITY (PERCENT)
 HIGHEST    78
 LOWEST     54
 AVERAGE    66

..........................................................


THE TRI CITIES MI CLIMATE NORMALS FOR TODAY
                         NORMAL
 MAXIMUM TEMPERATURE (F)   72
 MINIMUM TEMPERATURE (F)   51


SUNRISE AND SUNSET
MAY 28 2015...........SUNRISE   601 AM EDT   SUNSET   907 PM EDT
MAY 29 2015...........SUNRISE   600 AM EDT   SUNSET   908 PM EDT


-  INDICATES NEGATIVE NUMBERS.
R  INDICATES RECORD WAS SET OR TIED.
MM INDICATES DATA IS MISSING.
T  INDICATES TRACE AMOUNT.




$$
