000
CDUS43 KDTX 240537
CLIMBS


CLIMATE REPORT
NATIONAL WEATHER SERVICE DETROIT/PONTIAC MI
136 AM EDT FRI OCT 24 2014


...................................

...THE  TRI CITIES MI CLIMATE SUMMARY FOR OCTOBER 23 2014...

CLIMATE NORMAL PERIOD 1981 TO 2010
CLIMATE RECORD PERIOD 1898 TO 2014


WEATHER ITEM   OBSERVED TIME   NORMAL DEPARTURE
                VALUE   (LST)  VALUE  FROM
                                      NORMAL
...................................................
TEMPERATURE (F)
 YESTERDAY
  MAXIMUM         53    441 PM  56     -3
  MINIMUM         29    716 AM  38     -9
  AVERAGE         41            47     -6

PRECIPITATION (IN)
  YESTERDAY        0.00          0.08  -0.08
  MONTH TO DATE    2.04          1.96   0.08
  SINCE SEP 1      5.73          5.79  -0.06
  SINCE JAN 1     27.84         26.31   1.53

SNOWFALL (IN)
  YESTERDAY        0.0
  MONTH TO DATE    0.0
  SINCE SEP 1      0.0
  SINCE JUL 1      0.0
  SNOW DEPTH       0

DEGREE DAYS
 HEATING
  YESTERDAY       24                    6
  MONTH TO DATE  300                  -25
  SINCE SEP 1    440                  -44
  SINCE JUL 1    466                  -58

 COOLING
  YESTERDAY        0                    0
  MONTH TO DATE    1                   -1
  SINCE SEP 1     54                    4
  SINCE JAN 1    539                  -15
...................................................


WIND (MPH)
  HIGHEST WIND SPEED    10   HIGHEST WIND DIRECTION     W (270)
  HIGHEST GUST SPEED    15   HIGHEST GUST DIRECTION     W (280)
  AVERAGE WIND SPEED     3.1




RELATIVE HUMIDITY (PERCENT)
 HIGHEST   100
 LOWEST     54
 AVERAGE    77

..........................................................


THE  TRI CITIES MI CLIMATE NORMALS FOR TODAY
                         NORMAL
 MAXIMUM TEMPERATURE (F)   56
 MINIMUM TEMPERATURE (F)   38


SUNRISE AND SUNSET
OCTOBER 24 2014.......SUNRISE   802 AM EDT   SUNSET   639 PM EDT
OCTOBER 25 2014.......SUNRISE   803 AM EDT   SUNSET   637 PM EDT


-  INDICATES NEGATIVE NUMBERS.
R  INDICATES RECORD WAS SET OR TIED.
MM INDICATES DATA IS MISSING.
T  INDICATES TRACE AMOUNT.




$$
