690
CDUS43 KDTX 182030
CLIMBS


CLIMATE REPORT
NATIONAL WEATHER SERVICE DETROIT/PONTIAC MI
430 PM EDT FRI AUG 18 2017


...................................

...THE TRI CITIES MI CLIMATE SUMMARY FOR AUGUST 18 2017...
VALID TODAY AS OF 0400 PM LOCAL TIME.

CLIMATE NORMAL PERIOD 1981 TO 2010
CLIMATE RECORD PERIOD 1898 TO 2017


WEATHER ITEM   OBSERVED TIME   NORMAL DEPARTURE LAST
                VALUE   (LST)  VALUE  FROM      YEAR
                                      NORMAL
......................................................
TEMPERATURE (F)
 TODAY
  MAXIMUM         75    238 PM  79     -4       84
  MINIMUM         66    719 AM  58      8       62
  AVERAGE         71            69      2       73

PRECIPITATION (IN)
  TODAY            0.01          0.11  -0.10     0.00
  MONTH TO DATE    2.09          1.87   0.22     3.41
  SINCE JUN 1     14.33          7.43   6.90     8.61
  SINCE JAN 1     29.59         19.08  10.51    20.45

SNOWFALL (IN)
  TODAY            0.0           0.0    0.0      0.0
  MONTH TO DATE    0.0           0.0    0.0      0.0
  SINCE JUN 1      0.0           0.0    0.0      0.0
  SINCE JUL 1      0.0           0.0    0.0      0.0
  SNOW DEPTH       0

DEGREE DAYS
 HEATING
  TODAY            0             1     -1        0
  MONTH TO DATE    0            16    -16        0
  SINCE JUN 1     27            88    -61       28
  SINCE JUL 1      0            29    -29        2

 COOLING
  TODAY            6             5      1        8
  MONTH TO DATE   87            97    -10      182
  SINCE JUN 1    462           419     43      585
  SINCE JAN 1    488           455     33      663
......................................................


WIND (MPH)
  HIGHEST WIND SPEED    25   HIGHEST WIND DIRECTION     W (260)
  HIGHEST GUST SPEED    32   HIGHEST GUST DIRECTION     W (250)
  AVERAGE WIND SPEED    14.9


SKY COVER
  AVERAGE SKY COVER 1.0


WEATHER CONDITIONS
 THE FOLLOWING WEATHER WAS RECORDED TODAY.
  LIGHT RAIN
  FOG


..........................................................


THE TRI CITIES MI CLIMATE NORMALS FOR TOMORROW
                         NORMAL
 MAXIMUM TEMPERATURE (F)   79
 MINIMUM TEMPERATURE (F)   58


SUNRISE AND SUNSET
AUGUST 18 2017........SUNRISE   645 AM EDT   SUNSET   835 PM EDT
AUGUST 19 2017........SUNRISE   646 AM EDT   SUNSET   833 PM EDT


-  INDICATES NEGATIVE NUMBERS.
R  INDICATES RECORD WAS SET OR TIED.
MM INDICATES DATA IS MISSING.
T  INDICATES TRACE AMOUNT.




$$
