000
CDUS43 KDTX 242133
CLIMBS


CLIMATE REPORT
NATIONAL WEATHER SERVICE DETROIT/PONTIAC MI
433 PM EST TUE JAN 24 2017


...................................

...THE TRI CITIES MI CLIMATE SUMMARY FOR JANUARY 24 2017...
VALID TODAY AS OF 0400 PM LOCAL TIME.

CLIMATE NORMAL PERIOD 1981 TO 2010
CLIMATE RECORD PERIOD 1898 TO 2017


WEATHER ITEM   OBSERVED TIME   NORMAL DEPARTURE LAST
                VALUE   (LST)  VALUE  FROM      YEAR
                                      NORMAL
......................................................
TEMPERATURE (F)
 TODAY
  MAXIMUM         39    359 PM  29     10       31
  MINIMUM         35    538 AM  15     20       21
  AVERAGE         37            22     15       26

PRECIPITATION (IN)
  TODAY            0.13          0.04   0.09     0.00
  MONTH TO DATE    2.25          1.38   0.87     1.69
  SINCE DEC 1      3.62          3.24   0.38     4.79
  SINCE JAN 1      2.25          1.38   0.87     1.69

SNOWFALL (IN)
  TODAY            0.0           0.4   -0.4      0.0
  MONTH TO DATE    7.4           9.4   -2.0      7.5
  SINCE DEC 1     24.0          18.4    5.6     11.7
  SINCE JUL 1     25.6          22.3    3.3     15.2
  SNOW DEPTH       0

DEGREE DAYS
 HEATING
  TODAY           28            43    -15       39
  MONTH TO DATE  885          1023   -138      960
  SINCE DEC 1   2052          2190   -138     1754
  SINCE JUL 1   3040          3663   -623     2765

 COOLING
  TODAY            0             0      0        0
  MONTH TO DATE    0             0      0        0
  SINCE DEC 1      0             0      0        0
  SINCE JAN 1      0             0      0        0
......................................................


WIND (MPH)
  HIGHEST WIND SPEED    14   HIGHEST WIND DIRECTION     W (290)
  HIGHEST GUST SPEED    17   HIGHEST GUST DIRECTION     W (290)
  AVERAGE WIND SPEED     7.7


SKY COVER
  AVERAGE SKY COVER 0.9


WEATHER CONDITIONS
 THE FOLLOWING WEATHER WAS RECORDED TODAY.
  LIGHT RAIN
  FOG
  FOG W/VISIBILITY <= 1/4 MILE


..........................................................


THE TRI CITIES MI CLIMATE NORMALS FOR TOMORROW
                         NORMAL
 MAXIMUM TEMPERATURE (F)   29
 MINIMUM TEMPERATURE (F)   15


SUNRISE AND SUNSET
JANUARY 24 2017.......SUNRISE   800 AM EST   SUNSET   537 PM EST
JANUARY 25 2017.......SUNRISE   759 AM EST   SUNSET   539 PM EST


-  INDICATES NEGATIVE NUMBERS.
R  INDICATES RECORD WAS SET OR TIED.
MM INDICATES DATA IS MISSING.
T  INDICATES TRACE AMOUNT.




$$
