000
CDUS46 KHNX 280821
CLIMCE


CLIMATE REPORT
NATIONAL WEATHER SERVICE SAN JOAQUIN VALLEY, CA
120 AM PDT THU MAY 28 2015


...................................

...THE MERCED  CA CLIMATE SUMMARY FOR MAY 27 2015...

CLIMATE NORMAL PERIOD 1981 TO 2010
CLIMATE RECORD PERIOD 1998 TO 2015


WEATHER ITEM   OBSERVED TIME   RECORD YEAR NORMAL DEPARTURE
                VALUE   (LST)  VALUE       VALUE  FROM
                                                  NORMAL
...............................................................
TEMPERATURE (F)
 YESTERDAY
  MAXIMUM         85    433 PM  97    2009  85      0
  MINIMUM         51    453 AM  49    2012  54     -3
  AVERAGE         68                        69     -1

PRECIPITATION (IN)
  YESTERDAY        0.00          T    2008   0.01  -0.01
                                      2008
                                      2013
  MONTH TO DATE    0.74                      0.55   0.19
  SINCE OCT 1      7.84                     12.03  -4.19
  SINCE JAN 1      3.09                      8.52  -5.43

SNOWFALL (IN)
  YESTERDAY        0.0
  MONTH TO DATE    0.0
  SINCE MAR 1      0.0
  SINCE JUL 1      0.0
  SNOW DEPTH       0

DEGREE DAYS
 HEATING
  YESTERDAY        0
  MONTH TO DATE   50
  SINCE MAR 1    309
  SINCE JUL 1   1773

 COOLING
  YESTERDAY        3
  MONTH TO DATE   43
  SINCE MAR 1     87
  SINCE JAN 1     87
...............................................................


WIND (MPH)
  HIGHEST WIND SPEED    15   HIGHEST WIND DIRECTION    NW (330)
  HIGHEST GUST SPEED    20   HIGHEST GUST DIRECTION    NW (310)
  AVERAGE WIND SPEED     8.5




RELATIVE HUMIDITY (PERCENT)
 HIGHEST    89
 LOWEST     26
 AVERAGE    58

..........................................................


THE MERCED  CA CLIMATE NORMALS FOR TODAY
                         NORMAL    RECORD    YEAR
 MAXIMUM TEMPERATURE (F)   85       102      2003
 MINIMUM TEMPERATURE (F)   54        45      2010


SUNRISE AND SUNSET
MAY 28 2015...........SUNRISE   545 AM PDT   SUNSET   814 PM PDT
MAY 29 2015...........SUNRISE   545 AM PDT   SUNSET   815 PM PDT


-  INDICATES NEGATIVE NUMBERS.
R  INDICATES RECORD WAS SET OR TIED.
MM INDICATES DATA IS MISSING.
T  INDICATES TRACE AMOUNT.




$$
