000
CDUS46 KHNX 210826
CLIMCE


CLIMATE REPORT
NATIONAL WEATHER SERVICE SAN JOAQUIN VALLEY, CA
126 AM PDT MON APR 21 2014


...................................

...THE MERCED  CA CLIMATE SUMMARY FOR APRIL 20 2014...

CLIMATE NORMAL PERIOD 1981 TO 2010
CLIMATE RECORD PERIOD 1998 TO 2014


WEATHER ITEM   OBSERVED TIME   RECORD YEAR NORMAL DEPARTURE
                VALUE   (LST)  VALUE       VALUE  FROM
                                                  NORMAL
...............................................................
TEMPERATURE (F)
 YESTERDAY
  MAXIMUM         84    405 PM  94    2009  75      9
  MINIMUM         48    521 AM  37    2002  46      2
  AVERAGE         66                        60      6

PRECIPITATION (IN)
  YESTERDAY        0.00          0.99 2001   0.03  -0.03
  MONTH TO DATE    0.29                      0.66  -0.37
  SINCE JUL 1      4.67                     11.50  -6.83
  SINCE JAN 1      3.66                      7.68  -4.02

SNOWFALL (IN)
  YESTERDAY        0.0
  MONTH TO DATE    0.0
  SINCE MAR 1      0.0
  SINCE JUL 1      0.0
  SNOW DEPTH       0

DEGREE DAYS
 HEATING
  YESTERDAY        0
  MONTH TO DATE   60
  SINCE MAR 1    219
  SINCE JUL 1   2088

 COOLING
  YESTERDAY        1
  MONTH TO DATE   49
  SINCE MAR 1     49
  SINCE JAN 1     49
...............................................................


WIND (MPH)
  HIGHEST WIND SPEED    16   HIGHEST WIND DIRECTION     N (340)
  HIGHEST GUST SPEED    24   HIGHEST GUST DIRECTION     N (350)
  AVERAGE WIND SPEED     7.4




RELATIVE HUMIDITY (PERCENT)
 HIGHEST    89
 LOWEST     23
 AVERAGE    56

..........................................................


THE MERCED  CA CLIMATE NORMALS FOR TODAY
                         NORMAL    RECORD    YEAR
 MAXIMUM TEMPERATURE (F)   75        95      2009
 MINIMUM TEMPERATURE (F)   46        35      2008


SUNRISE AND SUNSET
APRIL 21 2014.........SUNRISE   620 AM PDT   SUNSET   743 PM PDT
APRIL 22 2014.........SUNRISE   618 AM PDT   SUNSET   744 PM PDT


-  INDICATES NEGATIVE NUMBERS.
R  INDICATES RECORD WAS SET OR TIED.
MM INDICATES DATA IS MISSING.
T  INDICATES TRACE AMOUNT.




$$
