109
CDUS46 KHNX 280824
CLIMCE


CLIMATE REPORT
NATIONAL WEATHER SERVICE SAN JOAQUIN VALLEY, CA
124 AM PDT TUE MAR 28 2017


...................................

...THE MERCED  CA CLIMATE SUMMARY FOR MARCH 27 2017...

CLIMATE NORMAL PERIOD 1981 TO 2010
CLIMATE RECORD PERIOD 1998 TO 2017


WEATHER ITEM   OBSERVED TIME   RECORD YEAR NORMAL DEPARTURE
                VALUE   (LST)  VALUE       VALUE  FROM
                                                  NORMAL
...............................................................
TEMPERATURE (F)
 YESTERDAY
  MAXIMUM         65    315 PM  88    2015  67     -2
  MINIMUM         49    537 AM  34    2010  43      6
  AVERAGE         57                        55      2

PRECIPITATION (IN)
  YESTERDAY        0.00          0.41 2006   0.06  -0.06
  MONTH TO DATE    1.28                      1.86  -0.58
  SINCE OCT 1     14.63                     10.32   4.31
  SINCE JAN 1     10.40                      6.81   3.59

SNOWFALL (IN)
  YESTERDAY        0.0
  MONTH TO DATE    0.0
  SINCE MAR 1      0.0
  SINCE JUL 1      0.0
  SNOW DEPTH       0

DEGREE DAYS
 HEATING
  YESTERDAY        8
  MONTH TO DATE  262
  SINCE MAR 1    262
  SINCE JUL 1   2132

 COOLING
  YESTERDAY        0
  MONTH TO DATE    0
  SINCE MAR 1      0
  SINCE JAN 1      0
...............................................................


WIND (MPH)
  HIGHEST WIND SPEED    30   HIGHEST WIND DIRECTION    NW (310)
  HIGHEST GUST SPEED    37   HIGHEST GUST DIRECTION    NW (310)
  AVERAGE WIND SPEED    13.8




RELATIVE HUMIDITY (PERCENT)
 HIGHEST   100
 LOWEST     39
 AVERAGE    70

..........................................................


THE MERCED  CA CLIMATE NORMALS FOR TODAY
                         NORMAL    RECORD    YEAR
 MAXIMUM TEMPERATURE (F)   67        81      2015
 MINIMUM TEMPERATURE (F)   43        33      1999


SUNRISE AND SUNSET
MARCH 28 2017.........SUNRISE   653 AM PDT   SUNSET   722 PM PDT
MARCH 29 2017.........SUNRISE   652 AM PDT   SUNSET   723 PM PDT


-  INDICATES NEGATIVE NUMBERS.
R  INDICATES RECORD WAS SET OR TIED.
MM INDICATES DATA IS MISSING.
T  INDICATES TRACE AMOUNT.




$$
