000
CDUS46 KHNX 120831
CLIMCE


CLIMATE REPORT
NATIONAL WEATHER SERVICE SAN JOAQUIN VALLEY, CA
1229 AM PST FRI FEB 12 2016


...................................

...THE MERCED  CA CLIMATE SUMMARY FOR FEBRUARY 11 2016...

CLIMATE NORMAL PERIOD 1981 TO 2010
CLIMATE RECORD PERIOD 1998 TO 2016


WEATHER ITEM   OBSERVED TIME   RECORD YEAR NORMAL DEPARTURE
                VALUE   (LST)  VALUE       VALUE  FROM
                                                  NORMAL
...............................................................
TEMPERATURE (F)
 YESTERDAY
  MAXIMUM         70R   342 PM  70    2006  60     10
  MINIMUM         42    511 AM  28    1999  39      3
  AVERAGE         56                        49      7

PRECIPITATION (IN)
  YESTERDAY        0.00          0.44 2001   0.08  -0.08
  MONTH TO DATE    T                         0.85  -0.85
  SINCE OCT 1      8.21                      6.97   1.24
  SINCE JAN 1      4.49                      3.46   1.03

SNOWFALL (IN)
  YESTERDAY        0.0
  MONTH TO DATE    0.0
  SINCE DEC 1      0.0
  SINCE JUL 1      0.0
  SNOW DEPTH       0

DEGREE DAYS
 HEATING
  YESTERDAY        9
  MONTH TO DATE  165
  SINCE DEC 1   1268
  SINCE JUL 1   1721

 COOLING
  YESTERDAY        0
  MONTH TO DATE    0
  SINCE DEC 1      0
  SINCE JAN 1      0
...............................................................


WIND (MPH)
  HIGHEST WIND SPEED     8   HIGHEST WIND DIRECTION    SE (120)
  HIGHEST GUST SPEED    MM   HIGHEST GUST DIRECTION    NW (300)
  AVERAGE WIND SPEED     2.1




RELATIVE HUMIDITY (PERCENT)
 HIGHEST   100
 LOWEST     61
 AVERAGE    81

..........................................................


THE MERCED  CA CLIMATE NORMALS FOR TODAY
                         NORMAL    RECORD    YEAR
 MAXIMUM TEMPERATURE (F)   60        72      2015
 MINIMUM TEMPERATURE (F)   39        30      1999


SUNRISE AND SUNSET
FEBRUARY 12 2016......SUNRISE   655 AM PST   SUNSET   539 PM PST
FEBRUARY 13 2016......SUNRISE   654 AM PST   SUNSET   540 PM PST


-  INDICATES NEGATIVE NUMBERS.
R  INDICATES RECORD WAS SET OR TIED.
MM INDICATES DATA IS MISSING.
T  INDICATES TRACE AMOUNT.




$$
