000
CDUS46 KHNX 260023
CLIMCE


CLIMATE REPORT
NATIONAL WEATHER SERVICE SAN JOAQUIN VALLEY, CA
422 PM PST SAT FEB 25 2017


...................................

...THE MERCED  CA CLIMATE SUMMARY FOR FEBRUARY 25 2017...
VALID AS OF 0400 PM LOCAL TIME.

CLIMATE NORMAL PERIOD 1981 TO 2010
CLIMATE RECORD PERIOD 1998 TO 2017


WEATHER ITEM   OBSERVED TIME   RECORD YEAR NORMAL DEPARTURE LAST
                VALUE   (LST)  VALUE       VALUE  FROM      YEAR
                                                  NORMAL
..................................................................
TEMPERATURE (F)
 TODAY
  MAXIMUM         57    200 PM  77    2014  63     -6       71
  MINIMUM         31R   650 AM  32    2013  40     -9       38
  AVERAGE         44                        52     -8       55

PRECIPITATION (IN)
  TODAY            0.00          0.40 2004   0.09  -0.09     0.00
  MONTH TO DATE    3.51                      2.08   1.43     0.40
  SINCE OCT 1     13.35                      8.20   5.15     8.61
  SINCE JAN 1      9.12                      4.69   4.43     4.89

SNOWFALL (IN)
  TODAY            0.0
  MONTH TO DATE    0.0
  SINCE DEC 1      0.0
  SINCE JUL 1      0.0
  SNOW DEPTH       0

DEGREE DAYS
 HEATING
  TODAY           21                                        10
  MONTH TO DATE  291                                       309
  SINCE DEC 1   1470                                      1412
  SINCE JUL 1   1815                                      1865

 COOLING
  TODAY            0                                         0
  MONTH TO DATE    0                                         0
  SINCE DEC 1      0                                         0
  SINCE JAN 1      0                                         0
..................................................................


WIND (MPH)
  HIGHEST WIND SPEED     8   HIGHEST WIND DIRECTION    SW (240)
  HIGHEST GUST SPEED    12   HIGHEST GUST DIRECTION     N (350)
  AVERAGE WIND SPEED     2.6




RELATIVE HUMIDITY (PERCENT)
 HIGHEST    92
 LOWEST     43
 AVERAGE    68

..........................................................


THE MERCED  CA CLIMATE NORMALS FOR TOMORROW
                         NORMAL    RECORD    YEAR
 MAXIMUM TEMPERATURE (F)   63        73      2016
 MINIMUM TEMPERATURE (F)   40        31      2011


SUNRISE AND SUNSET
FEBRUARY 25 2017......SUNRISE   638 AM PST   SUNSET   553 PM PST
FEBRUARY 26 2017......SUNRISE   637 AM PST   SUNSET   554 PM PST


-  INDICATES NEGATIVE NUMBERS.
R  INDICATES RECORD WAS SET OR TIED.
MM INDICATES DATA IS MISSING.
T  INDICATES TRACE AMOUNT.




$$
