000
CDUS46 KHNX 250823
CLIMCE


CLIMATE REPORT
NATIONAL WEATHER SERVICE SAN JOAQUIN VALLEY, CA
123 AM PDT MON SEP 25 2017


...................................

...THE MERCED  CA CLIMATE SUMMARY FOR SEPTEMBER 24 2017...

CLIMATE NORMAL PERIOD 1981 TO 2010
CLIMATE RECORD PERIOD 1998 TO 2017


WEATHER ITEM   OBSERVED TIME   RECORD YEAR NORMAL DEPARTURE
                VALUE   (LST)  VALUE       VALUE  FROM
                                                  NORMAL
...............................................................
TEMPERATURE (F)
 YESTERDAY
  MAXIMUM         82        MM  99    2002  86     -4
  MINIMUM         46R       MM  49    2010  54     -8
                                      2007
  AVERAGE         64                        70     -6

PRECIPITATION (IN)
  YESTERDAY        0.00          T    2001   0.01  -0.01
                                      2001
                                      2011
  MONTH TO DATE    0.02                      0.22  -0.20
  SINCE OCT 1     16.05                     12.43   3.62
  SINCE JAN 1     11.82                      8.92   2.90

SNOWFALL (IN)
  YESTERDAY        0.0
  MONTH TO DATE    0.0
  SINCE SEP 1      0.0
  SINCE JUL 1      0.0
  SNOW DEPTH       0

DEGREE DAYS
 HEATING
  YESTERDAY        1
  MONTH TO DATE    9
  SINCE SEP 1      9
  SINCE JUL 1      9

 COOLING
  YESTERDAY        0
  MONTH TO DATE  247
  SINCE SEP 1    247
  SINCE JAN 1   1783
...............................................................


WIND (MPH)
  HIGHEST WIND SPEED    10   HIGHEST WIND DIRECTION    NW (320)
  HIGHEST GUST SPEED    MM   HIGHEST GUST DIRECTION    MM
  AVERAGE WIND SPEED     4.3




RELATIVE HUMIDITY (PERCENT)
 HIGHEST    71
 LOWEST     16
 AVERAGE    44

..........................................................


THE MERCED  CA CLIMATE NORMALS FOR TODAY
                         NORMAL    RECORD    YEAR
 MAXIMUM TEMPERATURE (F)   86        98      2009
 MINIMUM TEMPERATURE (F)   54        44      2005


SUNRISE AND SUNSET
SEPTEMBER 25 2017.....SUNRISE   653 AM PDT   SUNSET   654 PM PDT
SEPTEMBER 26 2017.....SUNRISE   654 AM PDT   SUNSET   653 PM PDT


-  INDICATES NEGATIVE NUMBERS.
R  INDICATES RECORD WAS SET OR TIED.
MM INDICATES DATA IS MISSING.
T  INDICATES TRACE AMOUNT.




$$
