000
CDAK49 PAMC 310901
CLIMCG

CLIMATE REPORT
NATIONAL WEATHER SERVICE MCGRATH, AK
102 AM AKDT FRI JUL 31 2015

...................................
...THE MCGRATH AIRPORT CLIMATE SUMMARY FOR JULY 30 2015...

CLIMATE NORMAL PERIOD  1981 TO  2015
CLIMATE RECORD PERIOD  1939 TO  2015

WEATHER ITEM   OBSERVED TIME    RECORD YEAR NORMAL DEPARTURE LAST
               VALUE    (LST)   VALUE       VALUE  FROM      YEAR
                                                   NORMAL
...................................................................
TEMPERATURE
YESTERDAY
 MAXIMUM            74  0634 PM    89  1977     67       7     79
 MINIMUM            51  0621 AM    37  1948     49       2     47
 AVERAGE            63                          58       5     63

PRECIPITATION
(INCHES)
 YESTERDAY        0.03           0.80  1986   0.09   -0.06   0.00
 MONTH TO DATE    3.86                        2.29    1.57   2.44
 SINCE JUN 1      4.94                        3.81    1.13   3.96
 SINCE JAN 1      6.28                        8.48   -2.20   6.69

SNOWFALL
(INCHES)
 YESTERDAY         0.0            0.0  2015    0.0     0.0    0.0
 MONTH TO DATE     0.0                         0.0     0.0    0.0
 SINCE JUN 1       0.0                         0.0     0.0    0.0
 SINCE JUL 1       0.0                         0.0     0.0    0.0
 SNOW DEPTH (IN)     0                                          0

DEGREE DAYS
 HEATING
  YESTERDAY          2                           7      -5      2
  MONTH TO DATE     MM                         165      MM    182
  SINCE JUN 1      962                         399     563    487
  SINCE JUL 1      769                         165     604    182

 COOLING
  YESTERDAY          0                           0       0      0
  MONTH TO DATE     MM                          11      MM     11
  SINCE JUN 1       26                          16      10     11
  SINCE JAN 1       MM                          16      MM     11
...................................................................

WIND (MPH)
 HIGHEST WIND SPEED     8     HIGHEST WIND DIRECTION    300
 HIGHEST GUST SPEED    11     HIGHEST GUST DIRECTION    190
 AVERAGE WIND SPEED   2.3

WEATHER CONDITIONS
 THE FOLLOWING WEATHER WAS RECORDED YESTERDAY.
  FOG
RAIN

...................................................................

THE MCGRATH CLIMATE NORMALS FOR TODAY
                           NORMAL    RECORD   YEAR
 MAXIMUM TEMPERATURE (F)     67        83     2013
 MINIMUM TEMPERATURE (F)     49        34     1959

SUNRISE AND SUNSET
 JUL 31 2015..........SUNRISE  5:38 AM      SUNSET 11:19 PM
 AUG 1 2015..........SUNRISE  5:41 AM      SUNSET 11:16 PM

-  INDICATES NEGATIVE NUMBERS.
R  INDICATES RECORD HAS BEEN SET OR TIED.
MM INDICATES DATA IS MISSING.
T  INDICATES TRACE OF PRECIPITATION.

&&
-------------------------------------------------------------------

AMOUNT OF DAYLIGHT TODAY  (HOUR:MIN)........17 HOURS 41 MINUTES
GAIN/LOSS SINCE YESTERDAY (HOUR:MIN:SEC)....-0:05:53

$$
TR JUL 15
