059
CDAK49 PAMC 071139
CLIMCG

CLIMATE REPORT
NATIONAL WEATHER SERVICE MCGRATH, AK
239 AM AKST SUN FEB 7 2016

...................................
...THE MCGRATH AIRPORT CLIMATE SUMMARY FOR FEBRUARY 6 2016...

CLIMATE NORMAL PERIOD  1981 TO  2010
CLIMATE RECORD PERIOD  1940 TO  2016

WEATHER ITEM   OBSERVED TIME    RECORD YEAR NORMAL DEPARTURE LAST
               VALUE    (LST)   VALUE       VALUE  FROM      YEAR
                                                   NORMAL
...................................................................
TEMPERATURE
YESTERDAY
 MAXIMUM            16  1125 PM    42  2003      8       8     -5
 MINIMUM            -3    MM      -52  1990    -12       9    -35
 AVERAGE             7                          -2       9    -20

PRECIPITATION
(INCHES)
 YESTERDAY        0.06           0.41  2001   0.03    0.03   0.00
 MONTH TO DATE    0.06                        0.20   -0.14   0.00
 SINCE DEC 1      0.61                        2.58   -1.97   1.67
 SINCE JAN 1      0.14                        1.29   -1.15   0.27

SNOWFALL
(INCHES)
 YESTERDAY         1.5            6.5  2001    0.4     1.1    0.0
 MONTH TO DATE     1.6                         2.8    -1.2    0.0
 SINCE DEC 1      15.6                        38.7   -23.1   21.6
 SINCE JUL 1      62.6                        69.7    -7.1   31.3
 SNOW DEPTH (IN)    18                                         13

DEGREE DAYS
 HEATING
  YESTERDAY         58                          67      -9     85
  MONTH TO DATE    364                         406     -42    474
  SINCE DEC 1     4075                        4733    -658   4317
  SINCE JUL 1     8225                        8865    -640   7975

 COOLING
  YESTERDAY          0                           0       0      0
  MONTH TO DATE      0                           0       0      0
  SINCE DEC 1        0                           0       0      0
  SINCE JAN 1        0                           0       0      0
...................................................................

WIND (MPH)
 HIGHEST WIND SPEED     7     HIGHEST WIND DIRECTION    210
 HIGHEST GUST SPEED     8     HIGHEST GUST DIRECTION    210
 AVERAGE WIND SPEED   0.4

WEATHER CONDITIONS
 THE FOLLOWING WEATHER WAS RECORDED YESTERDAY.
 FOG
 SNOW

...................................................................

THE MCGRATH CLIMATE NORMALS FOR TODAY
                           NORMAL    RECORD   YEAR
 MAXIMUM TEMPERATURE (F)      9        36     2003
 MINIMUM TEMPERATURE (F)    -11       -53     1999

SUNRISE AND SUNSET
 FEB 7 2016..........SUNRISE  9:38 AM      SUNSET  5:37 PM
 FEB 8 2016..........SUNRISE  9:35 AM      SUNSET  5:40 PM

-  INDICATES NEGATIVE NUMBERS.
R  INDICATES RECORD HAS BEEN SET OR TIED.
MM INDICATES DATA IS MISSING.
T  INDICATES TRACE OF PRECIPITATION.

&&
-------------------------------------------------------------------

AMOUNT OF DAYLIGHT TODAY  (HOUR:MIN)........7 HOURS 59 MINUTES
GAIN SINCE YESTERDAY (HOUR:MIN:SEC)....+0:06:03

$$
SBY FEB 16
