000
CDAK49 PAMC 291106
CLIMCG

CLIMATE REPORT
NATIONAL WEATHER SERVICE MCGRATH, AK
306 AM AKDT FRI APR 29 2016

...................................
...THE MCGRATH AIRPORT CLIMATE SUMMARY FOR APRIL 28 2016...

CLIMATE NORMAL PERIOD  1981 TO  2010
CLIMATE RECORD PERIOD  1940 TO  2016

WEATHER ITEM   OBSERVED TIME    RECORD YEAR NORMAL DEPARTURE LAST
               VALUE    (LST)   VALUE       VALUE  FROM      YEAR
                                                   NORMAL
...................................................................
TEMPERATURE
YESTERDAY
 MAXIMUM            60  0443 PM    67  1958     49      11     58
 MINIMUM            29  0340 AM    -2  1949     28       1     29
 AVERAGE            45                          38       7     44

PRECIPITATION
(INCHES)
 YESTERDAY        0.00           0.16  2002   0.03   -0.03   0.02
 MONTH TO DATE    0.38                        0.69   -0.31   0.36
 SINCE MAR 1      1.40                        1.50   -0.10   0.50
 SINCE JAN 1      1.60                        3.53   -1.93   0.94

SNOWFALL
(INCHES)
 YESTERDAY         0.0            0.9  1962    0.1    -0.1    0.0
 MONTH TO DATE     1.6                         4.9    -3.3    3.3
 SINCE MAR 1      14.9                        16.2    -1.3    8.5
 SINCE JUL 1      79.0                        96.2   -17.2   41.6
 SNOW DEPTH (IN)     T                                          0

DEGREE DAYS
 HEATING
  YESTERDAY         20                          27      -7     21
  MONTH TO DATE    731                        1009    -278    830
  SINCE MAR 1     2205                        2665    -460   2290
  SINCE JUL 1    11649                       12903   -1254  11375

 COOLING
  YESTERDAY          0                           0       0      0
  MONTH TO DATE      0                           0       0      0
  SINCE MAR 1        0                           0       0      0
  SINCE JAN 1        0                           0       0      0
...................................................................

WIND (MPH)
 HIGHEST WIND SPEED    18     HIGHEST WIND DIRECTION     80
 HIGHEST GUST SPEED    26     HIGHEST GUST DIRECTION     80
 AVERAGE WIND SPEED   6.3

WEATHER CONDITIONS
 NO SIGNIFICANT WEATHER WAS OBSERVED OR RECORDED YESTERDAY.
...................................................................

THE MCGRATH CLIMATE NORMALS FOR TODAY
                           NORMAL    RECORD   YEAR
 MAXIMUM TEMPERATURE (F)     49        68     2009
 MINIMUM TEMPERATURE (F)     29        -2     1949

SUNRISE AND SUNSET
 APR 29 2016..........SUNRISE  6:07 AM      SUNSET 10:35 PM
 APR 30 2016..........SUNRISE  6:04 AM      SUNSET 10:38 PM

-  INDICATES NEGATIVE NUMBERS.
R  INDICATES RECORD HAS BEEN SET OR TIED.
MM INDICATES DATA IS MISSING.
T  INDICATES TRACE OF PRECIPITATION.

&&
-------------------------------------------------------------------

AMOUNT OF DAYLIGHT TODAY  (HOUR:MIN)........16 HOURS 28 MINUTES
GAIN SINCE YESTERDAY (HOUR:MIN:SEC)....+0:06:11

$$
JMM APR 16
