000
CDAK49 PAMC 012313
CLIMCG

CLIMATE REPORT
NATIONAL WEATHER SERVICE MCGRATH, AK
213 PM AKST SUN FEB 1 2015

...................................
...THE MCGRATH AIRPORT CLIMATE SUMMARY FOR FEBRUARY 1 2015...
VALID TODAY AS OF 2:00 PM LOCAL TIME

CLIMATE NORMAL PERIOD  1981 TO  2010
CLIMATE RECORD PERIOD  1940 TO  2015

WEATHER ITEM   OBSERVED TIME    RECORD YEAR NORMAL DEPARTURE LAST
               VALUE    (LST)   VALUE       VALUE  FROM      YEAR
                                                   NORMAL
...................................................................
TEMPERATURE
TODAY
 MAXIMUM            -6  0210 PM    49  2007      6     -12     28
 MINIMUM           -22  1049 AM   -61  1999    -13      -9     23
 AVERAGE           -14                          -4     -10     26

PRECIPITATION
(INCHES)
 TODAY            0.00           0.35  2000   0.03   -0.03      T
 MONTH TO DATE    0.00                        0.03   -0.03      T
 SINCE DEC 1      1.67                        2.41   -0.74   3.05
 SINCE JAN 1      0.27                        1.12   -0.85   1.60

SNOWFALL
(INCHES)
 TODAY             0.0            4.1  2000    0.5    -0.5      T
 MONTH TO DATE     0.0                         0.5    -0.5      T
 SINCE DEC 1      21.6                        36.4   -14.8   32.3
 SINCE JUL 1      31.3                        67.4   -36.1   45.2
 SNOW DEPTH (IN)    13                                         16

DEGREE DAYS
 HEATING
  TODAY             79                          69      10     39
  MONTH TO DATE     79                          69      10     39
  SINCE DEC 1     3922                        4396    -474   3667
  SINCE JUL 1     7567                        8528    -961   7133

 COOLING
  TODAY              0                           0       0      0
  MONTH TO DATE      0                           0       0      0
  SINCE DEC 1        0                           0       0      0
  SINCE JAN 1        0                           0       0      0
...................................................................

WIND (MPH)
 HIGHEST WIND SPEED     5     HIGHEST WIND DIRECTION    310
 HIGHEST GUST SPEED     6     HIGHEST GUST DIRECTION    200

WEATHER CONDITIONS
 THE FOLLOWING WEATHER WAS RECORDED TODAY.
 NO SIGNIFICANT WEATHER WAS OBSERVED.

...................................................................

THE MCGRATH CLIMATE NORMALS FOR TOMORROW
                        NORMAL    RECORD   YEAR
 MAXIMUM TEMPERATURE       6        46     2007
 MINIMUM TEMPERATURE     -13       -63     1947

SUNRISE AND SUNSET
 FEB 1 2015..........SUNRISE  9:55 AM      SUNSET  5:19 PM
 FEB 2 2015..........SUNRISE  9:52 AM      SUNSET  5:23 PM

-  INDICATES NEGATIVE NUMBERS.
R  INDICATES RECORD HAS BEEN SET OR TIED.
MM INDICATES DATA IS MISSING.
T  INDICATES TRACE OF PRECIPITATION.

&&
-------------------------------------------------------------------

AMOUNT OF DAYLIGHT TODAY  (HOUR:MIN)........7 HOURS 24 MINUTES
GAIN SINCE YESTERDAY (HOUR:MIN:SEC)....+0:05:54

$$
JMC FEB 15
