000
CDAK49 PAMC 280905
CLIMCG

CLIMATE REPORT
NATIONAL WEATHER SERVICE MCGRATH, AK
105 AM AKDT SUN AUG 28 2016

...................................
...THE MCGRATH AIRPORT CLIMATE SUMMARY FOR AUGUST 27 2016...

CLIMATE NORMAL PERIOD  1981 TO  2010
CLIMATE RECORD PERIOD  1940 TO  2016

WEATHER ITEM   OBSERVED TIME    RECORD YEAR NORMAL DEPARTURE LAST
               VALUE    (LST)   VALUE       VALUE  FROM      YEAR
                                                   NORMAL
...................................................................
TEMPERATURE
YESTERDAY
 MAXIMUM            67  0215 PM    80  1981     61       6     54
 MINIMUM            46  0643 AM    30  1996     43       3     42
 AVERAGE            57                          52       5     48

PRECIPITATION
(INCHES)
 YESTERDAY        0.00           0.85  1974   0.09   -0.09      T
 MONTH TO DATE    3.77                        2.45    1.32   2.64
 SINCE JUN 1     10.38                        6.35    4.03   7.58
 SINCE JAN 1     13.19                       11.02    2.17   8.92

SNOWFALL
(INCHES)
 YESTERDAY         0.0            0.0  2016    0.0     0.0    0.0
 MONTH TO DATE     0.0                         0.0     0.0    0.0
 SINCE JUN 1       0.0                         0.0     0.0    0.0
 SINCE JUL 1       0.0                         0.0     0.0    0.0
 SNOW DEPTH (IN)     0                                          0

DEGREE DAYS
 HEATING
  YESTERDAY          8                          13      -5     17
  MONTH TO DATE    148                         271    -123    240
  SINCE JUN 1      473                         677    -204   1203
  SINCE JUL 1      283                         443    -160     MM

 COOLING
  YESTERDAY          0                           0       0      0
  MONTH TO DATE      0                           0       0      5
  SINCE JUN 1       28                          16      12     31
  SINCE JAN 1       28                          16      12     MM
...................................................................

WIND (MPH)
 HIGHEST WIND SPEED    17     HIGHEST WIND DIRECTION    300
 HIGHEST GUST SPEED    21     HIGHEST GUST DIRECTION    290
 AVERAGE WIND SPEED   4.1

WEATHER CONDITIONS
 THE FOLLOWING WEATHER WAS RECORDED YESTERDAY.
 FOG
...................................................................

THE MCGRATH CLIMATE NORMALS FOR TODAY
                           NORMAL    RECORD   YEAR
 MAXIMUM TEMPERATURE (F)     61        76     1981
 MINIMUM TEMPERATURE (F)     43        25     1984

SUNRISE AND SUNSET
 AUG 28 2016..........SUNRISE  7:00 AM      SUNSET  9:46 PM
 AUG 29 2016..........SUNRISE  7:03 AM      SUNSET  9:42 PM

-  INDICATES NEGATIVE NUMBERS.
R  INDICATES RECORD HAS BEEN SET OR TIED.
MM INDICATES DATA IS MISSING.
T  INDICATES TRACE OF PRECIPITATION.

&&
-------------------------------------------------------------------

AMOUNT OF DAYLIGHT TODAY  (HOUR:MIN)........14 HOURS 46 MINUTES
LOSS SINCE YESTERDAY (HOUR:MIN:SEC)....-0:06:08

$$
ADJ AUG 16
