213
CDAK49 PAFG 280045
CLIMCG

CLIMATE REPORT
NATIONAL WEATHER SERVICE FAIRBANKS AK
345 PM AKST MON FEB 27 2017


...................................

...THE MCGRATH AK CLIMATE SUMMARY FOR FEBRUARY 27 2017...
VALID TODAY AS OF 0300 PM LOCAL TIME.

CLIMATE NORMAL PERIOD 1981 TO 2010
CLIMATE RECORD PERIOD 1946 TO 2017


WEATHER ITEM   OBSERVED TIME   RECORD YEAR NORMAL DEPARTURE LAST
                VALUE   (LST)  VALUE       VALUE  FROM      YEAR
                                                  NORMAL
..................................................................
TEMPERATURE (F)
 TODAY
  MAXIMUM         30   1211 AM  43    2016  18     12       43
                                      1969
                                      1943
  MINIMUM         19    249 PM -43    1986  -7     26        7
                                      1956
  AVERAGE         25                         6     19       25

PRECIPITATION (IN)
  TODAY            T             0.97 1996   0.03  -0.03      T
  MONTH TO DATE    0.66                      0.91  -0.25     0.06
  SINCE DEC 1      2.17                      3.29  -1.12     0.06
  SINCE JAN 1      1.20                      2.00  -0.80     0.06

SNOWFALL (IN)
  TODAY            0.1          10.9  1996   0.4   -0.3     MM
  MONTH TO DATE   11.8                      12.6   -0.8      0.0
  SINCE DEC 1     40.4                      48.5   -8.1      0.0
  SINCE JUL 1     48.7                      79.5  -30.8      0.0
  SNOW DEPTH      14

DEGREE DAYS
 HEATING
  TODAY           40                        59    -19       40
  MONTH TO DATE 1708                      1720    -12      892
  SINCE DEC 1   5948                      6050   -102      892
  SINCE JUL 1   9694                     10173   -479      892

 COOLING
  TODAY            0                         0      0        0
  MONTH TO DATE    0                         0      0        0
  SINCE DEC 1      0                         0      0        0
  SINCE JAN 1      0                         0      0        0
..................................................................


WIND (MPH)
  HIGHEST GUST SPEED    30   HIGHEST GUST DIRECTION     W (290)


SKY COVER
  AVERAGE SKY COVER 0.8


WEATHER CONDITIONS
 THE FOLLOWING WEATHER WAS RECORDED TODAY.
  LIGHT SNOW
  FOG
  HAZE


RELATIVE HUMIDITY (PERCENT)
 HIGHEST    84
 LOWEST     62
 AVERAGE    73

..........................................................


THE MCGRATH AK CLIMATE NORMALS FOR TOMORROW
                         NORMAL    RECORD    YEAR
 MAXIMUM TEMPERATURE (F)   19        46      1996
 MINIMUM TEMPERATURE (F)   -7       -55      1956


SUNRISE AND SUNSET
FEBRUARY 27 2017......SUNRISE   832 AM AKST  SUNSET   640 PM AKST
FEBRUARY 28 2017......SUNRISE   829 AM AKST  SUNSET   643 PM AKST

-  INDICATES NEGATIVE NUMBERS.
R  INDICATES RECORD WAS SET OR TIED.
MM INDICATES DATA IS MISSING.
T  INDICATES TRACE AMOUNT.

&&

SNOW DEPTH IS MEASURED AT 3AM AKST/4AM AKDT.

----------------------------
AVAILABLE DAYLIGHT

AMOUNT OF DAYLIGHT TODAY  (HOUR:MIN)........10:08
GAIN/LOSS SINCE YESTERDAY (HOUR:MIN:SEC)....+0:06:12

$$
FEB 17
