000
CDAK49 PAFG 181022
CLIMCG

CLIMATE REPORT
NATIONAL WEATHER SERVICE FAIRBANKS AK
222 AM AKDT WED OCT 18 2017


...................................

...THE MCGRATH AK CLIMATE SUMMARY FOR OCTOBER 17 2017...

CLIMATE NORMAL PERIOD 1981 TO 2010
CLIMATE RECORD PERIOD 1946 TO 2017


WEATHER ITEM   OBSERVED TIME   RECORD YEAR NORMAL DEPARTURE LAST
                VALUE   (LST)  VALUE       VALUE  FROM      YEAR
                                                  NORMAL
..................................................................
TEMPERATURE (F)
 YESTERDAY
  MAXIMUM         35    443 PM  59    1969  31      4       29
  MINIMUM         26   1126 PM -10    1955  18      8       20
  AVERAGE         31                        24      7       25

PRECIPITATION (IN)
  YESTERDAY        0.00          1.02 2013   0.05  -0.05     0.00
  MONTH TO DATE    2.18                      0.91   1.27     0.05
  SINCE SEP 1      3.83                      3.40   0.43     5.13
  SINCE JAN 1     14.20                     14.77  -0.57    17.96

SNOWFALL (IN)
  YESTERDAY        0.0           3.8  2001   0.3   -0.3      0.0
                                      1985
  MONTH TO DATE    0.2                       4.2   -4.0      0.0
  SINCE SEP 1      0.2                       5.7   -5.5      0.0
  SINCE JUL 1      0.2                       5.7   -5.5      0.0
  SNOW DEPTH       0

DEGREE DAYS
 HEATING
  YESTERDAY       34                        41     -7       40
  MONTH TO DATE  426                       590   -164      494
  SINCE SEP 1    949                      1202   -253     1037
  SINCE JUL 1   1302                      1693   -391     1313

 COOLING
  YESTERDAY        0                         0      0        0
  MONTH TO DATE    0                         0      0        0
  SINCE SEP 1      0                         0      0        0
  SINCE JAN 1     37                        20     17       29
..................................................................


WIND (MPH)
  HIGHEST GUST SPEED    13   HIGHEST GUST DIRECTION     N (20)


SKY COVER
  AVERAGE SKY COVER 0.9


WEATHER CONDITIONS
 THE FOLLOWING WEATHER WAS RECORDED YESTERDAY.
  NO SIGNIFICANT WEATHER WAS OBSERVED.


RELATIVE HUMIDITY (PERCENT)
 HIGHEST    75
 LOWEST     51
 AVERAGE    63

..........................................................


THE MCGRATH AK CLIMATE NORMALS FOR TODAY
                         NORMAL    RECORD    YEAR
 MAXIMUM TEMPERATURE (F)   30        54      1969
 MINIMUM TEMPERATURE (F)   17        -5      2008
                                             1997
                                             1959


SUNRISE AND SUNSET
OCTOBER 18 2017.......SUNRISE   920 AM AKDT  SUNSET   655 PM AKDT
OCTOBER 19 2017.......SUNRISE   923 AM AKDT  SUNSET   652 PM AKDT

-  INDICATES NEGATIVE NUMBERS.
R  INDICATES RECORD WAS SET OR TIED.
MM INDICATES DATA IS MISSING.
T  INDICATES TRACE AMOUNT.

&&

SNOW DEPTH IS MEASURED AT 3AM AKST/4AM AKDT.

----------------------------
AVAILABLE DAYLIGHT

AMOUNT OF DAYLIGHT TODAY  (HOUR:MIN)........9:35
GAIN/LOSS SINCE YESTERDAY (HOUR:MIN:SEC)....-0:06:07

$$
OCT 17
