000
CDAK49 PAMC 271021
CLIMCG

CLIMATE REPORT
NATIONAL WEATHER SERVICE MCGRATH, AK
121 AM AKST SAT DEC 27 2014

...................................
...THE MCGRATH AIRPORT CLIMATE SUMMARY FOR DECEMBER 26 2014...

CLIMATE NORMAL PERIOD  1981 TO  2010
CLIMATE RECORD PERIOD  1940 TO  2014

WEATHER ITEM   OBSERVED TIME    RECORD YEAR NORMAL DEPARTURE LAST
               VALUE    (LST)   VALUE       VALUE  FROM      YEAR
                                                   NORMAL
...................................................................
TEMPERATURE
YESTERDAY
 MAXIMUM            31  0255 PM    43  1985      3      28    -30
 MINIMUM             8  0924 PM   -65  1961    -14      22    -40
 AVERAGE            20                          -5      25    -35

PRECIPITATION
(INCHES)
 YESTERDAY        0.07           0.28  1939   0.05    0.02   0.00
 MONTH TO DATE    0.92                        1.08   -0.16   1.27
 SINCE DEC 1      0.92                        1.08   -0.16   1.27
 SINCE JAN 1     11.33                       17.79   -6.46  20.71

SNOWFALL
(INCHES)
 YESTERDAY         0.4            3.8  1999    0.6    -0.2    0.0
 MONTH TO DATE    12.3                        17.0    -4.7   13.9
 SINCE DEC 1      12.3                        17.0    -4.7   13.9
 SINCE JUL 1      22.0                        48.0   -26.0   26.8
 SNOW DEPTH (IN)    13                                         13

DEGREE DAYS
 HEATING
  YESTERDAY         45                          70     -25    100
  MONTH TO DATE   1491                        1759    -268   1662
  SINCE DEC 1     1488                        1759    -271   1656
  SINCE JUL 1     5133                        5891    -758   5116

 COOLING
  YESTERDAY          0                           0       0      0
  MONTH TO DATE      0                           0       0      0
  SINCE DEC 1        0                           0       0      0
  SINCE JAN 1       11                          16      -5     78
...................................................................

WIND (MPH)
 HIGHEST WIND SPEED    17     HIGHEST WIND DIRECTION    210
 HIGHEST GUST SPEED    22     HIGHEST GUST DIRECTION    200
 AVERAGE WIND SPEED   5.8

WEATHER CONDITIONS
 THE FOLLOWING WEATHER WAS RECORDED YESTERDAY.
 FOG
 SNOW
...................................................................

THE MCGRATH CLIMATE NORMALS FOR TODAY
                           NORMAL    RECORD   YEAR
 MAXIMUM TEMPERATURE (F)      3        40     1985
 MINIMUM TEMPERATURE (F)    -14       -67     1961

SUNRISE AND SUNSET
 DEC 27 2014..........SUNRISE 11:00 AM      SUNSET  3:48 PM
 DEC 28 2014..........SUNRISE 11:00 AM      SUNSET  3:50 PM

-  INDICATES NEGATIVE NUMBERS.
R  INDICATES RECORD HAS BEEN SET OR TIED.
MM INDICATES DATA IS MISSING.
T  INDICATES TRACE OF PRECIPITATION.

&&
-------------------------------------------------------------------

AMOUNT OF DAYLIGHT TODAY  (HOUR:MIN)........4 HOURS 48 MINUTES
GAIN SINCE YESTERDAY (HOUR:MIN:SEC)....+0:01:21

$$
ADJ DEC 14
