000
CDAK49 PAFG 270955
CLIMCG

CLIMATE REPORT
NATIONAL WEATHER SERVICE FAIRBANKS AK
155 AM AKDT TUE JUN 27 2017


...................................

...THE MCGRATH AK CLIMATE SUMMARY FOR JUNE 26 2017...

CLIMATE NORMAL PERIOD 1981 TO 2010
CLIMATE RECORD PERIOD 1946 TO 2017


WEATHER ITEM   OBSERVED TIME   RECORD YEAR NORMAL DEPARTURE LAST
                VALUE   (LST)  VALUE       VALUE  FROM      YEAR
                                                  NORMAL
..................................................................
TEMPERATURE (F)
 YESTERDAY
  MAXIMUM         65    337 PM  83    2013  71     -6       76
                                      1951
  MINIMUM         52    431 AM  34    1941  50      2       55
  AVERAGE         59                        60     -1       66

PRECIPITATION (IN)
  YESTERDAY        T             0.73 1993   0.06  -0.06     0.03
  MONTH TO DATE    1.12                      1.28  -0.16     2.15
  SINCE JUN 1      1.12                      1.28  -0.16     2.15
  SINCE JAN 1      4.11                      5.95  -1.84     4.80

SNOWFALL (IN)
  YESTERDAY        0.0           0.0    MM   0.0    0.0      0.0
  MONTH TO DATE    T                         0.0    0.0      0.0
  SINCE JUN 1      T                         0.0    0.0      0.0
  SINCE JUL 1     51.3                      97.3  -46.0      0.0
  SNOW DEPTH       0

DEGREE DAYS
 HEATING
  YESTERDAY        6                         5      1        0
  MONTH TO DATE  140                       214    -74      185
  SINCE JUN 1    140                       214    -74      185
  SINCE JUL 1  13169                     13727   -558     3835

 COOLING
  YESTERDAY        0                         1     -1        1
  MONTH TO DATE    1                         1      0        4
  SINCE JUN 1      1                         1      0        4
  SINCE JAN 1      1                         1      0        4
..................................................................


WIND (MPH)
  HIGHEST GUST SPEED    24   HIGHEST GUST DIRECTION    SW (240)


SKY COVER
  AVERAGE SKY COVER 0.7


WEATHER CONDITIONS
 THE FOLLOWING WEATHER WAS RECORDED YESTERDAY.
  LIGHT RAIN


RELATIVE HUMIDITY (PERCENT)
 HIGHEST    89
 LOWEST     44
 AVERAGE    67

..........................................................


THE MCGRATH AK CLIMATE NORMALS FOR TODAY
                         NORMAL    RECORD    YEAR
 MAXIMUM TEMPERATURE (F)   71        86      2004
 MINIMUM TEMPERATURE (F)   50        34      1955


SUNRISE AND SUNSET
JUNE 27 2017..........SUNRISE   420 AM AKDT  SUNSET  1231 AM AKDT
JUNE 28 2017..........SUNRISE   421 AM AKDT  SUNSET  1230 AM AKDT

-  INDICATES NEGATIVE NUMBERS.
R  INDICATES RECORD WAS SET OR TIED.
MM INDICATES DATA IS MISSING.
T  INDICATES TRACE AMOUNT.

&&

SNOW DEPTH IS MEASURED AT 3AM AKST/4AM AKDT.

----------------------------
AVAILABLE DAYLIGHT

AMOUNT OF DAYLIGHT TODAY  (HOUR:MIN)........20:12
GAIN/LOSS SINCE YESTERDAY (HOUR:MIN:SEC)....-0:01:33

$$
NTS JUN 17
