000
CDUS43 KEAX 220633
CLIMCI

CLIMATE REPORT
NATIONAL WEATHER SERVICE KANSAS CITY/PLEASANT HILL MO
132 AM CDT FRI AUG 22 2014


...................................

...THE KANSAS CITY INTERNATIONAL MO CLIMATE SUMMARY FOR AUGUST 21 2014...

CLIMATE NORMAL PERIOD 1981 TO 2010
CLIMATE RECORD PERIOD 1888 TO 2014


WEATHER ITEM   OBSERVED TIME   RECORD YEAR NORMAL DEPARTURE LAST
                VALUE   (LST)  VALUE       VALUE  FROM      YEAR
                                                  NORMAL
..................................................................
TEMPERATURE (F)
 YESTERDAY
  MAXIMUM         94    455 PM 106    2003  87      7       89
  MINIMUM         77    619 AM  53    2004  66     11       65
                                      1956
                                      1950
  AVERAGE         86                        77      9       77

PRECIPITATION (IN)
  YESTERDAY        0.00          2.55 1938   0.13  -0.13     0.00
  MONTH TO DATE    4.73                      2.55   2.18     2.12
  SINCE JUN 1     14.68                     12.23   2.45     7.74
  SINCE JAN 1     23.30                     26.06  -2.76    22.67

SNOWFALL (IN)
  YESTERDAY        0.0           0.0    MM   0.0    0.0      0.0
  MONTH TO DATE    0.0                       0.0    0.0      0.0
  SINCE JUN 1      0.0                       0.0    0.0      0.0
  SINCE JUL 1      0.0                       0.0    0.0      0.0
  SNOW DEPTH       0

DEGREE DAYS
 HEATING
  YESTERDAY        0                         0      0        0
  MONTH TO DATE    0                         0      0        0
  SINCE JUN 1      3                         9     -6       17
  SINCE JUL 1      2                         0      2        0

 COOLING
  YESTERDAY       21                        12      9       12
  MONTH TO DATE  231                       269    -38      175
  SINCE JUN 1    794                       949   -155      818
  SINCE JAN 1    955                      1065   -110      923
..................................................................


WIND (MPH)
  HIGHEST WIND SPEED    21   HIGHEST WIND DIRECTION     S (190)
  HIGHEST GUST SPEED    28   HIGHEST GUST DIRECTION     S (190)
  AVERAGE WIND SPEED    14.3


SKY COVER
  POSSIBLE SUNSHINE  MM
  AVERAGE SKY COVER 0.5


WEATHER CONDITIONS
 THE FOLLOWING WEATHER WAS RECORDED YESTERDAY.
  HAZE


RELATIVE HUMIDITY (PERCENT)
 HIGHEST    74           500 AM
 LOWEST     52           300 PM
 AVERAGE    63

..........................................................


THE KANSAS CITY INTERNATIONAL MO CLIMATE NORMALS FOR TODAY
                         NORMAL    RECORD    YEAR
 MAXIMUM TEMPERATURE (F)   87       104      1936
 MINIMUM TEMPERATURE (F)   66        52      1923


SUNRISE AND SUNSET
AUGUST 22 2014........SUNRISE   638 AM CDT   SUNSET   805 PM CDT
AUGUST 23 2014........SUNRISE   639 AM CDT   SUNSET   803 PM CDT


-  INDICATES NEGATIVE NUMBERS.
R  INDICATES RECORD WAS SET OR TIED.
MM INDICATES DATA IS MISSING.
T  INDICATES TRACE AMOUNT.



&&

...MISCELLANEOUS CLIMATE DATA FROM YESTERDAY...

LOCATION                HIGH    LOW      PRECIP
ST. JOSEPH               93      76       0.00
DOWNTOWN KANSAS CITY     97      79       0.00
OLATHE NEW CENTURY       97      77       0.00
OLATHE JO CO EXEC        94      75       0.00
LEES SUMMIT              94      75       0.00
KIRKSVILLE               91      73       0.00
CHILLICOTHE              90      75       0.00
SEDALIA                  95      75       0.00
NWS PLEASANT HILL MO     92      71       0.00


THIS PRODUCT...ALONG WITH OTHER WEATHER...HYDROLOGICAL AND CLIMATE
INFORMATION...IS AVAILABLE ON THE WEB AT HTTP://WWW.CRH.NOAA.GOV/EAX
OR AT HTTP://WEATHER.GOV

$$

73
