857
CDUS43 KEAX 282125
CLIMCI

CLIMATE REPORT
NATIONAL WEATHER SERVICE KANSAS CITY/PLEASANT HILL MO
423 PM CDT SUN MAY 28 2017


...................................

...THE KANSAS CITY INTERNATIONAL MO CLIMATE SUMMARY FOR MAY 28 2017...
VALID AS OF 0400 PM LOCAL TIME.

CLIMATE NORMAL PERIOD 1981 TO 2010
CLIMATE RECORD PERIOD 1888 TO 2017


WEATHER ITEM   OBSERVED TIME   RECORD YEAR NORMAL DEPARTURE LAST
                VALUE   (LST)  VALUE       VALUE  FROM      YEAR
                                                  NORMAL
..................................................................
TEMPERATURE (F)
 TODAY
  MAXIMUM         80    259 PM  93    2006  78      2       76
  MINIMUM         57    522 AM  38    1947  58     -1       56
  AVERAGE         69                        68      1       66

PRECIPITATION (IN)
  TODAY            0.00          1.71 1975   0.17  -0.17     0.01
  MONTH TO DATE    5.37                      4.73   0.64     9.43
  SINCE MAR 1     14.82                     10.80   4.02    19.30
  SINCE JAN 1     16.27                     13.33   2.94    20.46

SNOWFALL (IN)
  TODAY            0.0           0.0    MM   0.0    0.0      0.0
  MONTH TO DATE    0.0                       0.0    0.0      0.0
  SINCE MAR 1      0.4                       2.6   -2.2      0.6
  SINCE JUL 1      4.9                      18.8  -13.9      5.9
  SNOW DEPTH       0

DEGREE DAYS
 HEATING
  TODAY            0                         2     -2        0
  MONTH TO DATE  109                       101      8      120
  SINCE MAR 1    892                      1076   -184      805
  SINCE JUL 1   4146                      5121   -975     4162

 COOLING
  TODAY            4                         5     -1        1
  MONTH TO DATE   71                        72     -1       37
  SINCE MAR 1    104                       100      4       51
  SINCE JAN 1    104                       100      4       51
..................................................................


WIND (MPH)
  HIGHEST WIND SPEED    21   HIGHEST WIND DIRECTION    NW (300)
  HIGHEST GUST SPEED    26   HIGHEST GUST DIRECTION     W (280)
  AVERAGE WIND SPEED     9.2


SKY COVER
  POSSIBLE SUNSHINE  MM
  AVERAGE SKY COVER 0.2


WEATHER CONDITIONS
 THE FOLLOWING WEATHER WAS RECORDED TODAY.
  NO SIGNIFICANT WEATHER WAS OBSERVED.


RELATIVE HUMIDITY (PERCENT)
 HIGHEST   100           400 AM
 LOWEST     39           300 PM
 AVERAGE    70

..........................................................


THE KANSAS CITY INTERNATIONAL MO CLIMATE NORMALS FOR TOMORROW
                         NORMAL    RECORD    YEAR
 MAXIMUM TEMPERATURE (F)   79        98      1934
 MINIMUM TEMPERATURE (F)   58        35      1947


SUNRISE AND SUNSET
MAY 28 2017...........SUNRISE   556 AM CDT   SUNSET   837 PM CDT
MAY 29 2017...........SUNRISE   555 AM CDT   SUNSET   838 PM CDT


-  INDICATES NEGATIVE NUMBERS.
R  INDICATES RECORD WAS SET OR TIED.
MM INDICATES DATA IS MISSING.
T  INDICATES TRACE AMOUNT.


&&

...MISCELLANEOUS CLIMATE DATA FROM TODAY...

LOCATION                HIGH    LOW      PRECIP
ST. JOSEPH               82      57       0.00
DOWNTOWN KANSAS CITY     82      60       0.00
OLATHE NEW CENTURY       81      58       0.00
OLATHE JO CO EXEC        79      58       0.00
LEES SUMMIT              80      59       0.00
KIRKSVILLE               80      57       0.00
CHILLICOTHE              81      56       0.00
SEDALIA                  79      62       0.00
NWS PLEASANT HILL MO     80      59       0.00


THIS PRODUCT...ALONG WITH OTHER WEATHER...HYDROLOGICAL AND CLIMATE
INFORMATION...IS AVAILABLE ON THE WEB AT HTTP://WWW.WEATHER.GOV/EAX
OR AT HTTP://WEATHER.GOV

$$
