000
CDUS43 KGLD 030742 RRA
CLIMCK

CLIMATE REPORT
NATIONAL WEATHER SERVICE GOODLAND
136 AM MDT WED JUN 3 2015
...................................

...THE MCCOOK NE CLIMATE SUMMARY FOR JUNE 2 2015...

CLIMATE NORMAL PERIOD 1981 TO 2010
CLIMATE RECORD PERIOD 1896 TO 2015

WEATHER ITEM   OBSERVED TIME   RECORD YEAR NORMAL DEPARTURE LAST
                VALUE   (LST)  VALUE       VALUE  FROM      YEAR
                                                  NORMAL
..................................................................
TEMPERATURE (F)
 YESTERDAY
  MAXIMUM         88    450 PM 103    2002  79      9       85
  MINIMUM         60    554 AM  35    1917  52      8       55
  AVERAGE         74                        65      9       70

PRECIPITATION (IN)
  YESTERDAY        1.25                      0.11   1.14     0.00
  MONTH TO DATE    1.25                      0.23   1.02     0.06
  SINCE JUN 1      1.25                      0.23   1.02     0.06
  SINCE JAN 1      7.41                      8.17  -0.76     5.02

..................................................................

THE MCCOOK NE CLIMATE NORMALS FOR TODAY
                         NORMAL    RECORD    YEAR
 MAXIMUM TEMPERATURE (F)   79       106      1933
 MINIMUM TEMPERATURE (F)   52        38      1951

-  INDICATES NEGATIVE NUMBERS.
R  INDICATES RECORD WAS SET OR TIED.
MM INDICATES DATA IS MISSING.
T  INDICATES TRACE AMOUNT.

$$
