000
CDUS43 KGLD 010040 RRB
CLIMCK

CLIMATE REPORT
NATIONAL WEATHER SERVICE GOODLAND
637 PM MDT WED AUG 31 2016

...................................

...THE MCCOOK NE CLIMATE SUMMARY FOR AUGUST 31 2016...
VALID TODAY AS OF 0600 PM LOCAL TIME.

CLIMATE NORMAL PERIOD 1981 TO 2010
CLIMATE RECORD PERIOD 1896 TO 2016


WEATHER ITEM   OBSERVED TIME   RECORD YEAR NORMAL DEPARTURE LAST
                VALUE   (LST)  VALUE       VALUE  FROM      YEAR
                                                  NORMAL
..................................................................
TEMPERATURE (F)
 TODAY
  MAXIMUM         78    312 PM 104    1929  85     -7       98
  MINIMUM         64    318 AM  41    1955  56      8       58
  AVERAGE         71                        71      0       78

PRECIPITATION (IN)
  TODAY            T                         0.07  -0.07     0.00
  MONTH TO DATE    2.70                      3.14  -0.44     2.48
  SINCE JUN 1      7.93                      9.77  -1.84     8.92
  SINCE JAN 1     18.13                     17.71   0.42    15.08

..................................................................


THE MCCOOK NE CLIMATE NORMALS FOR TOMORROW
                         NORMAL    RECORD    YEAR
 MAXIMUM TEMPERATURE (F)   85       107      1929
 MINIMUM TEMPERATURE (F)   56        39      1956



-  INDICATES NEGATIVE NUMBERS.
R  INDICATES RECORD WAS SET OR TIED.
MM INDICATES DATA IS MISSING.
T  INDICATES TRACE AMOUNT.

$$
