000
CDUS43 KGLD 010740
CLIMCK

CLIMATE REPORT
NATIONAL WEATHER SERVICE GOODLAND
137 AM MDT FRI AUG 1 2014

...................................

...THE MCCOOK NE CLIMATE SUMMARY FOR JULY 31 2014...

CLIMATE NORMAL PERIOD 1981 TO 2010
CLIMATE RECORD PERIOD 1896 TO 2014

WEATHER ITEM   OBSERVED TIME   RECORD YEAR NORMAL DEPARTURE LAST
                VALUE   (LST)  VALUE       VALUE  FROM      YEAR
                                                  NORMAL
..................................................................
TEMPERATURE (F)
 YESTERDAY
  MAXIMUM         90    441 PM 107    2002  89      1       88
  MINIMUM         58    532 AM  52    2009  62     -4       61
  AVERAGE         74                        76     -2       75

PRECIPITATION (IN)
  YESTERDAY        0.00                      0.11  -0.11     0.06
  MONTH TO DATE    2.12                      3.25  -1.13     1.69
  SINCE JUN 1     10.17                      6.63   3.54     2.79
  SINCE JAN 1     15.13                     14.57   0.56     7.68

..................................................................

THE MCCOOK NE CLIMATE NORMALS FOR TODAY
                         NORMAL    RECORD    YEAR
 MAXIMUM TEMPERATURE (F)   89       107      2005
 MINIMUM TEMPERATURE (F)   62        49      1923

-  INDICATES NEGATIVE NUMBERS.
R  INDICATES RECORD WAS SET OR TIED.
MM INDICATES DATA IS MISSING.
T  INDICATES TRACE AMOUNT.

$$
