000
CDUS42 KFFC 220819
CLIMCN


CLIMATE REPORT
NATIONAL WEATHER SERVICE PEACHTREE CITY GA
419 AM EDT TUE JUL 22 2014


...................................

...THE MACON CLIMATE SUMMARY FOR JULY 21 2014...

CLIMATE NORMAL PERIOD 1981 TO 2010
CLIMATE RECORD PERIOD 1899 TO 2014


WEATHER ITEM   OBSERVED TIME   RECORD YEAR NORMAL DEPARTURE LAST
                VALUE   (LST)  VALUE       VALUE  FROM      YEAR
                                                  NORMAL
..................................................................
TEMPERATURE (F)
 YESTERDAY
  MAXIMUM         83    518 PM 106    1986  93    -10       85
  MINIMUM         71   1159 PM  56    2009  71      0       72
  AVERAGE         77                        82     -5       79

PRECIPITATION (IN)
  YESTERDAY        0.91          1.92 1995   0.15   0.76     0.07
  MONTH TO DATE    5.04                      3.42   1.62     5.60
  SINCE JUN 1     10.69                      7.48   3.21    17.85
  SINCE JAN 1     32.88                     26.31   6.57    46.54

DEGREE DAYS
 HEATING
  YESTERDAY        0                         0      0        0
  MONTH TO DATE    0                         0      0        0
  SINCE JUN 1      0                         0      0        0
  SINCE JUL 1      0                         0      0        0

 COOLING
  YESTERDAY       12                        17     -5       14
  MONTH TO DATE  298                       351    -53      303
  SINCE JUN 1    713                       770    -57      699
  SINCE JAN 1    991                      1083    -92      909
..................................................................


WIND (MPH)
  RESULTANT WIND SPEED   1   RESULTANT WIND DIRECTION   S (170)
  HIGHEST WIND SPEED    15   HIGHEST WIND DIRECTION    SE (120)
  HIGHEST GUST SPEED    32   HIGHEST GUST DIRECTION    SE (150)
  AVERAGE WIND SPEED     2.2


SKY COVER
  AVERAGE SKY COVER 0.8


WEATHER CONDITIONS
 THE FOLLOWING WEATHER WAS RECORDED YESTERDAY.
  THUNDERSTORM
  HEAVY RAIN
  RAIN
  LIGHT RAIN
  FOG


RELATIVE HUMIDITY (PERCENT)
 HIGHEST   100          1200 AM
 LOWEST     74           400 PM
 AVERAGE    87

..........................................................


THE MACON CLIMATE NORMALS FOR TODAY
                         NORMAL    RECORD    YEAR
 MAXIMUM TEMPERATURE (F)   93       102      1983
                                             1977
 MINIMUM TEMPERATURE (F)   71        61      1947


SUNRISE AND SUNSET
JULY 22 2014..........SUNRISE   642 AM EDT   SUNSET   840 PM EDT
JULY 23 2014..........SUNRISE   643 AM EDT   SUNSET   839 PM EDT


-  INDICATES NEGATIVE NUMBERS.
R  INDICATES RECORD WAS SET OR TIED.
MM INDICATES DATA IS MISSING.
T  INDICATES TRACE AMOUNT.




$$
