000
CDUS42 KFFC 300024
CLIMCN


CLIMATE REPORT
NATIONAL WEATHER SERVICE PEACHTREE CITY GA
824 PM EDT SAT APR 29 2017


...................................

...THE MACON CLIMATE SUMMARY FOR APRIL 29 2017...
VALID AS OF 0800 PM LOCAL TIME.

CLIMATE NORMAL PERIOD 1981 TO 2010
CLIMATE RECORD PERIOD 1899 TO 2017


WEATHER ITEM   OBSERVED TIME   RECORD YEAR NORMAL DEPARTURE LAST
                VALUE   (LST)  VALUE       VALUE  FROM      YEAR
                                                  NORMAL
..................................................................
TEMPERATURE (F)
 TODAY
  MAXIMUM         89    315 PM  92    2012  80      9       90
  MINIMUM         67    610 AM  37    1992  54     13       63
  AVERAGE         78                        67     11       77

PRECIPITATION (IN)
  TODAY            0.00          3.27 1937   0.08  -0.08     0.00
  MONTH TO DATE    3.01                      2.88   0.13     7.63
  SINCE MAR 1      4.46                      7.43  -2.97    10.27
  SINCE JAN 1     17.66                     16.03   1.63    16.00

SNOWFALL (IN)
  TODAY            0.0           0.0  2002   0.0    0.0      0.0
                                      2001
                                      2000
  MONTH TO DATE    0.0                       0.0    0.0      0.0
  SINCE MAR 1      0.0                       0.2   -0.2      0.0
  SINCE JUL 1      0.0                       0.7   -0.7       T
  SNOW DEPTH       0

DEGREE DAYS
 HEATING
  TODAY            0                         2     -2        0
  MONTH TO DATE   41                       110    -69       94
  SINCE MAR 1    278                       382   -104      257
  SINCE JUL 1   1465                      2307   -842     1787

 COOLING
  TODAY           13                         4      9       12
  MONTH TO DATE  133                        59     74       56
  SINCE MAR 1    186                        77    109      108
  SINCE JAN 1    197                        80    117      109
..................................................................


WIND (MPH)
  HIGHEST WIND SPEED    14   HIGHEST WIND DIRECTION     S (160)
  HIGHEST GUST SPEED    20   HIGHEST GUST DIRECTION     S (160)
  AVERAGE WIND SPEED     5.4


SKY COVER
  AVERAGE SKY COVER 0.3


WEATHER CONDITIONS
 THE FOLLOWING WEATHER WAS RECORDED TODAY.
  FOG
  HAZE


RELATIVE HUMIDITY (PERCENT)
 HIGHEST    97           700 AM
 LOWEST     48           400 PM

..........................................................


THE MACON CLIMATE NORMALS FOR TOMORROW
                         NORMAL    RECORD
 MAXIMUM TEMPERATURE (F)   80        94
 MINIMUM TEMPERATURE (F)   54        40


SUNRISE AND SUNSET
APRIL 29 2017.........SUNRISE   649 AM EDT   SUNSET   815 PM EDT
APRIL 30 2017.........SUNRISE   648 AM EDT   SUNSET   816 PM EDT


-  INDICATES NEGATIVE NUMBERS.
R  INDICATES RECORD WAS SET OR TIED.
MM INDICATES DATA IS MISSING.
T  INDICATES TRACE AMOUNT.




$$
