000
CDUS42 KFFC 110022
CLIMCN


CLIMATE REPORT
NATIONAL WEATHER SERVICE PEACHTREE CITY GA
722 PM EST SUN DEC 10 2017


...................................

...THE MACON CLIMATE SUMMARY FOR DECEMBER 10 2017...
VALID AS OF 0700 PM LOCAL TIME.

CLIMATE NORMAL PERIOD 1981 TO 2010
CLIMATE RECORD PERIOD 1899 TO 2017


WEATHER ITEM   OBSERVED TIME   RECORD YEAR NORMAL DEPARTURE LAST
                VALUE   (LST)  VALUE       VALUE  FROM      YEAR
                                                  NORMAL
..................................................................
TEMPERATURE (F)
 TODAY
  MAXIMUM         51    352 PM  82    1972  61    -10       53
  MINIMUM         27    746 AM  19    2010  37    -10       24
  AVERAGE         39                        49    -10       39

PRECIPITATION (IN)
  TODAY            0.00          2.55 2008   0.13  -0.13     0.00
  MONTH TO DATE    2.22                      1.31   0.91     3.37
  SINCE DEC 1      2.22                      1.31   0.91     3.37
  SINCE JAN 1     47.65                     42.95   4.70    31.12

SNOWFALL (IN)
  TODAY            0.0           0.0  2001   0.0    0.0      0.0
  MONTH TO DATE    0.0                       0.0    0.0      0.0
  SINCE DEC 1      0.0                       0.0    0.0      0.0
  SINCE JUL 1      0.0                       0.0    0.0      0.0
  SNOW DEPTH       0

DEGREE DAYS
 HEATING
  TODAY           26                        16     10       26
  MONTH TO DATE  133                       151    -18      142
  SINCE DEC 1    133                       151    -18      142
  SINCE JUL 1    491                       546    -55      384
..................................................................


WIND (MPH)
  HIGHEST WIND SPEED    13   HIGHEST WIND DIRECTION     W (270)
  HIGHEST GUST SPEED    17   HIGHEST GUST DIRECTION     W (270)
  AVERAGE WIND SPEED     7.6


SKY COVER
  AVERAGE SKY COVER 0.0


WEATHER CONDITIONS
 THE FOLLOWING WEATHER WAS RECORDED TODAY.
  NO SIGNIFICANT WEATHER WAS OBSERVED.


RELATIVE HUMIDITY (PERCENT)
 HIGHEST    92           500 AM
 LOWEST     30           300 PM

..........................................................


THE MACON CLIMATE NORMALS FOR TOMORROW
                         NORMAL    RECORD
 MAXIMUM TEMPERATURE (F)   60        82
 MINIMUM TEMPERATURE (F)   37        19


SUNRISE AND SUNSET
DECEMBER 10 2017......SUNRISE   726 AM EST   SUNSET   529 PM EST
DECEMBER 11 2017......SUNRISE   727 AM EST   SUNSET   529 PM EST


-  INDICATES NEGATIVE NUMBERS.
R  INDICATES RECORD WAS SET OR TIED.
MM INDICATES DATA IS MISSING.
T  INDICATES TRACE AMOUNT.




$$
