000
CDUS42 KFFC 270023
CLIMCN


CLIMATE REPORT
NATIONAL WEATHER SERVICE PEACHTREE CITY GA
823 PM EDT TUE MAY 26 2015


...................................

...THE MACON CLIMATE SUMMARY FOR MAY 26 2015...
VALID AS OF 0800 PM LOCAL TIME.

CLIMATE NORMAL PERIOD 1981 TO 2010
CLIMATE RECORD PERIOD 1899 TO 2015


WEATHER ITEM   OBSERVED TIME   RECORD YEAR NORMAL DEPARTURE LAST
                VALUE   (LST)  VALUE       VALUE  FROM      YEAR
                                                  NORMAL
..................................................................
TEMPERATURE (F)
 TODAY
  MAXIMUM         90    206 PM  98    1962  87      3       88
  MINIMUM         69    659 PM  49    1979  63      6       62
  AVERAGE         80                        75      5       75

PRECIPITATION (IN)
  TODAY            0.35          3.19 1923   0.10   0.25     0.00
  MONTH TO DATE    1.15                      2.17  -1.02     2.66
  SINCE MAR 1      9.70                      9.68   0.02    14.05
  SINCE JAN 1     16.50                     18.28  -1.78    21.88

DEGREE DAYS
 COOLING
  TODAY           15                        10      5       10
  MONTH TO DATE  202                       175     27      166
  SINCE MAR 1    326                       256     70      218
  SINCE JAN 1    326                       259     67      219
..................................................................


WIND (MPH)
  HIGHEST WIND SPEED    28   HIGHEST WIND DIRECTION     W (260)
  HIGHEST GUST SPEED    37   HIGHEST GUST DIRECTION     W (260)
  AVERAGE WIND SPEED     6.2


SKY COVER
  AVERAGE SKY COVER 0.6


WEATHER CONDITIONS
 THE FOLLOWING WEATHER WAS RECORDED TODAY.
  THUNDERSTORM
  HEAVY RAIN
  RAIN
  LIGHT RAIN
  FOG


RELATIVE HUMIDITY (PERCENT)
 HIGHEST   100          1200 AM
 LOWEST     52           200 PM

..........................................................


THE MACON CLIMATE NORMALS FOR TOMORROW
                         NORMAL    RECORD
 MAXIMUM TEMPERATURE (F)   87        99
 MINIMUM TEMPERATURE (F)   63        45


SUNRISE AND SUNSET
MAY 26 2015...........SUNRISE   630 AM EDT   SUNSET   834 PM EDT
MAY 27 2015...........SUNRISE   629 AM EDT   SUNSET   834 PM EDT


-  INDICATES NEGATIVE NUMBERS.
R  INDICATES RECORD WAS SET OR TIED.
MM INDICATES DATA IS MISSING.
T  INDICATES TRACE AMOUNT.




$$
