000
CDUS42 KFFC 190920
CLIMCN


CLIMATE REPORT
NATIONAL WEATHER SERVICE PEACHTREE CITY GA
419 AM EST SUN FEB 19 2017


...................................

...THE MACON CLIMATE SUMMARY FOR FEBRUARY 18 2017...

CLIMATE NORMAL PERIOD 1981 TO 2010
CLIMATE RECORD PERIOD 1899 TO 2017


WEATHER ITEM   OBSERVED TIME   RECORD YEAR NORMAL DEPARTURE LAST
                VALUE   (LST)  VALUE       VALUE  FROM      YEAR
                                                  NORMAL
..................................................................
TEMPERATURE (F)
 YESTERDAY
  MAXIMUM         59    549 PM  80    1956  63     -4       65
                                      1951
  MINIMUM         47    757 AM  11    1900  39      8       32
  AVERAGE         53                        51      2       49

PRECIPITATION (IN)
  YESTERDAY        0.11          2.41 1995   0.16  -0.05     0.00
  MONTH TO DATE    1.51                      2.79  -1.28     2.66
  SINCE DEC 1     18.72                     11.07   7.65    17.80
  SINCE JAN 1     12.77                      7.03   5.74     5.18

SNOWFALL (IN)
  YESTERDAY        0.0           0.0  2002   0.0    0.0      0.0
  MONTH TO DATE    0.0                       0.0    0.0       T
  SINCE DEC 1      0.0                       0.5   -0.5       T
  SINCE JUL 1      0.0                       0.5   -0.5       T
  SNOW DEPTH       0

DEGREE DAYS
 HEATING
  YESTERDAY       12                        14     -2       16
  MONTH TO DATE  168                       288   -120      303
  SINCE DEC 1    901                      1398   -497     1150
  SINCE JUL 1   1143                      1793   -650     1422

 COOLING
  YESTERDAY        0                         0      0        0
  MONTH TO DATE    4                         0      4        0
  SINCE DEC 1     10                         4      6       42
  SINCE JAN 1      8                         1      7        0
..................................................................


WIND (MPH)
  RESULTANT WIND SPEED   0   RESULTANT WIND DIRECTION   E (90)
  HIGHEST WIND SPEED    12   HIGHEST WIND DIRECTION    NE (30)
  HIGHEST GUST SPEED    13   HIGHEST GUST DIRECTION     N (20)
  AVERAGE WIND SPEED     1.6


SKY COVER
  AVERAGE SKY COVER 0.4


WEATHER CONDITIONS
 THE FOLLOWING WEATHER WAS RECORDED YESTERDAY.
  RAIN
  LIGHT RAIN
  FOG
  HAZE


RELATIVE HUMIDITY (PERCENT)
 HIGHEST    89           200 PM
 LOWEST     43           100 AM
 AVERAGE    66

..........................................................


THE MACON CLIMATE NORMALS FOR TODAY
                         NORMAL    RECORD    YEAR
 MAXIMUM TEMPERATURE (F)   63        82      1956
 MINIMUM TEMPERATURE (F)   39        17      1958


SUNRISE AND SUNSET
FEBRUARY 19 2017......SUNRISE   713 AM EST   SUNSET   624 PM EST
FEBRUARY 20 2017......SUNRISE   712 AM EST   SUNSET   625 PM EST


-  INDICATES NEGATIVE NUMBERS.
R  INDICATES RECORD WAS SET OR TIED.
MM INDICATES DATA IS MISSING.
T  INDICATES TRACE AMOUNT.




$$
