000
CDUS42 KFFC 052135
CLIMCN


CLIMATE REPORT
NATIONAL WEATHER SERVICE PEACHTREE CITY GA
435 PM EST FRI FEB 5 2016


...................................

...THE MACON CLIMATE SUMMARY FOR FEBRUARY 5 2016...
VALID TODAY AS OF 0400 PM LOCAL TIME.

CLIMATE NORMAL PERIOD 1981 TO 2010
CLIMATE RECORD PERIOD 1899 TO 2016


WEATHER ITEM   OBSERVED TIME   RECORD YEAR NORMAL DEPARTURE LAST
                VALUE   (LST)  VALUE       VALUE  FROM      YEAR
                                                  NORMAL
..................................................................
TEMPERATURE (F)
 TODAY
  MAXIMUM         53    327 PM  83    1957  60     -7       61
  MINIMUM         33    748 AM  10    1996  36     -3       35
  AVERAGE         43                        48     -5       48

PRECIPITATION (IN)
  TODAY            0.00          2.55 1985   0.15  -0.15     0.05
  MONTH TO DATE    2.21                      0.76   1.45     0.36
  SINCE DEC 1     17.35                      9.04   8.31     8.69
  SINCE JAN 1      4.73                      5.00  -0.27     2.80

SNOWFALL (IN)
  TODAY            0.0           0.0  2002   0.0    0.0     MM
  MONTH TO DATE    0.0                       0.0    0.0      0.0
  SINCE DEC 1      T                         0.5   -0.5      0.0
  SINCE JUL 1      T                         0.5   -0.5      0.0
  SNOW DEPTH       0

DEGREE DAYS
 HEATING
  TODAY           22                        17      5       17
  MONTH TO DATE   45                        85    -40      103
  SINCE DEC 1    892                      1195   -303     1167
  SINCE JUL 1   1164                      1590   -426     1727

 COOLING
  TODAY            0                         0      0        0
  MONTH TO DATE    0                         0      0        0
  SINCE DEC 1     42                         4     38        0
  SINCE JAN 1      0                         1     -1        0
..................................................................


WIND (MPH)
  RESULTANT WIND SPEED   9   RESULTANT WIND DIRECTION   N (350)
  HIGHEST WIND SPEED    22   HIGHEST WIND DIRECTION    NW (310)
  HIGHEST GUST SPEED    33   HIGHEST GUST DIRECTION    NW (320)
  AVERAGE WIND SPEED    11.0


SKY COVER
  AVERAGE SKY COVER 0.0


WEATHER CONDITIONS
 THE FOLLOWING WEATHER WAS RECORDED TODAY.
  NO SIGNIFICANT WEATHER WAS OBSERVED.


RELATIVE HUMIDITY (PERCENT)
 HIGHEST    53          1200 AM
 LOWEST     24           400 PM
 AVERAGE    39

..........................................................


THE MACON CLIMATE NORMALS FOR TOMORROW
                         NORMAL    RECORD    YEAR
 MAXIMUM TEMPERATURE (F)   60        77      1927
 MINIMUM TEMPERATURE (F)   36        16      1966


SUNRISE AND SUNSET
FEBRUARY  5 2016......SUNRISE   727 AM EST   SUNSET   611 PM EST
FEBRUARY  6 2016......SUNRISE   726 AM EST   SUNSET   612 PM EST


-  INDICATES NEGATIVE NUMBERS.
R  INDICATES RECORD WAS SET OR TIED.
MM INDICATES DATA IS MISSING.
T  INDICATES TRACE AMOUNT.




$$
