000
CDUS42 KFFC 300822
CLIMCN


CLIMATE REPORT
NATIONAL WEATHER SERVICE PEACHTREE CITY GA
422 AM EDT FRI SEP 30 2016


...................................

...THE MACON CLIMATE SUMMARY FOR SEPTEMBER 29 2016...

CLIMATE NORMAL PERIOD 1981 TO 2010
CLIMATE RECORD PERIOD 1899 TO 2016


WEATHER ITEM   OBSERVED TIME   RECORD YEAR NORMAL DEPARTURE LAST
                VALUE   (LST)  VALUE       VALUE  FROM      YEAR
                                                  NORMAL
..................................................................
TEMPERATURE (F)
 YESTERDAY
  MAXIMUM         91    302 PM  95    1941  82      9       78
  MINIMUM         57    615 AM  41    1967  59     -2       71
  AVERAGE         74                        71      3       75

PRECIPITATION (IN)
  YESTERDAY        0.00          2.44 1920   0.11  -0.11     0.29
  MONTH TO DATE    2.18                      3.48  -1.30     2.09
  SINCE SEP 1      2.18                      3.48  -1.30     2.09
  SINCE JAN 1     26.40                     35.42  -9.02    29.00

DEGREE DAYS
 HEATING
  YESTERDAY        0                         1     -1        0
  MONTH TO DATE    0                         3     -3        0
  SINCE SEP 1      0                         3     -3        0
  SINCE JUL 1      0                         3     -3        0

 COOLING
  YESTERDAY        9                         6      3       10
  MONTH TO DATE  415                       299    116      278
  SINCE SEP 1    415                       299    116      278
  SINCE JAN 1   2442                      2043    399     2224
..................................................................


WIND (MPH)
  RESULTANT WIND SPEED   5   RESULTANT WIND DIRECTION   W (280)
  HIGHEST WIND SPEED    18   HIGHEST WIND DIRECTION     W (280)
  HIGHEST GUST SPEED    21   HIGHEST GUST DIRECTION     W (290)
  AVERAGE WIND SPEED     5.5


SKY COVER
  AVERAGE SKY COVER 0.1


WEATHER CONDITIONS
 THE FOLLOWING WEATHER WAS RECORDED YESTERDAY.
  FOG


RELATIVE HUMIDITY (PERCENT)
 HIGHEST   100           500 AM
 LOWEST     27           100 PM
 AVERAGE    64

..........................................................


THE MACON CLIMATE NORMALS FOR TODAY
                         NORMAL    RECORD    YEAR
 MAXIMUM TEMPERATURE (F)   82        95      1954
                                             1904
 MINIMUM TEMPERATURE (F)   59        35      1967


SUNRISE AND SUNSET
SEPTEMBER 30 2016.....SUNRISE   728 AM EDT   SUNSET   720 PM EDT
OCTOBER  1 2016.......SUNRISE   729 AM EDT   SUNSET   719 PM EDT


-  INDICATES NEGATIVE NUMBERS.
R  INDICATES RECORD WAS SET OR TIED.
MM INDICATES DATA IS MISSING.
T  INDICATES TRACE AMOUNT.




$$
