000
CDUS42 KFFC 280816
CLIMCN


CLIMATE REPORT
NATIONAL WEATHER SERVICE PEACHTREE CITY GA
416 AM EDT SAT MAR 28 2015


...................................

...THE MACON CLIMATE SUMMARY FOR MARCH 27 2015...

CLIMATE NORMAL PERIOD 1981 TO 2010
CLIMATE RECORD PERIOD 1899 TO 2015


WEATHER ITEM   OBSERVED TIME   RECORD YEAR NORMAL DEPARTURE LAST
                VALUE   (LST)  VALUE       VALUE  FROM      YEAR
                                                  NORMAL
..................................................................
TEMPERATURE (F)
 YESTERDAY
  MAXIMUM         65    412 PM  88    1994  72     -7       69
                                      1949
  MINIMUM         47   1159 PM  20    1955  46      1       30
  AVERAGE         56                        59     -3       50

PRECIPITATION (IN)
  YESTERDAY        0.02          3.46 2005   0.14  -0.12     0.00
  MONTH TO DATE    1.48                      3.99  -2.51     2.78
  SINCE MAR 1      1.48                      3.99  -2.51     2.78
  SINCE JAN 1      8.28                     12.59  -4.31    10.61

SNOWFALL (IN)
  YESTERDAY       MM             0.0  2002   0.0   MM        0.0
                                      2001
                                      2000
  MONTH TO DATE    0.0                       0.2   -0.2      0.0
  SINCE MAR 1      0.0                       0.2   -0.2      0.0
  SINCE JUL 1      0.0                       0.7   -0.7      2.1
  SNOW DEPTH       0

DEGREE DAYS
 HEATING
  YESTERDAY        9                         7      2       15
  MONTH TO DATE  159                       248    -89      344
  SINCE MAR 1    159                       248    -89      344
  SINCE JUL 1   2372                      2173    199     2477

 COOLING
  YESTERDAY        0                         1     -1        0
  MONTH TO DATE   12                        16     -4        0
  SINCE MAR 1     12                        16     -4        0
  SINCE JAN 1     12                        19     -7        1
..................................................................


WIND (MPH)
  RESULTANT WIND SPEED  11   RESULTANT WIND DIRECTION   W (290)
  HIGHEST WIND SPEED    24   HIGHEST WIND DIRECTION     W (280)
  HIGHEST GUST SPEED    30   HIGHEST GUST DIRECTION     W (290)
  AVERAGE WIND SPEED    12.3


SKY COVER
  AVERAGE SKY COVER 0.6


WEATHER CONDITIONS
 THE FOLLOWING WEATHER WAS RECORDED YESTERDAY.
  RAIN
  LIGHT RAIN
  FOG


RELATIVE HUMIDITY (PERCENT)
 HIGHEST    93           200 AM
 LOWEST     27           600 PM
 AVERAGE    60

..........................................................


THE MACON CLIMATE NORMALS FOR TODAY
                         NORMAL    RECORD    YEAR
 MAXIMUM TEMPERATURE (F)   73        89      1907
 MINIMUM TEMPERATURE (F)   46        30      2013
                                             2001


SUNRISE AND SUNSET
MARCH 28 2015.........SUNRISE   728 AM EDT   SUNSET   752 PM EDT
MARCH 29 2015.........SUNRISE   727 AM EDT   SUNSET   752 PM EDT


-  INDICATES NEGATIVE NUMBERS.
R  INDICATES RECORD WAS SET OR TIED.
MM INDICATES DATA IS MISSING.
T  INDICATES TRACE AMOUNT.




$$
