428
CDUS42 KMLB 240625
CLIMCO


CLIMATE REPORT
NATIONAL WEATHER SERVICE MELBOURNE FL
225 AM EDT SAT JUN 24 2017


...................................

...THE ORLANDO  CLIMATE SUMMARY FOR JUNE 23 2017...

CLIMATE NORMAL PERIOD 1981 TO 2010
CLIMATE RECORD PERIOD 1892 TO 2017


WEATHER ITEM   OBSERVED TIME   RECORD YEAR NORMAL DEPARTURE LAST
                VALUE   (LST)  VALUE       VALUE  FROM      YEAR
                                                  NORMAL
..................................................................
TEMPERATURE (F)
 YESTERDAY
  MAXIMUM         91    238 PM  99    1939  91      0       94
                                      1924
  MINIMUM         71    508 AM  66    1913  73     -2       74
                                      1893
  AVERAGE         81                        82     -1       84

PRECIPITATION (IN)
  YESTERDAY        T             5.90 1945   0.26  -0.26     0.00
  MONTH TO DATE    5.15                      5.85  -0.70     5.56
  SINCE JUN 1      5.15                      5.85  -0.70     5.56
  SINCE JAN 1     11.54                     20.48  -8.94    25.65

SNOWFALL (IN)
  YESTERDAY        0.0
  MONTH TO DATE    0.0
  SINCE JUN 1      0.0
  SINCE JUL 1      0.0

DEGREE DAYS
 HEATING
  YESTERDAY        0                         0      0        0
  MONTH TO DATE    0                         0      0        0
  SINCE JUN 1      0                         0      0        0
  SINCE JUL 1    209                       571   -362      370

 COOLING
  YESTERDAY       16                        17     -1       19
  MONTH TO DATE  333                       371    -38      406
  SINCE JUN 1    333                       371    -38      406
  SINCE JAN 1   1369                      1172    197     1321
..................................................................


WIND (MPH)
  HIGHEST WIND SPEED    17   HIGHEST WIND DIRECTION     E (110)
  HIGHEST GUST SPEED    23   HIGHEST GUST DIRECTION     E (110)
  AVERAGE WIND SPEED     7.0


SKY COVER
  AVERAGE SKY COVER 0.5


WEATHER CONDITIONS
 THE FOLLOWING WEATHER WAS RECORDED YESTERDAY.
  LIGHT RAIN


RELATIVE HUMIDITY (PERCENT)
 HIGHEST   100          1200 AM
 LOWEST     52           200 PM
 AVERAGE    76

..........................................................


THE ORLANDO  CLIMATE NORMALS FOR TODAY
                         NORMAL    RECORD    YEAR
 MAXIMUM TEMPERATURE (F)   91       100      1944
 MINIMUM TEMPERATURE (F)   73        66      1917
                                             1893


SUNRISE AND SUNSET
JUNE 24 2017..........SUNRISE   629 AM EDT   SUNSET   826 PM EDT
JUNE 25 2017..........SUNRISE   630 AM EDT   SUNSET   826 PM EDT


-  INDICATES NEGATIVE NUMBERS.
R  INDICATES RECORD WAS SET OR TIED.
MM INDICATES DATA IS MISSING.
T  INDICATES TRACE AMOUNT.




$$
