525
CDUS42 KMLB 142131
CLIMCO


CLIMATE REPORT
NATIONAL WEATHER SERVICE MELBOURNE FL
430 PM EST SUN FEB 14 2016


...................................

...THE ORLANDO  CLIMATE SUMMARY FOR FEBRUARY 14 2016...
VALID TODAY AS OF 0400 PM LOCAL TIME.

CLIMATE NORMAL PERIOD 1981 TO 2010
CLIMATE RECORD PERIOD 1892 TO 2016


WEATHER ITEM   OBSERVED TIME   RECORD YEAR NORMAL DEPARTURE LAST
                VALUE   (LST)  VALUE       VALUE  FROM      YEAR
                                                  NORMAL
..................................................................
TEMPERATURE (F)
 TODAY
  MAXIMUM         72    152 PM  89    1935  74     -2       64
                                      1923
  MINIMUM         44    716 AM  20    1899  52     -8       41
  AVERAGE         58                        63     -5       53

PRECIPITATION (IN)
  TODAY            0.00          2.56 1913   0.09  -0.09     0.00
  MONTH TO DATE    0.67                      1.17  -0.50     2.34
  SINCE DEC 1      7.04                      6.10   0.94     7.45
  SINCE JAN 1      6.32                      3.52   2.80     5.86

SNOWFALL (IN)
  TODAY            0.0
  MONTH TO DATE    0.0
  SINCE DEC 1      0.0
  SINCE JUL 1      0.0

DEGREE DAYS
 HEATING
  TODAY            7                         4      3       12
  MONTH TO DATE  102                        67     35       79
  SINCE DEC 1    302                       404   -102      314
  SINCE JUL 1    311                       451   -140      396

 COOLING
  TODAY            0                         2     -2        0
  MONTH TO DATE   30                        28      2        0
  SINCE DEC 1    268                       143    125      156
  SINCE JAN 1     45                        73    -28       52
..................................................................


WIND (MPH)
  HIGHEST WIND SPEED    18   HIGHEST WIND DIRECTION    NE (50)
  HIGHEST GUST SPEED    22   HIGHEST GUST DIRECTION    NE (40)
  AVERAGE WIND SPEED     9.3


SKY COVER
  AVERAGE SKY COVER 0.2


WEATHER CONDITIONS
 THE FOLLOWING WEATHER WAS RECORDED TODAY.
  HAZE


RELATIVE HUMIDITY (PERCENT)
 HIGHEST    76           200 AM
 LOWEST     37           100 PM
 AVERAGE    57

..........................................................


THE ORLANDO  CLIMATE NORMALS FOR TOMORROW
                         NORMAL    RECORD    YEAR
 MAXIMUM TEMPERATURE (F)   74        90      1935
 MINIMUM TEMPERATURE (F)   52        28      1943


SUNRISE AND SUNSET
FEBRUARY 14 2016......SUNRISE   704 AM EST   SUNSET   615 PM EST
FEBRUARY 15 2016......SUNRISE   704 AM EST   SUNSET   615 PM EST


-  INDICATES NEGATIVE NUMBERS.
R  INDICATES RECORD WAS SET OR TIED.
MM INDICATES DATA IS MISSING.
T  INDICATES TRACE AMOUNT.




$$
