000
CDUS42 KMLB 280627
CLIMCO


CLIMATE REPORT
NATIONAL WEATHER SERVICE MELBOURNE FL
126 AM EST FRI NOV 28 2014


...................................

...THE ORLANDO  CLIMATE SUMMARY FOR NOVEMBER 27 2014...

CLIMATE NORMAL PERIOD 1981 TO 2010
CLIMATE RECORD PERIOD 1892 TO 2014


WEATHER ITEM   OBSERVED TIME   RECORD YEAR NORMAL DEPARTURE LAST
                VALUE   (LST)  VALUE       VALUE  FROM      YEAR
                                                  NORMAL
..................................................................
TEMPERATURE (F)
 YESTERDAY
  MAXIMUM         71    211 PM  88    1929  76     -5       75
  MINIMUM         45    626 AM  34    1956  56    -11       44
                                      1903
  AVERAGE         58                        66     -8       60

PRECIPITATION (IN)
  YESTERDAY        0.00          2.08 1918   0.08  -0.08     0.06
  MONTH TO DATE    4.83                      1.93   2.90     0.92
  SINCE SEP 1     15.97                     11.30   4.67     6.85
  SINCE JAN 1     53.76                     47.91   5.85    42.44

SNOWFALL (IN)
  YESTERDAY        0.0
  MONTH TO DATE    0.0
  SINCE SEP 1      0.0
  SINCE JUL 1      0.0

DEGREE DAYS
 HEATING
  YESTERDAY        7                         2      5        5
  MONTH TO DATE   66                        37     29        9
  SINCE SEP 1     66                        42     24        9
  SINCE JUL 1     66                        42     24        9

 COOLING
  YESTERDAY        0                         4     -4        0
  MONTH TO DATE   94                       139    -45      198
  SINCE SEP 1    892                       953    -61     1067
  SINCE JAN 1   3490                      3346    144     3558
..................................................................


WIND (MPH)
  HIGHEST WIND SPEED    20   HIGHEST WIND DIRECTION     W (290)
  HIGHEST GUST SPEED    26   HIGHEST GUST DIRECTION    NW (300)
  AVERAGE WIND SPEED     9.1


SKY COVER
  AVERAGE SKY COVER 0.1


WEATHER CONDITIONS
 THE FOLLOWING WEATHER WAS RECORDED YESTERDAY.
  FOG


RELATIVE HUMIDITY (PERCENT)
 HIGHEST   100           100 AM
 LOWEST     39           400 PM
 AVERAGE    70

..........................................................


THE ORLANDO  CLIMATE NORMALS FOR TODAY
                         NORMAL    RECORD    YEAR
 MAXIMUM TEMPERATURE (F)   76        89      1948
 MINIMUM TEMPERATURE (F)   56        28      1903


SUNRISE AND SUNSET
NOVEMBER 28 2014......SUNRISE   658 AM EST   SUNSET   528 PM EST
NOVEMBER 29 2014......SUNRISE   659 AM EST   SUNSET   528 PM EST


-  INDICATES NEGATIVE NUMBERS.
R  INDICATES RECORD WAS SET OR TIED.
MM INDICATES DATA IS MISSING.
T  INDICATES TRACE AMOUNT.




$$
