000
CDUS42 KMLB 290628
CLIMCO


CLIMATE REPORT
NATIONAL WEATHER SERVICE MELBOURNE FL
228 AM EDT SUN MAY 29 2016


...................................

...THE ORLANDO  CLIMATE SUMMARY FOR MAY 28 2016...

CLIMATE NORMAL PERIOD 1981 TO 2010
CLIMATE RECORD PERIOD 1892 TO 2016


WEATHER ITEM   OBSERVED TIME   RECORD YEAR NORMAL DEPARTURE LAST
                VALUE   (LST)  VALUE       VALUE  FROM      YEAR
                                                  NORMAL
..................................................................
TEMPERATURE (F)
 YESTERDAY
  MAXIMUM         93    241 PM  99    2000  90      3       89
                                      1924
                                      1908
  MINIMUM         70    542 AM  58    1901  69      1       70
  AVERAGE         82                        80      2       80

PRECIPITATION (IN)
  YESTERDAY        0.00          1.76 1970   0.17  -0.17     0.00
  MONTH TO DATE    4.73                      2.91   1.82     0.93
  SINCE MAR 1     11.31                      9.36   1.95     5.89
  SINCE JAN 1     18.65                     14.09   4.56    13.99

SNOWFALL (IN)
  YESTERDAY        0.0
  MONTH TO DATE    0.0
  SINCE MAR 1      0.0
  SINCE JUL 1      0.0

DEGREE DAYS
 HEATING
  YESTERDAY        0                         0      0        0
  MONTH TO DATE    0                         0      0        0
  SINCE MAR 1     16                        71    -55       16
  SINCE JUL 1    370                       570   -200      486

 COOLING
  YESTERDAY       17                        15      2       15
  MONTH TO DATE  343                       336      7      406
  SINCE MAR 1    802                       653    149     1058
  SINCE JAN 1    864                       757    107     1132
..................................................................


WIND (MPH)
  HIGHEST WIND SPEED    18   HIGHEST WIND DIRECTION    NE (60)
  HIGHEST GUST SPEED    23   HIGHEST GUST DIRECTION    NE (40)
  AVERAGE WIND SPEED     6.8


SKY COVER
  AVERAGE SKY COVER 0.3


WEATHER CONDITIONS
 THE FOLLOWING WEATHER WAS RECORDED YESTERDAY.
  NO SIGNIFICANT WEATHER WAS OBSERVED.


RELATIVE HUMIDITY (PERCENT)
 HIGHEST    87          1100 PM
 LOWEST     38           200 PM
 AVERAGE    63

..........................................................


THE ORLANDO  CLIMATE NORMALS FOR TODAY
                         NORMAL    RECORD    YEAR
 MAXIMUM TEMPERATURE (F)   90       100      1908
 MINIMUM TEMPERATURE (F)   70        55      1934


SUNRISE AND SUNSET
MAY 29 2016...........SUNRISE   629 AM EDT   SUNSET   817 PM EDT
MAY 30 2016...........SUNRISE   628 AM EDT   SUNSET   818 PM EDT


-  INDICATES NEGATIVE NUMBERS.
R  INDICATES RECORD WAS SET OR TIED.
MM INDICATES DATA IS MISSING.
T  INDICATES TRACE AMOUNT.




$$
