404
CDUS42 KMLB 220630
CLIMCO


CLIMATE REPORT
NATIONAL WEATHER SERVICE MELBOURNE FL
229 AM EDT TUE AUG 22 2017


...................................

...THE ORLANDO  CLIMATE SUMMARY FOR AUGUST 21 2017...

CLIMATE NORMAL PERIOD 1981 TO 2010
CLIMATE RECORD PERIOD 1892 TO 2017


WEATHER ITEM   OBSERVED TIME   RECORD YEAR NORMAL DEPARTURE LAST
                VALUE   (LST)  VALUE       VALUE  FROM      YEAR
                                                  NORMAL
..................................................................
TEMPERATURE (F)
 YESTERDAY
  MAXIMUM         90    410 PM  99    1925  91     -1       95
                                      1900
  MINIMUM         77   1159 PM  65    1920  74      3       77
                                      1893
  AVERAGE         84                        83      1       86

PRECIPITATION (IN)
  YESTERDAY        T             3.11 1933   0.21  -0.21     0.00
  MONTH TO DATE    4.81                      4.92  -0.11     7.63
  SINCE JUN 1     20.85                     19.77   1.08    19.33
  SINCE JAN 1     27.24                     34.40  -7.16    39.42

SNOWFALL (IN)
  YESTERDAY        0.0
  MONTH TO DATE    0.0
  SINCE JUN 1      0.0
  SINCE JUL 1      0.0

DEGREE DAYS
 HEATING
  YESTERDAY        0                         0      0        0
  MONTH TO DATE    0                         0      0        0
  SINCE JUN 1      0                         0      0        0
  SINCE JUL 1      0                         0      0        0

 COOLING
  YESTERDAY       19                        18      1       21
  MONTH TO DATE  390                       378     12      393
  SINCE JUN 1   1382                      1417    -35     1566
  SINCE JAN 1   2418                      2218    200     2481
..................................................................


WIND (MPH)
  HIGHEST WIND SPEED    17   HIGHEST WIND DIRECTION    NE (60)
  HIGHEST GUST SPEED    20   HIGHEST GUST DIRECTION     E (100)
  AVERAGE WIND SPEED     7.7


SKY COVER
  AVERAGE SKY COVER 0.3


WEATHER CONDITIONS
 THE FOLLOWING WEATHER WAS RECORDED YESTERDAY.
  NO SIGNIFICANT WEATHER WAS OBSERVED.


RELATIVE HUMIDITY (PERCENT)
 HIGHEST   100           200 AM
 LOWEST     52           400 PM
 AVERAGE    76

..........................................................


THE ORLANDO  CLIMATE NORMALS FOR TODAY
                         NORMAL    RECORD    YEAR
 MAXIMUM TEMPERATURE (F)   91       100      1980
 MINIMUM TEMPERATURE (F)   74        63      1930


SUNRISE AND SUNSET
AUGUST 22 2017........SUNRISE   659 AM EDT   SUNSET   757 PM EDT
AUGUST 23 2017........SUNRISE   659 AM EDT   SUNSET   756 PM EDT


-  INDICATES NEGATIVE NUMBERS.
R  INDICATES RECORD WAS SET OR TIED.
MM INDICATES DATA IS MISSING.
T  INDICATES TRACE AMOUNT.




$$
