000
CDUS42 KMLB 312032
CLIMCO


CLIMATE REPORT
NATIONAL WEATHER SERVICE MELBOURNE FL
431 PM EDT THU JUL 31 2014


...................................

...THE ORLANDO  CLIMATE SUMMARY FOR JULY 31 2014...
VALID TODAY AS OF 400 PM LOCAL TIME.

CLIMATE NORMAL PERIOD 1981 TO 2010
CLIMATE RECORD PERIOD 1892 TO 2014


WEATHER ITEM   OBSERVED TIME   RECORD YEAR NORMAL DEPARTURE LAST
                VALUE   (LST)  VALUE       VALUE  FROM      YEAR
                                                  NORMAL
..................................................................
TEMPERATURE (F)
 TODAY
  MAXIMUM         93    216 PM 100    1961  92      1       92
  MINIMUM         75    417 AM  66    1893  74      1       75
  AVERAGE         84                        83      1       84

PRECIPITATION (IN)
  TODAY            0.00          2.60 1993   0.23  -0.23     0.04
  MONTH TO DATE    8.79                      7.27   1.52     8.57
  SINCE JUN 1     13.43                     14.85  -1.42    18.67
  SINCE JAN 1     30.78                     29.48   1.30    29.54

SNOWFALL (IN)
  TODAY            0.0
  MONTH TO DATE    0.0
  SINCE JUN 1      0.0
  SINCE JUL 1      0.0

DEGREE DAYS
 HEATING
  TODAY            0                         0      0        0
  MONTH TO DATE    0                         0      0        0
  SINCE JUN 1      0                         0      0        0
  SINCE JUL 1      0                         0      0        0

 COOLING
  TODAY           19                        18      1       19
  MONTH TO DATE  570                       549     21      529
  SINCE JUN 1   1073                      1039     34     1038
  SINCE JAN 1   2007                      1840    167     1910
..................................................................


WIND (MPH)
  HIGHEST WIND SPEED    10   HIGHEST WIND DIRECTION     W (250)
  HIGHEST GUST SPEED    14   HIGHEST GUST DIRECTION    SW (220)
  AVERAGE WIND SPEED     3.0


SKY COVER
  AVERAGE SKY COVER 0.4


WEATHER CONDITIONS
 THE FOLLOWING WEATHER WAS RECORDED TODAY.
  HAZE


RELATIVE HUMIDITY (PERCENT)
 HIGHEST    94           500 AM
 LOWEST     52           200 PM
 AVERAGE    73

..........................................................


THE ORLANDO  CLIMATE NORMALS FOR TOMORROW
                         NORMAL    RECORD    YEAR
 MAXIMUM TEMPERATURE (F)   92       101      1922
 MINIMUM TEMPERATURE (F)   74        66      1938
                                             1893


SUNRISE AND SUNSET
JULY 31 2014..........SUNRISE   647 AM EDT   SUNSET   816 PM EDT
AUGUST  1 2014........SUNRISE   647 AM EDT   SUNSET   816 PM EDT


-  INDICATES NEGATIVE NUMBERS.
R  INDICATES RECORD WAS SET OR TIED.
MM INDICATES DATA IS MISSING.
T  INDICATES TRACE AMOUNT.




$$
