000
CDUS43 KDMX 240629 RRA
CLIMCW

CLIMATE REPORT
NATIONAL WEATHER SERVICE DES MOINES IA
127 AM CDT MON APR 24 2017

...................................

...THE MASON CITY IA CLIMATE SUMMARY FOR APRIL 23 2017...

CLIMATE NORMAL PERIOD 1981 TO 2010
CLIMATE RECORD PERIOD 1893 TO 2017


WEATHER ITEM   OBSERVED TIME   RECORD YEAR NORMAL DEPARTURE LAST
                VALUE   (LST)  VALUE       VALUE  FROM      YEAR
                                                  NORMAL
..................................................................
TEMPERATURE (F)
 YESTERDAY
  MAXIMUM         72    315 PM  90    1924  62     10       71
  MINIMUM         42    534 AM  22    2015  38      4       35
                                      1967
  AVERAGE         57                        50      7       53

PRECIPITATION (IN)
  YESTERDAY        0.00          2.06 1968   0.14  -0.14     0.00
  MONTH TO DATE    3.37                      2.78   0.59     0.52
  SINCE MAR 1      5.28                      5.01   0.27     3.74
  SINCE JAN 1      9.27                      6.83   2.44     5.03

SNOWFALL (IN)
  YESTERDAY        0.0           1.0  1988   0.1   -0.1      0.0
  MONTH TO DATE    0.0                       2.5   -2.5       T
  SINCE MAR 1      8.5                       8.5    0.0      8.2
  SINCE JUL 1     47.9                      41.0    6.9     50.9
  SNOW DEPTH       0

DEGREE DAYS
 HEATING
  YESTERDAY        8                        15     -7       12
  MONTH TO DATE  326                       460   -134      406
  SINCE MAR 1   1344                      1454   -110     1197
  SINCE JUL 1   6256                      7305  -1049     6296

 COOLING
  YESTERDAY        0                         0      0        0
  MONTH TO DATE    0                         0      0        3
  SINCE MAR 1      0                         0      0        3
  SINCE JAN 1      0                         0      0        3
..................................................................


WIND (MPH)
  HIGHEST WIND SPEED    21   HIGHEST WIND DIRECTION    SW (220)
  HIGHEST GUST SPEED    26   HIGHEST GUST DIRECTION    SW (210)
  AVERAGE WIND SPEED    10.2


SKY COVER
  POSSIBLE SUNSHINE  MM
  AVERAGE SKY COVER 0.0


WEATHER CONDITIONS
 THE FOLLOWING WEATHER WAS RECORDED YESTERDAY.
  NO SIGNIFICANT WEATHER WAS OBSERVED.


RELATIVE HUMIDITY (PERCENT)
 HIGHEST    65           400 AM
 LOWEST     19           300 PM
 AVERAGE    42

..........................................................


THE MASON CITY IA CLIMATE NORMALS FOR TODAY
                         NORMAL    RECORD    YEAR
 MAXIMUM TEMPERATURE (F)   63        90      2009
 MINIMUM TEMPERATURE (F)   38        22      1956


SUNRISE AND SUNSET
APRIL 24 2017.........SUNRISE   617 AM CDT   SUNSET   807 PM CDT
APRIL 25 2017.........SUNRISE   615 AM CDT   SUNSET   808 PM CDT


-  INDICATES NEGATIVE NUMBERS.
R  INDICATES RECORD WAS SET OR TIED.
MM INDICATES DATA IS MISSING.
T  INDICATES TRACE AMOUNT.




$$
