000
CDUS43 KDMX 300646 RRA
CLIMCW

CLIMATE REPORT
NATIONAL WEATHER SERVICE DES MOINES IA
146 AM CDT TUE MAY 30 2017

...................................

...THE MASON CITY IA CLIMATE SUMMARY FOR MAY 29 2017...

CLIMATE NORMAL PERIOD 1981 TO 2010
CLIMATE RECORD PERIOD 1893 TO 2017


WEATHER ITEM   OBSERVED TIME   RECORD YEAR NORMAL DEPARTURE LAST
                VALUE   (LST)  VALUE       VALUE  FROM      YEAR
                                                  NORMAL
..................................................................
TEMPERATURE (F)
 YESTERDAY
  MAXIMUM         69    221 PM  98    1934  74     -5       78
  MINIMUM         50    455 AM  31    1947  51     -1       58
  AVERAGE         60                        63     -3       68

PRECIPITATION (IN)
  YESTERDAY        0.00          3.68 1980   0.16  -0.16     0.25
  MONTH TO DATE    3.88                      4.36  -0.48     4.16
  SINCE MAR 1     10.16                     10.34  -0.18     9.13
  SINCE JAN 1     14.15                     12.16   1.99    10.42

SNOWFALL (IN)
  YESTERDAY        0.0           0.5  1947   0.0    0.0      0.0
  MONTH TO DATE    0.0                       0.1   -0.1      0.0
  SINCE MAR 1      8.5                       8.8   -0.3      8.2
  SINCE JUL 1     47.9                      41.3    6.6     50.9
  SNOW DEPTH       0

DEGREE DAYS
 HEATING
  YESTERDAY        5                         4      1        0
  MONTH TO DATE  251                       227     24      226
  SINCE MAR 1   1744                      1776    -32     1526
  SINCE JUL 1   6656                      7627   -971     6625

 COOLING
  YESTERDAY        0                         2     -2        3
  MONTH TO DATE   25                        25      0       32
  SINCE MAR 1     25                        30     -5       36
  SINCE JAN 1     25                        30     -5       36
..................................................................


WIND (MPH)
  HIGHEST WIND SPEED    28   HIGHEST WIND DIRECTION    NW (310)
  HIGHEST GUST SPEED    36   HIGHEST GUST DIRECTION     W (290)
  AVERAGE WIND SPEED    16.3


SKY COVER
  POSSIBLE SUNSHINE  MM
  AVERAGE SKY COVER 0.4


WEATHER CONDITIONS
 THE FOLLOWING WEATHER WAS RECORDED YESTERDAY.
  NO SIGNIFICANT WEATHER WAS OBSERVED.


RELATIVE HUMIDITY (PERCENT)
 HIGHEST    77           900 PM
 LOWEST     39           300 PM
 AVERAGE    58

..........................................................


THE MASON CITY IA CLIMATE NORMALS FOR TODAY
                         NORMAL    RECORD    YEAR
 MAXIMUM TEMPERATURE (F)   75        98      1934
 MINIMUM TEMPERATURE (F)   52        31      1930


SUNRISE AND SUNSET
MAY 30 2017...........SUNRISE   537 AM CDT   SUNSET   845 PM CDT
MAY 31 2017...........SUNRISE   537 AM CDT   SUNSET   846 PM CDT


-  INDICATES NEGATIVE NUMBERS.
R  INDICATES RECORD WAS SET OR TIED.
MM INDICATES DATA IS MISSING.
T  INDICATES TRACE AMOUNT.

$$

SMALL
