278
CDUS43 KDMX 250636
CLIMCW

CLIMATE REPORT
NATIONAL WEATHER SERVICE DES MOINES IA
1235 AM CST SAT NOV 25 2017


...................................

...THE MASON CITY IA CLIMATE SUMMARY FOR NOVEMBER 24 2017...

CLIMATE NORMAL PERIOD 1981 TO 2010
CLIMATE RECORD PERIOD 1893 TO 2017


WEATHER ITEM   OBSERVED TIME   RECORD YEAR NORMAL DEPARTURE LAST
                VALUE   (LST)  VALUE       VALUE  FROM      YEAR
                                                  NORMAL
..................................................................
TEMPERATURE (F)
 YESTERDAY
  MAXIMUM         64R   307 PM  63    2011  38     26       38
                                      1990
  MINIMUM         37    604 AM -11    1898  20     17       33
  AVERAGE         51                        29     22       36

PRECIPITATION (IN)
  YESTERDAY        0.01          0.80 1927   0.06  -0.05     0.00
  MONTH TO DATE    0.28                      1.56  -1.28     0.80
  SINCE SEP 1      7.54                      7.28   0.26    13.99
  SINCE JAN 1     30.46                     33.64  -3.18    45.25

SNOWFALL (IN)
  YESTERDAY        0.0           3.0  1977   0.3   -0.3      0.0
  MONTH TO DATE    T                         2.9   -2.9       T
  SINCE SEP 1      0.2                       3.3   -3.1       T
  SINCE JUL 1      0.2                       3.3   -3.1       T
  SNOW DEPTH       0

DEGREE DAYS
 HEATING
  YESTERDAY       14                        36    -22       29
  MONTH TO DATE  772                       711     61      506
  SINCE SEP 1   1312                      1413   -101      979
  SINCE JUL 1   1335                      1449   -114      997

 COOLING
  YESTERDAY        0                         0      0        0
  MONTH TO DATE    0                         0      0        0
  SINCE SEP 1    104                        60     44       89
  SINCE JAN 1    603                       616    -13      697
..................................................................


WIND (MPH)
  HIGHEST WIND SPEED    35   HIGHEST WIND DIRECTION    NW (330)
  HIGHEST GUST SPEED    42   HIGHEST GUST DIRECTION    NW (330)
  AVERAGE WIND SPEED    14.9


SKY COVER
  POSSIBLE SUNSHINE  MM
  AVERAGE SKY COVER 0.1


WEATHER CONDITIONS
 THE FOLLOWING WEATHER WAS RECORDED YESTERDAY.
  LIGHT RAIN


RELATIVE HUMIDITY (PERCENT)
 HIGHEST    85           500 AM
 LOWEST     43           200 PM
 AVERAGE    64

..........................................................


THE MASON CITY IA CLIMATE NORMALS FOR TODAY
                         NORMAL    RECORD    YEAR
 MAXIMUM TEMPERATURE (F)   37        68      1960
 MINIMUM TEMPERATURE (F)   19       -13      1977


SUNRISE AND SUNSET
NOVEMBER 25 2017......SUNRISE   719 AM CST   SUNSET   442 PM CST
NOVEMBER 26 2017......SUNRISE   720 AM CST   SUNSET   441 PM CST


-  INDICATES NEGATIVE NUMBERS.
R  INDICATES RECORD WAS SET OR TIED.
MM INDICATES DATA IS MISSING.
T  INDICATES TRACE AMOUNT.




$$
