000
CDUS41 KCTP 290641
CLIMDT


CLIMATE REPORT
NATIONAL WEATHER SERVICE STATE COLLEGE PA
241 AM EDT FRI MAY 29 2015


...................................

...THE HARRISBURG PA CLIMATE SUMMARY FOR MAY 28 2015...

CLIMATE NORMAL PERIOD 1981 TO 2010
CLIMATE RECORD PERIOD 1888 TO 2015


WEATHER ITEM   OBSERVED TIME   RECORD YEAR NORMAL DEPARTURE LAST
                VALUE   (LST)  VALUE       VALUE  FROM      YEAR
                                                  NORMAL
..................................................................
TEMPERATURE (F)
 YESTERDAY
  MAXIMUM         86    326 PM  93    1941  75     11       83
  MINIMUM         66    117 AM  41    1983  56     10       58
  AVERAGE         76                        66     10       71

PRECIPITATION (IN)
  YESTERDAY        0.00          2.58 1982   0.12  -0.12     0.06
  MONTH TO DATE    2.48                      3.39  -0.91     4.95
  SINCE MAR 1      8.11                      9.86  -1.75    14.74
  SINCE JAN 1     11.70                     15.13  -3.43    21.45

SNOWFALL (IN)
  YESTERDAY        0.0           0.0  2002   0.0    0.0      0.0
                                      2001
  MONTH TO DATE    0.0                       0.0    0.0      0.0
  SINCE MAR 1     11.8                       5.6    6.2      1.4
  SINCE JUL 1     39.2                      30.6    8.6     44.0
  SNOW DEPTH       0

DEGREE DAYS
 HEATING
  YESTERDAY        0                         2     -2        0
  MONTH TO DATE   45                       141    -96       98
  SINCE MAR 1   1284                      1256     28     1373
  SINCE JUL 1   5587                      5244    343     5717

 COOLING
  YESTERDAY       11                         3      8        6
  MONTH TO DATE  136                        49     87       52
  SINCE MAR 1    136                        56     80       58
  SINCE JAN 1    136                        56     80       58
..................................................................


WIND (MPH)
  HIGHEST WIND SPEED    13   HIGHEST WIND DIRECTION    NW (310)
  HIGHEST GUST SPEED    19   HIGHEST GUST DIRECTION    NW (310)
  AVERAGE WIND SPEED     3.9


SKY COVER
  POSSIBLE SUNSHINE  MM
  AVERAGE SKY COVER 0.6


WEATHER CONDITIONS
 THE FOLLOWING WEATHER WAS RECORDED YESTERDAY.
  FOG
  HAZE


RELATIVE HUMIDITY (PERCENT)
 HIGHEST    93           200 AM
 LOWEST     40           500 PM
 AVERAGE    67

..........................................................


THE HARRISBURG PA CLIMATE NORMALS FOR TODAY
                         NORMAL    RECORD    YEAR
 MAXIMUM TEMPERATURE (F)   76        95      1969
 MINIMUM TEMPERATURE (F)   57        40      1949


SUNRISE AND SUNSET
MAY 29 2015...........SUNRISE   541 AM EDT   SUNSET   828 PM EDT
MAY 30 2015...........SUNRISE   541 AM EDT   SUNSET   829 PM EDT


-  INDICATES NEGATIVE NUMBERS.
R  INDICATES RECORD WAS SET OR TIED.
MM INDICATES DATA IS MISSING.
T  INDICATES TRACE AMOUNT.




$$
