000
CDUS41 KCTP 052121
CLIMDT


CLIMATE REPORT
NATIONAL WEATHER SERVICE STATE COLLEGE PA
521 PM EDT SUN JUL 5 2015


...................................

...THE HARRISBURG PA CLIMATE SUMMARY FOR JULY 5 2015...
VALID TODAY AS OF 0500 PM LOCAL TIME.

CLIMATE NORMAL PERIOD 1981 TO 2010
CLIMATE RECORD PERIOD 1888 TO 2015


WEATHER ITEM   OBSERVED TIME   RECORD YEAR NORMAL DEPARTURE LAST
                VALUE   (LST)  VALUE       VALUE  FROM      YEAR
                                                  NORMAL
..................................................................
TEMPERATURE (F)
 TODAY
  MAXIMUM         81    240 PM 102    1999  86     -5       83
  MINIMUM         63    619 AM  51    1979  66     -3       62
  AVERAGE         72                        76     -4       73

PRECIPITATION (IN)
  TODAY            0.00          1.87 2006   0.13  -0.13     0.00
  MONTH TO DATE    0.27                      0.71  -0.44     0.18
  SINCE JUN 1      7.11                      4.31   2.80     3.96
  SINCE JAN 1     19.85                     19.84   0.01    25.60

DEGREE DAYS
 HEATING
  TODAY            0                         0      0        0
  MONTH TO DATE    0                         0      0        0
  SINCE JUN 1     13                        18     -5        1
  SINCE JUL 1      0                         0      0        0

 COOLING
  TODAY            7                        11     -4        8
  MONTH TO DATE   31                        53    -22       71
  SINCE JUN 1    292                       266     26      318
  SINCE JAN 1    466                       331    135      378
..................................................................


WIND (MPH)
  HIGHEST WIND SPEED     6   HIGHEST WIND DIRECTION     W (270)
  HIGHEST GUST SPEED     8   HIGHEST GUST DIRECTION     W (290)
  AVERAGE WIND SPEED     2.2


SKY COVER
  POSSIBLE SUNSHINE  MM
  AVERAGE SKY COVER 0.9


WEATHER CONDITIONS
 THE FOLLOWING WEATHER WAS RECORDED TODAY.
  FOG
  FOG W/VISIBILITY <= 1/4 MILE
  HAZE


RELATIVE HUMIDITY (PERCENT)
 HIGHEST   100           500 AM
 LOWEST     62           100 PM
 AVERAGE    81

..........................................................


THE HARRISBURG PA CLIMATE NORMALS FOR TOMORROW
                         NORMAL    RECORD    YEAR
 MAXIMUM TEMPERATURE (F)   86       102      1999
 MINIMUM TEMPERATURE (F)   66        51      1979


SUNRISE AND SUNSET
JULY  5 2015..........SUNRISE   543 AM EDT   SUNSET   840 PM EDT
JULY  6 2015..........SUNRISE   544 AM EDT   SUNSET   839 PM EDT


-  INDICATES NEGATIVE NUMBERS.
R  INDICATES RECORD WAS SET OR TIED.
MM INDICATES DATA IS MISSING.
T  INDICATES TRACE AMOUNT.




$$
