000
CDUS41 KCTP 220625
CLIMDT


CLIMATE REPORT
NATIONAL WEATHER SERVICE STATE COLLEGE PA
125 AM EST MON DEC 22 2014


...................................

...THE HARRISBURG PA CLIMATE SUMMARY FOR DECEMBER 21 2014...

CLIMATE NORMAL PERIOD 1981 TO 2010
CLIMATE RECORD PERIOD 1888 TO 2014


WEATHER ITEM   OBSERVED TIME   RECORD YEAR NORMAL DEPARTURE LAST
                VALUE   (LST)  VALUE       VALUE  FROM      YEAR
                                                  NORMAL
..................................................................
TEMPERATURE (F)
 YESTERDAY
  MAXIMUM         35    321 PM  64    1923  40     -5       54
  MINIMUM         22   1129 PM   2    1942  25     -3       35
  AVERAGE         29                        32     -3       45

PRECIPITATION (IN)
  YESTERDAY        0.00          1.01 1973   0.10  -0.10      T
  MONTH TO DATE    2.04                      2.29  -0.25     2.32
  SINCE DEC 1      2.04                      2.29  -0.25     2.32
  SINCE JAN 1     42.43                     39.80   2.63    41.21

SNOWFALL (IN)
  YESTERDAY        0.0
  MONTH TO DATE    2.1
  SINCE DEC 1      2.1
  SINCE JUL 1      4.5
  SNOW DEPTH       0

DEGREE DAYS
 HEATING
  YESTERDAY       36                        32      4       20
  MONTH TO DATE  609                       628    -19      661
  SINCE DEC 1    609                       628    -19      661
  SINCE JUL 1   1622                      1667    -45     1714

 COOLING
  YESTERDAY        0                         0      0        0
  MONTH TO DATE    0                         0      0        0
  SINCE DEC 1      0                         0      0        0
  SINCE JAN 1   1050                      1002     48     1105
..................................................................


WIND (MPH)
  HIGHEST WIND SPEED    13   HIGHEST WIND DIRECTION    NW (320)
  HIGHEST GUST SPEED    14   HIGHEST GUST DIRECTION    NW (320)
  AVERAGE WIND SPEED     4.3


SKY COVER
  POSSIBLE SUNSHINE  MM
  AVERAGE SKY COVER 0.7


WEATHER CONDITIONS
 THE FOLLOWING WEATHER WAS RECORDED YESTERDAY.
  HAZE


RELATIVE HUMIDITY (PERCENT)
 HIGHEST    81           800 AM
 LOWEST     61          1200 PM
 AVERAGE    71

..........................................................


THE HARRISBURG PA CLIMATE NORMALS FOR TODAY
                         NORMAL    RECORD    YEAR
 MAXIMUM TEMPERATURE (F)   39        70      2013
 MINIMUM TEMPERATURE (F)   25        -1      1960


SUNRISE AND SUNSET
DECEMBER 22 2014......SUNRISE   726 AM EST   SUNSET   445 PM EST
DECEMBER 23 2014......SUNRISE   727 AM EST   SUNSET   446 PM EST


-  INDICATES NEGATIVE NUMBERS.
R  INDICATES RECORD WAS SET OR TIED.
MM INDICATES DATA IS MISSING.
T  INDICATES TRACE AMOUNT.




$$
