000
CDUS41 KCTP 280628
CLIMDT


CLIMATE REPORT
NATIONAL WEATHER SERVICE STATE COLLEGE PA
128 AM EST FRI NOV 28 2014


...................................

...THE HARRISBURG PA CLIMATE SUMMARY FOR NOVEMBER 27 2014...

CLIMATE NORMAL PERIOD 1981 TO 2010
CLIMATE RECORD PERIOD 1888 TO 2014


WEATHER ITEM   OBSERVED TIME   RECORD YEAR NORMAL DEPARTURE LAST
                VALUE   (LST)  VALUE       VALUE  FROM      YEAR
                                                  NORMAL
..................................................................
TEMPERATURE (F)
 YESTERDAY
  MAXIMUM         38    251 PM  71    1896  48    -10       40
  MINIMUM         32    807 PM  13    1938  31      1       30
  AVERAGE         35                        40     -5       35

PRECIPITATION (IN)
  YESTERDAY        T             1.44 1993   0.13  -0.13     0.25
  MONTH TO DATE    2.75                      2.85  -0.10     2.42
  SINCE SEP 1      6.72                     10.19  -3.47    14.62
  SINCE JAN 1     40.39                     37.13   3.26    38.89

SNOWFALL (IN)
  YESTERDAY        T
  MONTH TO DATE    2.4
  SINCE SEP 1      2.4
  SINCE JUL 1      2.4
  SNOW DEPTH       1

DEGREE DAYS
 HEATING
  YESTERDAY       30                        25      5       30
  MONTH TO DATE  639                       549     90      600
  SINCE SEP 1    918                       959    -41      946
  SINCE JUL 1    918                       961    -43      946

 COOLING
  YESTERDAY        0                         0      0        0
  MONTH TO DATE    0                         0      0        0
  SINCE SEP 1    149                       106     43      153
  SINCE JAN 1   1050                      1002     48     1105
..................................................................


WIND (MPH)
  HIGHEST WIND SPEED    21   HIGHEST WIND DIRECTION    NW (300)
  HIGHEST GUST SPEED    27   HIGHEST GUST DIRECTION    NW (300)
  AVERAGE WIND SPEED     7.6


SKY COVER
  POSSIBLE SUNSHINE  MM
  AVERAGE SKY COVER 0.9


WEATHER CONDITIONS
 THE FOLLOWING WEATHER WAS RECORDED YESTERDAY.
  LIGHT SNOW


RELATIVE HUMIDITY (PERCENT)
 HIGHEST    89           100 AM
 LOWEST     70          1200 PM
 AVERAGE    80

..........................................................


THE HARRISBURG PA CLIMATE NORMALS FOR TODAY
                         NORMAL    RECORD    YEAR
 MAXIMUM TEMPERATURE (F)   48        70      1990
                                             1973
 MINIMUM TEMPERATURE (F)   31        13      1930


SUNRISE AND SUNSET
NOVEMBER 28 2014......SUNRISE   707 AM EST   SUNSET   443 PM EST
NOVEMBER 29 2014......SUNRISE   708 AM EST   SUNSET   442 PM EST


-  INDICATES NEGATIVE NUMBERS.
R  INDICATES RECORD WAS SET OR TIED.
MM INDICATES DATA IS MISSING.
T  INDICATES TRACE AMOUNT.




$$
