000
CDUS41 KCTP 110634
CLIMDT


CLIMATE REPORT
NATIONAL WEATHER SERVICE STATE COLLEGE PA
134 AM EST SUN DEC 11 2016


...................................

...THE HARRISBURG PA CLIMATE SUMMARY FOR DECEMBER 10 2016...

CLIMATE NORMAL PERIOD 1981 TO 2010
CLIMATE RECORD PERIOD 1888 TO 2016


WEATHER ITEM   OBSERVED TIME   RECORD YEAR NORMAL DEPARTURE LAST
                VALUE   (LST)  VALUE       VALUE  FROM      YEAR
                                                  NORMAL
..................................................................
TEMPERATURE (F)
 YESTERDAY
  MAXIMUM         36    200 PM  71    1946  43     -7       53
  MINIMUM         23   1159 PM   6    1917  28     -5       39
  AVERAGE         30                        35     -5       46

PRECIPITATION (IN)
  YESTERDAY        0.00          1.51 1969   0.12  -0.12     0.02
  MONTH TO DATE    1.03                      1.16  -0.13     1.06
  SINCE DEC 1      1.03                      1.16  -0.13     1.06
  SINCE JAN 1     39.64                     38.67   0.97    38.82

SNOWFALL (IN)
  YESTERDAY        0.0           4.5  1904   0.1   -0.1      0.0
  MONTH TO DATE    T                         1.3   -1.3      0.0
  SINCE DEC 1      T                         1.3   -1.3      0.0
  SINCE JUL 1      T                         1.9   -1.9      0.0
  SNOW DEPTH       0

DEGREE DAYS
 HEATING
  YESTERDAY       35                        30      5       19
  MONTH TO DATE  244                       284    -40      237
  SINCE DEC 1    244                       284    -40      237
  SINCE JUL 1   1030                      1323   -293     1012

 COOLING
  YESTERDAY        0                         0      0        0
  MONTH TO DATE    0                         0      0        0
  SINCE DEC 1      0                         0      0        0
  SINCE JAN 1   1515                      1002    513     1334
..................................................................


WIND (MPH)
  HIGHEST WIND SPEED    21   HIGHEST WIND DIRECTION     W (280)
  HIGHEST GUST SPEED    26   HIGHEST GUST DIRECTION     W (280)
  AVERAGE WIND SPEED    10.6


SKY COVER
  POSSIBLE SUNSHINE  MM
  AVERAGE SKY COVER 0.5


WEATHER CONDITIONS
 THE FOLLOWING WEATHER WAS RECORDED YESTERDAY.
  NO SIGNIFICANT WEATHER WAS OBSERVED.


RELATIVE HUMIDITY (PERCENT)
 HIGHEST    69           400 AM
 LOWEST     43           100 PM
 AVERAGE    56

..........................................................


THE HARRISBURG PA CLIMATE NORMALS FOR TODAY
                         NORMAL    RECORD    YEAR
 MAXIMUM TEMPERATURE (F)   42        63      1897
 MINIMUM TEMPERATURE (F)   27         6      1968


SUNRISE AND SUNSET
DECEMBER 11 2016......SUNRISE   720 AM EST   SUNSET   441 PM EST
DECEMBER 12 2016......SUNRISE   721 AM EST   SUNSET   442 PM EST


-  INDICATES NEGATIVE NUMBERS.
R  INDICATES RECORD WAS SET OR TIED.
MM INDICATES DATA IS MISSING.
T  INDICATES TRACE AMOUNT.




$$
