000
CDUS41 KCTP 250613
CLIMDT


CLIMATE REPORT
NATIONAL WEATHER SERVICE STATE COLLEGE PA
112 AM EST SAT FEB 25 2017


...................................

...THE HARRISBURG PA CLIMATE SUMMARY FOR FEBRUARY 24 2017...

CLIMATE NORMAL PERIOD 1981 TO 2010
CLIMATE RECORD PERIOD 1888 TO 2017


WEATHER ITEM   OBSERVED TIME   RECORD YEAR NORMAL DEPARTURE LAST
                VALUE   (LST)  VALUE       VALUE  FROM      YEAR
                                                  NORMAL
..................................................................
TEMPERATURE (F)
 YESTERDAY
  MAXIMUM         76R   241 PM  75    1985  43     33       62
  MINIMUM         48    713 AM  -4    2015  27     21       36
  AVERAGE         62                        35     27       49

PRECIPITATION (IN)
  YESTERDAY        0.00          1.75 2016   0.09  -0.09     1.75
  MONTH TO DATE    1.21                      2.01  -0.80     5.20
  SINCE DEC 1      6.20                      8.12  -1.92    14.12
  SINCE JAN 1      3.84                      4.89  -1.05     9.83

SNOWFALL (IN)
  YESTERDAY        0.0           8.0  2005   0.3   -0.3      0.0
  MONTH TO DATE    3.6                       9.3   -5.7      7.1
  SINCE DEC 1      5.5                      23.2  -17.7     37.7
  SINCE JUL 1      5.5                      23.8  -18.3     37.7
  SNOW DEPTH       0

DEGREE DAYS
 HEATING
  YESTERDAY        3                        30    -27       16
  MONTH TO DATE  576                       783   -207      784
  SINCE DEC 1   2369                      2833   -464     2477
  SINCE JUL 1   3155                      3872   -717     3252

 COOLING
  YESTERDAY        0                         0      0        0
  MONTH TO DATE    0                         0      0        0
  SINCE DEC 1      0                         0      0        0
  SINCE JAN 1      0                         0      0        0
..................................................................


WIND (MPH)
  HIGHEST WIND SPEED    20   HIGHEST WIND DIRECTION     S (190)
  HIGHEST GUST SPEED    25   HIGHEST GUST DIRECTION     S (200)
  AVERAGE WIND SPEED     8.1


SKY COVER
  POSSIBLE SUNSHINE  MM
  AVERAGE SKY COVER 0.5


WEATHER CONDITIONS
 THE FOLLOWING WEATHER WAS RECORDED YESTERDAY.
  NO SIGNIFICANT WEATHER WAS OBSERVED.


RELATIVE HUMIDITY (PERCENT)
 HIGHEST    96           300 AM
 LOWEST     43           100 PM
 AVERAGE    70

..........................................................


THE HARRISBURG PA CLIMATE NORMALS FOR TODAY
                         NORMAL    RECORD    YEAR
 MAXIMUM TEMPERATURE (F)   44        74      1930
 MINIMUM TEMPERATURE (F)   28         3      1900
                                             1894


SUNRISE AND SUNSET
FEBRUARY 25 2017......SUNRISE   646 AM EST   SUNSET   555 PM EST
FEBRUARY 26 2017......SUNRISE   645 AM EST   SUNSET   556 PM EST


-  INDICATES NEGATIVE NUMBERS.
R  INDICATES RECORD WAS SET OR TIED.
MM INDICATES DATA IS MISSING.
T  INDICATES TRACE AMOUNT.




$$
