000
CDUS41 KCTP 010633
CLIMDT


CLIMATE REPORT
NATIONAL WEATHER SERVICE STATE COLLEGE PA
133 AM EST SUN FEB 1 2015


...................................

...THE HARRISBURG PA CLIMATE SUMMARY FOR JANUARY 31 2015...

CLIMATE NORMAL PERIOD 1981 TO 2010
CLIMATE RECORD PERIOD 1888 TO 2015


WEATHER ITEM   OBSERVED TIME   RECORD YEAR NORMAL DEPARTURE LAST
                VALUE   (LST)  VALUE       VALUE  FROM      YEAR
                                                  NORMAL
..................................................................
TEMPERATURE (F)
 YESTERDAY
  MAXIMUM         27    417 PM  67    1974  38    -11       36
  MINIMUM         11   1156 PM   2    1948  23    -12       20
  AVERAGE         19                        30    -11       28

PRECIPITATION (IN)
  YESTERDAY        0.00          1.01 1926   0.09  -0.09     0.00
  MONTH TO DATE    2.50                      2.88  -0.38     2.44
  SINCE DEC 1      5.76                      6.11  -0.35     6.18
  SINCE JAN 1      2.50                      2.88  -0.38     2.44

SNOWFALL (IN)
  YESTERDAY        0.0           6.3  1949   0.4   -0.4      0.0
  MONTH TO DATE   11.7                       8.8    2.9     11.8
  SINCE DEC 1     13.8                      13.9   -0.1     21.0
  SINCE JUL 1     16.2                      14.5    1.7     21.0
  SNOW DEPTH       2

DEGREE DAYS
 HEATING
  YESTERDAY       46                        35     11       37
  MONTH TO DATE 1181                      1082     99     1287
  SINCE DEC 1   2061                      2050     11     2235
  SINCE JUL 1   3074                      3089    -15     3288

 COOLING
  YESTERDAY        0                         0      0        0
  MONTH TO DATE    0                         0      0        0
  SINCE DEC 1      0                         0      0        0
  SINCE JAN 1      0                         0      0        0
..................................................................


WIND (MPH)
  HIGHEST WIND SPEED    25   HIGHEST WIND DIRECTION    NW (320)
  HIGHEST GUST SPEED    33   HIGHEST GUST DIRECTION    NW (310)
  AVERAGE WIND SPEED    12.2


SKY COVER
  POSSIBLE SUNSHINE  MM
  AVERAGE SKY COVER 0.1


WEATHER CONDITIONS
 THE FOLLOWING WEATHER WAS RECORDED YESTERDAY.
  NO SIGNIFICANT WEATHER WAS OBSERVED.


RELATIVE HUMIDITY (PERCENT)
 HIGHEST    83          1100 PM
 LOWEST     46           200 PM
 AVERAGE    65

..........................................................


THE HARRISBURG PA CLIMATE NORMALS FOR TODAY
                         NORMAL    RECORD    YEAR
 MAXIMUM TEMPERATURE (F)   38        70      1989
 MINIMUM TEMPERATURE (F)   23        -1      1920


SUNRISE AND SUNSET
FEBRUARY  1 2015......SUNRISE   716 AM EST   SUNSET   526 PM EST
FEBRUARY  2 2015......SUNRISE   715 AM EST   SUNSET   527 PM EST


-  INDICATES NEGATIVE NUMBERS.
R  INDICATES RECORD WAS SET OR TIED.
MM INDICATES DATA IS MISSING.
T  INDICATES TRACE AMOUNT.




$$
