000
CDUS41 KCTP 290649
CLIMDT


CLIMATE REPORT
NATIONAL WEATHER SERVICE STATE COLLEGE PA
248 AM EDT FRI AUG 29 2014


...................................

...THE HARRISBURG PA CLIMATE SUMMARY FOR AUGUST 28 2014...

CLIMATE NORMAL PERIOD 1981 TO 2010
CLIMATE RECORD PERIOD 1888 TO 2014


WEATHER ITEM   OBSERVED TIME   RECORD YEAR NORMAL DEPARTURE LAST
                VALUE   (LST)  VALUE       VALUE  FROM      YEAR
                                                  NORMAL
..................................................................
TEMPERATURE (F)
 YESTERDAY
  MAXIMUM         80    139 PM 100    1973  82     -2       82
                                      1948
  MINIMUM         59   1158 PM  49    1968  63     -4       72
                                      1941
  AVERAGE         70                        72     -2       77

PRECIPITATION (IN)
  YESTERDAY        0.00          2.26 1903   0.10  -0.10     0.92
  MONTH TO DATE    3.63                      2.89   0.74     3.11
  SINCE JUN 1     11.75                     11.10   0.65    12.11
  SINCE JAN 1     33.39                     26.63   6.76    24.27

DEGREE DAYS
 HEATING
  YESTERDAY        0                         0      0        0
  MONTH TO DATE    0                         0      0        0
  SINCE JUN 1      1                        18    -17        2
  SINCE JUL 1      0                         0      0        0

 COOLING
  YESTERDAY        5                         7     -2       12
  MONTH TO DATE  218                       257    -39      198
  SINCE JUN 1    815                       808      7      830
  SINCE JAN 1    875                       873      2      913
..................................................................


WIND (MPH)
  HIGHEST WIND SPEED    18   HIGHEST WIND DIRECTION    NW (320)
  HIGHEST GUST SPEED    25   HIGHEST GUST DIRECTION     N (340)
  AVERAGE WIND SPEED     8.2


SKY COVER
  POSSIBLE SUNSHINE  MM
  AVERAGE SKY COVER 0.4


WEATHER CONDITIONS
 THE FOLLOWING WEATHER WAS RECORDED YESTERDAY.
  NO SIGNIFICANT WEATHER WAS OBSERVED.


RELATIVE HUMIDITY (PERCENT)
 HIGHEST    74           100 AM
 LOWEST     39           500 PM
 AVERAGE    57

..........................................................


THE HARRISBURG PA CLIMATE NORMALS FOR TODAY
                         NORMAL    RECORD    YEAR
 MAXIMUM TEMPERATURE (F)   82        97      1953
 MINIMUM TEMPERATURE (F)   62        46      1982


SUNRISE AND SUNSET
AUGUST 29 2014........SUNRISE   632 AM EDT   SUNSET   743 PM EDT
AUGUST 30 2014........SUNRISE   633 AM EDT   SUNSET   742 PM EDT


-  INDICATES NEGATIVE NUMBERS.
R  INDICATES RECORD WAS SET OR TIED.
MM INDICATES DATA IS MISSING.
T  INDICATES TRACE AMOUNT.




$$
