000
CDUS41 KCTP 300610
CLIMDT


CLIMATE REPORT
NATIONAL WEATHER SERVICE STATE COLLEGE PA
208 AM EDT TUE AUG 30 2016


...................................

...THE HARRISBURG PA CLIMATE SUMMARY FOR AUGUST 29 2016...

CLIMATE NORMAL PERIOD 1981 TO 2010
CLIMATE RECORD PERIOD 1888 TO 2016


WEATHER ITEM   OBSERVED TIME   RECORD YEAR NORMAL DEPARTURE LAST
                VALUE   (LST)  VALUE       VALUE  FROM      YEAR
                                                  NORMAL
..................................................................
TEMPERATURE (F)
 YESTERDAY
  MAXIMUM         91    335 PM  97    1953  82      9       86
  MINIMUM         71   1154 PM  46    1982  62      9       60
  AVERAGE         81                        72      9       73

PRECIPITATION (IN)
  YESTERDAY        0.00          1.23 1911   0.11  -0.11     0.00
  MONTH TO DATE    3.76                      3.00   0.76     2.36
  SINCE JUN 1     13.32                     11.21   2.11    11.89
  SINCE JAN 1     30.51                     26.74   3.77    24.63

DEGREE DAYS
 HEATING
  YESTERDAY        0                         0      0        0
  MONTH TO DATE    0                         0      0        0
  SINCE JUN 1      5                        18    -13       13
  SINCE JUL 1      0                         0      0        0

 COOLING
  YESTERDAY       16                         7      9        8
  MONTH TO DATE  422                       264    158      309
  SINCE JUN 1   1143                       815    328      918
  SINCE JAN 1   1240                       880    360     1092
..................................................................


WIND (MPH)
  HIGHEST WIND SPEED    12   HIGHEST WIND DIRECTION     N (350)
  HIGHEST GUST SPEED    16   HIGHEST GUST DIRECTION     N (340)
  AVERAGE WIND SPEED     4.7


SKY COVER
  POSSIBLE SUNSHINE  MM
  AVERAGE SKY COVER 0.4


WEATHER CONDITIONS
 THE FOLLOWING WEATHER WAS RECORDED YESTERDAY.
  NO SIGNIFICANT WEATHER WAS OBSERVED.


RELATIVE HUMIDITY (PERCENT)
 HIGHEST    90           500 AM
 LOWEST     40           500 PM
 AVERAGE    65

..........................................................


THE HARRISBURG PA CLIMATE NORMALS FOR TODAY
                         NORMAL    RECORD    YEAR
 MAXIMUM TEMPERATURE (F)   81        98      1953
 MINIMUM TEMPERATURE (F)   62        47      1986


SUNRISE AND SUNSET
AUGUST 30 2016........SUNRISE   633 AM EDT   SUNSET   741 PM EDT
AUGUST 31 2016........SUNRISE   634 AM EDT   SUNSET   740 PM EDT


-  INDICATES NEGATIVE NUMBERS.
R  INDICATES RECORD WAS SET OR TIED.
MM INDICATES DATA IS MISSING.
T  INDICATES TRACE AMOUNT.




$$
