000
CDUS41 KCTP 262116
CLIMDT


CLIMATE REPORT
NATIONAL WEATHER SERVICE STATE COLLEGE PA
516 PM EDT MON JUN 26 2017


...................................

...THE HARRISBURG PA CLIMATE SUMMARY FOR JUNE 26 2017...
VALID TODAY AS OF 0500 PM LOCAL TIME.

CLIMATE NORMAL PERIOD 1981 TO 2010
CLIMATE RECORD PERIOD 1888 TO 2017


WEATHER ITEM   OBSERVED TIME   RECORD YEAR NORMAL DEPARTURE LAST
                VALUE   (LST)  VALUE       VALUE  FROM      YEAR
                                                  NORMAL
..................................................................
TEMPERATURE (F)
 TODAY
  MAXIMUM         79    305 PM 100    1952  84     -5       86
  MINIMUM         60    347 AM  47    1979  65     -5       65
  AVERAGE         70                        74     -4       76

PRECIPITATION (IN)
  TODAY            0.00          1.88 1978   0.12  -0.12     0.00
  MONTH TO DATE    3.48                      3.12   0.36     3.06
  SINCE JUN 1      3.48                      3.12   0.36     3.06
  SINCE JAN 1     19.93                     18.65   1.28    20.25

DEGREE DAYS
 HEATING
  TODAY            0                         0      0        0
  MONTH TO DATE    7                        17    -10        5
  SINCE JUN 1      7                        17    -10        5
  SINCE JUL 1   4370                      5268   -898     4461

 COOLING
  TODAY            5                         9     -4       11
  MONTH TO DATE  229                       173     56      227
  SINCE JUN 1    229                       173     56      227
  SINCE JAN 1    306                       238     68      324
..................................................................


WIND (MPH)
  HIGHEST WIND SPEED    15   HIGHEST WIND DIRECTION     W (260)
  HIGHEST GUST SPEED    19   HIGHEST GUST DIRECTION     W (260)
  AVERAGE WIND SPEED     7.2


SKY COVER
  POSSIBLE SUNSHINE  MM
  AVERAGE SKY COVER 0.4


WEATHER CONDITIONS
 THE FOLLOWING WEATHER WAS RECORDED TODAY.
  NO SIGNIFICANT WEATHER WAS OBSERVED.


RELATIVE HUMIDITY (PERCENT)
 HIGHEST    78           400 AM
 LOWEST     35           300 PM
 AVERAGE    57

..........................................................


THE HARRISBURG PA CLIMATE NORMALS FOR TOMORROW
                         NORMAL    RECORD    YEAR
 MAXIMUM TEMPERATURE (F)   84       100      1966
 MINIMUM TEMPERATURE (F)   65        54      1981
                                             1967
                                             1927


SUNRISE AND SUNSET
JUNE 26 2017..........SUNRISE   539 AM EDT   SUNSET   841 PM EDT
JUNE 27 2017..........SUNRISE   540 AM EDT   SUNSET   841 PM EDT


-  INDICATES NEGATIVE NUMBERS.
R  INDICATES RECORD WAS SET OR TIED.
MM INDICATES DATA IS MISSING.
T  INDICATES TRACE AMOUNT.




$$
