000
CDUS43 KLOT 250636
CLIMDW


CLIMATE REPORT
NATIONAL WEATHER SERVICE CHICAGO IL
136 AM CDT WED MAY 25 2016


...................................

...THE CHICAGO-MIDWAY CLIMATE SUMMARY FOR MAY 24 2016...

CLIMATE NORMAL PERIOD 1981 TO 2010
CLIMATE RECORD PERIOD 1928 TO 2016


WEATHER ITEM   OBSERVED TIME   RECORD YEAR NORMAL DEPARTURE LAST
                VALUE   (LST)  VALUE       VALUE  FROM      YEAR
                                                  NORMAL
..................................................................
TEMPERATURE (F)
 YESTERDAY
  MAXIMUM         89    421 PM  93    1950  73     16       76
  MINIMUM         64    436 AM  36    1935  54     10       62
  AVERAGE         77                        63     14       69

PRECIPITATION (IN)
  YESTERDAY        0.00          1.31 1955   0.14  -0.14     0.44
  MONTH TO DATE    3.43                      3.14   0.29     2.57
  SINCE MAR 1      8.81                      9.50  -0.69     5.99
  SINCE JAN 1      9.59                     13.50  -3.91     7.33

DEGREE DAYS
 HEATING
  YESTERDAY        0                         4     -4        0
  MONTH TO DATE  180                       164     16      125
  SINCE MAR 1   1237                      1424   -187     1321
  SINCE JUL 1   4875                      5935  -1060     6043

 COOLING
  YESTERDAY       12                         3      9        4
  MONTH TO DATE   18                        39    -21       62
  SINCE MAR 1     31                        52    -21       62
  SINCE JAN 1     31                        52    -21       62
..................................................................


WIND (MPH)
  RESULTANT WIND SPEED  10   RESULTANT WIND DIRECTION  SW (210)
  HIGHEST WIND SPEED    21   HIGHEST WIND DIRECTION    SW (240)
  HIGHEST GUST SPEED    27   HIGHEST GUST DIRECTION     S (170)
  AVERAGE WIND SPEED    10.8



WEATHER CONDITIONS
 THE FOLLOWING WEATHER WAS RECORDED YESTERDAY.
  NO SIGNIFICANT WEATHER WAS OBSERVED.


..........................................................


THE CHICAGO-MIDWAY CLIMATE NORMALS FOR TODAY
                         NORMAL    RECORD    YEAR
 MAXIMUM TEMPERATURE (F)   73        90      1950
                                             1939
 MINIMUM TEMPERATURE (F)   54        35      1934


SUNRISE AND SUNSET
MAY 25 2016...........SUNRISE   522 AM CDT   SUNSET   814 PM CDT
MAY 26 2016...........SUNRISE   522 AM CDT   SUNSET   815 PM CDT


-  INDICATES NEGATIVE NUMBERS.
R  INDICATES RECORD WAS SET OR TIED.
MM INDICATES DATA IS MISSING.
T  INDICATES TRACE AMOUNT.




$$
