000
CDUS43 KLOT 260633
CLIMDW


CLIMATE REPORT
NATIONAL WEATHER SERVICE CHICAGO IL
1232 AM CST MON JAN 26 2015


...................................

...THE CHICAGO-MIDWAY CLIMATE SUMMARY FOR JANUARY 25 2015...

CLIMATE NORMAL PERIOD 1981 TO 2010
CLIMATE RECORD PERIOD 1928 TO 2015


WEATHER ITEM   OBSERVED TIME   RECORD YEAR NORMAL DEPARTURE LAST
                VALUE   (LST)  VALUE       VALUE  FROM      YEAR
                                                  NORMAL
..................................................................
TEMPERATURE (F)
 YESTERDAY
  MAXIMUM         38    622 AM  67    1950  32      6       33
  MINIMUM         26   1159 PM -10    1936  18      8        7
  AVERAGE         32                        25      7       20

PRECIPITATION (IN)
  YESTERDAY        0.06          1.30 1990   0.06   0.00     0.01
  MONTH TO DATE    1.03                      1.72  -0.69     0.94
  SINCE DEC 1      1.81                      4.29  -2.48     1.87
  SINCE JAN 1      1.03                      1.72  -0.69     0.94

DEGREE DAYS
 HEATING
  YESTERDAY       33                        40     -7       45
  MONTH TO DATE 1014                       999     15     1165
  SINCE DEC 1   1948                      2115   -167     2408
  SINCE JUL 1   3205                      3250    -45     3606

 COOLING
  YESTERDAY        0                         0      0        0
  MONTH TO DATE    0                         0      0        0
  SINCE DEC 1      0                         0      0        0
  SINCE JAN 1      0                         0      0        0
..................................................................


WIND (MPH)
  RESULTANT WIND SPEED  14   RESULTANT WIND DIRECTION  NE (40)
  HIGHEST WIND SPEED    26   HIGHEST WIND DIRECTION    NE (30)
  HIGHEST GUST SPEED    33   HIGHEST GUST DIRECTION    NE (30)
  AVERAGE WIND SPEED    15.8



WEATHER CONDITIONS
 THE FOLLOWING WEATHER WAS RECORDED YESTERDAY.
  LIGHT RAIN
  SNOW
  LIGHT SNOW
  FOG


..........................................................


THE CHICAGO-MIDWAY CLIMATE NORMALS FOR TODAY
                         NORMAL    RECORD    YEAR
 MAXIMUM TEMPERATURE (F)   32        62      1944
 MINIMUM TEMPERATURE (F)   18       -10      1936


SUNRISE AND SUNSET
JANUARY 26 2015.......SUNRISE   709 AM CST   SUNSET   458 PM CST
JANUARY 27 2015.......SUNRISE   708 AM CST   SUNSET   500 PM CST


-  INDICATES NEGATIVE NUMBERS.
R  INDICATES RECORD WAS SET OR TIED.
MM INDICATES DATA IS MISSING.
T  INDICATES TRACE AMOUNT.




$$
