000
CDUS43 KLOT 220640
CLIMDW


CLIMATE REPORT
NATIONAL WEATHER SERVICE CHICAGO IL
139 AM CDT TUE JUL 22 2014


...................................

...THE CHICAGO-MIDWAY CLIMATE SUMMARY FOR JULY 21 2014...

CLIMATE NORMAL PERIOD 1981 TO 2010
CLIMATE RECORD PERIOD 1928 TO 2014


WEATHER ITEM   OBSERVED TIME   RECORD YEAR NORMAL DEPARTURE LAST
                VALUE   (LST)  VALUE       VALUE  FROM      YEAR
                                                  NORMAL
..................................................................
TEMPERATURE (F)
 YESTERDAY
  MAXIMUM         87    240 PM 108    1934  84      3       89
  MINIMUM         68    422 AM  51    1970  68      0       72
  AVERAGE         78                        76      2       81

PRECIPITATION (IN)
  YESTERDAY        0.00          1.43 1949   0.14  -0.14     0.00
  MONTH TO DATE    4.95                      2.61   2.34     0.94
  SINCE JUN 1     12.67                      6.67   6.00     4.22
  SINCE JAN 1     23.96                     21.16   2.80    21.81

DEGREE DAYS
 HEATING
  YESTERDAY        0                         0      0        0
  MONTH TO DATE    1                         0      1        0
  SINCE JUN 1      3                        31    -28       36
  SINCE JUL 1      1                         0      1        0

 COOLING
  YESTERDAY       13                        11      2       16
  MONTH TO DATE  160                       229    -69      264
  SINCE JUN 1    411                       439    -28      445
  SINCE JAN 1    522                       513      9      551
..................................................................


WIND (MPH)
  RESULTANT WIND SPEED   8   RESULTANT WIND DIRECTION   S (190)
  HIGHEST WIND SPEED    14   HIGHEST WIND DIRECTION     S (190)
  HIGHEST GUST SPEED    21   HIGHEST GUST DIRECTION     S (200)
  AVERAGE WIND SPEED     8.0



WEATHER CONDITIONS
 THE FOLLOWING WEATHER WAS RECORDED YESTERDAY.
  NO SIGNIFICANT WEATHER WAS OBSERVED.


..........................................................


THE CHICAGO-MIDWAY CLIMATE NORMALS FOR TODAY
                         NORMAL    RECORD    YEAR
 MAXIMUM TEMPERATURE (F)   84       104      1934
 MINIMUM TEMPERATURE (F)   68        49      1947


SUNRISE AND SUNSET
JULY 22 2014..........SUNRISE   535 AM CDT   SUNSET   819 PM CDT
JULY 23 2014..........SUNRISE   536 AM CDT   SUNSET   818 PM CDT


-  INDICATES NEGATIVE NUMBERS.
R  INDICATES RECORD WAS SET OR TIED.
MM INDICATES DATA IS MISSING.
T  INDICATES TRACE AMOUNT.




$$
