000
CDUS43 KLOT 240639
CLIMDW


CLIMATE REPORT
NATIONAL WEATHER SERVICE CHICAGO IL
136 AM CDT SAT JUN 24 2017


...................................

...THE CHICAGO-MIDWAY CLIMATE SUMMARY FOR JUNE 23 2017...

CLIMATE NORMAL PERIOD 1981 TO 2010
CLIMATE RECORD PERIOD 1928 TO 2017


WEATHER ITEM   OBSERVED TIME   RECORD YEAR NORMAL DEPARTURE LAST
                VALUE   (LST)  VALUE       VALUE  FROM      YEAR
                                                  NORMAL
..................................................................
TEMPERATURE (F)
 YESTERDAY
  MAXIMUM         83    342 PM  99    1930  82      1       80
  MINIMUM         67   1159 PM  46    1972  65      2       67
  AVERAGE         75                        74      1       74

PRECIPITATION (IN)
  YESTERDAY        0.60          2.20 1931   0.12   0.48     0.00
  MONTH TO DATE    2.14                      3.23  -1.09     1.36
  SINCE JUN 1      2.14                      3.23  -1.09     1.36
  SINCE JAN 1     21.46                     17.72   3.74    13.08

DEGREE DAYS
 HEATING
  YESTERDAY        0                         0      0        0
  MONTH TO DATE    0                        29    -29        6
  SINCE JUN 1      0                        29    -29        6
  SINCE JUL 1   4964                      5988  -1024     4881

 COOLING
  YESTERDAY       10                         9      1        9
  MONTH TO DATE  234                       139     95      215
  SINCE JUN 1    234                       139     95      215
  SINCE JAN 1    289                       213     76      322
..................................................................


WIND (MPH)
  RESULTANT WIND SPEED   9   RESULTANT WIND DIRECTION  NW (300)
  HIGHEST WIND SPEED    25   HIGHEST WIND DIRECTION     N (340)
  HIGHEST GUST SPEED    32   HIGHEST GUST DIRECTION     N (340)
  AVERAGE WIND SPEED    11.6



WEATHER CONDITIONS
 THE FOLLOWING WEATHER WAS RECORDED YESTERDAY.
  THUNDERSTORM
  HEAVY RAIN
  RAIN
  LIGHT RAIN
  FOG


..........................................................


THE CHICAGO-MIDWAY CLIMATE NORMALS FOR TODAY
                         NORMAL    RECORD    YEAR
 MAXIMUM TEMPERATURE (F)   83        99      1937
 MINIMUM TEMPERATURE (F)   65        48      1936


SUNRISE AND SUNSET
JUNE 24 2017..........SUNRISE   517 AM CDT   SUNSET   830 PM CDT
JUNE 25 2017..........SUNRISE   518 AM CDT   SUNSET   830 PM CDT


-  INDICATES NEGATIVE NUMBERS.
R  INDICATES RECORD WAS SET OR TIED.
MM INDICATES DATA IS MISSING.
T  INDICATES TRACE AMOUNT.




$$
