000
CDUS44 KMEG 312152
CLIMEG


CLIMATE REPORT
NATIONAL WEATHER SERVICE MEMPHIS TN
452 PM CDT FRI OCT 31 2014


...................................

...THE MEMPHIS/GERMANTOWN WFO CLIMATE SUMMARY FOR OCTOBER 31 2014...
VALID TODAY AS OF 0400 PM LOCAL TIME.

CLIMATE NORMAL PERIOD 1981 TO 2010
CLIMATE RECORD PERIOD 1988 TO 2014


WEATHER ITEM   OBSERVED TIME   RECORD YEAR NORMAL DEPARTURE LAST
                VALUE   (LST)  VALUE       VALUE  FROM      YEAR
                                                  NORMAL
..................................................................
TEMPERATURE (F)
 TODAY
  MAXIMUM         59    300 PM  86    2000  69    -10       71
  MINIMUM         45    500 AM  31    1993  45      0       58
  AVERAGE         52                        57     -5       65

PRECIPITATION (IN)
  TODAY            0.00          1.61 2013   0.14  -0.14     1.61
  MONTH TO DATE    4.40                      4.30   0.10     3.66
  SINCE SEP 1      9.49                      7.58   1.91     7.36
  SINCE JAN 1     52.45                     43.59   8.86    55.72

SNOWFALL (IN)
  TODAY            0.0

DEGREE DAYS
 HEATING
  TODAY           13                         9      4        0
  MONTH TO DATE  109                       166    -57      140
  SINCE SEP 1    114                       184    -70      140
  SINCE JUL 1    114                       184    -70      140

 COOLING
  TODAY            0                         1     -1        0
  MONTH TO DATE   97                        65     32       91
  SINCE SEP 1    384                       322     62      414
  SINCE JAN 1   1965                      1917     48     1962
..................................................................







THE MEMPHIS/GERMANTOWN WFO CLIMATE NORMALS FOR TOMORROW
                         NORMAL    RECORD    YEAR
 MAXIMUM TEMPERATURE (F)   69        86      2000
 MINIMUM TEMPERATURE (F)   45        24      1993


SUNRISE AND SUNSET
OCTOBER 31 2014.......SUNRISE   719 AM CDT   SUNSET   606 PM CDT
NOVEMBER  1 2014......SUNRISE   720 AM CDT   SUNSET   605 PM CDT


-  INDICATES NEGATIVE NUMBERS.
R  INDICATES RECORD WAS SET OR TIED.
MM INDICATES DATA IS MISSING.
T  INDICATES TRACE AMOUNT.




$$
