000
CDUS44 KMEG 060635
CLIMEG


CLIMATE REPORT
NATIONAL WEATHER SERVICE MEMPHIS TN
135 AM CDT FRI MAY 6 2016


...................................

...THE MEMPHIS/GERMANTOWN WFO CLIMATE SUMMARY FOR MAY 5 2016...

CLIMATE NORMAL PERIOD 1981 TO 2010
CLIMATE RECORD PERIOD 1988 TO 2016


WEATHER ITEM   OBSERVED TIME   RECORD YEAR NORMAL DEPARTURE LAST
                VALUE   (LST)  VALUE       VALUE  FROM      YEAR
                                                  NORMAL
..................................................................
TEMPERATURE (F)
 YESTERDAY
  MAXIMUM         71    300 PM  92    2012  78     -7       87
  MINIMUM         47    600 AM  41    2011  56     -9       61
  AVERAGE         59                        66     -7       74

PRECIPITATION (IN)
  YESTERDAY        0.00          2.06 1999   0.22  -0.22     0.00
  MONTH TO DATE    1.08                      1.07   0.01     0.00
  SINCE MAR 1     23.85                     11.34  12.51    10.08
  SINCE JAN 1     32.80                     19.97  12.83    16.16

SNOWFALL (IN)
  YESTERDAY        0.0          MM      MM   0.0    0.0      0.0
  MONTH TO DATE    0.0                       0.0    0.0      0.0
  SINCE MAR 1      T                         0.8   -0.8      4.1
  SINCE JUL 1      0.9                       2.4   -1.5      6.3
  SNOW DEPTH       0

DEGREE DAYS
 HEATING
  YESTERDAY        6                         2      4        0
  MONTH TO DATE   18                        13      5        9
  SINCE MAR 1    378                       640   -262      536
  SINCE JUL 1   2465                      3386   -921     3443

 COOLING
  YESTERDAY        0                         4     -4        9
  MONTH TO DATE    8                        17     -9       21
  SINCE MAR 1     81                        82     -1       98
  SINCE JAN 1     81                        83     -2       98
..................................................................







THE MEMPHIS/GERMANTOWN WFO CLIMATE NORMALS FOR TODAY
                         NORMAL    RECORD    YEAR
 MAXIMUM TEMPERATURE (F)   78        94      2012
 MINIMUM TEMPERATURE (F)   56        42      1992


SUNRISE AND SUNSET
MAY  6 2016...........SUNRISE   603 AM CDT   SUNSET   749 PM CDT
MAY  7 2016...........SUNRISE   602 AM CDT   SUNSET   750 PM CDT


-  INDICATES NEGATIVE NUMBERS.
R  INDICATES RECORD WAS SET OR TIED.
MM INDICATES DATA IS MISSING.
T  INDICATES TRACE AMOUNT.




$$
