000
CDUS44 KMEG 290643
CLIMEG


CLIMATE REPORT
NATIONAL WEATHER SERVICE MEMPHIS TN
143 AM CDT MON MAY 29 2017


...................................

...THE MEMPHIS/GERMANTOWN WFO CLIMATE SUMMARY FOR MAY 28 2017...

CLIMATE NORMAL PERIOD 1981 TO 2010
CLIMATE RECORD PERIOD 1988 TO 2017


WEATHER ITEM   OBSERVED TIME   RECORD YEAR NORMAL DEPARTURE LAST
                VALUE   (LST)  VALUE       VALUE  FROM      YEAR
                                                  NORMAL
..................................................................
TEMPERATURE (F)
 YESTERDAY
  MAXIMUM         79    224 PM  96    2012  84     -5       86
  MINIMUM         63   1202 AM  50    1994  63      0       67
  AVERAGE         71                        73     -2       77

PRECIPITATION (IN)
  YESTERDAY        1.07R         0.55 1995   0.15   0.92     0.00
  MONTH TO DATE    3.99                      5.15  -1.16     4.59
  SINCE MAR 1     14.28                     15.42  -1.14    27.36
  SINCE JAN 1     19.49                     24.05  -4.56    36.31

SNOWFALL (IN)
  YESTERDAY        0.0          MM      MM                   0.0
  MONTH TO DATE    0.0                                       0.0
  SINCE MAR 1      0.4                                        T
  SINCE JUL 1      1.4                                       0.9
  SNOW DEPTH       0

DEGREE DAYS
 HEATING
  YESTERDAY        0                         0      0        0
  MONTH TO DATE   30                        39     -9       38
  SINCE MAR 1    399                       666   -267      398
  SINCE JUL 1   2240                      3412  -1172     2485

 COOLING
  YESTERDAY        6                         9     -3       12
  MONTH TO DATE   95                       158    -63      132
  SINCE MAR 1    241                       223     18      205
  SINCE JAN 1    255                       224     31      205
..................................................................







THE MEMPHIS/GERMANTOWN WFO CLIMATE NORMALS FOR TODAY
                         NORMAL    RECORD    YEAR
 MAXIMUM TEMPERATURE (F)   84        94      2012
 MINIMUM TEMPERATURE (F)   63        52      1992


SUNRISE AND SUNSET
MAY 29 2017...........SUNRISE   547 AM CDT   SUNSET   807 PM CDT
MAY 30 2017...........SUNRISE   547 AM CDT   SUNSET   807 PM CDT


-  INDICATES NEGATIVE NUMBERS.
R  INDICATES RECORD WAS SET OR TIED.
MM INDICATES DATA IS MISSING.
T  INDICATES TRACE AMOUNT.




$$
