000
CDUS44 KMEG 310632
CLIMEG


CLIMATE REPORT
NATIONAL WEATHER SERVICE MEMPHIS TN
132 AM CDT SUN AUG 31 2014


...................................

...THE MEMPHIS/GERMANTOWN WFO CLIMATE SUMMARY FOR AUGUST 30 2014...

CLIMATE NORMAL PERIOD 1981 TO 2010
CLIMATE RECORD PERIOD 1988 TO 2014


WEATHER ITEM   OBSERVED TIME   RECORD YEAR NORMAL DEPARTURE LAST
                VALUE   (LST)  VALUE       VALUE  FROM      YEAR
                                                  NORMAL
..................................................................
TEMPERATURE (F)
 YESTERDAY
  MAXIMUM         80   1200 PM 103    2000  89     -9       96
  MINIMUM         72   1100 PM  55    1992  68      4       72
  AVERAGE         76                        78     -2       84

PRECIPITATION (IN)
  YESTERDAY        0.61R         0.37 2012   0.09   0.52     0.00
  MONTH TO DATE    1.06                      3.20  -2.14     2.14
  SINCE JUN 1     17.10                     11.42   5.68    12.02
  SINCE JAN 1     42.68                     35.91   6.77    48.36

SNOWFALL (IN)
  YESTERDAY        0.0          MM      MM   0.0    0.0      0.0
  MONTH TO DATE    0.0                       0.0    0.0      0.0
  SINCE JUN 1      0.0                       0.0    0.0      0.0
  SINCE JUL 1      0.0                       0.0    0.0      0.0
  SNOW DEPTH       0

DEGREE DAYS
 HEATING
  YESTERDAY        0                         0      0        0
  MONTH TO DATE    0                         0      0        0
  SINCE JUN 1      0                         2     -2        0
  SINCE JUL 1      0                         0      0        0

 COOLING
  YESTERDAY       11                        13     -2       19
  MONTH TO DATE  492                       455     37      429
  SINCE JUN 1   1266                      1332    -66     1268
  SINCE JAN 1   1565                      1583    -18     1528
..................................................................







THE MEMPHIS/GERMANTOWN WFO CLIMATE NORMALS FOR TODAY
                         NORMAL    RECORD    YEAR
 MAXIMUM TEMPERATURE (F)   89       101      2011
                                             2000
 MINIMUM TEMPERATURE (F)   67        55      1988


SUNRISE AND SUNSET
AUGUST 31 2014........SUNRISE   631 AM CDT   SUNSET   727 PM CDT
SEPTEMBER  1 2014.....SUNRISE   632 AM CDT   SUNSET   726 PM CDT


-  INDICATES NEGATIVE NUMBERS.
R  INDICATES RECORD WAS SET OR TIED.
MM INDICATES DATA IS MISSING.
T  INDICATES TRACE AMOUNT.




$$
