000
CDUS44 KMEG 180624
CLIMEG


CLIMATE REPORT
NATIONAL WEATHER SERVICE MEMPHIS TN
1223 AM CST SAT NOV 18 2017


...................................

...THE MEMPHIS/GERMANTOWN WFO CLIMATE SUMMARY FOR NOVEMBER 17 2017...

CLIMATE NORMAL PERIOD 1981 TO 2010
CLIMATE RECORD PERIOD 1988 TO 2017


WEATHER ITEM   OBSERVED TIME   RECORD YEAR NORMAL DEPARTURE LAST
                VALUE   (LST)  VALUE       VALUE  FROM      YEAR
                                                  NORMAL
..................................................................
TEMPERATURE (F)
 YESTERDAY
  MAXIMUM         74    404 PM  81    2016  62     12       81
  MINIMUM         40    319 AM  21    1997  40      0       55
  AVERAGE         57                        51      6       68

PRECIPITATION (IN)
  YESTERDAY        0.00          3.14 2015   0.18  -0.18     0.00
  MONTH TO DATE    1.75                      2.78  -1.03     0.46
  SINCE SEP 1      6.73                     10.36  -3.63     2.66
  SINCE JAN 1     45.92                     46.37  -0.45    53.90

SNOWFALL (IN)
  YESTERDAY        0.0          MM      MM                   0.0
  MONTH TO DATE    0.0                                       0.0
  SINCE SEP 1      0.0                                       0.0
  SINCE JUL 1      0.0                                       0.0
  SNOW DEPTH       0

DEGREE DAYS
 HEATING
  YESTERDAY        8                        14     -6        0
  MONTH TO DATE  153                       196    -43       99
  SINCE SEP 1    307                       380    -73      128
  SINCE JUL 1    307                       380    -73      128

 COOLING
  YESTERDAY        0                         0      0        3
  MONTH TO DATE   18                         7     11       26
  SINCE SEP 1    432                       329    103      587
  SINCE JAN 1   2124                      1924    200     2423
..................................................................







THE MEMPHIS/GERMANTOWN WFO CLIMATE NORMALS FOR TODAY
                         NORMAL    RECORD    YEAR
 MAXIMUM TEMPERATURE (F)   61        78      2016
 MINIMUM TEMPERATURE (F)   40        18      2014


SUNRISE AND SUNSET
NOVEMBER 18 2017......SUNRISE   637 AM CST   SUNSET   451 PM CST
NOVEMBER 19 2017......SUNRISE   638 AM CST   SUNSET   451 PM CST


-  INDICATES NEGATIVE NUMBERS.
R  INDICATES RECORD WAS SET OR TIED.
MM INDICATES DATA IS MISSING.
T  INDICATES TRACE AMOUNT.




$$
