000
CDUS44 KMEG 200744
CLIMEG


CLIMATE REPORT
NATIONAL WEATHER SERVICE MEMPHIS TN
144 AM CST SAT JAN 20 2018


...................................

...THE MEMPHIS/GERMANTOWN WFO CLIMATE SUMMARY FOR JANUARY 19 2018...

CLIMATE NORMAL PERIOD 1981 TO 2010
CLIMATE RECORD PERIOD 1988 TO 2018


WEATHER ITEM   OBSERVED TIME   RECORD YEAR NORMAL DEPARTURE LAST
                VALUE   (LST)  VALUE       VALUE  FROM      YEAR
                                                  NORMAL
..................................................................
TEMPERATURE (F)
 YESTERDAY
  MAXIMUM         44    652 PM  65    1996  48     -4       64
  MINIMUM         25   1225 AM   7    1994  29     -4       52
  AVERAGE         35                        39     -4       58

PRECIPITATION (IN)
  YESTERDAY        0.00          2.04 1995   0.13  -0.13     0.64
  MONTH TO DATE    2.72                      2.44   0.28     3.27
  SINCE DEC 1      9.68                      8.38   1.30    10.58
  SINCE JAN 1      2.72                      2.44   0.28     3.27

SNOWFALL (IN)
  YESTERDAY        0.0           0.1  2001                   0.0
  MONTH TO DATE    3.8                                       1.0
  SINCE DEC 1      3.8                                       1.0
  SINCE JUL 1      3.8                                       1.0
  SNOW DEPTH       1

DEGREE DAYS
 HEATING
  YESTERDAY       30                        26      4        7
  MONTH TO DATE  659                       494    165      353
  SINCE DEC 1   1377                      1219    158     1028
  SINCE JUL 1   1882                      1818     64     1350

 COOLING
  YESTERDAY        0                         0      0        0
  MONTH TO DATE    0                         0      0        0
  SINCE DEC 1      0                         1     -1        5
  SINCE JAN 1      0                         0      0        0
..................................................................







THE MEMPHIS/GERMANTOWN WFO CLIMATE NORMALS FOR TODAY
                         NORMAL    RECORD    YEAR
 MAXIMUM TEMPERATURE (F)   49        67      2017
                                             1999
 MINIMUM TEMPERATURE (F)   30         7      1994


SUNRISE AND SUNSET
JANUARY 20 2018.......SUNRISE   705 AM CST   SUNSET   516 PM CST
JANUARY 21 2018.......SUNRISE   705 AM CST   SUNSET   517 PM CST


-  INDICATES NEGATIVE NUMBERS.
R  INDICATES RECORD WAS SET OR TIED.
MM INDICATES DATA IS MISSING.
T  INDICATES TRACE AMOUNT.




$$
