000
CDUS44 KMEG 220636
CLIMEG


CLIMATE REPORT
NATIONAL WEATHER SERVICE MEMPHIS TN
136 AM CDT SAT JUL 22 2017


...................................

...THE MEMPHIS/GERMANTOWN WFO CLIMATE SUMMARY FOR JULY 21 2017...

CLIMATE NORMAL PERIOD 1981 TO 2010
CLIMATE RECORD PERIOD 1988 TO 2017


WEATHER ITEM   OBSERVED TIME   RECORD YEAR NORMAL DEPARTURE LAST
                VALUE   (LST)  VALUE       VALUE  FROM      YEAR
                                                  NORMAL
..................................................................
TEMPERATURE (F)
 YESTERDAY
  MAXIMUM         98        MM 102    2006  91      7       98
  MINIMUM         76        MM  64    2014  71      5       73
  AVERAGE         87                        81      6       86

PRECIPITATION (IN)
  YESTERDAY        T             2.48 2009   0.15  -0.15      T
  MONTH TO DATE    3.97                      3.09   0.88     2.96
  SINCE JUN 1      8.05                      6.77   1.28     7.07
  SINCE JAN 1     28.96                     31.26  -2.30    43.52

SNOWFALL (IN)
  YESTERDAY        0.0          MM      MM                   0.0
  MONTH TO DATE    0.0                                       0.0
  SINCE JUN 1      0.0                                       0.0
  SINCE JUL 1      0.0                                       0.0
  SNOW DEPTH       0

DEGREE DAYS
 HEATING
  YESTERDAY        0                         0      0        0
  MONTH TO DATE    0                         0      0        0
  SINCE JUN 1      0                         2     -2        0
  SINCE JUL 1      0                         0      0        0

 COOLING
  YESTERDAY       22                        16      6       21
  MONTH TO DATE  364                       334     30      387
  SINCE JUN 1    749                       715     34      862
  SINCE JAN 1   1094                       966    128     1107
..................................................................







THE MEMPHIS/GERMANTOWN WFO CLIMATE NORMALS FOR TODAY
                         NORMAL    RECORD    YEAR
 MAXIMUM TEMPERATURE (F)   91        99      2016
 MINIMUM TEMPERATURE (F)   71        63      2007


SUNRISE AND SUNSET
JULY 22 2017..........SUNRISE   601 AM CDT   SUNSET   810 PM CDT
JULY 23 2017..........SUNRISE   602 AM CDT   SUNSET   809 PM CDT


-  INDICATES NEGATIVE NUMBERS.
R  INDICATES RECORD WAS SET OR TIED.
MM INDICATES DATA IS MISSING.
T  INDICATES TRACE AMOUNT.




$$
