000
CDUS44 KMEG 310636
CLIMEG


CLIMATE REPORT
NATIONAL WEATHER SERVICE MEMPHIS TN
136 AM CDT MON AUG 31 2015


...................................

...THE MEMPHIS/GERMANTOWN WFO CLIMATE SUMMARY FOR AUGUST 30 2015...

CLIMATE NORMAL PERIOD 1981 TO 2010
CLIMATE RECORD PERIOD 1988 TO 2015


WEATHER ITEM   OBSERVED TIME   RECORD YEAR NORMAL DEPARTURE LAST
                VALUE   (LST)  VALUE       VALUE  FROM      YEAR
                                                  NORMAL
..................................................................
TEMPERATURE (F)
 YESTERDAY
  MAXIMUM         92        MM 103    2000  89      3       80
  MINIMUM         72        MM  55    1992  68      4       72
  AVERAGE         82                        78      4       76

PRECIPITATION (IN)
  YESTERDAY        0.07          0.61 2014   0.09  -0.02     0.61
  MONTH TO DATE    4.27                      3.20   1.07     1.06
  SINCE JUN 1     12.04                     11.42   0.62    17.10
  SINCE JAN 1     33.72                     35.91  -2.19    42.68

SNOWFALL (IN)
  YESTERDAY        0.0          MM      MM   0.0    0.0      0.0
  MONTH TO DATE    0.0                       0.0    0.0      0.0
  SINCE JUN 1      0.0                       0.0    0.0      0.0
  SINCE JUL 1      0.0                       0.0    0.0      0.0
  SNOW DEPTH       0

DEGREE DAYS
 HEATING
  YESTERDAY        0                         0      0        0
  MONTH TO DATE    0                         0      0        0
  SINCE JUN 1      0                         2     -2        0
  SINCE JUL 1      0                         0      0        0

 COOLING
  YESTERDAY       17                        13      4       11
  MONTH TO DATE  407                       455    -48      492
  SINCE JUN 1   1425                      1332     93     1266
  SINCE JAN 1   1725                      1583    142     1565
..................................................................







THE MEMPHIS/GERMANTOWN WFO CLIMATE NORMALS FOR TODAY
                         NORMAL    RECORD    YEAR
 MAXIMUM TEMPERATURE (F)   89       101      2011
                                             2000
 MINIMUM TEMPERATURE (F)   67        55      1988


SUNRISE AND SUNSET
AUGUST 31 2015........SUNRISE   631 AM CDT   SUNSET   728 PM CDT
SEPTEMBER  1 2015.....SUNRISE   632 AM CDT   SUNSET   726 PM CDT


-  INDICATES NEGATIVE NUMBERS.
R  INDICATES RECORD WAS SET OR TIED.
MM INDICATES DATA IS MISSING.
T  INDICATES TRACE AMOUNT.




$$
