000
CDUS44 KMEG 280645
CLIMEG


CLIMATE REPORT
NATIONAL WEATHER SERVICE MEMPHIS TN
144 AM CDT TUE MAR 28 2017


...................................

...THE MEMPHIS/GERMANTOWN WFO CLIMATE SUMMARY FOR MARCH 27 2017...

CLIMATE NORMAL PERIOD 1981 TO 2010
CLIMATE RECORD PERIOD 1988 TO 2017


WEATHER ITEM   OBSERVED TIME   RECORD YEAR NORMAL DEPARTURE LAST
                VALUE   (LST)  VALUE       VALUE  FROM      YEAR
                                                  NORMAL
..................................................................
TEMPERATURE (F)
 YESTERDAY
  MAXIMUM         81    425 PM  85    2012  66     15       74
  MINIMUM         58   1228 AM  25    2001  43     15       48
  AVERAGE         70                        55     15       61

PRECIPITATION (IN)
  YESTERDAY        0.14          0.94 1994   0.16  -0.02      T
  MONTH TO DATE    3.97                      4.27  -0.30    13.60
  SINCE MAR 1      3.97                      4.27  -0.30    13.60
  SINCE JAN 1      9.18                     12.90  -3.72    22.55

SNOWFALL (IN)
  YESTERDAY        0.0           0.0    MM                   0.0
  MONTH TO DATE    0.4                                        T
  SINCE MAR 1      0.4                                        T
  SINCE JUL 1      1.4                                       0.9
  SNOW DEPTH       0

DEGREE DAYS
 HEATING
  YESTERDAY        0                        11    -11        4
  MONTH TO DATE  301                       394    -93      234
  SINCE MAR 1    301                       394    -93      234
  SINCE JUL 1   2142                      3140   -998     2321

 COOLING
  YESTERDAY        5                         1      4        0
  MONTH TO DATE   23                         4     19        9
  SINCE MAR 1     23                         4     19        9
  SINCE JAN 1     37                         5     32        9
..................................................................







THE MEMPHIS/GERMANTOWN WFO CLIMATE NORMALS FOR TODAY
                         NORMAL    RECORD    YEAR
 MAXIMUM TEMPERATURE (F)   67        84      2012
 MINIMUM TEMPERATURE (F)   43        29      1990


SUNRISE AND SUNSET
MARCH 28 2017.........SUNRISE   651 AM CDT   SUNSET   718 PM CDT
MARCH 29 2017.........SUNRISE   650 AM CDT   SUNSET   718 PM CDT


-  INDICATES NEGATIVE NUMBERS.
R  INDICATES RECORD WAS SET OR TIED.
MM INDICATES DATA IS MISSING.
T  INDICATES TRACE AMOUNT.


$$
