000
CDUS44 KMEG 140652
CLIMEG


CLIMATE REPORT
NATIONAL WEATHER SERVICE MEMPHIS TN
150 AM CDT MON JUL 14 2014


...................................

...THE MEMPHIS/GERMANTOWN WFO CLIMATE SUMMARY FOR JULY 13 2014...

CLIMATE NORMAL PERIOD 1981 TO 2010
CLIMATE RECORD PERIOD 1988 TO 2014


WEATHER ITEM   OBSERVED TIME   RECORD YEAR NORMAL DEPARTURE LAST
                VALUE   (LST)  VALUE       VALUE  FROM      YEAR
                                                  NORMAL
..................................................................
TEMPERATURE (F)
 YESTERDAY
  MAXIMUM         93    200 PM  97    1991  91      2       87
  MINIMUM         73    500 AM  64    1999  71      2       65
  AVERAGE         83                        81      2       76

PRECIPITATION (IN)
  YESTERDAY        0.00          1.55 1998   0.16  -0.16     0.00
  MONTH TO DATE    1.66                      1.88  -0.22     0.87
  SINCE JUN 1     14.75                      5.56   9.19     4.74
  SINCE JAN 1     40.33                     30.05  10.28    41.08

SNOWFALL (IN)
  YESTERDAY        0.0          MM      MM   0.0    0.0      0.0
  MONTH TO DATE    0.0                       0.0    0.0      0.0
  SINCE JUN 1      0.0                       0.0    0.0      0.0
  SINCE JUL 1      0.0                       0.0    0.0      0.0
  SNOW DEPTH       0

DEGREE DAYS
 HEATING
  YESTERDAY        0                         0      0        0
  MONTH TO DATE    0                         0      0        0
  SINCE JUN 1      0                         2     -2        0
  SINCE JUL 1      0                         0      0        0

 COOLING
  YESTERDAY       18                        16      2       11
  MONTH TO DATE  171                       206    -35      174
  SINCE JUN 1    588                       587      1      582
  SINCE JAN 1    887                       838     49      842
..................................................................







THE MEMPHIS/GERMANTOWN WFO CLIMATE NORMALS FOR TODAY
                         NORMAL    RECORD    YEAR
 MAXIMUM TEMPERATURE (F)   91        98      2004
 MINIMUM TEMPERATURE (F)   71        57      1990


SUNRISE AND SUNSET
JULY 14 2014..........SUNRISE   556 AM CDT   SUNSET   814 PM CDT
JULY 15 2014..........SUNRISE   556 AM CDT   SUNSET   814 PM CDT


-  INDICATES NEGATIVE NUMBERS.
R  INDICATES RECORD WAS SET OR TIED.
MM INDICATES DATA IS MISSING.
T  INDICATES TRACE AMOUNT.




$$
