000
CDUS44 KJAN 060722
CLIMEI


CLIMATE REPORT
NATIONAL WEATHER SERVICE JACKSON MS
119 AM CST SAT FEB 6 2016


...................................

...THE MERIDIAN CLIMATE SUMMARY FOR FEBRUARY 5 2016...

CLIMATE NORMAL PERIOD 1981 TO 2010
CLIMATE RECORD PERIOD 1889 TO 2016


WEATHER ITEM   OBSERVED TIME   RECORD YEAR NORMAL DEPARTURE LAST
                VALUE   (LST)  VALUE       VALUE  FROM      YEAR
                                                  NORMAL
..................................................................
TEMPERATURE (F)
 YESTERDAY
  MAXIMUM         54    306 PM  81    2008  59     -5       53
  MINIMUM         26    633 AM   8    1996  35     -9       29
  AVERAGE         40                        47     -7       41

PRECIPITATION (IN)
  YESTERDAY        0.00          3.92 1994   0.20  -0.20      T
  MONTH TO DATE    0.70                      1.03  -0.33     0.37
  SINCE DEC 1     10.02                     11.22  -1.20    15.76
  SINCE JAN 1      3.94                      6.16  -2.22     7.08

SNOWFALL (IN)
  YESTERDAY       MM             T    2011   0.0   MM        0.0
                                      2002
                                      1981
  MONTH TO DATE    0.0                       0.0    0.0      0.0
  SINCE DEC 1      T                         0.3   -0.3      0.0
  SINCE JUL 1      T                         0.3   -0.3      0.0

DEGREE DAYS
 HEATING
  YESTERDAY       25                        19      6       24
  MONTH TO DATE   61                        95    -34      113
  SINCE DEC 1    967                      1282   -315     1188
  SINCE JUL 1   1218                      1732   -514     1737

 COOLING
  YESTERDAY        0                         0      0        0
  MONTH TO DATE    4                         0      4        0
  SINCE DEC 1     47                         9     38        0
  SINCE JAN 1      4                         3      1        0
..................................................................


WIND (MPH)
  HIGHEST WIND SPEED    14   HIGHEST WIND DIRECTION    NE (40)
  HIGHEST GUST SPEED    17   HIGHEST GUST DIRECTION     E (70)
  AVERAGE WIND SPEED     3.1


SKY COVER
  POSSIBLE SUNSHINE  MM
  AVERAGE SKY COVER 0.0


WEATHER CONDITIONS
 THE FOLLOWING WEATHER WAS RECORDED YESTERDAY.
  NO SIGNIFICANT WEATHER WAS OBSERVED.


RELATIVE HUMIDITY (PERCENT)
 HIGHEST    92           500 AM
 LOWEST     22           300 PM
 AVERAGE    57

..........................................................


THE MERIDIAN CLIMATE NORMALS FOR TODAY
                         NORMAL    RECORD    YEAR
 MAXIMUM TEMPERATURE (F)   59        78      1999
                                             1921
 MINIMUM TEMPERATURE (F)   35        17      1988


SUNRISE AND SUNSET
FEBRUARY  6 2016......SUNRISE   646 AM CST   SUNSET   533 PM CST
FEBRUARY  7 2016......SUNRISE   645 AM CST   SUNSET   534 PM CST


-  INDICATES NEGATIVE NUMBERS.
R  INDICATES RECORD WAS SET OR TIED.
MM INDICATES DATA IS MISSING.
T  INDICATES TRACE AMOUNT.




$$
