000
CDUS44 KJAN 010640
CLIMEI


CLIMATE REPORT
NATIONAL WEATHER SERVICE JACKSON MS
130 AM CDT WED JUL 1 2015


...................................

...THE MERIDIAN CLIMATE SUMMARY FOR JUNE 30 2015...

CLIMATE NORMAL PERIOD 1981 TO 2010
CLIMATE RECORD PERIOD 1889 TO 2015


WEATHER ITEM   OBSERVED TIME   RECORD YEAR NORMAL DEPARTURE LAST
                VALUE   (LST)  VALUE       VALUE  FROM      YEAR
                                                  NORMAL
..................................................................
TEMPERATURE (F)
 YESTERDAY
  MAXIMUM         82    532 PM 101    1931  91     -9       94
  MINIMUM         68   1156 AM  55    1923  69     -1       72
  AVERAGE         75                        80     -5       83

PRECIPITATION (IN)
  YESTERDAY        2.40R         1.60 1924   0.16   2.24     0.00
  MONTH TO DATE    4.97                      4.40   0.57     2.54
  SINCE JUN 1      4.97                      4.40   0.57     2.54
  SINCE JAN 1     28.03                     29.83  -1.80    34.26

SNOWFALL (IN)
  YESTERDAY        0.0           0.0    MM   0.0    0.0      0.0
  MONTH TO DATE    0.0                       0.0    0.0      0.0
  SINCE JUN 1      0.0                       0.0    0.0      0.0
  SINCE JUL 1      T                         0.6   -0.6      2.5

DEGREE DAYS
 HEATING
  YESTERDAY        0                         0      0        0
  MONTH TO DATE    0                         0      0        0
  SINCE JUN 1      0                         0      0        0
  SINCE JUL 1   2504                      2553    -49     2865

 COOLING
  YESTERDAY       10                        15     -5       18
  MONTH TO DATE  416                       380     36      410
  SINCE JUN 1    416                       380     36      410
  SINCE JAN 1    781                       663    118      680
..................................................................


WIND (MPH)
  HIGHEST WIND SPEED    25   HIGHEST WIND DIRECTION    SW (230)
  HIGHEST GUST SPEED    35   HIGHEST GUST DIRECTION    SW (240)
  AVERAGE WIND SPEED     7.5


SKY COVER
  POSSIBLE SUNSHINE  MM
  AVERAGE SKY COVER 0.4


WEATHER CONDITIONS
 THE FOLLOWING WEATHER WAS RECORDED YESTERDAY.
  THUNDERSTORM
  HEAVY RAIN
  RAIN
  LIGHT RAIN
  FOG


RELATIVE HUMIDITY (PERCENT)
 HIGHEST   100           100 AM
 LOWEST     69           400 PM
 AVERAGE    85

..........................................................


THE MERIDIAN CLIMATE NORMALS FOR TODAY
                         NORMAL    RECORD    YEAR
 MAXIMUM TEMPERATURE (F)   91       100      2009
                                             2006
                                             1969
 MINIMUM TEMPERATURE (F)   69        56      1950


SUNRISE AND SUNSET
JULY  1 2015..........SUNRISE   552 AM CDT   SUNSET   806 PM CDT
JULY  2 2015..........SUNRISE   552 AM CDT   SUNSET   806 PM CDT


-  INDICATES NEGATIVE NUMBERS.
R  INDICATES RECORD WAS SET OR TIED.
MM INDICATES DATA IS MISSING.
T  INDICATES TRACE AMOUNT.




$$
