000
CDUS44 KJAN 240715
CLIMEI


CLIMATE REPORT
NATIONAL WEATHER SERVICE JACKSON MS
206 AM CDT SUN JUL 24 2016


...................................

...THE MERIDIAN CLIMATE SUMMARY FOR JULY 23 2016...

CLIMATE NORMAL PERIOD 1981 TO 2010
CLIMATE RECORD PERIOD 1889 TO 2016


WEATHER ITEM   OBSERVED TIME   RECORD YEAR NORMAL DEPARTURE LAST
                VALUE   (LST)  VALUE       VALUE  FROM      YEAR
                                                  NORMAL
..................................................................
TEMPERATURE (F)
 YESTERDAY
  MAXIMUM         96    219 PM 104    1981  92      4       95
  MINIMUM         73    602 AM  54    1947  70      3       74
  AVERAGE         85                        81      4       85

PRECIPITATION (IN)
  YESTERDAY        0.00          1.78 2013   0.17  -0.17     0.23
  MONTH TO DATE    1.38                      3.85  -2.47     2.64
  SINCE JUN 1      6.29                      8.25  -1.96     7.61
  SINCE JAN 1     31.28                     33.68  -2.40    30.67

SNOWFALL (IN)
  YESTERDAY        0.0           0.0    MM   0.0    0.0      0.0
  MONTH TO DATE    0.0                       0.0    0.0      0.0
  SINCE JUN 1      0.0                       0.0    0.0      0.0
  SINCE JUL 1      0.0                       0.0    0.0      0.0

DEGREE DAYS
 HEATING
  YESTERDAY        0                         0      0        0
  MONTH TO DATE    0                         0      0        0
  SINCE JUN 1      0                         0      0        0
  SINCE JUL 1      0                         0      0        0

 COOLING
  YESTERDAY       20                        16      4       20
  MONTH TO DATE  474                       359    115      396
  SINCE JUN 1   1018                       739    279      812
  SINCE JAN 1   1330                      1022    308     1177
..................................................................


WIND (MPH)
  HIGHEST WIND SPEED    15   HIGHEST WIND DIRECTION    NE (50)
  HIGHEST GUST SPEED    18   HIGHEST GUST DIRECTION    NE (60)
  AVERAGE WIND SPEED     3.4


SKY COVER
  POSSIBLE SUNSHINE  MM
  AVERAGE SKY COVER 0.2


WEATHER CONDITIONS
 THE FOLLOWING WEATHER WAS RECORDED YESTERDAY.
  THUNDERSTORM
  FOG
  FOG W/VISIBILITY <= 1/4 MILE


RELATIVE HUMIDITY (PERCENT)
 HIGHEST    93           200 AM
 LOWEST     48           200 PM
 AVERAGE    71

..........................................................


THE MERIDIAN CLIMATE NORMALS FOR TODAY
                         NORMAL    RECORD    YEAR
 MAXIMUM TEMPERATURE (F)   92       104      1981
 MINIMUM TEMPERATURE (F)   70        60      1894


SUNRISE AND SUNSET
JULY 24 2016..........SUNRISE   605 AM CDT   SUNSET   758 PM CDT
JULY 25 2016..........SUNRISE   605 AM CDT   SUNSET   757 PM CDT


-  INDICATES NEGATIVE NUMBERS.
R  INDICATES RECORD WAS SET OR TIED.
MM INDICATES DATA IS MISSING.
T  INDICATES TRACE AMOUNT.




$$
