000
CDUS44 KJAN 200658
CLIMEI


CLIMATE REPORT
NATIONAL WEATHER SERVICE JACKSON MS
1255 AM CST FRI JAN 20 2017


...................................

...THE MERIDIAN CLIMATE SUMMARY FOR JANUARY 19 2017...

CLIMATE NORMAL PERIOD 1981 TO 2010
CLIMATE RECORD PERIOD 1889 TO 2017


WEATHER ITEM   OBSERVED TIME   RECORD YEAR NORMAL DEPARTURE LAST
                VALUE   (LST)  VALUE       VALUE  FROM      YEAR
                                                  NORMAL
..................................................................
TEMPERATURE (F)
 YESTERDAY
  MAXIMUM         70   1114 AM  82    1982  56     14       50
  MINIMUM         57   1152 PM   4    1977  33     24       24
  AVERAGE         64                        45     19       37

PRECIPITATION (IN)
  YESTERDAY        1.12          3.55 1947   0.19   0.93     0.00
  MONTH TO DATE    4.65                      2.91   1.74     0.21
  SINCE DEC 1      8.55                      7.97   0.58     6.29
  SINCE JAN 1      4.65                      2.91   1.74     0.21

SNOWFALL (IN)
  YESTERDAY        0.0           2.0  2008   0.0    0.0      0.0
  MONTH TO DATE    0.8                       0.1    0.7      0.0
  SINCE DEC 1      0.8                       0.2    0.6      0.0
  SINCE JUL 1      0.8                       0.2    0.6      0.0

DEGREE DAYS
 HEATING
  YESTERDAY        1                        20    -19       28
  MONTH TO DATE  191                       391   -200      414
  SINCE DEC 1    595                       949   -354      702
  SINCE JUL 1    804                      1399   -595      953

 COOLING
  YESTERDAY        0                         0      0        0
  MONTH TO DATE   20                         0     20        0
  SINCE DEC 1     38                         6     32       43
  SINCE JAN 1     20                         0     20        0
..................................................................


WIND (MPH)
  HIGHEST WIND SPEED    15   HIGHEST WIND DIRECTION     S (180)
  HIGHEST GUST SPEED    21   HIGHEST GUST DIRECTION     S (180)
  AVERAGE WIND SPEED     7.3


SKY COVER
  POSSIBLE SUNSHINE  MM
  AVERAGE SKY COVER 0.9


WEATHER CONDITIONS
 THE FOLLOWING WEATHER WAS RECORDED YESTERDAY.
  THUNDERSTORM
  HEAVY RAIN
  RAIN
  LIGHT RAIN
  FOG


RELATIVE HUMIDITY (PERCENT)
 HIGHEST   100           300 AM
 LOWEST     87          1200 AM
 AVERAGE    94

..........................................................


THE MERIDIAN CLIMATE NORMALS FOR TODAY
                         NORMAL    RECORD    YEAR
 MAXIMUM TEMPERATURE (F)   57        81      1982
 MINIMUM TEMPERATURE (F)   33         6      1985


SUNRISE AND SUNSET
JANUARY 20 2017.......SUNRISE   655 AM CST   SUNSET   517 PM CST
JANUARY 21 2017.......SUNRISE   655 AM CST   SUNSET   518 PM CST


-  INDICATES NEGATIVE NUMBERS.
R  INDICATES RECORD WAS SET OR TIED.
MM INDICATES DATA IS MISSING.
T  INDICATES TRACE AMOUNT.




$$
