000
CDUS44 KJAN 250738
CLIMEI


CLIMATE REPORT
NATIONAL WEATHER SERVICE JACKSON MS
233 AM CDT TUE APR 25 2017


...................................

...THE MERIDIAN CLIMATE SUMMARY FOR APRIL 24 2017...

CLIMATE NORMAL PERIOD 1981 TO 2010
CLIMATE RECORD PERIOD 1889 TO 2017


WEATHER ITEM   OBSERVED TIME   RECORD YEAR NORMAL DEPARTURE LAST
                VALUE   (LST)  VALUE       VALUE  FROM      YEAR
                                                  NORMAL
..................................................................
TEMPERATURE (F)
 YESTERDAY
  MAXIMUM         73    310 PM  91    1958  78     -5       83
  MINIMUM         51    400 AM  37    2012  52     -1       50
                                      1910
                                      1903
  AVERAGE         62                        65     -3       67

PRECIPITATION (IN)
  YESTERDAY        0.00          4.27 2003   0.14  -0.14     0.00
  MONTH TO DATE    6.72                      3.89   2.83     3.85
  SINCE MAR 1     12.49                      9.31   3.18    16.23
  SINCE JAN 1     22.06                     20.04   2.02    23.72

SNOWFALL (IN)
  YESTERDAY        0.0           0.0    MM   0.0    0.0      0.0
  MONTH TO DATE    0.0                       0.1   -0.1      0.0
  SINCE MAR 1      0.0                       0.3   -0.3      0.0
  SINCE JUL 1      0.8                       0.6    0.2       T

DEGREE DAYS
 HEATING
  YESTERDAY        3                         3      0        0
  MONTH TO DATE   31                       117    -86       63
  SINCE MAR 1    221                       424   -203      245
  SINCE JUL 1   1349                      2521  -1172     1807

 COOLING
  YESTERDAY        0                         3     -3        2
  MONTH TO DATE  101                        40     61       21
  SINCE MAR 1    175                        57    118       53
  SINCE JAN 1    221                        64    157       58
..................................................................


WIND (MPH)
  HIGHEST WIND SPEED    17   HIGHEST WIND DIRECTION     N (360)
  HIGHEST GUST SPEED    22   HIGHEST GUST DIRECTION     N (360)
  AVERAGE WIND SPEED     5.4


SKY COVER
  POSSIBLE SUNSHINE  MM
  AVERAGE SKY COVER 0.5


WEATHER CONDITIONS
 THE FOLLOWING WEATHER WAS RECORDED YESTERDAY.
  NO SIGNIFICANT WEATHER WAS OBSERVED.


RELATIVE HUMIDITY (PERCENT)
 HIGHEST    96           200 AM
 LOWEST     53           300 PM
 AVERAGE    75

..........................................................


THE MERIDIAN CLIMATE NORMALS FOR TODAY
                         NORMAL    RECORD    YEAR
 MAXIMUM TEMPERATURE (F)   78        87      1957
                                             1954
                                             1945
 MINIMUM TEMPERATURE (F)   52        32      1910


SUNRISE AND SUNSET
APRIL 25 2017.........SUNRISE   614 AM CDT   SUNSET   732 PM CDT
APRIL 26 2017.........SUNRISE   613 AM CDT   SUNSET   733 PM CDT


-  INDICATES NEGATIVE NUMBERS.
R  INDICATES RECORD WAS SET OR TIED.
MM INDICATES DATA IS MISSING.
T  INDICATES TRACE AMOUNT.




$$
