000
CDUS44 KMEG 162245
CLIMEM


CLIMATE REPORT
NATIONAL WEATHER SERVICE MEMPHIS TN
444 PM CST SAT DEC 16 2017


...................................

...THE MEMPHIS CLIMATE SUMMARY FOR DECEMBER 16 2017...
VALID TODAY AS OF 0400 PM LOCAL TIME.

CLIMATE NORMAL PERIOD 1981 TO 2010
CLIMATE RECORD PERIOD 1872 TO 2017


WEATHER ITEM   OBSERVED TIME   RECORD YEAR NORMAL DEPARTURE LAST
                VALUE   (LST)  VALUE       VALUE  FROM      YEAR
                                                  NORMAL
..................................................................
TEMPERATURE (F)
 TODAY
  MAXIMUM         55    106 PM  76    1924  52      3       56
  MINIMUM         32    705 AM   5    1901  35     -3       28
  AVERAGE         44                        43      1       42

PRECIPITATION (IN)
  TODAY            0.00          2.56 1892   0.19  -0.19     0.05
  MONTH TO DATE    1.11                      3.14  -2.03     3.16
  SINCE DEC 1      1.11                      3.14  -2.03     3.16
  SINCE JAN 1     45.23                     51.08  -5.85    57.42

SNOWFALL (IN)
  TODAY            0.0

DEGREE DAYS
 HEATING
  TODAY           21                        22     -1       23
  MONTH TO DATE  314                       321     -7      362
  SINCE DEC 1    314                       321     -7      362
  SINCE JUL 1    760                       820    -60      632

 COOLING
  TODAY            0                         0      0        0
  MONTH TO DATE    0                         0      0        0
  SINCE DEC 1      0                         0      0        0
  SINCE JAN 1   2302                      2256     46     2804
..................................................................


WIND (MPH)
  HIGHEST WIND SPEED    17   HIGHEST WIND DIRECTION    SW (210)
  HIGHEST GUST SPEED    29   HIGHEST GUST DIRECTION    SW (230)
  AVERAGE WIND SPEED    10.5


SKY COVER
  POSSIBLE SUNSHINE  MM
  AVERAGE SKY COVER 0.6


WEATHER CONDITIONS
 THE FOLLOWING WEATHER WAS RECORDED TODAY.
  NO SIGNIFICANT WEATHER WAS OBSERVED.


RELATIVE HUMIDITY (PERCENT)
 HIGHEST    78           700 AM
 LOWEST     41          1200 PM
 AVERAGE    60

..........................................................


THE MEMPHIS CLIMATE NORMALS FOR TOMORROW
                         NORMAL    RECORD    YEAR
 MAXIMUM TEMPERATURE (F)   52        76      2016
                                             1924
 MINIMUM TEMPERATURE (F)   35        11      1932


SUNRISE AND SUNSET
DECEMBER 16 2017......SUNRISE   701 AM CST   SUNSET   450 PM CST
DECEMBER 17 2017......SUNRISE   702 AM CST   SUNSET   450 PM CST


-  INDICATES NEGATIVE NUMBERS.
R  INDICATES RECORD WAS SET OR TIED.
MM INDICATES DATA IS MISSING.
T  INDICATES TRACE AMOUNT.




$$
