000
CDUS44 KMEG 250636
CLIMEM


CLIMATE REPORT
NATIONAL WEATHER SERVICE MEMPHIS TN
136 AM CDT SUN JUN 25 2017


...................................

...THE MEMPHIS CLIMATE SUMMARY FOR JUNE 24 2017...

CLIMATE NORMAL PERIOD 1981 TO 2010
CLIMATE RECORD PERIOD 1872 TO 2017


WEATHER ITEM   OBSERVED TIME   RECORD YEAR NORMAL DEPARTURE LAST
                VALUE   (LST)  VALUE       VALUE  FROM      YEAR
                                                  NORMAL
..................................................................
TEMPERATURE (F)
 YESTERDAY
  MAXIMUM         83    338 PM 100    1953  91     -8       98
  MINIMUM         70    546 AM  56    1887  72     -2       80
  AVERAGE         77                        81     -4       89

PRECIPITATION (IN)
  YESTERDAY        0.00          4.04 1980   0.11  -0.11     0.00
  MONTH TO DATE    4.52                      2.96   1.56     0.60
  SINCE JUN 1      4.52                      2.96   1.56     0.60
  SINCE JAN 1     23.37                     27.24  -3.87    35.69

SNOWFALL (IN)
  YESTERDAY        0.0          MM      MM   0.0    0.0      0.0
  MONTH TO DATE    0.0                       0.0    0.0      0.0
  SINCE JUN 1      0.0                       0.0    0.0      0.0
  SINCE JUL 1      2.0                       3.8   -1.8      0.3
  SNOW DEPTH       0

DEGREE DAYS
 HEATING
  YESTERDAY        0                         0      0        0
  MONTH TO DATE    0                         0      0        0
  SINCE JUN 1      0                         0      0        0
  SINCE JUL 1   2059                      2964   -905     2186

 COOLING
  YESTERDAY       12                        16     -4       24
  MONTH TO DATE  329                       338     -9      430
  SINCE JUN 1    329                       338     -9      430
  SINCE JAN 1    709                       659     50      735
..................................................................


WIND (MPH)
  HIGHEST WIND SPEED    15   HIGHEST WIND DIRECTION     N (350)
  HIGHEST GUST SPEED    25   HIGHEST GUST DIRECTION     N (10)
  AVERAGE WIND SPEED     8.8


SKY COVER
  POSSIBLE SUNSHINE  MM
  AVERAGE SKY COVER 0.7


WEATHER CONDITIONS
 THE FOLLOWING WEATHER WAS RECORDED YESTERDAY.
  NO SIGNIFICANT WEATHER WAS OBSERVED.


RELATIVE HUMIDITY (PERCENT)
 HIGHEST   100          1200 AM
 LOWEST     47           100 PM
 AVERAGE    74

..........................................................


THE MEMPHIS CLIMATE NORMALS FOR TODAY
                         NORMAL    RECORD    YEAR
 MAXIMUM TEMPERATURE (F)   91       100      2012
                                             1988
 MINIMUM TEMPERATURE (F)   72        56      1974


SUNRISE AND SUNSET
JUNE 25 2017..........SUNRISE   547 AM CDT   SUNSET   818 PM CDT
JUNE 26 2017..........SUNRISE   548 AM CDT   SUNSET   818 PM CDT


-  INDICATES NEGATIVE NUMBERS.
R  INDICATES RECORD WAS SET OR TIED.
MM INDICATES DATA IS MISSING.
T  INDICATES TRACE AMOUNT.




$$
