000
CDUS44 KMEG 160643
CLIMEM


CLIMATE REPORT
NATIONAL WEATHER SERVICE MEMPHIS TN
143 AM CDT WED APR 16 2014


...................................

...THE MEMPHIS CLIMATE SUMMARY FOR APRIL 15 2014...

CLIMATE NORMAL PERIOD 1981 TO 2010
CLIMATE RECORD PERIOD 1872 TO 2014


WEATHER ITEM   OBSERVED TIME   RECORD YEAR NORMAL DEPARTURE LAST
                VALUE   (LST)  VALUE       VALUE  FROM      YEAR
                                                  NORMAL
..................................................................
TEMPERATURE (F)
 YESTERDAY
  MAXIMUM         52    259 PM  88    1925  73    -21       81
  MINIMUM         36    558 AM  31    1950  53    -17       56
                                      1943
  AVERAGE         44                        63    -19       69

PRECIPITATION (IN)
  YESTERDAY        0.00          4.09 1927   0.18  -0.18     0.00
  MONTH TO DATE    2.51                      2.68  -0.17     3.50
  SINCE MAR 1      9.89                      7.84   2.05     6.88
  SINCE JAN 1     18.01                     16.21   1.80    20.45

SNOWFALL (IN)
  YESTERDAY        0.0          MM      MM   0.0    0.0      0.0
  MONTH TO DATE    0.0                       0.0    0.0      0.0
  SINCE MAR 1      0.5                       0.4    0.1       T
  SINCE JUL 1      0.8                       3.8   -3.0      0.9
  SNOW DEPTH       0

DEGREE DAYS
 HEATING
  YESTERDAY       21                         5     16        0
  MONTH TO DATE   98                        92      6      105
  SINCE MAR 1    573                       450    123      611
  SINCE JUL 1   3399                      2900    499     2809

 COOLING
  YESTERDAY        0                         2     -2        4
  MONTH TO DATE   32                        28      4       31
  SINCE MAR 1     34                        45    -11       33
  SINCE JAN 1     34                        48    -14       42
..................................................................


WIND (MPH)
  HIGHEST WIND SPEED    28   HIGHEST WIND DIRECTION     N (20)
  HIGHEST GUST SPEED    33   HIGHEST GUST DIRECTION     N (350)
  AVERAGE WIND SPEED    12.1


SKY COVER
  POSSIBLE SUNSHINE  MM
  AVERAGE SKY COVER 0.2


WEATHER CONDITIONS
 THE FOLLOWING WEATHER WAS RECORDED YESTERDAY.
  NO SIGNIFICANT WEATHER WAS OBSERVED.


RELATIVE HUMIDITY (PERCENT)
 HIGHEST    70           500 AM
 LOWEST     31          1200 PM
 AVERAGE    51

..........................................................


THE MEMPHIS CLIMATE NORMALS FOR TODAY
                         NORMAL    RECORD    YEAR
 MAXIMUM TEMPERATURE (F)   73        89      1977
 MINIMUM TEMPERATURE (F)   53        32      1962


SUNRISE AND SUNSET
APRIL 16 2014.........SUNRISE   627 AM CDT   SUNSET   733 PM CDT
APRIL 17 2014.........SUNRISE   625 AM CDT   SUNSET   734 PM CDT


-  INDICATES NEGATIVE NUMBERS.
R  INDICATES RECORD WAS SET OR TIED.
MM INDICATES DATA IS MISSING.
T  INDICATES TRACE AMOUNT.




$$
