000
CDUS44 KMEG 180739
CLIMEM


CLIMATE REPORT
NATIONAL WEATHER SERVICE MEMPHIS TN
138 AM CST WED JAN 18 2017


...................................

...THE MEMPHIS CLIMATE SUMMARY FOR JANUARY 17 2017...

CLIMATE NORMAL PERIOD 1981 TO 2010
CLIMATE RECORD PERIOD 1872 TO 2017


WEATHER ITEM   OBSERVED TIME   RECORD YEAR NORMAL DEPARTURE LAST
                VALUE   (LST)  VALUE       VALUE  FROM      YEAR
                                                  NORMAL
..................................................................
TEMPERATURE (F)
 YESTERDAY
  MAXIMUM         69    156 AM  72    2012  50     19       45
                                      1894
  MINIMUM         48   1159 PM   0    1982  32     16       27
  AVERAGE         59                        41     18       36

PRECIPITATION (IN)
  YESTERDAY        0.73          2.59 1937   0.12   0.61     0.00
  MONTH TO DATE    3.23                      2.19   1.04     1.47
  SINCE DEC 1     10.56                      7.93   2.63     6.24
  SINCE JAN 1      3.23                      2.19   1.04     1.47

SNOWFALL (IN)
  YESTERDAY        0.0           3.3  1930   0.0    0.0      0.0
  MONTH TO DATE    2.0                       1.0    1.0      0.0
  SINCE DEC 1      2.0                       1.2    0.8      0.0
  SINCE JUL 1      2.0                       1.2    0.8      0.0
  SNOW DEPTH       0

DEGREE DAYS
 HEATING
  YESTERDAY        6                        24    -18       29
  MONTH TO DATE  319                       408    -89      402
  SINCE DEC 1    949                      1073   -124      750
  SINCE JUL 1   1219                      1572   -353     1051

 COOLING
  YESTERDAY        0                         0      0        0
  MONTH TO DATE    1                         0      1        0
  SINCE DEC 1      4                         2      2       19
  SINCE JAN 1      1                         0      1        0
..................................................................


WIND (MPH)
  HIGHEST WIND SPEED    22   HIGHEST WIND DIRECTION     W (280)
  HIGHEST GUST SPEED    31   HIGHEST GUST DIRECTION    SW (210)
  AVERAGE WIND SPEED     7.4


SKY COVER
  POSSIBLE SUNSHINE  MM
  AVERAGE SKY COVER 0.9


WEATHER CONDITIONS
 THE FOLLOWING WEATHER WAS RECORDED YESTERDAY.
  HEAVY RAIN
  RAIN
  LIGHT RAIN
  FOG
  HAZE


RELATIVE HUMIDITY (PERCENT)
 HIGHEST   100           500 AM
 LOWEST     66           200 PM
 AVERAGE    83

..........................................................


THE MEMPHIS CLIMATE NORMALS FOR TODAY
                         NORMAL    RECORD    YEAR
 MAXIMUM TEMPERATURE (F)   50        73      1974
 MINIMUM TEMPERATURE (F)   32        -2      1930


SUNRISE AND SUNSET
JANUARY 18 2017.......SUNRISE   707 AM CST   SUNSET   515 PM CST
JANUARY 19 2017.......SUNRISE   706 AM CST   SUNSET   516 PM CST


-  INDICATES NEGATIVE NUMBERS.
R  INDICATES RECORD WAS SET OR TIED.
MM INDICATES DATA IS MISSING.
T  INDICATES TRACE AMOUNT.


$$
