000
CDUS44 KMEG 312147
CLIMEM


CLIMATE REPORT
NATIONAL WEATHER SERVICE MEMPHIS TN
447 PM CDT TUE MAY 31 2016


...................................

...THE MEMPHIS CLIMATE SUMMARY FOR MAY 31 2016...
VALID TODAY AS OF 0400 PM LOCAL TIME.

CLIMATE NORMAL PERIOD 1981 TO 2010
CLIMATE RECORD PERIOD 1872 TO 2016


WEATHER ITEM   OBSERVED TIME   RECORD YEAR NORMAL DEPARTURE LAST
                VALUE   (LST)  VALUE       VALUE  FROM      YEAR
                                                  NORMAL
..................................................................
TEMPERATURE (F)
 TODAY
  MAXIMUM         86    244 PM  98    1934  85      1       75
  MINIMUM         70    624 AM  47    1889  67      3       66
  AVERAGE         78                        76      2       71

PRECIPITATION (IN)
  TODAY            0.22          4.08 1974   0.15   0.07     1.84
  MONTH TO DATE    5.07                      5.25  -0.18     6.02
  SINCE MAR 1     27.24                     15.91  11.33    14.57
  SINCE JAN 1     35.09                     24.28  10.81    20.22

SNOWFALL (IN)
  TODAY            0.0

DEGREE DAYS
 HEATING
  TODAY            0                         0      0        0
  MONTH TO DATE   22                        17      5       13
  SINCE MAR 1    315                       514   -199      461
  SINCE JUL 1   2186                      2964   -778     3184

 COOLING
  TODAY           13                        11      2        6
  MONTH TO DATE  198                       226    -28      264
  SINCE MAR 1    302                       318    -16      354
  SINCE JAN 1    305                       321    -16      354
..................................................................


WIND (MPH)
  HIGHEST WIND SPEED    17   HIGHEST WIND DIRECTION    SW (220)
  HIGHEST GUST SPEED    28   HIGHEST GUST DIRECTION    SW (220)
  AVERAGE WIND SPEED     3.7


SKY COVER
  POSSIBLE SUNSHINE  MM
  AVERAGE SKY COVER 0.9


WEATHER CONDITIONS
 THE FOLLOWING WEATHER WAS RECORDED TODAY.
  HEAVY RAIN
  RAIN
  LIGHT RAIN
  FOG


RELATIVE HUMIDITY (PERCENT)
 HIGHEST    93           700 AM
 LOWEST     55           200 PM
 AVERAGE    74

..........................................................


THE MEMPHIS CLIMATE NORMALS FOR TOMORROW
                         NORMAL    RECORD    YEAR
 MAXIMUM TEMPERATURE (F)   86        97      1951
 MINIMUM TEMPERATURE (F)   67        48      1966


SUNRISE AND SUNSET
MAY 31 2016...........SUNRISE   547 AM CDT   SUNSET   809 PM CDT
JUNE  1 2016..........SUNRISE   547 AM CDT   SUNSET   809 PM CDT


-  INDICATES NEGATIVE NUMBERS.
R  INDICATES RECORD WAS SET OR TIED.
MM INDICATES DATA IS MISSING.
T  INDICATES TRACE AMOUNT.




$$
