000
CDUS41 KCLE 250525
CLIMFD


CLIMATE REPORT
NATIONAL WEATHER SERVICE CLEVELAND OH
1225 AM EST SAT NOV 25 2017


...................................

...THE MANSFIELD OH CLIMATE SUMMARY FOR NOVEMBER 24 2017...

CLIMATE NORMAL PERIOD 1981 TO 2010
CLIMATE RECORD PERIOD 1916 TO 2017


WEATHER ITEM   OBSERVED TIME   RECORD YEAR NORMAL DEPARTURE LAST
                VALUE   (LST)  VALUE       VALUE  FROM      YEAR
                                                  NORMAL
..................................................................
TEMPERATURE (F)
 YESTERDAY
  MAXIMUM         52    310 PM  65    1931  45      7       47
  MINIMUM         28    403 AM   3    1956  30     -2       39
  AVERAGE         40                        38      2       43

PRECIPITATION (IN)
  YESTERDAY        0.00                      0.13  -0.13     0.10
  MONTH TO DATE    6.15                      3.07   3.08     0.68
  SINCE SEP 1     10.68                      9.33   1.35     7.86
  SINCE JAN 1     47.26                     40.16   7.10    31.49

SNOWFALL (IN)
  YESTERDAY        0.0                       0.1   -0.1      0.0
  MONTH TO DATE    0.1                       1.4   -1.3      0.2
  SINCE SEP 1      0.1                       1.9   -1.8      0.2
  SINCE JUL 1      0.1                       1.9   -1.8      0.2
  SNOW DEPTH       0

DEGREE DAYS
 HEATING
  YESTERDAY       25                        27     -2       22
  MONTH TO DATE  583                       540     43      440
  SINCE SEP 1    946                      1083   -137      748
  SINCE JUL 1    960                      1108   -148      749

 COOLING
  YESTERDAY        0                         0      0        0
  MONTH TO DATE    0                         0      0        6
  SINCE SEP 1    131                        70     61      180
  SINCE JAN 1    748                       632    116     1084
..................................................................


WIND (MPH)
  HIGHEST WIND SPEED    26   HIGHEST WIND DIRECTION     S (190)
  HIGHEST GUST SPEED    34   HIGHEST GUST DIRECTION     S (200)
  AVERAGE WIND SPEED    13.9


SKY COVER
  POSSIBLE SUNSHINE  MM
  AVERAGE SKY COVER 0.0


WEATHER CONDITIONS
 THE FOLLOWING WEATHER WAS RECORDED YESTERDAY.
  NO SIGNIFICANT WEATHER WAS OBSERVED.


RELATIVE HUMIDITY (PERCENT)
 HIGHEST    85           100 AM
 LOWEST     36           100 PM
 AVERAGE    61

..........................................................


THE MANSFIELD OH CLIMATE NORMALS FOR TODAY
                         NORMAL    RECORD    YEAR
 MAXIMUM TEMPERATURE (F)   45        65      2006
 MINIMUM TEMPERATURE (F)   30         5      1950


SUNRISE AND SUNSET
NOVEMBER 25 2017......SUNRISE   729 AM EST   SUNSET   505 PM EST
NOVEMBER 26 2017......SUNRISE   730 AM EST   SUNSET   505 PM EST


-  INDICATES NEGATIVE NUMBERS.
R  INDICATES RECORD WAS SET OR TIED.
MM INDICATES DATA IS MISSING.
T  INDICATES TRACE AMOUNT.




$$
