000
CDUS41 KCLE 252211
CLIMFD


CLIMATE REPORT
NATIONAL WEATHER SERVICE CLEVELAND OH
511 PM EST SUN FEB 25 2018


...................................

...THE MANSFIELD OH CLIMATE SUMMARY FOR FEBRUARY 25 2018...
VALID TODAY AS OF 0500 PM LOCAL TIME.

CLIMATE NORMAL PERIOD 1981 TO 2010
CLIMATE RECORD PERIOD 1916 TO 2018


WEATHER ITEM   OBSERVED TIME   RECORD YEAR NORMAL DEPARTURE LAST
                VALUE   (LST)  VALUE       VALUE  FROM      YEAR
                                                  NORMAL
..................................................................
TEMPERATURE (F)
 TODAY
  MAXIMUM         58    548 AM  69    2000  39     19       58
  MINIMUM         43   1045 AM  -3    1963  23     20       25
  AVERAGE         51                        31     20       42

PRECIPITATION (IN)
  TODAY            0.38                      0.09   0.29     0.08
  MONTH TO DATE    4.64                      2.12   2.52     1.95
  SINCE DEC 1      9.00                      8.28   0.72    11.00
  SINCE JAN 1      7.15                      4.99   2.16     7.86

SNOWFALL (IN)
  TODAY            0.0                       0.4   -0.4       T
  MONTH TO DATE    8.1                      10.2   -2.1      3.8
  SINCE DEC 1     29.9                      34.0   -4.1     21.4
  SINCE JUL 1     30.0                      36.7   -6.7     21.6
  SNOW DEPTH       0

DEGREE DAYS
 HEATING
  TODAY           14                        34    -20       23
  MONTH TO DATE  773                       925   -152      617
  SINCE DEC 1   3174                      3244    -70     2719
  SINCE JUL 1   4256                      4525   -269     3596

 COOLING
  TODAY            0                         0      0        0
  MONTH TO DATE    1                         0      1        0
  SINCE DEC 1      1                         0      1        0
  SINCE JAN 1      1                         0      1        0
..................................................................


WIND (MPH)
  HIGHEST WIND SPEED    32   HIGHEST WIND DIRECTION     W (250)
  HIGHEST GUST SPEED    45   HIGHEST GUST DIRECTION     W (270)


SKY COVER
  POSSIBLE SUNSHINE  MM
  AVERAGE SKY COVER 0.4


WEATHER CONDITIONS
 THE FOLLOWING WEATHER WAS RECORDED TODAY.
  LIGHT RAIN
  FOG


RELATIVE HUMIDITY (PERCENT)
 HIGHEST   100          1200 AM
 LOWEST     62           500 PM
 AVERAGE    81

..........................................................


THE MANSFIELD OH CLIMATE NORMALS FOR TOMORROW
                         NORMAL    RECORD    YEAR
 MAXIMUM TEMPERATURE (F)   39        71      2000
                                             1944
 MINIMUM TEMPERATURE (F)   23        -8      1963


SUNRISE AND SUNSET
FEBRUARY 25 2018......SUNRISE   710 AM EST   SUNSET   617 PM EST
FEBRUARY 26 2018......SUNRISE   709 AM EST   SUNSET   618 PM EST


-  INDICATES NEGATIVE NUMBERS.
R  INDICATES RECORD WAS SET OR TIED.
MM INDICATES DATA IS MISSING.
T  INDICATES TRACE AMOUNT.




$$
