000
CDUS41 KCLE 270536
CLIMFD


CLIMATE REPORT
NATIONAL WEATHER SERVICE CLEVELAND OH
135 AM EDT FRI MAR 27 2015


...................................

...THE MANSFIELD OH CLIMATE SUMMARY FOR MARCH 26 2015...

CLIMATE NORMAL PERIOD 1981 TO 2010
CLIMATE RECORD PERIOD 1916 TO 2015


WEATHER ITEM   OBSERVED TIME   RECORD YEAR NORMAL DEPARTURE LAST
                VALUE   (LST)  VALUE       VALUE  FROM      YEAR
                                                  NORMAL
..................................................................
TEMPERATURE (F)
 YESTERDAY
  MAXIMUM         45    132 AM  76    1967  50     -5       30
  MINIMUM         33   1159 PM   5    1940  31      2       11
  AVERAGE         39                        41     -2       21

PRECIPITATION (IN)
  YESTERDAY        0.43                      0.13   0.30      T
  MONTH TO DATE    2.60                      2.75  -0.15     1.34
  SINCE MAR 1      2.60                      2.75  -0.15     1.34
  SINCE JAN 1      7.76                      8.01  -0.25     5.67

SNOWFALL (IN)
  YESTERDAY        0.0                       0.1   -0.1       T
  MONTH TO DATE    6.5                       7.0   -0.5      7.5
  SINCE MAR 1      6.5                       7.0   -0.5      7.5
  SINCE JUL 1     59.0                      44.9   14.1     61.4
  SNOW DEPTH       0

DEGREE DAYS
 HEATING
  YESTERDAY       26                        24      2       44
  MONTH TO DATE  789                       751     38      898
  SINCE MAR 1    789                       751     38      898
  SINCE JUL 1   5861                      5376    485     5942

 COOLING
  YESTERDAY        0                         0      0        0
  MONTH TO DATE    0                         0      0        0
  SINCE MAR 1      0                         0      0        0
  SINCE JAN 1      0                         0      0        0
..................................................................


WIND (MPH)
  HIGHEST WIND SPEED    15   HIGHEST WIND DIRECTION    NW (330)
  HIGHEST GUST SPEED    18   HIGHEST GUST DIRECTION    NW (330)
  AVERAGE WIND SPEED     7.5


SKY COVER
  POSSIBLE SUNSHINE  MM
  AVERAGE SKY COVER 0.8


WEATHER CONDITIONS
 THE FOLLOWING WEATHER WAS RECORDED YESTERDAY.
  LIGHT RAIN
  FOG


RELATIVE HUMIDITY (PERCENT)
 HIGHEST   100           200 AM
 LOWEST     70          1100 PM
 AVERAGE    85

..........................................................


THE MANSFIELD OH CLIMATE NORMALS FOR TODAY
                         NORMAL    RECORD    YEAR
 MAXIMUM TEMPERATURE (F)   51        79      1998
 MINIMUM TEMPERATURE (F)   32        12      1996
                                             1965


SUNRISE AND SUNSET
MARCH 27 2015.........SUNRISE   722 AM EDT   SUNSET   749 PM EDT
MARCH 28 2015.........SUNRISE   721 AM EDT   SUNSET   750 PM EDT


-  INDICATES NEGATIVE NUMBERS.
R  INDICATES RECORD WAS SET OR TIED.
MM INDICATES DATA IS MISSING.
T  INDICATES TRACE AMOUNT.




$$
