000
CDUS44 KBRO 060725
CLIMFE


CLIMATE REPORT
NATIONAL WEATHER SERVICE BROWNSVILLE TX
125 AM CST FRI MAR 6 2015


...................................

...THE MCALLEN CLIMATE SUMMARY FOR MARCH 5 2015...

CLIMATE NORMAL PERIOD 1981 TO 2010
CLIMATE RECORD PERIOD 1941 TO 2015


WEATHER ITEM   OBSERVED TIME   RECORD YEAR NORMAL DEPARTURE LAST
                VALUE   (LST)  VALUE       VALUE  FROM      YEAR
                                                  NORMAL
..................................................................
TEMPERATURE (F)
 YESTERDAY
  MAXIMUM         73    121 AM  99    1989  79     -6       62
  MINIMUM         44    902 AM  35    1965  58    -14       46
                                      1971
                                      1978
  AVERAGE         59                        68     -9

PRECIPITATION (IN)
  YESTERDAY        T             0.36 1968   0.04  -0.04      T
  MONTH TO DATE    T                         0.20  -0.20     0.02
  SINCE MAR 1      T                         0.20  -0.20     0.02
  SINCE JAN 1      0.59                      2.36  -1.77     0.90

SNOWFALL (IN)
  YESTERDAY       MM
  MONTH TO DATE    0.0
  SINCE MAR 1      0.0
  SINCE JUL 1      0.0

DEGREE DAYS
 HEATING
  YESTERDAY        6                         2      4       11
  MONTH TO DATE   25                        10     15       52
  SINCE MAR 1     25                        10     15       52
  SINCE JUL 1    715                       543    172      828

 COOLING
  YESTERDAY        0                         5     -5        0
  MONTH TO DATE   17                        25     -8       15
  SINCE MAR 1     17                        25     -8       15
  SINCE JAN 1    102                       184    -82      143
..................................................................


WIND (MPH)
  HIGHEST WIND SPEED    37   HIGHEST WIND DIRECTION     N (350)
  HIGHEST GUST SPEED    45   HIGHEST GUST DIRECTION     N (340)
  AVERAGE WIND SPEED    18.9



WEATHER CONDITIONS
 THE FOLLOWING WEATHER WAS RECORDED YESTERDAY.
  LIGHT RAIN
  FOG
  HAZE


RELATIVE HUMIDITY (PERCENT)
 HIGHEST    92
 LOWEST     38
 AVERAGE    65

..........................................................


THE MCALLEN CLIMATE NORMALS FOR TODAY
                         NORMAL    RECORD    YEAR
 MAXIMUM TEMPERATURE (F)   79       100      1956
 MINIMUM TEMPERATURE (F)   58        32      1942


SUNRISE AND SUNSET
MARCH  6 2015.........SUNRISE   652 AM CST   SUNSET   637 PM CST
MARCH  7 2015.........SUNRISE   651 AM CST   SUNSET   638 PM CST


-  INDICATES NEGATIVE NUMBERS.
R  INDICATES RECORD WAS SET OR TIED.
MM INDICATES DATA IS MISSING.
T  INDICATES TRACE AMOUNT.




$$
