000
CDUS44 KBRO 102125
CLIMFE


CLIMATE REPORT
NATIONAL WEATHER SERVICE BROWNSVILLE TX
425 PM CDT THU JUL 10 2014


...................................

...THE MCALLEN CLIMATE SUMMARY FOR JULY 10 2014...
VALID TODAY AS OF 0400 PM LOCAL TIME.

CLIMATE NORMAL PERIOD 1981 TO 2010
CLIMATE RECORD PERIOD 1941 TO 2014


WEATHER ITEM   OBSERVED TIME   RECORD YEAR NORMAL DEPARTURE LAST
                VALUE   (LST)  VALUE       VALUE  FROM      YEAR
                                                  NORMAL
..................................................................
TEMPERATURE (F)
 TODAY
  MAXIMUM         82    854 AM 103    2009  97    -15       93
                                      2005
  MINIMUM         72   1045 AM  67    1974  76     -4       77
  AVERAGE         77                        86     -9       85

PRECIPITATION (IN)
  TODAY            0.22          1.14 1976   0.07   0.15      T
  MONTH TO DATE    0.54                      0.75  -0.21     0.80
  SINCE JUN 1      0.84                      3.33  -2.49     1.68
  SINCE JAN 1      3.72                     10.11  -6.39     5.10

SNOWFALL (IN)
  TODAY            0.0
  MONTH TO DATE    0.0
  SINCE JUN 1      0.0
  SINCE JUL 1      0.0
  SNOW DEPTH       0

DEGREE DAYS
 HEATING
  TODAY            0                         0      0        0
  MONTH TO DATE    0                         0      0        0
  SINCE JUN 1      0                         0      0        0
  SINCE JUL 1      0                         0      0        0

 COOLING
  TODAY           12                        21     -9       20
  MONTH TO DATE  201                       210     -9      207
  SINCE JUN 1    871                       838     33      884
  SINCE JAN 1   1927                      2093   -166     2180
..................................................................


WIND (MPH)
  HIGHEST WIND SPEED    24   HIGHEST WIND DIRECTION     E (110)
  HIGHEST GUST SPEED    31   HIGHEST GUST DIRECTION     E (110)
  AVERAGE WIND SPEED     9.1



WEATHER CONDITIONS
 THE FOLLOWING WEATHER WAS RECORDED TODAY.
  HEAVY RAIN
  LIGHT RAIN
  FOG


..........................................................


THE MCALLEN CLIMATE NORMALS FOR TOMORROW
                         NORMAL    RECORD    YEAR
 MAXIMUM TEMPERATURE (F)   97       102      2012
                                             1998
 MINIMUM TEMPERATURE (F)   76        64      1974


SUNRISE AND SUNSET
JULY 10 2014..........SUNRISE   648 AM CDT   SUNSET   829 PM CDT
JULY 11 2014..........SUNRISE   648 AM CDT   SUNSET   828 PM CDT


-  INDICATES NEGATIVE NUMBERS.
R  INDICATES RECORD WAS SET OR TIED.
MM INDICATES DATA IS MISSING.
T  INDICATES TRACE AMOUNT.




$$
