000
CDUS44 KBRO 162243
CLIMFE


CLIMATE REPORT
NATIONAL WEATHER SERVICE BROWNSVILLE TX
440 PM CST SAT DEC 16 2017


...................................

...THE MCALLEN CLIMATE SUMMARY FOR DECEMBER 16 2017...
VALID TODAY AS OF 0400 PM LOCAL TIME.

CLIMATE NORMAL PERIOD 1981 TO 2010
CLIMATE RECORD PERIOD 1961 TO 2017


WEATHER ITEM   OBSERVED TIME   RECORD YEAR NORMAL DEPARTURE LAST
                VALUE   (LST)  VALUE       VALUE  FROM      YEAR
                                                  NORMAL
..................................................................
TEMPERATURE (F)
 TODAY
  MAXIMUM         52   1034 AM  89    1977  72    -20       82
  MINIMUM         49    340 AM  30    1989  52     -3       60
  AVERAGE         51                        62    -11       71

PRECIPITATION (IN)
  TODAY            0.01          2.93 2009   0.04  -0.03     0.01
  MONTH TO DATE    1.03                      0.58   0.45     0.60
  SINCE DEC 1      1.03                      0.58   0.45     0.60
  SINCE JAN 1     19.55                     21.59  -2.04    13.75

SNOWFALL (IN)
  TODAY            0.0
  MONTH TO DATE    0.0
  SINCE DEC 1      0.0
  SINCE JUL 1      0.0
  SNOW DEPTH       0

DEGREE DAYS
 HEATING
  TODAY           14                         6      8        0
  MONTH TO DATE  127                        79     48       49
  SINCE DEC 1    127                        79     48       49
  SINCE JUL 1    156                       139     17       56

 COOLING
  TODAY            0                         3     -3        6
  MONTH TO DATE   47                        50     -3       53
  SINCE DEC 1     47                        50     -3       53
  SINCE JAN 1   5657                      4419   1238     5567
..................................................................


WIND (MPH)
  HIGHEST WIND SPEED    14   HIGHEST WIND DIRECTION    NW (320)
  HIGHEST GUST SPEED    18   HIGHEST GUST DIRECTION     W (290)
  AVERAGE WIND SPEED     7.7



WEATHER CONDITIONS
 THE FOLLOWING WEATHER WAS RECORDED TODAY.
  LIGHT RAIN
  FOG


..........................................................


THE MCALLEN CLIMATE NORMALS FOR TOMORROW
                         NORMAL    RECORD    YEAR
 MAXIMUM TEMPERATURE (F)   72        93      2016
 MINIMUM TEMPERATURE (F)   52        33      2003


SUNRISE AND SUNSET
DECEMBER 16 2017......SUNRISE   713 AM CST   SUNSET   544 PM CST
DECEMBER 17 2017......SUNRISE   714 AM CST   SUNSET   544 PM CST


-  INDICATES NEGATIVE NUMBERS.
R  INDICATES RECORD WAS SET OR TIED.
MM INDICATES DATA IS MISSING.
T  INDICATES TRACE AMOUNT.

$$
