000
CDUS44 KBRO 270631
CLIMFE


CLIMATE REPORT
NATIONAL WEATHER SERVICE BROWNSVILLE TX
130 AM CDT SAT AUG 27 2016


...................................

...THE MCALLEN CLIMATE SUMMARY FOR AUGUST 26 2016...

CLIMATE NORMAL PERIOD 1981 TO 2010
CLIMATE RECORD PERIOD 1961 TO 2016


WEATHER ITEM   OBSERVED TIME   RECORD YEAR NORMAL DEPARTURE LAST
                VALUE   (LST)  VALUE       VALUE  FROM      YEAR
                                                  NORMAL
..................................................................
TEMPERATURE (F)
 YESTERDAY
  MAXIMUM        102R   337 PM 102    2014  97      5       97
                                      2009
                                      2004
  MINIMUM         80   1133 PM  69    1961  77      3       80
  AVERAGE         91                        87      4

PRECIPITATION (IN)
  YESTERDAY        0.00          0.51 1975   0.10  -0.10     0.00
  MONTH TO DATE    0.80                      1.64  -0.84     2.65
  SINCE JUN 1      1.29                      6.22  -4.93     8.29
  SINCE JAN 1      9.26                     13.00  -3.74    19.76

SNOWFALL (IN)
  YESTERDAY        0.0
  MONTH TO DATE    0.0
  SINCE JUN 1      0.0
  SINCE JUL 1      0.0

DEGREE DAYS
 HEATING
  YESTERDAY        0                         0      0        0
  MONTH TO DATE    0                         0      0        0
  SINCE JUN 1      0                         0      0        0
  SINCE JUL 1      0                         0      0        0

 COOLING
  YESTERDAY       26                        22      4       24
  MONTH TO DATE  683                       590     93      681
  SINCE JUN 1   2161                      1892    269     2075
  SINCE JAN 1   3779                      3147    632     3320
..................................................................


WIND (MPH)
  HIGHEST WIND SPEED    23   HIGHEST WIND DIRECTION     E (110)
  HIGHEST GUST SPEED    29   HIGHEST GUST DIRECTION     E (110)
  AVERAGE WIND SPEED     7.9



WEATHER CONDITIONS
 THE FOLLOWING WEATHER WAS RECORDED YESTERDAY.
  THUNDERSTORM


RELATIVE HUMIDITY (PERCENT)
 HIGHEST    85
 LOWEST     31
 AVERAGE    58

..........................................................


THE MCALLEN CLIMATE NORMALS FOR TODAY
                         NORMAL    RECORD    YEAR
 MAXIMUM TEMPERATURE (F)   97       103      2009
 MINIMUM TEMPERATURE (F)   76        68      1961


SUNRISE AND SUNSET
AUGUST 27 2016........SUNRISE   711 AM CDT   SUNSET   757 PM CDT
AUGUST 28 2016........SUNRISE   711 AM CDT   SUNSET   756 PM CDT


-  INDICATES NEGATIVE NUMBERS.
R  INDICATES RECORD WAS SET OR TIED.
MM INDICATES DATA IS MISSING.
T  INDICATES TRACE AMOUNT.




$$
