000
CDUS46 KMFR 181209
CLIMFR

CLIMATE REPORT
NATIONAL WEATHER SERVICE MEDFORD, OR
510 AM PDT THU SEP 18 2014


...................................

...THE MEDFORD OR CLIMATE SUMMARY FOR SEPTEMBER 17 2014...

CLIMATE NORMAL PERIOD 1981 TO 2010
CLIMATE RECORD PERIOD 1911 TO 2014


WEATHER ITEM   OBSERVED TIME   RECORD YEAR NORMAL DEPARTURE LAST
                VALUE   (LST)  VALUE       VALUE  FROM      YEAR
                                                  NORMAL
..................................................................
TEMPERATURE (F)
 YESTERDAY
  MAXIMUM         86    102 PM 102    1991  83      3       66
                                      1938
  MINIMUM         61    633 AM  33    1965  50     11       54
  AVERAGE         74                        66      8       60

PRECIPITATION (IN)
  YESTERDAY        T             1.26 1989   0.02  -0.02     0.20
  MONTH TO DATE    T                         0.29  -0.29     0.73
  SINCE SEP 1      T                         0.29  -0.29     0.73
  SINCE JAN 1     11.39                     10.43   0.96     5.28

SNOWFALL (IN)
  YESTERDAY        0.0                       0.0    0.0      0.0
  MONTH TO DATE    0.0                       0.0    0.0      0.0
  SINCE JUL 1      0.0                       0.0    0.0      0.0
  SNOW DEPTH       0

DEGREE DAYS
 HEATING
  YESTERDAY        0                         2     -2        5
  MONTH TO DATE    0                        21    -21        5
  SINCE SEP 1      0                        21    -21        5
  SINCE JUL 1      0                        31    -31        5

 COOLING
  YESTERDAY        9                         3      6        0
  MONTH TO DATE  142                        81     61      140
  SINCE SEP 1    142                        81     61      140
  SINCE JAN 1   1156                       788    368     1055
..................................................................


WIND (MPH)
  HIGHEST WIND SPEED    22   HIGHEST WIND DIRECTION    NW (300)
  HIGHEST GUST SPEED    28   HIGHEST GUST DIRECTION     W (290)
  AVERAGE WIND SPEED     5.7


SKY COVER
  POSSIBLE SUNSHINE  MM
  AVERAGE SKY COVER 0.3


WEATHER CONDITIONS
 THE FOLLOWING WEATHER WAS RECORDED YESTERDAY.

  LIGHT RAIN
  HAZE


RELATIVE HUMIDITY (PERCENT)
 HIGHEST    60           600 AM
 LOWEST     19           100 PM
 AVERAGE    40

..........................................................


THE MEDFORD OR CLIMATE NORMALS FOR TODAY
                         NORMAL    RECORD    YEAR
 MAXIMUM TEMPERATURE (F)   83       101      1991
 MINIMUM TEMPERATURE (F)   49        31      1965


SUNRISE AND SUNSET
SEPTEMBER 18 2014.....SUNRISE   655 AM PDT   SUNSET   716 PM PDT
SEPTEMBER 19 2014.....SUNRISE   656 AM PDT   SUNSET   714 PM PDT


-  INDICATES NEGATIVE NUMBERS.
R  INDICATES RECORD WAS SET OR TIED.
MM INDICATES DATA IS MISSING.
T  INDICATES TRACE AMOUNT.

&&

LOW TEMPERATURE THIS MORNING...61 DEGREES
24-HOUR PRECIPITATION..........TRACE

$$
