000
CDUS46 KMFR 080838
CLIMFR


CLIMATE REPORT
NATIONAL WEATHER SERVICE MEDFORD, OR
1238 AM PST MON FEB 8 2016


...................................

...THE MEDFORD OR CLIMATE SUMMARY FOR FEBRUARY 7 2016...

CLIMATE NORMAL PERIOD 1981 TO 2010
CLIMATE RECORD PERIOD 1911 TO 2016


WEATHER ITEM   OBSERVED TIME   RECORD YEAR NORMAL DEPARTURE LAST
                VALUE   (LST)  VALUE       VALUE  FROM      YEAR
                                                  NORMAL
..................................................................
TEMPERATURE (F)
 YESTERDAY
  MAXIMUM         66    414 PM  67    1996  53     13       63
                                      1954
  MINIMUM         38    639 AM  13    1929  34      4       48
  AVERAGE         52                        43      9       56

PRECIPITATION (IN)
  YESTERDAY        0.00          1.16 1938   0.08  -0.08     0.29
  MONTH TO DATE    0.25                      0.50  -0.25     2.60
  SINCE OCT 1     14.23                     10.57   3.66    10.70
  SINCE JAN 1      4.47                      2.93   1.54     3.85

SNOWFALL (IN)
  YESTERDAY        0.0                       0.1   -0.1      0.0
  MONTH TO DATE    1.2                       0.2    1.0      0.0
  SINCE JUL 1      1.9                       3.2   -1.3       T
  SNOW DEPTH       0

DEGREE DAYS
 HEATING
  YESTERDAY       13                        22     -9        9
  MONTH TO DATE  148                       156     -8      100
  SINCE DEC 1   1521                      1719   -198     1395
  SINCE JUL 1   2325                      2688   -363     2069

 COOLING
  YESTERDAY        0                         0      0        0
  MONTH TO DATE    0                         0      0        0
  SINCE DEC 1      0                         0      0        0
  SINCE JAN 1      0                         0      0        0
..................................................................


WIND (MPH)
  HIGHEST WIND SPEED     8   HIGHEST WIND DIRECTION     N (10)
  HIGHEST GUST SPEED     9   HIGHEST GUST DIRECTION     N (10)
  AVERAGE WIND SPEED     1.4


SKY COVER
  POSSIBLE SUNSHINE  MM
  AVERAGE SKY COVER 0.2


WEATHER CONDITIONS
 THE FOLLOWING WEATHER WAS RECORDED YESTERDAY.
  FOG


RELATIVE HUMIDITY (PERCENT)
 HIGHEST   100           800 AM
 LOWEST     48           400 PM
 AVERAGE    74

..........................................................


THE MEDFORD OR CLIMATE NORMALS FOR TODAY
                         NORMAL    RECORD    YEAR
 MAXIMUM TEMPERATURE (F)   53        70      1996
 MINIMUM TEMPERATURE (F)   34        14      1929


SUNRISE AND SUNSET
FEBRUARY  8 2016......SUNRISE   718 AM PST   SUNSET   534 PM PST
FEBRUARY  9 2016......SUNRISE   716 AM PST   SUNSET   536 PM PST


-  INDICATES NEGATIVE NUMBERS.
R  INDICATES RECORD WAS SET OR TIED.
MM INDICATES DATA IS MISSING.
T  INDICATES TRACE AMOUNT.




$$
