000
CDUS46 KMFR 220836
CLIMFR


CLIMATE REPORT
NATIONAL WEATHER SERVICE MEDFORD, OR
136 AM PDT FRI SEP 22 2017


...................................

...THE MEDFORD OR CLIMATE SUMMARY FOR SEPTEMBER 21 2017...

CLIMATE NORMAL PERIOD 1981 TO 2010
CLIMATE RECORD PERIOD 1911 TO 2017


WEATHER ITEM   OBSERVED TIME   RECORD YEAR NORMAL DEPARTURE LAST
                VALUE   (LST)  VALUE       VALUE  FROM      YEAR
                                                  NORMAL
..................................................................
TEMPERATURE (F)
 YESTERDAY
  MAXIMUM         59    153 PM 101    1994  82    -23       71
                                      1952
  MINIMUM         44    711 AM  34    1993  49     -5       47
                                      1964
                                      1929
  AVERAGE         52                        65    -13       59

PRECIPITATION (IN)
  YESTERDAY        T             0.28 1945   0.02  -0.02     0.00
  MONTH TO DATE    0.30                      0.37  -0.07     0.00
  SINCE OCT 1     25.21                     18.15   7.06    19.77
  SINCE JAN 1     13.52                     10.51   3.01    10.01

SNOWFALL (IN)
  YESTERDAY        0.0                       0.0    0.0      0.0
  MONTH TO DATE    0.0                       0.0    0.0      0.0
  SINCE JUL 1      0.0                       0.0    0.0      0.0
  SNOW DEPTH       0

DEGREE DAYS
 HEATING
  YESTERDAY       13                         2     11        6
  MONTH TO DATE   42                        29     13       15
  SINCE SEP 1     42                        29     13       15
  SINCE JUL 1     42                        39      3       17

 COOLING
  YESTERDAY        0                         3     -3        0
  MONTH TO DATE  146                        93     53       72
  SINCE SEP 1    146                        93     53       72
  SINCE JAN 1   1271                       800    471     1017
..................................................................


WIND (MPH)
  HIGHEST WIND SPEED     9   HIGHEST WIND DIRECTION     N (350)
  HIGHEST GUST SPEED    15   HIGHEST GUST DIRECTION     N (350)
  AVERAGE WIND SPEED     2.9


SKY COVER
  POSSIBLE SUNSHINE  MM
  AVERAGE SKY COVER 0.5


WEATHER CONDITIONS
 THE FOLLOWING WEATHER WAS RECORDED YESTERDAY.
  LIGHT RAIN
  FOG
  FOG W/VISIBILITY <= 1/4 MILE


RELATIVE HUMIDITY (PERCENT)
 HIGHEST   100           200 AM
 LOWEST     47           100 PM
 AVERAGE    74

..........................................................


THE MEDFORD OR CLIMATE NORMALS FOR TODAY
                         NORMAL    RECORD    YEAR
 MAXIMUM TEMPERATURE (F)   82       102      1987
 MINIMUM TEMPERATURE (F)   48        33      1961


SUNRISE AND SUNSET
SEPTEMBER 22 2017.....SUNRISE   659 AM PDT   SUNSET   708 PM PDT
SEPTEMBER 23 2017.....SUNRISE   700 AM PDT   SUNSET   706 PM PDT


-  INDICATES NEGATIVE NUMBERS.
R  INDICATES RECORD WAS SET OR TIED.
MM INDICATES DATA IS MISSING.
T  INDICATES TRACE AMOUNT.




$$
