000
CDUS46 KMFR 051226
CLIMFR


CLIMATE REPORT
NATIONAL WEATHER SERVICE MEDFORD, OR
415 AM PST THU MAR 5 2015


...................................

...THE MEDFORD OR CLIMATE SUMMARY FOR MARCH 4 2015...

CLIMATE NORMAL PERIOD 1981 TO 2010
CLIMATE RECORD PERIOD 1911 TO 2015


WEATHER ITEM   OBSERVED TIME   RECORD YEAR NORMAL DEPARTURE LAST
                VALUE   (LST)  VALUE       VALUE  FROM      YEAR
                                                  NORMAL
..................................................................
TEMPERATURE (F)
 YESTERDAY
  MAXIMUM         65    503 PM  76    1929  58      7       64
  MINIMUM         30    706 AM  20    1923  36     -6       43
  AVERAGE         48                        47      1       54

PRECIPITATION (IN)
  YESTERDAY        0.00          0.91 1956   0.06  -0.06      T
  MONTH TO DATE    0.00                      0.27  -0.27     0.48
  SINCE OCT 1     11.30                     12.35  -1.05     7.49
  SINCE JAN 1      4.45                      4.71  -0.26     5.81

SNOWFALL (IN)
  YESTERDAY        0.0                       0.0    0.0      0.0
  MONTH TO DATE    0.0                       0.1   -0.1      0.0
  SINCE JUL 1      T                         3.7   -3.7      3.4
  SNOW DEPTH       0

DEGREE DAYS
 HEATING
  YESTERDAY       17                        18     -1       11
  MONTH TO DATE   74                        74      0       44
  SINCE MAR 1     74                        74      0       44
  SINCE JUL 1   2514                      3188   -674     3414

 COOLING
  YESTERDAY        0                         0      0        0
  MONTH TO DATE    0                         0      0        0
  SINCE MAR 1      0                         0      0        0
  SINCE JAN 1      0                         0      0        0
..................................................................


WIND (MPH)
  HIGHEST WIND SPEED     9   HIGHEST WIND DIRECTION     S (180)
  HIGHEST GUST SPEED    12   HIGHEST GUST DIRECTION     S (160)
  AVERAGE WIND SPEED     1.0


SKY COVER
  POSSIBLE SUNSHINE  MM
  AVERAGE SKY COVER 0.0


WEATHER CONDITIONS
 THE FOLLOWING WEATHER WAS RECORDED YESTERDAY.
  NO SIGNIFICANT WEATHER WAS OBSERVED.


RELATIVE HUMIDITY (PERCENT)
 HIGHEST    92           700 AM
 LOWEST     22           500 PM
 AVERAGE    57

..........................................................


THE MEDFORD OR CLIMATE NORMALS FOR TODAY
                         NORMAL    RECORD    YEAR
 MAXIMUM TEMPERATURE (F)   58        75      1986
 MINIMUM TEMPERATURE (F)   36        20      1955


SUNRISE AND SUNSET
MARCH  5 2015.........SUNRISE   641 AM PST   SUNSET   606 PM PST
MARCH  6 2015.........SUNRISE   639 AM PST   SUNSET   607 PM PST


-  INDICATES NEGATIVE NUMBERS.
R  INDICATES RECORD WAS SET OR TIED.
MM INDICATES DATA IS MISSING.
T  INDICATES TRACE AMOUNT.




$$
