000
CDUS46 KMFR 220036
CLIMFR


CLIMATE REPORT
NATIONAL WEATHER SERVICE MEDFORD, OR
436 PM PST WED FEB 21 2018


...................................

...THE MEDFORD OR CLIMATE SUMMARY FOR FEBRUARY 21 2018...
VALID TODAY AS OF 0400 PM LOCAL TIME.

CLIMATE NORMAL PERIOD 1981 TO 2010
CLIMATE RECORD PERIOD 1911 TO 2018


WEATHER ITEM   OBSERVED TIME   RECORD YEAR NORMAL DEPARTURE LAST
                VALUE   (LST)  VALUE       VALUE  FROM      YEAR
                                                  NORMAL
..................................................................
TEMPERATURE (F)
 TODAY
  MAXIMUM         46    353 PM  71    1973  56    -10       51
  MINIMUM         33    744 AM  21    1975  35     -2       39
                                      1955
  AVERAGE         40                        45     -5       45

PRECIPITATION (IN)
  TODAY            T             1.68 1998   0.08  -0.08     0.23
  MONTH TO DATE    0.13                      1.52  -1.39     3.94
  SINCE OCT 1      6.34                     11.59  -5.25    20.52
  SINCE JAN 1      1.73                      3.95  -2.22     8.83

SNOWFALL (IN)
  TODAY            T                         0.1   -0.1      0.0
  MONTH TO DATE    0.3                       0.5   -0.2      0.0
  SINCE JUL 1      0.3                       3.5   -3.2     11.8
  SNOW DEPTH       0

DEGREE DAYS
 HEATING
  TODAY           25                        20      5       20
  MONTH TO DATE  457                       447     10      367
  SINCE DEC 1   1956                      2010    -54     2092
  SINCE JUL 1   2891                      2979    -88     2865

 COOLING
  TODAY            0                         0      0        0
  MONTH TO DATE    0                         0      0        0
  SINCE DEC 1      0                         0      0        0
  SINCE JAN 1      0                         0      0        0
..................................................................


WIND (MPH)
  HIGHEST WIND SPEED    14   HIGHEST WIND DIRECTION    NW (310)
  HIGHEST GUST SPEED    17   HIGHEST GUST DIRECTION    NW (310)
  AVERAGE WIND SPEED     2.0


SKY COVER
  POSSIBLE SUNSHINE  MM
  AVERAGE SKY COVER 0.8


WEATHER CONDITIONS
 THE FOLLOWING WEATHER WAS RECORDED TODAY.
  LIGHT SNOW
  FOG


RELATIVE HUMIDITY (PERCENT)
 HIGHEST   100           800 AM
 LOWEST     53           300 PM
 AVERAGE    77

..........................................................


THE MEDFORD OR CLIMATE NORMALS FOR TOMORROW
                         NORMAL    RECORD    YEAR
 MAXIMUM TEMPERATURE (F)   56        70      1995
                                             1990
 MINIMUM TEMPERATURE (F)   35        17      1913


SUNRISE AND SUNSET
FEBRUARY 21 2018......SUNRISE   659 AM PST   SUNSET   552 PM PST
FEBRUARY 22 2018......SUNRISE   658 AM PST   SUNSET   553 PM PST


-  INDICATES NEGATIVE NUMBERS.
R  INDICATES RECORD WAS SET OR TIED.
MM INDICATES DATA IS MISSING.
T  INDICATES TRACE AMOUNT.




$$
