000
CDUS46 KMFR 210048
CLIMFR


CLIMATE REPORT
NATIONAL WEATHER SERVICE MEDFORD, OR
448 PM PST THU NOV 20 2014


...................................

...THE MEDFORD OR CLIMATE SUMMARY FOR NOVEMBER 20 2014...
VALID TODAY AS OF 0400 PM LOCAL TIME.

CLIMATE NORMAL PERIOD 1981 TO 2010
CLIMATE RECORD PERIOD 1911 TO 2014


WEATHER ITEM   OBSERVED TIME   RECORD YEAR NORMAL DEPARTURE LAST
                VALUE   (LST)  VALUE       VALUE  FROM      YEAR
                                                  NORMAL
..................................................................
TEMPERATURE (F)
 TODAY
  MAXIMUM         53    354 PM  66    2002  51      2       51
                                      1926
  MINIMUM         45    929 AM  15    1977  36      9       33
  AVERAGE         49                        43      6       42

PRECIPITATION (IN)
  TODAY            T             1.42 1937   0.11  -0.11     0.21
  MONTH TO DATE    0.53                      1.87  -1.34     1.12
  SINCE SEP 1      5.16                      3.57   1.59     4.08
  SINCE JAN 1     16.55                     13.71   2.84     8.63

SNOWFALL (IN)
  TODAY           MM                         0.0   MM        0.0
  MONTH TO DATE    0.0                       0.1   -0.1      0.0
  SINCE JUL 1      0.0                       0.1   -0.1      0.0
  SNOW DEPTH       0

DEGREE DAYS
 HEATING
  TODAY           16                        22     -6       23
  MONTH TO DATE  321                       378    -57      352
  SINCE SEP 1    490                       728   -238      794
  SINCE JUL 1    490                       738   -248      794

 COOLING
  TODAY            0                         0      0        0
  MONTH TO DATE    0                         0      0        0
  SINCE SEP 1    224                       122    102      142
  SINCE JAN 1   1238                       829    409     1057
..................................................................


WIND (MPH)
  HIGHEST WIND SPEED     7   HIGHEST WIND DIRECTION    NE (60)
  HIGHEST GUST SPEED     8   HIGHEST GUST DIRECTION    NE (60)
  AVERAGE WIND SPEED     1.6


SKY COVER
  POSSIBLE SUNSHINE  MM
  AVERAGE SKY COVER 1.0


WEATHER CONDITIONS
 THE FOLLOWING WEATHER WAS RECORDED TODAY.
  LIGHT RAIN
  FOG
  FOG W/VISIBILITY <= 1/4 MILE
  HAZE


RELATIVE HUMIDITY (PERCENT)
 HIGHEST   100          1200 AM
 LOWEST     80           100 PM
 AVERAGE    90

..........................................................


THE MEDFORD OR CLIMATE NORMALS FOR TOMORROW
                         NORMAL    RECORD    YEAR
 MAXIMUM TEMPERATURE (F)   50        67      1974
                                             1924
 MINIMUM TEMPERATURE (F)   36        16      1929


SUNRISE AND SUNSET
NOVEMBER 20 2014......SUNRISE   709 AM PST   SUNSET   445 PM PST
NOVEMBER 21 2014......SUNRISE   710 AM PST   SUNSET   445 PM PST


-  INDICATES NEGATIVE NUMBERS.
R  INDICATES RECORD WAS SET OR TIED.
MM INDICATES DATA IS MISSING.
T  INDICATES TRACE AMOUNT.




$$
