000
CDUS46 KMFR 261209
CLIMFR

CLIMATE REPORT
NATIONAL WEATHER SERVICE MEDFORD, OR
509 AM PDT WED JUL 26 2017


...................................

...THE MEDFORD OR CLIMATE SUMMARY FOR JULY 25 2017...

CLIMATE NORMAL PERIOD 1981 TO 2010
CLIMATE RECORD PERIOD 1911 TO 2017


WEATHER ITEM   OBSERVED TIME   RECORD YEAR NORMAL DEPARTURE LAST
                VALUE   (LST)  VALUE       VALUE  FROM      YEAR
                                                  NORMAL
..................................................................
TEMPERATURE (F)
 YESTERDAY
  MAXIMUM         99    236 PM 107    1988  93      6       96
  MINIMUM         72    116 AM  46    1920  59     13       61
  AVERAGE         86                        76     10       79

PRECIPITATION (IN)
  YESTERDAY        0.00          0.17 1913   0.01  -0.01     0.00
  MONTH TO DATE    T                         0.23  -0.23     0.45
  SINCE OCT 1     24.77                     17.33   7.44    19.77
  SINCE JAN 1     13.08                      9.69   3.39    10.01

SNOWFALL (IN)
  YESTERDAY        0.0                       0.0    0.0      0.0
  MONTH TO DATE    0.0                       0.0    0.0      0.0
  SINCE JUL 1      0.0                       0.0    0.0      0.0
  SNOW DEPTH       0

DEGREE DAYS
 HEATING
  YESTERDAY        0                         0      0        0
  MONTH TO DATE    0                         1     -1        2
  SINCE JUN 1     45                        55    -10       42
  SINCE JUL 1      0                         1     -1        2

 COOLING
  YESTERDAY       21                        11     10       14
  MONTH TO DATE  321                       222     99      193
  SINCE JUN 1    526                       330    196      394
  SINCE JAN 1    613                       368    245      455
..................................................................


WIND (MPH)
  HIGHEST WIND SPEED    15   HIGHEST WIND DIRECTION     N (350)
  HIGHEST GUST SPEED    21   HIGHEST GUST DIRECTION     N (350)
  AVERAGE WIND SPEED     4.5


SKY COVER
  POSSIBLE SUNSHINE  MM
  AVERAGE SKY COVER 0.1


WEATHER CONDITIONS
 THE FOLLOWING WEATHER WAS RECORDED YESTERDAY.
  NO SIGNIFICANT WEATHER WAS OBSERVED.


RELATIVE HUMIDITY (PERCENT)
 HIGHEST    49           500 AM
 LOWEST     22           200 PM
 AVERAGE    36

..........................................................


THE MEDFORD OR CLIMATE NORMALS FOR TODAY
                         NORMAL    RECORD    YEAR
 MAXIMUM TEMPERATURE (F)   93       108      1939
 MINIMUM TEMPERATURE (F)   59        41      1919


SUNRISE AND SUNSET
JULY 26 2017..........SUNRISE   558 AM PDT   SUNSET   837 PM PDT
JULY 27 2017..........SUNRISE   559 AM PDT   SUNSET   836 PM PDT


-  INDICATES NEGATIVE NUMBERS.
R  INDICATES RECORD WAS SET OR TIED.
MM INDICATES DATA IS MISSING.
T  INDICATES TRACE AMOUNT.

&&

LOW TEMPERATURE THIS MORNING...75 DEGREES
24-HOUR PRECIPITATION..........NONE

$$
