000
CDUS46 KMFR 021344
CLIMFR

CLIMATE REPORT
NATIONAL WEATHER SERVICE MEDFORD, OR
545 AM PST FRI DEC 2 2016


...................................

...THE MEDFORD OR CLIMATE SUMMARY FOR DECEMBER 1 2016...

CLIMATE NORMAL PERIOD 1981 TO 2010
CLIMATE RECORD PERIOD 1911 TO 2016


WEATHER ITEM   OBSERVED TIME   RECORD YEAR NORMAL DEPARTURE LAST
                VALUE   (LST)  VALUE       VALUE  FROM      YEAR
                                                  NORMAL
..................................................................
TEMPERATURE (F)
 YESTERDAY
  MAXIMUM         43    343 PM  67    1926  48     -5       48
  MINIMUM         35   1017 PM  15    1936  34      1       23
  AVERAGE         39                        41     -2       36

PRECIPITATION (IN)
  YESTERDAY        0.00          1.41 2005   0.12  -0.12     0.10
  MONTH TO DATE    0.00                      0.12  -0.12     0.10
  SINCE OCT 1      7.13                      4.27   2.86     2.13
  SINCE JAN 1     17.15                     14.98   2.17     9.85

SNOWFALL (IN)
  YESTERDAY        0.0                       0.0    0.0      0.0
  MONTH TO DATE    0.0                       0.0    0.0      0.0
  SINCE JUL 1      0.0                       0.2   -0.2      0.0
  SNOW DEPTH       0

DEGREE DAYS
 HEATING
  YESTERDAY       26                        24      2       29
  MONTH TO DATE   26                        24      2       29
  SINCE DEC 1     26                        24      2       29
  SINCE JUL 1    799                       993   -194      833

 COOLING
  YESTERDAY        0                         0      0        0
  MONTH TO DATE    0                         0      0        0
  SINCE DEC 1      0                         0      0        0
  SINCE JAN 1   1058                       829    229     1297
..................................................................


WIND (MPH)
  HIGHEST WIND SPEED     7   HIGHEST WIND DIRECTION    NW (320)
  HIGHEST GUST SPEED     9   HIGHEST GUST DIRECTION    NW (300)
  AVERAGE WIND SPEED     1.9


SKY COVER
  POSSIBLE SUNSHINE  MM
  AVERAGE SKY COVER 0.8


WEATHER CONDITIONS
 THE FOLLOWING WEATHER WAS RECORDED YESTERDAY.
  FOG
  FOG W/VISIBILITY <= 1/4 MILE


RELATIVE HUMIDITY (PERCENT)
 HIGHEST   100          1200 AM
 LOWEST     76           200 PM
 AVERAGE    88

..........................................................


THE MEDFORD OR CLIMATE NORMALS FOR TODAY
                         NORMAL    RECORD    YEAR
 MAXIMUM TEMPERATURE (F)   47        65      1958
 MINIMUM TEMPERATURE (F)   34        19      1969


SUNRISE AND SUNSET
DECEMBER  2 2016......SUNRISE   723 AM PST   SUNSET   439 PM PST
DECEMBER  3 2016......SUNRISE   724 AM PST   SUNSET   439 PM PST


-  INDICATES NEGATIVE NUMBERS.
R  INDICATES RECORD WAS SET OR TIED.
MM INDICATES DATA IS MISSING.
T  INDICATES TRACE AMOUNT.



&&

LOW TEMPERATURE THIS MORNING....35 DEGREES
24-HOUR PRECIPITATION.........0.00 INCHES

$$
