000
CDUS46 KMFR 250835
CLIMFR


CLIMATE REPORT
NATIONAL WEATHER SERVICE MEDFORD, OR
135 AM PDT MON JUL 25 2016


...................................

...THE MEDFORD OR CLIMATE SUMMARY FOR JULY 24 2016...

CLIMATE NORMAL PERIOD 1981 TO 2010
CLIMATE RECORD PERIOD 1911 TO 2016


WEATHER ITEM   OBSERVED TIME   RECORD YEAR NORMAL DEPARTURE LAST
                VALUE   (LST)  VALUE       VALUE  FROM      YEAR
                                                  NORMAL
..................................................................
TEMPERATURE (F)
 YESTERDAY
  MAXIMUM         97    415 PM 105    2004  93      4       92
  MINIMUM         58    542 AM  47    1993  59     -1       60
                                      1992
  AVERAGE         78                        76      2       76

PRECIPITATION (IN)
  YESTERDAY        0.00          1.45 1913   0.00   0.00     0.00
  MONTH TO DATE    0.45                      0.22   0.23     0.29
  SINCE OCT 1     19.77                     17.32   2.45    14.28
  SINCE JAN 1     10.01                      9.68   0.33     7.43

SNOWFALL (IN)
  YESTERDAY        0.0                       0.0    0.0      0.0
  MONTH TO DATE    0.0                       0.0    0.0      0.0
  SINCE JUL 1      0.0                       0.0    0.0      0.0
  SNOW DEPTH       0

DEGREE DAYS
 HEATING
  YESTERDAY        0                         0      0        0
  MONTH TO DATE    2                         1      1        0
  SINCE JUN 1     42                        55    -13       10
  SINCE JUL 1      2                         1      1        0

 COOLING
  YESTERDAY       13                        11      2       11
  MONTH TO DATE  179                       211    -32      330
  SINCE JUN 1    380                       319     61      641
  SINCE JAN 1    441                       357     84      686
..................................................................


WIND (MPH)
  HIGHEST WIND SPEED    15   HIGHEST WIND DIRECTION     N (350)
  HIGHEST GUST SPEED    20   HIGHEST GUST DIRECTION    NW (310)
  AVERAGE WIND SPEED     3.6


SKY COVER
  POSSIBLE SUNSHINE  MM
  AVERAGE SKY COVER 0.0


WEATHER CONDITIONS
 THE FOLLOWING WEATHER WAS RECORDED YESTERDAY.
  NO SIGNIFICANT WEATHER WAS OBSERVED.


RELATIVE HUMIDITY (PERCENT)
 HIGHEST    62           500 AM
 LOWEST     16           300 PM
 AVERAGE    39

..........................................................


THE MEDFORD OR CLIMATE NORMALS FOR TODAY
                         NORMAL    RECORD    YEAR
 MAXIMUM TEMPERATURE (F)   93       107      1988
 MINIMUM TEMPERATURE (F)   59        46      1920


SUNRISE AND SUNSET
JULY 25 2016..........SUNRISE   558 AM PDT   SUNSET   838 PM PDT
JULY 26 2016..........SUNRISE   559 AM PDT   SUNSET   837 PM PDT


-  INDICATES NEGATIVE NUMBERS.
R  INDICATES RECORD WAS SET OR TIED.
MM INDICATES DATA IS MISSING.
T  INDICATES TRACE AMOUNT.




$$
