000
CDUS44 KBMX 010725
CLIMGM


CLIMATE REPORT
NATIONAL WEATHER SERVICE BIRMINGHAM, AL
222 AM CDT SAT AUG 1 2015


...................................

...THE MONTGOMERY CLIMATE SUMMARY FOR JULY 31 2015...

CLIMATE NORMAL PERIOD 1981 TO 2010
CLIMATE RECORD PERIOD 1994 TO 2015


WEATHER ITEM   OBSERVED TIME   RECORD YEAR NORMAL DEPARTURE LAST
                VALUE   (LST)  VALUE       VALUE  FROM      YEAR
                                                  NORMAL
..................................................................
TEMPERATURE (F)
 YESTERDAY
  MAXIMUM         95    432 PM 101    1896  92      3       91
  MINIMUM         76    526 AM  62    1936  72      4       64
  AVERAGE         86                        82      4       78

PRECIPITATION (IN)
  YESTERDAY        0.00          4.35 1936   0.14  -0.14     0.00
  MONTH TO DATE    4.97                      5.24  -0.27     2.28
  SINCE JUN 1      8.96                      9.31  -0.35     7.45
  SINCE JAN 1     29.46                     32.75  -3.29    36.34

DEGREE DAYS
 COOLING
  YESTERDAY       21                        17      4       13
  MONTH TO DATE  618                       521     97      508
  SINCE JUN 1   1115                       940    175      980
  SINCE JAN 1   1653                      1279    374     1346
..................................................................


WIND (MPH)
  HIGHEST WIND SPEED    13   HIGHEST WIND DIRECTION    NE (50)
  HIGHEST GUST SPEED    17   HIGHEST GUST DIRECTION    NW (320)
  AVERAGE WIND SPEED     6.4


SKY COVER
  AVERAGE SKY COVER 0.1


WEATHER CONDITIONS
 THE FOLLOWING WEATHER WAS RECORDED YESTERDAY.
  NO SIGNIFICANT WEATHER WAS OBSERVED.


RELATIVE HUMIDITY (PERCENT)
 HIGHEST    85          1100 PM
 LOWEST     46           300 PM
 AVERAGE    66

..........................................................


THE MONTGOMERY CLIMATE NORMALS FOR TODAY
                         NORMAL    RECORD    YEAR
 MAXIMUM TEMPERATURE (F)   92       101      2010
                                             1897
 MINIMUM TEMPERATURE (F)   72        62      1993


SUNRISE AND SUNSET
AUGUST  1 2015........SUNRISE   600 AM CDT   SUNSET   743 PM CDT
AUGUST  2 2015........SUNRISE   601 AM CDT   SUNSET   742 PM CDT


-  INDICATES NEGATIVE NUMBERS.
R  INDICATES RECORD WAS SET OR TIED.
MM INDICATES DATA IS MISSING.
T  INDICATES TRACE AMOUNT.




$$
