000
CDUS44 KBMX 290933
CLIMGM


CLIMATE REPORT
NATIONAL WEATHER SERVICE BIRMINGHAM, AL
431 AM CDT FRI AUG 29 2014


...................................

...THE MONTGOMERY CLIMATE SUMMARY FOR AUGUST 28 2014...

CLIMATE NORMAL PERIOD 1981 TO 2010
CLIMATE RECORD PERIOD 1872 TO 2014


WEATHER ITEM   OBSERVED TIME   RECORD YEAR NORMAL DEPARTURE LAST
                VALUE   (LST)  VALUE       VALUE  FROM      YEAR
                                                  NORMAL
..................................................................
TEMPERATURE (F)
 YESTERDAY
  MAXIMUM         93    159 PM 104    1954  91      2       91
  MINIMUM         66    539 AM  59    1952  70     -4       64
  AVERAGE         80                        81     -1       78

PRECIPITATION (IN)
  YESTERDAY        0.00          1.29 1923   0.13  -0.13     0.00
  MONTH TO DATE    3.29                      3.58  -0.29     2.78
  SINCE JUN 1     10.74                     12.89  -2.15    15.99
  SINCE JAN 1     39.63                     36.33   3.30    41.70

DEGREE DAYS
 COOLING
  YESTERDAY       15                        16     -1       13
  MONTH TO DATE  498                       466     32      443
  SINCE JUN 1   1478                      1406     72     1410
  SINCE JAN 1   1844                      1745     99     1769
..................................................................


WIND (MPH)
  HIGHEST WIND SPEED     9   HIGHEST WIND DIRECTION    SE (120)
  HIGHEST GUST SPEED    12   HIGHEST GUST DIRECTION     E (110)
  AVERAGE WIND SPEED     2.5


SKY COVER
  AVERAGE SKY COVER 0.0


WEATHER CONDITIONS
 THE FOLLOWING WEATHER WAS RECORDED YESTERDAY.
  FOG


RELATIVE HUMIDITY (PERCENT)
 HIGHEST    93           400 AM
 LOWEST     32           200 PM
 AVERAGE    63

..........................................................


THE MONTGOMERY CLIMATE NORMALS FOR TODAY
                         NORMAL    RECORD    YEAR
 MAXIMUM TEMPERATURE (F)   91       102      1951
 MINIMUM TEMPERATURE (F)   70        56      1992


SUNRISE AND SUNSET
AUGUST 29 2014........SUNRISE   619 AM CDT   SUNSET   714 PM CDT
AUGUST 30 2014........SUNRISE   619 AM CDT   SUNSET   712 PM CDT


-  INDICATES NEGATIVE NUMBERS.
R  INDICATES RECORD WAS SET OR TIED.
MM INDICATES DATA IS MISSING.
T  INDICATES TRACE AMOUNT.




$$
