998
CDUS44 KBMX 230838
CLIMGM


CLIMATE REPORT
NATIONAL WEATHER SERVICE BIRMINGHAM, AL
238 AM CST FRI FEB 23 2018


...................................

...THE MONTGOMERY CLIMATE SUMMARY FOR FEBRUARY 22 2018...

CLIMATE NORMAL PERIOD 1981 TO 2010
CLIMATE RECORD PERIOD 1872 TO 2018


WEATHER ITEM   OBSERVED TIME   RECORD YEAR NORMAL DEPARTURE LAST
                VALUE   (LST)  VALUE       VALUE  FROM      YEAR
                                                  NORMAL
..................................................................
TEMPERATURE (F)
 YESTERDAY
  MAXIMUM         84R   333 PM  80    1897  64     20       76
  MINIMUM         61    524 AM  17    1963  41     20       60
  AVERAGE         73                        52     21       68

PRECIPITATION (IN)
  YESTERDAY        0.00          1.96 2016   0.19  -0.19     0.06
  MONTH TO DATE    2.38                      4.15  -1.77     2.92
  SINCE DEC 1     10.04                     13.66  -3.62    18.20
  SINCE JAN 1      7.43                      8.80  -1.37    14.09

SNOWFALL (IN)
  YESTERDAY        0.0                       0.0    0.0      0.0
  MONTH TO DATE    0.0                       0.0    0.0      0.0
  SINCE DEC 1      T                         0.1   -0.1      0.0
  SINCE JUL 1      T                         0.1   -0.1      0.0
  SNOW DEPTH       0

DEGREE DAYS
 HEATING
  YESTERDAY        0                        13    -13        0
  MONTH TO DATE  139                       337   -198      144
  SINCE DEC 1   1336                      1428    -92      792
  SINCE JUL 1   1671                      1799   -128      967
..................................................................


WIND (MPH)
  HIGHEST WIND SPEED    13   HIGHEST WIND DIRECTION    SW (230)
  HIGHEST GUST SPEED    18   HIGHEST GUST DIRECTION    SW (210)
  AVERAGE WIND SPEED     4.6


SKY COVER
  AVERAGE SKY COVER 0.6


WEATHER CONDITIONS
 THE FOLLOWING WEATHER WAS RECORDED YESTERDAY.
  FOG
  FOG W/VISIBILITY <= 1/4 MILE
  HAZE


RELATIVE HUMIDITY (PERCENT)
 HIGHEST   100           300 AM
 LOWEST     47           500 PM
 AVERAGE    74

..........................................................


THE MONTGOMERY CLIMATE NORMALS FOR TODAY
                         NORMAL    RECORD    YEAR
 MAXIMUM TEMPERATURE (F)   64        83      1996
 MINIMUM TEMPERATURE (F)   41        21      1963


SUNRISE AND SUNSET
FEBRUARY 23 2018......SUNRISE   620 AM CST   SUNSET   538 PM CST
FEBRUARY 24 2018......SUNRISE   619 AM CST   SUNSET   539 PM CST


-  INDICATES NEGATIVE NUMBERS.
R  INDICATES RECORD WAS SET OR TIED.
MM INDICATES DATA IS MISSING.
T  INDICATES TRACE AMOUNT.




$$
