000
CDUS44 KBMX 250834
CLIMGM


CLIMATE REPORT
NATIONAL WEATHER SERVICE BIRMINGHAM, AL
234 AM CST SAT NOV 25 2017


...................................

...THE MONTGOMERY CLIMATE SUMMARY FOR NOVEMBER 24 2017...

CLIMATE NORMAL PERIOD 1981 TO 2010
CLIMATE RECORD PERIOD 1872 TO 2017


WEATHER ITEM   OBSERVED TIME   RECORD YEAR NORMAL DEPARTURE LAST
                VALUE   (LST)  VALUE       VALUE  FROM      YEAR
                                                  NORMAL
..................................................................
TEMPERATURE (F)
 YESTERDAY
  MAXIMUM         68    346 PM  82    2016  66      2       82
  MINIMUM         36    536 AM  18    1970  42     -6       52
  AVERAGE         52                        54     -2       67

PRECIPITATION (IN)
  YESTERDAY        0.00          2.04 1992   0.17  -0.17     0.00
  MONTH TO DATE    0.66                      3.58  -2.92      T
  SINCE SEP 1      8.55                     10.47  -1.92     2.36
  SINCE JAN 1     67.15                     47.18  19.97    35.40

SNOWFALL (IN)
  YESTERDAY        0.0                       0.0    0.0      0.0
  MONTH TO DATE    0.0                       0.0    0.0      0.0
  SINCE SEP 1      0.0                       0.0    0.0      0.0
  SINCE JUL 1      0.0                       0.0    0.0      0.0
  SNOW DEPTH       0

DEGREE DAYS
 HEATING
  YESTERDAY       13                        12      1        0
  MONTH TO DATE  200                       205     -5      127
  SINCE SEP 1    270                       296    -26      139
  SINCE JUL 1    270                       296    -26      139
..................................................................


WIND (MPH)
  HIGHEST WIND SPEED     8   HIGHEST WIND DIRECTION     W (250)
  HIGHEST GUST SPEED    12   HIGHEST GUST DIRECTION    SE (140)
  AVERAGE WIND SPEED     1.6


SKY COVER
  AVERAGE SKY COVER 0.1


WEATHER CONDITIONS
 THE FOLLOWING WEATHER WAS RECORDED YESTERDAY.
  FOG
  HAZE


RELATIVE HUMIDITY (PERCENT)
 HIGHEST    92           300 AM
 LOWEST     45           200 PM
 AVERAGE    69

..........................................................


THE MONTGOMERY CLIMATE NORMALS FOR TODAY
                         NORMAL    RECORD    YEAR
 MAXIMUM TEMPERATURE (F)   66        82      1973
 MINIMUM TEMPERATURE (F)   41        13      1950


SUNRISE AND SUNSET
NOVEMBER 25 2017......SUNRISE   624 AM CST   SUNSET   441 PM CST
NOVEMBER 26 2017......SUNRISE   625 AM CST   SUNSET   441 PM CST


-  INDICATES NEGATIVE NUMBERS.
R  INDICATES RECORD WAS SET OR TIED.
MM INDICATES DATA IS MISSING.
T  INDICATES TRACE AMOUNT.




$$
