000
CDUS44 KBMX 050758
CLIMGM


CLIMATE REPORT
NATIONAL WEATHER SERVICE BIRMINGHAM, AL
258 AM CDT SUN JUL 5 2015


...................................

...THE MONTGOMERY CLIMATE SUMMARY FOR JULY 4 2015...

CLIMATE NORMAL PERIOD 1981 TO 2010
CLIMATE RECORD PERIOD 1994 TO 2015


WEATHER ITEM   OBSERVED TIME   RECORD YEAR NORMAL DEPARTURE LAST
                VALUE   (LST)  VALUE       VALUE  FROM      YEAR
                                                  NORMAL
..................................................................
TEMPERATURE (F)
 YESTERDAY
  MAXIMUM         91    254 PM 102    1877  92     -1       88
  MINIMUM         72   1159 PM  62    1996  71      1       65
  AVERAGE         82                        81      1       77

PRECIPITATION (IN)
  YESTERDAY        0.58          2.18 1940   0.18   0.40     0.00
  MONTH TO DATE    1.69                      0.72   0.97      T
  SINCE JUN 1      5.68                      4.79   0.89     5.17
  SINCE JAN 1     26.18                     28.23  -2.05    34.06

DEGREE DAYS
 COOLING
  YESTERDAY       17                        16      1       12
  MONTH TO DATE   68                        64      4       66
  SINCE JUN 1    565                       483     82      538
  SINCE JAN 1   1103                       822    281      904
..................................................................


WIND (MPH)
  HIGHEST WIND SPEED    37   HIGHEST WIND DIRECTION    NW (300)
  HIGHEST GUST SPEED    46   HIGHEST GUST DIRECTION    NW (300)
  AVERAGE WIND SPEED     6.3


SKY COVER
  AVERAGE SKY COVER 0.2


WEATHER CONDITIONS
 THE FOLLOWING WEATHER WAS RECORDED YESTERDAY.
  THUNDERSTORM
  HEAVY RAIN
  RAIN
  LIGHT RAIN
  FOG
  HAZE


RELATIVE HUMIDITY (PERCENT)
 HIGHEST    93           400 AM
 LOWEST     49           200 PM
 AVERAGE    71

..........................................................


THE MONTGOMERY CLIMATE NORMALS FOR TODAY
                         NORMAL    RECORD    YEAR
 MAXIMUM TEMPERATURE (F)   92       102      1877
 MINIMUM TEMPERATURE (F)   71        64      2014
                                             1882


SUNRISE AND SUNSET
JULY  5 2015..........SUNRISE   544 AM CDT   SUNSET   756 PM CDT
JULY  6 2015..........SUNRISE   545 AM CDT   SUNSET   756 PM CDT


-  INDICATES NEGATIVE NUMBERS.
R  INDICATES RECORD WAS SET OR TIED.
MM INDICATES DATA IS MISSING.
T  INDICATES TRACE AMOUNT.




$$
