102
CDUS44 KBMX 091120
CLIMGM


CLIMATE REPORT
NATIONAL WEATHER SERVICE BIRMINGHAM, AL
519 AM CST TUE FEB 9 2016


...................................

...THE MONTGOMERY CLIMATE SUMMARY FOR FEBRUARY 8 2016...

CLIMATE NORMAL PERIOD 1981 TO 2010
CLIMATE RECORD PERIOD 1872 TO 2016


WEATHER ITEM   OBSERVED TIME   RECORD YEAR NORMAL DEPARTURE LAST
                VALUE   (LST)  VALUE       VALUE  FROM      YEAR
                                                  NORMAL
..................................................................
TEMPERATURE (F)
 YESTERDAY
  MAXIMUM         57    239 PM  81    1994  60     -3       73
                                      1957
  MINIMUM         38   1159 PM   8    1895  38      0       38
  AVERAGE         48                        49     -1       56

PRECIPITATION (IN)
  YESTERDAY        0.00          3.01 1882   0.19  -0.19     0.00
  MONTH TO DATE    1.45                      1.51  -0.06     1.18
  SINCE DEC 1     20.83                     11.02   9.81     8.89
  SINCE JAN 1      6.70                      6.16   0.54     4.00

SNOWFALL (IN)
  YESTERDAY        0.0                       0.0    0.0      0.0
  MONTH TO DATE    0.0                       0.0    0.0      0.0
  SINCE DEC 1      T                         0.1   -0.1      0.0
  SINCE JUL 1      T                         0.1   -0.1      0.0
  SNOW DEPTH       0

DEGREE DAYS
 HEATING
  YESTERDAY       17                        16      1        9
  MONTH TO DATE  104                       134    -30      148
  SINCE DEC 1    892                      1225   -333     1093
  SINCE JUL 1   1079                      1596   -517     1556
..................................................................


WIND (MPH)
  HIGHEST WIND SPEED    28   HIGHEST WIND DIRECTION    NW (300)
  HIGHEST GUST SPEED    35   HIGHEST GUST DIRECTION    NW (300)
  AVERAGE WIND SPEED    12.5


SKY COVER
  AVERAGE SKY COVER 0.3


WEATHER CONDITIONS
 THE FOLLOWING WEATHER WAS RECORDED YESTERDAY.
  NO SIGNIFICANT WEATHER WAS OBSERVED.


RELATIVE HUMIDITY (PERCENT)
 HIGHEST    64           600 AM
 LOWEST     29           400 PM
 AVERAGE    47

..........................................................


THE MONTGOMERY CLIMATE NORMALS FOR TODAY
                         NORMAL    RECORD    YEAR
 MAXIMUM TEMPERATURE (F)   60        83      1994
 MINIMUM TEMPERATURE (F)   38        13      1933


SUNRISE AND SUNSET
FEBRUARY  9 2016......SUNRISE   634 AM CST   SUNSET   526 PM CST
FEBRUARY 10 2016......SUNRISE   633 AM CST   SUNSET   527 PM CST


-  INDICATES NEGATIVE NUMBERS.
R  INDICATES RECORD WAS SET OR TIED.
MM INDICATES DATA IS MISSING.
T  INDICATES TRACE AMOUNT.




$$
