000
CDUS44 KBMX 260800
CLIMGM


CLIMATE REPORT
NATIONAL WEATHER SERVICE BIRMINGHAM, AL
259 AM CDT WED JUL 26 2017


...................................

...THE MONTGOMERY CLIMATE SUMMARY FOR JULY 25 2017...

CLIMATE NORMAL PERIOD 1981 TO 2010
CLIMATE RECORD PERIOD 1872 TO 2017


WEATHER ITEM   OBSERVED TIME   RECORD YEAR NORMAL DEPARTURE LAST
                VALUE   (LST)  VALUE       VALUE  FROM      YEAR
                                                  NORMAL
..................................................................
TEMPERATURE (F)
 YESTERDAY
  MAXIMUM         89    316 PM 105    1952  92     -3       96
  MINIMUM         75   1159 PM  64    1882  72      3       75
  AVERAGE         82                        82      0       86

PRECIPITATION (IN)
  YESTERDAY        0.07          2.39 1975   0.15  -0.08     0.00
  MONTH TO DATE    3.27                      4.36  -1.09     5.07
  SINCE JUN 1     15.31                      8.43   6.88     7.80
  SINCE JAN 1     49.23                     31.87  17.36    30.03

DEGREE DAYS
 COOLING
  YESTERDAY       17                        17      0       21
  MONTH TO DATE  480                       419     61      501
  SINCE JUN 1    916                       838     78     1019
  SINCE JAN 1   1498                      1177    321     1480
..................................................................


WIND (MPH)
  HIGHEST WIND SPEED     9   HIGHEST WIND DIRECTION    SW (220)
  HIGHEST GUST SPEED    13   HIGHEST GUST DIRECTION    SW (210)
  AVERAGE WIND SPEED     3.6


SKY COVER
  AVERAGE SKY COVER 0.5


WEATHER CONDITIONS
 THE FOLLOWING WEATHER WAS RECORDED YESTERDAY.
  THUNDERSTORM
  RAIN
  LIGHT RAIN
  HAZE


RELATIVE HUMIDITY (PERCENT)
 HIGHEST    87          1100 PM
 LOWEST     63           100 PM
 AVERAGE    75

..........................................................


THE MONTGOMERY CLIMATE NORMALS FOR TODAY
                         NORMAL    RECORD    YEAR
 MAXIMUM TEMPERATURE (F)   92       100      1987
 MINIMUM TEMPERATURE (F)   72        63      1911


SUNRISE AND SUNSET
JULY 26 2017..........SUNRISE   557 AM CDT   SUNSET   747 PM CDT
JULY 27 2017..........SUNRISE   557 AM CDT   SUNSET   747 PM CDT


-  INDICATES NEGATIVE NUMBERS.
R  INDICATES RECORD WAS SET OR TIED.
MM INDICATES DATA IS MISSING.
T  INDICATES TRACE AMOUNT.




$$
