000
CDUS44 KBMX 230743
CLIMGM


CLIMATE REPORT
NATIONAL WEATHER SERVICE BIRMINGHAM, AL
240 AM CDT SAT MAY 23 2015


...................................

...THE MONTGOMERY CLIMATE SUMMARY FOR MAY 22 2015...

CLIMATE NORMAL PERIOD 1981 TO 2010
CLIMATE RECORD PERIOD 1994 TO 2015


WEATHER ITEM   OBSERVED TIME   RECORD YEAR NORMAL DEPARTURE LAST
                VALUE   (LST)  VALUE       VALUE  FROM      YEAR
                                                  NORMAL
..................................................................
TEMPERATURE (F)
 YESTERDAY
  MAXIMUM         80    509 PM  96    1962  86     -6       90
  MINIMUM         55    521 AM  42    1993  63     -8       64
  AVERAGE         68                        74     -6       77

PRECIPITATION (IN)
  YESTERDAY        0.00          1.98 1916   0.12  -0.12     0.00
  MONTH TO DATE    1.71                      2.55  -0.84     4.72
  SINCE MAR 1     10.21                     12.52  -2.31    20.39
  SINCE JAN 1     17.87                     22.45  -4.58    28.06

DEGREE DAYS
 COOLING
  YESTERDAY        3                         9     -6       12
  MONTH TO DATE  209                       144     65      145
  SINCE MAR 1    430                       239    191      237
  SINCE JAN 1    430                       245    185      244
..................................................................


WIND (MPH)
  HIGHEST WIND SPEED    13   HIGHEST WIND DIRECTION     N (360)
  HIGHEST GUST SPEED    17   HIGHEST GUST DIRECTION     N (10)
  AVERAGE WIND SPEED     4.4


SKY COVER
  AVERAGE SKY COVER 0.0


WEATHER CONDITIONS
 THE FOLLOWING WEATHER WAS RECORDED YESTERDAY.
  NO SIGNIFICANT WEATHER WAS OBSERVED.


RELATIVE HUMIDITY (PERCENT)
 HIGHEST    84          1000 PM
 LOWEST     36           500 PM
 AVERAGE    60

..........................................................


THE MONTGOMERY CLIMATE NORMALS FOR TODAY
                         NORMAL    RECORD    YEAR
 MAXIMUM TEMPERATURE (F)   86        96      1941
 MINIMUM TEMPERATURE (F)   63        44      1883


SUNRISE AND SUNSET
MAY 23 2015...........SUNRISE   543 AM CDT   SUNSET   742 PM CDT
MAY 24 2015...........SUNRISE   543 AM CDT   SUNSET   743 PM CDT


-  INDICATES NEGATIVE NUMBERS.
R  INDICATES RECORD WAS SET OR TIED.
MM INDICATES DATA IS MISSING.
T  INDICATES TRACE AMOUNT.




$$
