000
CDUS41 KPBZ 222115
CLIMGW


CLIMATE REPORT
NATIONAL WEATHER SERVICE PITTSBURGH PA
513 PM EDT SAT JUL 22 2017


...................................

...THE MORGANTOWN WV CLIMATE SUMMARY FOR JULY 22 2017...
VALID TODAY AS OF 0500 PM LOCAL TIME.

CLIMATE NORMAL PERIOD 1981 TO 2010
CLIMATE RECORD PERIOD 1872 TO 2017


WEATHER ITEM   OBSERVED TIME   RECORD YEAR NORMAL DEPARTURE LAST
                VALUE   (LST)  VALUE       VALUE  FROM      YEAR
                                                  NORMAL
..................................................................
TEMPERATURE (F)
 TODAY
  MAXIMUM         79    856 AM  98    1934  83     -4       89
                                      1926
                                      1892
  MINIMUM         69    948 AM  50    1965  63      6       67
                                      1944
                                      1939
  AVERAGE         74                        73      1       78

PRECIPITATION (IN)
  TODAY            1.58          2.18 1924   0.15   1.43     0.11
  MONTH TO DATE    5.58                      3.38   2.20     1.70
  SINCE JUN 1      9.57                      7.49   2.08     6.18
  SINCE JAN 1     32.66                     24.68   7.98    22.22

DEGREE DAYS
 HEATING
  TODAY            0                         0      0        0
  MONTH TO DATE    0                         0      0        0
  SINCE JUN 1     18                        31    -13       10
  SINCE JUL 1      0                         0      0        0

 COOLING
  TODAY            9                         8      1       13
  MONTH TO DATE  232                       176     56      219
  SINCE JUN 1    413                       338     75      441
  SINCE JAN 1    520                       405    115      515
..................................................................


WIND (MPH)
  RESULTANT WIND SPEED   2   RESULTANT WIND DIRECTION  SE (150)
  HIGHEST WIND SPEED    13   HIGHEST WIND DIRECTION    NW (320)
  HIGHEST GUST SPEED    21   HIGHEST GUST DIRECTION    NW (330)
  AVERAGE WIND SPEED     2.6


SKY COVER
  POSSIBLE SUNSHINE  MM
  AVERAGE SKY COVER 0.7


WEATHER CONDITIONS
 THE FOLLOWING WEATHER WAS RECORDED TODAY.
  THUNDERSTORM
  HEAVY RAIN
  RAIN
  LIGHT RAIN
  FOG


RELATIVE HUMIDITY (PERCENT)
 HIGHEST    97           100 AM
 LOWEST     74           900 AM
 AVERAGE    86

..........................................................


THE MORGANTOWN WV CLIMATE NORMALS FOR TOMORROW
                         NORMAL    RECORD    YEAR
 MAXIMUM TEMPERATURE (F)   83       102      1892
 MINIMUM TEMPERATURE (F)   63        50      1947
                                             1893


SUNRISE AND SUNSET
JULY 22 2017..........SUNRISE   610 AM EDT   SUNSET   841 PM EDT
JULY 23 2017..........SUNRISE   611 AM EDT   SUNSET   841 PM EDT


-  INDICATES NEGATIVE NUMBERS.
R  INDICATES RECORD WAS SET OR TIED.
MM INDICATES DATA IS MISSING.
T  INDICATES TRACE AMOUNT.




$$
