000
CDUS41 KPBZ 011235
CLIMGW


CLIMATE REPORT
NATIONAL WEATHER SERVICE PITTSBURGH PA
834 AM EDT SUN MAY 1 2016


...................................

...THE MORGANTOWN WV CLIMATE SUMMARY FOR MAY 1 2016...
VALID AS OF 0800 AM LOCAL TIME.

CLIMATE NORMAL PERIOD 1981 TO 2010
CLIMATE RECORD PERIOD 1948 TO 2016


WEATHER ITEM   OBSERVED TIME   RECORD YEAR NORMAL DEPARTURE LAST
                VALUE   (LST)  VALUE       VALUE  FROM      YEAR
                                                  NORMAL
..................................................................
TEMPERATURE (F)
 TODAY
  MAXIMUM         61    659 AM  89    1970
  MINIMUM         58    145 AM  30    1978  46     12       47

PRECIPITATION (IN)
  TODAY            0.27         MM      MM   0.13   0.14     0.01
  MONTH TO DATE    0.27                      0.13   0.14     0.01
  SINCE JUN 1     34.64                     37.35  -2.71    42.27
  SINCE JAN 1     11.10                     12.71  -1.61    16.04

DEGREE DAYS
 HEATING
  TODAY            5

 COOLING
  TODAY            0
..................................................................





WEATHER CONDITIONS
 THE FOLLOWING WEATHER WAS RECORDED TODAY.
  RAIN
  LIGHT RAIN
  FOG


RELATIVE HUMIDITY (PERCENT)
 HIGHEST    87           200 AM

..........................................................


THE MORGANTOWN WV CLIMATE NORMALS FOR TOMORROW
                         NORMAL    RECORD    YEAR
 MAXIMUM TEMPERATURE (F)   69        89      1954
 MINIMUM TEMPERATURE (F)   46        27      1963


SUNRISE AND SUNSET
MAY  1 2016...........SUNRISE   620 AM EDT   SUNSET   814 PM EDT
MAY  2 2016...........SUNRISE   619 AM EDT   SUNSET   815 PM EDT


-  INDICATES NEGATIVE NUMBERS.
R  INDICATES RECORD WAS SET OR TIED.
MM INDICATES DATA IS MISSING.
T  INDICATES TRACE AMOUNT.




$$
