000
CDUS41 KPBZ 152216
CLIMGW


CLIMATE REPORT
NATIONAL WEATHER SERVICE PITTSBURGH PA
516 PM EST FRI DEC 15 2017


...................................

...THE MORGANTOWN WV CLIMATE SUMMARY FOR DECEMBER 15 2017...
VALID TODAY AS OF 0500 PM LOCAL TIME.

CLIMATE NORMAL PERIOD 1981 TO 2010
CLIMATE RECORD PERIOD 1872 TO 2017


WEATHER ITEM   OBSERVED TIME   RECORD YEAR NORMAL DEPARTURE LAST
                VALUE   (LST)  VALUE       VALUE  FROM      YEAR
                                                  NORMAL
..................................................................
TEMPERATURE (F)
 TODAY
  MAXIMUM         28    359 PM  77    1971  42    -14       25
  MINIMUM         24    758 AM  -4    1914  27     -3        9
  AVERAGE         26                        35     -9       17

PRECIPITATION (IN)
  TODAY            0.00          1.82 1948   0.09  -0.09     0.00
  MONTH TO DATE    0.56                      1.50  -0.94     1.53
  SINCE JUN 1     25.35                     23.23   2.12    26.89
  SINCE JAN 1     48.44                     40.42   8.02    42.93

DEGREE DAYS
 HEATING
  TODAY           39                        30      9       48
  MONTH TO DATE  453                       423     30      464
  SINCE DEC 1    453                       423     30      464
  SINCE JUL 1   1348                      1471   -123     1150

 COOLING
  TODAY            0                         0      0        0
  MONTH TO DATE    0                         0      0        0
  SINCE DEC 1      0                         0      0        0
  SINCE JAN 1    919                       814    105     1283
..................................................................


WIND (MPH)
  RESULTANT WIND SPEED   3   RESULTANT WIND DIRECTION  SW (220)
  HIGHEST WIND SPEED    14   HIGHEST WIND DIRECTION    SW (230)
  HIGHEST GUST SPEED    20   HIGHEST GUST DIRECTION    SW (240)
  AVERAGE WIND SPEED     3.7


SKY COVER
  POSSIBLE SUNSHINE  MM
  AVERAGE SKY COVER 1.0


WEATHER CONDITIONS
 THE FOLLOWING WEATHER WAS RECORDED TODAY.
  NO SIGNIFICANT WEATHER WAS OBSERVED.


RELATIVE HUMIDITY (PERCENT)
 HIGHEST    81           700 AM
 LOWEST     58           300 PM
 AVERAGE    70

..........................................................


THE MORGANTOWN WV CLIMATE NORMALS FOR TOMORROW
                         NORMAL    RECORD    YEAR
 MAXIMUM TEMPERATURE (F)   42        68      1940
 MINIMUM TEMPERATURE (F)   27        -5      1914


SUNRISE AND SUNSET
DECEMBER 15 2017......SUNRISE   733 AM EST   SUNSET   456 PM EST
DECEMBER 16 2017......SUNRISE   734 AM EST   SUNSET   457 PM EST


-  INDICATES NEGATIVE NUMBERS.
R  INDICATES RECORD WAS SET OR TIED.
MM INDICATES DATA IS MISSING.
T  INDICATES TRACE AMOUNT.




$$
