000
CDUS41 KPBZ 072212
CLIMGW


CLIMATE REPORT
NATIONAL WEATHER SERVICE PITTSBURGH PA
511 PM EST SUN FEB 7 2016


...................................

...THE MORGANTOWN WV CLIMATE SUMMARY FOR FEBRUARY 7 2016...
VALID TODAY AS OF 0500 PM LOCAL TIME.

CLIMATE NORMAL PERIOD 1981 TO 2010
CLIMATE RECORD PERIOD 1948 TO 2016


WEATHER ITEM   OBSERVED TIME   RECORD YEAR NORMAL DEPARTURE LAST
                VALUE   (LST)  VALUE       VALUE  FROM      YEAR
                                                  NORMAL
..................................................................
TEMPERATURE (F)
 TODAY
  MAXIMUM         50    214 PM  62    2005  41      9       50
  MINIMUM         22    615 AM  -1    1988  25     -3       25
  AVERAGE         36                        33      3       38

PRECIPITATION (IN)
  TODAY            0.00         MM      MM   0.09  -0.09     0.00
  MONTH TO DATE    0.49                      0.63  -0.14     0.74
  SINCE JUN 1     26.07                     28.08  -2.01    29.53
  SINCE JAN 1      2.53                      3.44  -0.91     3.30

DEGREE DAYS
 HEATING
  TODAY           29                        32     -3       27
  MONTH TO DATE  168                       228    -60      249
  SINCE DEC 1   1803                      2207   -404     2202
  SINCE JUL 1   2522                      3255   -733     3232

 COOLING
  TODAY            0                         0      0        0
  MONTH TO DATE    0                         0      0        0
  SINCE DEC 1      0                         0      0        0
  SINCE JAN 1      0                         0      0        0
..................................................................


WIND (MPH)
  RESULTANT WIND SPEED   1   RESULTANT WIND DIRECTION   S (160)
  HIGHEST WIND SPEED    10   HIGHEST WIND DIRECTION    SW (230)
  HIGHEST GUST SPEED    14   HIGHEST GUST DIRECTION     S (200)
  AVERAGE WIND SPEED     2.2


SKY COVER
  POSSIBLE SUNSHINE  MM
  AVERAGE SKY COVER 0.0


WEATHER CONDITIONS
 THE FOLLOWING WEATHER WAS RECORDED TODAY.
  NO SIGNIFICANT WEATHER WAS OBSERVED.


RELATIVE HUMIDITY (PERCENT)
 HIGHEST    74           600 AM
 LOWEST     31           400 PM
 AVERAGE    53

..........................................................


THE MORGANTOWN WV CLIMATE NORMALS FOR TOMORROW
                         NORMAL    RECORD    YEAR
 MAXIMUM TEMPERATURE (F)   41        66      2001
 MINIMUM TEMPERATURE (F)   25        -8      1972


SUNRISE AND SUNSET
FEBRUARY  7 2016......SUNRISE   722 AM EST   SUNSET   546 PM EST
FEBRUARY  8 2016......SUNRISE   721 AM EST   SUNSET   547 PM EST


-  INDICATES NEGATIVE NUMBERS.
R  INDICATES RECORD WAS SET OR TIED.
MM INDICATES DATA IS MISSING.
T  INDICATES TRACE AMOUNT.




$$
