000
CDUS41 KPBZ 270802
CLIMGW


CLIMATE REPORT
NATIONAL WEATHER SERVICE PITTSBURGH PA
301 AM EST SAT DEC 27 2014


...................................

...THE MORGANTOWN WV CLIMATE SUMMARY FOR DECEMBER 26 2014...

CLIMATE NORMAL PERIOD 1981 TO 2010
CLIMATE RECORD PERIOD 1948 TO 2014


WEATHER ITEM   OBSERVED TIME   RECORD YEAR NORMAL DEPARTURE LAST
                VALUE   (LST)  VALUE       VALUE  FROM      YEAR
                                                  NORMAL
..................................................................
TEMPERATURE (F)
 YESTERDAY
  MAXIMUM         50    353 PM  64    1982  40     10       39
  MINIMUM         27    756 AM  -5    1983  25      2       27
  AVERAGE         39                        32      7       33

PRECIPITATION (IN)
  YESTERDAY        0.00         MM      MM   0.09  -0.09     0.02
  MONTH TO DATE    2.78                      2.49   0.29     3.66
  SINCE JUN 1     26.12                     24.22   1.90    27.56
  SINCE JAN 1     41.61                     41.41   0.20    40.20

DEGREE DAYS
 HEATING
  YESTERDAY       26                        33     -7       32
  MONTH TO DATE  680                       772    -92      693
  SINCE DEC 1    680                       772    -92      693
  SINCE JUL 1   1710                      1820   -110     1810

 COOLING
  YESTERDAY        0                         0      0        0
  MONTH TO DATE    0                         0      0        1
  SINCE DEC 1      0                         0      0        1
  SINCE JAN 1    981                       814    167      907
..................................................................


WIND (MPH)
  HIGHEST WIND SPEED    12   HIGHEST WIND DIRECTION    SW (210)
  HIGHEST GUST SPEED    17   HIGHEST GUST DIRECTION    SW (220)
  AVERAGE WIND SPEED     3.6


SKY COVER
  POSSIBLE SUNSHINE  MM
  AVERAGE SKY COVER 0.1


WEATHER CONDITIONS
 THE FOLLOWING WEATHER WAS RECORDED YESTERDAY.
  NO SIGNIFICANT WEATHER WAS OBSERVED.


RELATIVE HUMIDITY (PERCENT)
 HIGHEST    85           700 AM
 LOWEST     39           300 PM
 AVERAGE    62

..........................................................


THE MORGANTOWN WV CLIMATE NORMALS FOR TODAY
                         NORMAL    RECORD    YEAR
 MAXIMUM TEMPERATURE (F)   40        71      2008
 MINIMUM TEMPERATURE (F)   25        -3      1989


SUNRISE AND SUNSET
DECEMBER 27 2014......SUNRISE   739 AM EST   SUNSET   502 PM EST
DECEMBER 28 2014......SUNRISE   740 AM EST   SUNSET   503 PM EST


-  INDICATES NEGATIVE NUMBERS.
R  INDICATES RECORD WAS SET OR TIED.
MM INDICATES DATA IS MISSING.
T  INDICATES TRACE AMOUNT.




$$
