000
CDUS41 KPBZ 311301
CLIMGW


CLIMATE REPORT
NATIONAL WEATHER SERVICE PITTSBURGH PA
901 AM EDT MON AUG 31 2015


...................................

...THE MORGANTOWN WV CLIMATE SUMMARY FOR AUGUST 31 2015...
VALID AS OF 0900 AM LOCAL TIME.

CLIMATE NORMAL PERIOD 1981 TO 2010
CLIMATE RECORD PERIOD 1948 TO 2015


WEATHER ITEM   OBSERVED TIME   RECORD YEAR NORMAL DEPARTURE LAST
                VALUE   (LST)  VALUE       VALUE  FROM      YEAR
                                                  NORMAL
..................................................................
TEMPERATURE (F)
 TODAY
  MAXIMUM         73   1247 AM  99    1953
  MINIMUM         70    616 AM  46    1999  60     10       72

PRECIPITATION (IN)
  TODAY            0.00         MM      MM   0.11  -0.11     0.15
  MONTH TO DATE    2.09                      3.55  -1.46     5.02
  SINCE JUN 1     11.84                     12.28  -0.44    14.98
  SINCE JAN 1     29.09                     29.47  -0.38    30.47

DEGREE DAYS
 HEATING
  TODAY            0

 COOLING
  TODAY            7
..................................................................





WEATHER CONDITIONS
 THE FOLLOWING WEATHER WAS RECORDED TODAY.
  HAZE


RELATIVE HUMIDITY (PERCENT)
 HIGHEST    84          1200 AM

..........................................................


THE MORGANTOWN WV CLIMATE NORMALS FOR TOMORROW
                         NORMAL    RECORD    YEAR
 MAXIMUM TEMPERATURE (F)   81        97      1953
 MINIMUM TEMPERATURE (F)   60        46      1967


SUNRISE AND SUNSET
AUGUST 31 2015........SUNRISE   647 AM EDT   SUNSET   753 PM EDT
SEPTEMBER  1 2015.....SUNRISE   648 AM EDT   SUNSET   751 PM EDT


-  INDICATES NEGATIVE NUMBERS.
R  INDICATES RECORD WAS SET OR TIED.
MM INDICATES DATA IS MISSING.
T  INDICATES TRACE AMOUNT.




$$
