000
CDUS41 KPBZ 250804
CLIMGW


CLIMATE REPORT
NATIONAL WEATHER SERVICE PITTSBURGH PA
302 AM EST SAT FEB 25 2017


...................................

...THE MORGANTOWN WV CLIMATE SUMMARY FOR FEBRUARY 24 2017...

CLIMATE NORMAL PERIOD 1981 TO 2010
CLIMATE RECORD PERIOD 1948 TO 2017


WEATHER ITEM   OBSERVED TIME   RECORD YEAR NORMAL DEPARTURE LAST
                VALUE   (LST)  VALUE       VALUE  FROM      YEAR
                                                  NORMAL
..................................................................
TEMPERATURE (F)
 YESTERDAY
  MAXIMUM         78R   436 PM  75    1975  45     33       69
  MINIMUM         57    320 AM  -3    2015  27     30       42
  AVERAGE         68                        36     32       56

PRECIPITATION (IN)
  YESTERDAY        0.00         MM      MM   0.09  -0.09     0.55
  MONTH TO DATE    1.75                      2.20  -0.45     1.84
  SINCE JUN 1     35.21                     29.65   5.56    27.42
  SINCE JAN 1      5.80                      5.01   0.79     3.88

DEGREE DAYS
 HEATING
  YESTERDAY        0                        29    -29        9
  MONTH TO DATE  519                       749   -230      620
  SINCE DEC 1   2238                      2728   -490     2255
  SINCE JUL 1   2924                      3776   -852     2974

 COOLING
  YESTERDAY        3                         0      3        0
  MONTH TO DATE    3                         0      3        0
  SINCE DEC 1      3                         0      3        0
  SINCE JAN 1      3                         0      3        0
..................................................................


WIND (MPH)
  HIGHEST WIND SPEED    15   HIGHEST WIND DIRECTION     S (160)
  HIGHEST GUST SPEED    24   HIGHEST GUST DIRECTION    SW (240)
  AVERAGE WIND SPEED     6.3


SKY COVER
  POSSIBLE SUNSHINE  MM
  AVERAGE SKY COVER 0.2


WEATHER CONDITIONS
 THE FOLLOWING WEATHER WAS RECORDED YESTERDAY.
  NO SIGNIFICANT WEATHER WAS OBSERVED.


RELATIVE HUMIDITY (PERCENT)
 HIGHEST    72           300 AM
 LOWEST     30           400 PM
 AVERAGE    51

..........................................................


THE MORGANTOWN WV CLIMATE NORMALS FOR TODAY
                         NORMAL    RECORD    YEAR
 MAXIMUM TEMPERATURE (F)   46        74      2000
 MINIMUM TEMPERATURE (F)   27        -1      1967


SUNRISE AND SUNSET
FEBRUARY 25 2017......SUNRISE   658 AM EST   SUNSET   608 PM EST
FEBRUARY 26 2017......SUNRISE   657 AM EST   SUNSET   609 PM EST


-  INDICATES NEGATIVE NUMBERS.
R  INDICATES RECORD WAS SET OR TIED.
MM INDICATES DATA IS MISSING.
T  INDICATES TRACE AMOUNT.




$$
