000
CDUS41 KPBZ 041227
CLIMGW


CLIMATE REPORT
NATIONAL WEATHER SERVICE PITTSBURGH PA
824 AM EDT TUE AUG 4 2015


...................................

...THE MORGANTOWN WV CLIMATE SUMMARY FOR AUGUST 4 2015...
VALID AS OF 0800 AM LOCAL TIME.

CLIMATE NORMAL PERIOD 1981 TO 2010
CLIMATE RECORD PERIOD 1948 TO 2015


WEATHER ITEM   OBSERVED TIME   RECORD YEAR NORMAL DEPARTURE LAST
                VALUE   (LST)  VALUE       VALUE  FROM      YEAR
                                                  NORMAL
..................................................................
TEMPERATURE (F)
 TODAY
  MAXIMUM         72    659 AM  97    1955
  MINIMUM         68    540 AM  47    1965  63      5       59

PRECIPITATION (IN)
  TODAY            0.00         MM      MM   0.11  -0.11     0.00
  MONTH TO DATE    0.02                      0.48  -0.46     0.72
  SINCE JUN 1      9.77                      9.21   0.56    10.68
  SINCE JAN 1     27.02                     26.40   0.62    26.17

DEGREE DAYS
 HEATING
  TODAY            0

 COOLING
  TODAY            5
..................................................................





WEATHER CONDITIONS
 THE FOLLOWING WEATHER WAS RECORDED TODAY.
  FOG
  HAZE


RELATIVE HUMIDITY (PERCENT)
 HIGHEST    84           300 AM

..........................................................


THE MORGANTOWN WV CLIMATE NORMALS FOR TOMORROW
                         NORMAL    RECORD    YEAR
 MAXIMUM TEMPERATURE (F)   83        95      1955
 MINIMUM TEMPERATURE (F)   63        49      1951


SUNRISE AND SUNSET
AUGUST  4 2015........SUNRISE   621 AM EDT   SUNSET   830 PM EDT
AUGUST  5 2015........SUNRISE   622 AM EDT   SUNSET   828 PM EDT


-  INDICATES NEGATIVE NUMBERS.
R  INDICATES RECORD WAS SET OR TIED.
MM INDICATES DATA IS MISSING.
T  INDICATES TRACE AMOUNT.




$$
