000
CDUS43 KFSD 030659
CLIMHE


CLIMATE REPORT
NATIONAL WEATHER SERVICE SIOUX FALLS SD
158 AM CDT TUE MAY 3 2016


...................................

...THE MITCHELL SD CLIMATE SUMMARY FOR MAY 2 2016...

CLIMATE NORMAL PERIOD 1981 TO 2010
CLIMATE RECORD PERIOD 1893 TO 2016


WEATHER ITEM   OBSERVED TIME   RECORD YEAR NORMAL DEPARTURE LAST
                VALUE   (LST)  VALUE       VALUE  FROM      YEAR
                                                  NORMAL
..................................................................
TEMPERATURE (F)
 YESTERDAY
  MAXIMUM         65    432 PM  94    1955  68     -3       85
  MINIMUM         39    543 AM  22    1967  43     -4       48
  AVERAGE         52                        55     -3       67

PRECIPITATION (IN)
  YESTERDAY        0.00          1.54 1899   0.10  -0.10     0.00
  MONTH TO DATE    0.00                      0.18  -0.18     0.03
  SINCE MAR 1      6.73                      3.42   3.31     1.58
  SINCE JAN 1      7.96                      3.98   3.98     2.35

SNOWFALL (IN)
  YESTERDAY        0.0           T    1967  MM     MM        0.0
                                      1954
  MONTH TO DATE    0.0                      MM     MM        0.0
  SINCE MAR 1      3.9                      MM     MM        0.7
  SINCE JUL 1     46.3                      MM     MM       22.6
  SNOW DEPTH       0

DEGREE DAYS
 HEATING
  YESTERDAY       13                        10      3        0
  MONTH TO DATE   29                        21      8        1
  SINCE MAR 1   1222                      1499   -277     1165
  SINCE JUL 1   6011                      7021  -1010     6655

 COOLING
  YESTERDAY        0                         0      0        2
  MONTH TO DATE    0                         0      0        2
  SINCE MAR 1      4                         2      2        8
  SINCE JAN 1      4                         2      2        8
..................................................................


WIND (MPH)
  HIGHEST WIND SPEED    20   HIGHEST WIND DIRECTION     W (270)
  HIGHEST GUST SPEED    25   HIGHEST GUST DIRECTION     W (270)
  AVERAGE WIND SPEED     4.9


SKY COVER
  POSSIBLE SUNSHINE  MM
  AVERAGE SKY COVER 0.1


WEATHER CONDITIONS
 THE FOLLOWING WEATHER WAS RECORDED YESTERDAY.
  NO SIGNIFICANT WEATHER WAS OBSERVED.


RELATIVE HUMIDITY (PERCENT)
 HIGHEST    93           900 PM
 LOWEST     39           100 PM
 AVERAGE    66

..........................................................


THE MITCHELL SD CLIMATE NORMALS FOR TODAY
                         NORMAL    RECORD    YEAR
 MAXIMUM TEMPERATURE (F)   68        92      1918
 MINIMUM TEMPERATURE (F)   43        18      1967


SUNRISE AND SUNSET
MAY  3 2016...........SUNRISE   621 AM CDT   SUNSET   838 PM CDT
MAY  4 2016...........SUNRISE   619 AM CDT   SUNSET   839 PM CDT


-  INDICATES NEGATIVE NUMBERS.
R  INDICATES RECORD WAS SET OR TIED.
MM INDICATES DATA IS MISSING.
T  INDICATES TRACE AMOUNT.




$$
