000
CDUS43 KFSD 212229
CLIMHE


CLIMATE REPORT
NATIONAL WEATHER SERVICE SIOUX FALLS SD
529 PM CDT MON AUG 21 2017


...................................

...THE MITCHELL SD CLIMATE SUMMARY FOR AUGUST 21 2017...
VALID TODAY AS OF 0500 PM LOCAL TIME.

CLIMATE NORMAL PERIOD 1981 TO 2010
CLIMATE RECORD PERIOD 1893 TO 2017


WEATHER ITEM   OBSERVED TIME   RECORD YEAR NORMAL DEPARTURE LAST
                VALUE   (LST)  VALUE       VALUE  FROM      YEAR
                                                  NORMAL
..................................................................
TEMPERATURE (F)
 TODAY
  MAXIMUM         79    254 PM 102    1968  83     -4       81
  MINIMUM         59    245 AM  41    1920  60     -1       52
  AVERAGE         69                        71     -2       67

PRECIPITATION (IN)
  TODAY            0.06          1.25 1930   0.07  -0.01     0.00
  MONTH TO DATE    1.57                      1.67  -0.10     3.31
  SINCE JUN 1      5.34                      8.91  -3.57     6.89
  SINCE JAN 1     12.36                     15.64  -3.28    19.41

SNOWFALL (IN)
  TODAY            0.0           0.0    MM  MM     MM        0.0
  MONTH TO DATE    0.0                      MM     MM        0.0
  SINCE JUN 1      0.0                      MM     MM        0.0
  SINCE JUL 1      0.0                      MM     MM        0.0
  SNOW DEPTH       0

DEGREE DAYS
 HEATING
  TODAY            0                         0      0        0
  MONTH TO DATE    1                         0      1        0
  SINCE JUN 1     13                        40    -27        7
  SINCE JUL 1      1                         5     -4        3

 COOLING
  TODAY            4                         7     -3        2
  MONTH TO DATE   80                       170    -90      195
  SINCE JUN 1    692                       648     44      810
  SINCE JAN 1    724                       688     36      854
..................................................................


WIND (MPH)
  HIGHEST WIND SPEED    30   HIGHEST WIND DIRECTION     E (110)
  HIGHEST GUST SPEED    39   HIGHEST GUST DIRECTION     E (110)
  AVERAGE WIND SPEED     7.0


SKY COVER
  POSSIBLE SUNSHINE  MM
  AVERAGE SKY COVER 0.4


WEATHER CONDITIONS
 THE FOLLOWING WEATHER WAS RECORDED TODAY.
  THUNDERSTORM
  LIGHT RAIN
  FOG


RELATIVE HUMIDITY (PERCENT)
 HIGHEST   100           500 AM
 LOWEST     67           300 PM
 AVERAGE    84

..........................................................


THE MITCHELL SD CLIMATE NORMALS FOR TOMORROW
                         NORMAL    RECORD    YEAR
 MAXIMUM TEMPERATURE (F)   83       110      1938
 MINIMUM TEMPERATURE (F)   60        38      1923


SUNRISE AND SUNSET
AUGUST 21 2017........SUNRISE   644 AM CDT   SUNSET   826 PM CDT
AUGUST 22 2017........SUNRISE   645 AM CDT   SUNSET   824 PM CDT


-  INDICATES NEGATIVE NUMBERS.
R  INDICATES RECORD WAS SET OR TIED.
MM INDICATES DATA IS MISSING.
T  INDICATES TRACE AMOUNT.




$$
