000
CDUS43 KFSD 020644
CLIMHE


CLIMATE REPORT
NATIONAL WEATHER SERVICE SIOUX FALLS SD
143 AM CDT TUE SEP 2 2014


...................................

...THE MITCHELL SD CLIMATE SUMMARY FOR SEPTEMBER 1 2014...

CLIMATE NORMAL PERIOD 1981 TO 2010
CLIMATE RECORD PERIOD 1893 TO 2014


WEATHER ITEM   OBSERVED TIME   RECORD YEAR NORMAL DEPARTURE LAST
                VALUE   (LST)  VALUE       VALUE  FROM      YEAR
                                                  NORMAL
..................................................................
TEMPERATURE (F)
 YESTERDAY
  MAXIMUM         79    359 PM 100    1913  81     -2       78
  MINIMUM         59    618 AM  39    1946  57      2       56
  AVERAGE         69                        69      0       67

PRECIPITATION (IN)
  YESTERDAY        0.39          1.43 2006   0.11   0.28     0.00
  MONTH TO DATE    0.39                      0.11   0.28     0.00
  SINCE SEP 1      0.39                      0.11   0.28     0.00
  SINCE JAN 1     15.49                     16.46  -0.97    18.49

SNOWFALL (IN)
  YESTERDAY        0.0           0.0    MM  MM     MM        0.0
  MONTH TO DATE    0.0                      MM     MM        0.0
  SINCE SEP 1      0.0                      MM     MM        0.0
  SINCE JUL 1      0.0                      MM     MM        0.0
  SNOW DEPTH       0

DEGREE DAYS
 HEATING
  YESTERDAY        0                         1     -1        0
  MONTH TO DATE    0                         1     -1        0
  SINCE SEP 1      0                         1     -1        0
  SINCE JUL 1     12                        18     -6       23

 COOLING
  YESTERDAY        4                         5     -1        2
  MONTH TO DATE    4                         5     -1        2
  SINCE SEP 1      4                         5     -1        2
  SINCE JAN 1    650                       750   -100      783
..................................................................


WIND (MPH)
  HIGHEST WIND SPEED    22   HIGHEST WIND DIRECTION    NW (310)
  HIGHEST GUST SPEED    30   HIGHEST GUST DIRECTION    NW (330)
  AVERAGE WIND SPEED     8.1


SKY COVER
  POSSIBLE SUNSHINE  MM
  AVERAGE SKY COVER 0.3


WEATHER CONDITIONS
 THE FOLLOWING WEATHER WAS RECORDED YESTERDAY.
  THUNDERSTORM
  RAIN
  LIGHT RAIN
  FOG


RELATIVE HUMIDITY (PERCENT)
 HIGHEST    97           400 AM
 LOWEST     42           400 PM
 AVERAGE    70

..........................................................


THE MITCHELL SD CLIMATE NORMALS FOR TODAY
                         NORMAL    RECORD    YEAR
 MAXIMUM TEMPERATURE (F)   81       103      1929
 MINIMUM TEMPERATURE (F)   56        40      1974
                                             1935


SUNRISE AND SUNSET
SEPTEMBER  2 2014.....SUNRISE   657 AM CDT   SUNSET   806 PM CDT
SEPTEMBER  3 2014.....SUNRISE   658 AM CDT   SUNSET   804 PM CDT


-  INDICATES NEGATIVE NUMBERS.
R  INDICATES RECORD WAS SET OR TIED.
MM INDICATES DATA IS MISSING.
T  INDICATES TRACE AMOUNT.




$$
