000
CDUS43 KFSD 190626
CLIMHE


CLIMATE REPORT
NATIONAL WEATHER SERVICE SIOUX FALLS SD
1225 AM CST THU JAN 19 2017


...................................

...THE MITCHELL SD CLIMATE SUMMARY FOR JANUARY 18 2017...

CLIMATE NORMAL PERIOD 1981 TO 2010
CLIMATE RECORD PERIOD 1893 TO 2017


WEATHER ITEM   OBSERVED TIME   RECORD YEAR NORMAL DEPARTURE LAST
                VALUE   (LST)  VALUE       VALUE  FROM      YEAR
                                                  NORMAL
..................................................................
TEMPERATURE (F)
 YESTERDAY
  MAXIMUM         47    411 PM  54    1944  28     19        8
  MINIMUM         17    823 AM -25    1940   9      8      -14
  AVERAGE         32                        19     13       -3

PRECIPITATION (IN)
  YESTERDAY        0.00          0.25 1988   0.00   0.00     0.00
  MONTH TO DATE    0.13                      0.12   0.01     0.20
  SINCE DEC 1      1.24                      0.57   0.67     1.23
  SINCE JAN 1      0.13                      0.12   0.01     0.20

SNOWFALL (IN)
  YESTERDAY        0.0           2.0  1988  MM     MM        0.0
  MONTH TO DATE    2.0                      MM     MM        2.2
  SINCE DEC 1     10.1                      MM     MM       17.0
  SINCE JUL 1     15.6                      MM     MM       30.2
  SNOW DEPTH       1

DEGREE DAYS
 HEATING
  YESTERDAY       33                        46    -13       68
  MONTH TO DATE  925                       839     86      932
  SINCE DEC 1   2313                      2206    107     2119
  SINCE JUL 1   3407                      3774   -367     3302

 COOLING
  YESTERDAY        0                         0      0        0
  MONTH TO DATE    0                         0      0        0
  SINCE DEC 1      0                         0      0        0
  SINCE JAN 1      0                         0      0        0
..................................................................


WIND (MPH)
  HIGHEST WIND SPEED    14   HIGHEST WIND DIRECTION     S (160)
  HIGHEST GUST SPEED    17   HIGHEST GUST DIRECTION     S (170)
  AVERAGE WIND SPEED     6.5


SKY COVER
  POSSIBLE SUNSHINE  MM
  AVERAGE SKY COVER 0.0


WEATHER CONDITIONS
 THE FOLLOWING WEATHER WAS RECORDED YESTERDAY.
  NO SIGNIFICANT WEATHER WAS OBSERVED.


RELATIVE HUMIDITY (PERCENT)
 HIGHEST   100           200 AM
 LOWEST     57           100 PM
 AVERAGE    79

..........................................................


THE MITCHELL SD CLIMATE NORMALS FOR TODAY
                         NORMAL    RECORD    YEAR
 MAXIMUM TEMPERATURE (F)   28        60      1900
 MINIMUM TEMPERATURE (F)    9       -38      1970


SUNRISE AND SUNSET
JANUARY 19 2017.......SUNRISE   800 AM CST   SUNSET   526 PM CST
JANUARY 20 2017.......SUNRISE   800 AM CST   SUNSET   527 PM CST


-  INDICATES NEGATIVE NUMBERS.
R  INDICATES RECORD WAS SET OR TIED.
MM INDICATES DATA IS MISSING.
T  INDICATES TRACE AMOUNT.




$$
