000
CDUS43 KTOP 272137
CLIMHK


CLIMATE REPORT
NATIONAL WEATHER SERVICE TOPEKA KS
434 PM CDT SAT AUG 27 2016


...................................

...THE MANHATTAN KS CLIMATE SUMMARY FOR AUGUST 27 2016...
VALID TODAY AS OF 0400 PM LOCAL TIME.

CLIMATE NORMAL PERIOD 1981 TO 2010
CLIMATE RECORD PERIOD 9999 TO 9999


WEATHER ITEM   OBSERVED NORMAL DEPARTURE LAST
                VALUE   VALUE  FROM      YEAR
                               NORMAL
...............................................
TEMPERATURE (F)
 TODAY
  MAXIMUM         86     88     -2       92
  MINIMUM         65     63      2       69
  AVERAGE         76     75      1       81

PRECIPITATION (IN)
  TODAY            0.36   0.16   0.20     0.02
  MONTH TO DATE    6.84   3.63   3.21     2.93
  SINCE JUN 1     11.80  12.69  -0.89    10.32
  SINCE JAN 1     27.08  23.89   3.19    24.54

DEGREE DAYS
 HEATING
  TODAY            0      0      0        0
  MONTH TO DATE    0      0      0        0
  SINCE JUN 1      0     12    -12        0
  SINCE JUL 1      0      1     -1        0

 COOLING
  TODAY           11     10      1       16
  MONTH TO DATE  342    339      3      301
  SINCE JUN 1   1299   1045    254     1142
  SINCE JAN 1   1409   1145    264     1223
...............................................


WIND (MPH)
  HIGHEST WIND SPEED    15   HIGHEST WIND DIRECTION    NW (300)
  HIGHEST GUST SPEED    28   HIGHEST GUST DIRECTION     W (280)
  AVERAGE WIND SPEED     1.8



WEATHER CONDITIONS
 THE FOLLOWING WEATHER WAS RECORDED TODAY.
  THUNDERSTORM
  HEAVY RAIN
  RAIN
  LIGHT RAIN
  FOG


RELATIVE HUMIDITY (PERCENT)
 HIGHEST   100
 LOWEST     61
 AVERAGE    81

..........................................................


THE MANHATTAN KS CLIMATE NORMALS FOR TOMORROW
                         NORMAL
 MAXIMUM TEMPERATURE (F)   87
 MINIMUM TEMPERATURE (F)   62


SUNRISE AND SUNSET
AUGUST 27 2016........SUNRISE   651 AM CDT   SUNSET   804 PM CDT
AUGUST 28 2016........SUNRISE   652 AM CDT   SUNSET   803 PM CDT


-  INDICATES NEGATIVE NUMBERS.
R  INDICATES RECORD WAS SET OR TIED.
MM INDICATES DATA IS MISSING.
T  INDICATES TRACE AMOUNT.




$$
