000
CDUS43 KTOP 290639
CLIMHK


CLIMATE REPORT
NATIONAL WEATHER SERVICE TOPEKA KS
138 AM CDT THU JUN 29 2017


...................................

...THE MANHATTAN KS CLIMATE SUMMARY FOR JUNE 28 2017...

CLIMATE NORMAL PERIOD 1981 TO 2010
CLIMATE RECORD PERIOD 9999 TO 9999


WEATHER ITEM   OBSERVED NORMAL DEPARTURE LAST
                VALUE   VALUE  FROM      YEAR
                               NORMAL
...............................................
TEMPERATURE (F)
 YESTERDAY
  MAXIMUM         96     89      7       88
  MINIMUM         74     65      9       65
  AVERAGE         85     77      8       77

PRECIPITATION (IN)
  YESTERDAY        0.03   0.15  -0.12     0.95
  MONTH TO DATE    0.59   4.83  -4.24     1.25
  SINCE JUN 1      0.59   4.83  -4.24     1.25
  SINCE JAN 1     14.45  16.03  -1.58    16.53

DEGREE DAYS
 HEATING
  YESTERDAY        0      0      0        0
  MONTH TO DATE    2      8     -6        0
  SINCE JUN 1      2      8     -6        0
  SINCE JUL 1   4171   5312  -1141     4115

 COOLING
  YESTERDAY       20     12      8       12
  MONTH TO DATE  328    246     82      429
  SINCE JUN 1    328    246     82      429
  SINCE JAN 1    462    346    116      539
...............................................


WIND (MPH)
  HIGHEST WIND SPEED    40   HIGHEST WIND DIRECTION     S (180)
  HIGHEST GUST SPEED    52   HIGHEST GUST DIRECTION     S (180)
  AVERAGE WIND SPEED    18.9


SKY COVER
  AVERAGE SKY COVER 0.1


WEATHER CONDITIONS
 THE FOLLOWING WEATHER WAS RECORDED YESTERDAY.
  LIGHT RAIN


RELATIVE HUMIDITY (PERCENT)
 HIGHEST    79
 LOWEST     42
 AVERAGE    61

..........................................................


THE MANHATTAN KS CLIMATE NORMALS FOR TODAY
                         NORMAL
 MAXIMUM TEMPERATURE (F)   89
 MINIMUM TEMPERATURE (F)   66


SUNRISE AND SUNSET
JUNE 29 2017..........SUNRISE   603 AM CDT   SUNSET   857 PM CDT
JUNE 30 2017..........SUNRISE   604 AM CDT   SUNSET   857 PM CDT


-  INDICATES NEGATIVE NUMBERS.
R  INDICATES RECORD WAS SET OR TIED.
MM INDICATES DATA IS MISSING.
T  INDICATES TRACE AMOUNT.




$$
