047
CDUS43 KTOP 220637
CLIMHK


CLIMATE REPORT
NATIONAL WEATHER SERVICE TOPEKA KS
135 AM CDT TUE AUG 22 2017


...................................

...THE MANHATTAN KS CLIMATE SUMMARY FOR AUGUST 21 2017...

CLIMATE NORMAL PERIOD 1981 TO 2010
CLIMATE RECORD PERIOD 9999 TO 9999


WEATHER ITEM   OBSERVED NORMAL DEPARTURE LAST
                VALUE   VALUE  FROM      YEAR
                               NORMAL
...............................................
TEMPERATURE (F)
 YESTERDAY
  MAXIMUM         93     89      4       82
  MINIMUM         74     64     10       52
  AVERAGE         84     76      8       67

PRECIPITATION (IN)
  YESTERDAY        0.11   0.16  -0.05     0.00
  MONTH TO DATE    5.11   2.67   2.44     4.03
  SINCE JUN 1      9.00  11.73  -2.73     8.99
  SINCE JAN 1     22.86  22.93  -0.07    24.27

DEGREE DAYS
 HEATING
  YESTERDAY        0      0      0        0
  MONTH TO DATE    0      0      0        0
  SINCE JUN 1      2     12    -10        0
  SINCE JUL 1      0      1     -1        0

 COOLING
  YESTERDAY       19     12      7        2
  MONTH TO DATE  200    275    -75      280
  SINCE JUN 1   1068    981     87     1237
  SINCE JAN 1   1202   1081    121     1347
...............................................


WIND (MPH)
  HIGHEST WIND SPEED    16   HIGHEST WIND DIRECTION     W (280)
  HIGHEST GUST SPEED    22   HIGHEST GUST DIRECTION     W (280)
  AVERAGE WIND SPEED     5.8


SKY COVER
  AVERAGE SKY COVER 0.2


WEATHER CONDITIONS
 THE FOLLOWING WEATHER WAS RECORDED YESTERDAY.
  THUNDERSTORM
  RAIN
  LIGHT RAIN
  FOG


RELATIVE HUMIDITY (PERCENT)
 HIGHEST    94
 LOWEST     56
 AVERAGE    75

..........................................................


THE MANHATTAN KS CLIMATE NORMALS FOR TODAY
                         NORMAL
 MAXIMUM TEMPERATURE (F)   89
 MINIMUM TEMPERATURE (F)   64


SUNRISE AND SUNSET
AUGUST 22 2017........SUNRISE   646 AM CDT   SUNSET   812 PM CDT
AUGUST 23 2017........SUNRISE   647 AM CDT   SUNSET   810 PM CDT


-  INDICATES NEGATIVE NUMBERS.
R  INDICATES RECORD WAS SET OR TIED.
MM INDICATES DATA IS MISSING.
T  INDICATES TRACE AMOUNT.




$$
