000
CDUS43 KTOP 040631
CLIMHK


CLIMATE REPORT
NATIONAL WEATHER SERVICE TOPEKA KS
131 AM CDT FRI SEP 4 2015


...................................

...THE MANHATTAN KS CLIMATE SUMMARY FOR SEPTEMBER 3 2015...

CLIMATE NORMAL PERIOD 1981 TO 2010
CLIMATE RECORD PERIOD 9999 TO 9999


WEATHER ITEM   OBSERVED NORMAL DEPARTURE LAST
                VALUE   VALUE  FROM      YEAR
                               NORMAL
...............................................
TEMPERATURE (F)
 YESTERDAY
  MAXIMUM         97     86     11       95
  MINIMUM         74     60     14       71
  AVERAGE         86     73     13       83

PRECIPITATION (IN)
  YESTERDAY        0.00   0.15  -0.15     0.07
  MONTH TO DATE    0.00   0.46  -0.46     0.16
  SINCE SEP 1      0.00   0.46  -0.46     0.16
  SINCE JAN 1     24.96  25.00  -0.04    17.06

DEGREE DAYS
 HEATING
  YESTERDAY        0      0      0        0
  MONTH TO DATE    0      0      0        0
  SINCE SEP 1      0      0      0        0
  SINCE JUL 1      0      3     -3        1

 COOLING
  YESTERDAY       21      8     13       18
  MONTH TO DATE   58     26     32       35
  SINCE SEP 1     58     26     32       35
  SINCE JAN 1   1316   1209    107     1413
...............................................


WIND (MPH)
  HIGHEST WIND SPEED    25   HIGHEST WIND DIRECTION     S (180)
  HIGHEST GUST SPEED    32   HIGHEST GUST DIRECTION     S (180)
  AVERAGE WIND SPEED    11.1


SKY COVER
  AVERAGE SKY COVER 0.1


WEATHER CONDITIONS
 THE FOLLOWING WEATHER WAS RECORDED YESTERDAY.
  NO SIGNIFICANT WEATHER WAS OBSERVED.


RELATIVE HUMIDITY (PERCENT)
 HIGHEST    71
 LOWEST     35
 AVERAGE    53

..........................................................


THE MANHATTAN KS CLIMATE NORMALS FOR TODAY
                         NORMAL
 MAXIMUM TEMPERATURE (F)   86
 MINIMUM TEMPERATURE (F)   60


SUNRISE AND SUNSET
SEPTEMBER  4 2015.....SUNRISE   658 AM CDT   SUNSET   753 PM CDT
SEPTEMBER  5 2015.....SUNRISE   659 AM CDT   SUNSET   751 PM CDT


-  INDICATES NEGATIVE NUMBERS.
R  INDICATES RECORD WAS SET OR TIED.
MM INDICATES DATA IS MISSING.
T  INDICATES TRACE AMOUNT.




$$
