000
CDUS43 KTOP 300632
CLIMHK


CLIMATE REPORT
NATIONAL WEATHER SERVICE TOPEKA KS
131 AM CDT THU JUL 30 2015


...................................

...THE MANHATTAN KS CLIMATE SUMMARY FOR JULY 29 2015...

CLIMATE NORMAL PERIOD 1981 TO 2010
CLIMATE RECORD PERIOD 9999 TO 9999


WEATHER ITEM   OBSERVED NORMAL DEPARTURE LAST
                VALUE   VALUE  FROM      YEAR
                               NORMAL
...............................................
TEMPERATURE (F)
 YESTERDAY
  MAXIMUM         84     92     -8       84
  MINIMUM         66     67     -1       63
  AVERAGE         75     79     -4       74

PRECIPITATION (IN)
  YESTERDAY        0.64   0.11   0.53      T
  MONTH TO DATE    3.73   3.74  -0.01     0.45
  SINCE JUN 1      7.39   8.83  -1.44     7.27
  SINCE JAN 1     21.61  20.03   1.58    13.12

DEGREE DAYS
 HEATING
  YESTERDAY        0      0      0        0
  MONTH TO DATE    0      0      0        1
  SINCE JUN 1      0     11    -11        1
  SINCE JUL 1      0      0      0        1

 COOLING
  YESTERDAY       10     14     -4        9
  MONTH TO DATE  456    407     49      376
  SINCE JUN 1    817    677    140      681
  SINCE JAN 1    898    777    121      884
...............................................


WIND (MPH)
  HIGHEST WIND SPEED    23   HIGHEST WIND DIRECTION    NE (40)
  HIGHEST GUST SPEED    29   HIGHEST GUST DIRECTION    NE (30)
  AVERAGE WIND SPEED     6.4


SKY COVER
  AVERAGE SKY COVER 0.5


WEATHER CONDITIONS
 THE FOLLOWING WEATHER WAS RECORDED YESTERDAY.
  THUNDERSTORM
  HEAVY RAIN
  RAIN
  LIGHT RAIN
  FOG


RELATIVE HUMIDITY (PERCENT)
 HIGHEST   100
 LOWEST     58
 AVERAGE    79

..........................................................


THE MANHATTAN KS CLIMATE NORMALS FOR TODAY
                         NORMAL
 MAXIMUM TEMPERATURE (F)   91
 MINIMUM TEMPERATURE (F)   67


SUNRISE AND SUNSET
JULY 30 2015..........SUNRISE   625 AM CDT   SUNSET   841 PM CDT
JULY 31 2015..........SUNRISE   626 AM CDT   SUNSET   840 PM CDT


-  INDICATES NEGATIVE NUMBERS.
R  INDICATES RECORD WAS SET OR TIED.
MM INDICATES DATA IS MISSING.
T  INDICATES TRACE AMOUNT.




$$
