000
CDUS43 KTOP 250636
CLIMHK


CLIMATE REPORT
NATIONAL WEATHER SERVICE TOPEKA KS
1236 AM CST SAT FEB 25 2017


...................................

...THE MANHATTAN KS CLIMATE SUMMARY FOR FEBRUARY 24 2017...

CLIMATE NORMAL PERIOD 1981 TO 2010
CLIMATE RECORD PERIOD 9999 TO 9999


WEATHER ITEM   OBSERVED NORMAL DEPARTURE LAST
                VALUE   VALUE  FROM      YEAR
                               NORMAL
...............................................
TEMPERATURE (F)
 YESTERDAY
  MAXIMUM         42     48     -6       51
  MINIMUM         23     23      0       24
  AVERAGE         33     36     -3       38

PRECIPITATION (IN)
  YESTERDAY        T      0.04  -0.04     0.01
  MONTH TO DATE    0.41   0.91  -0.50     0.42
  SINCE DEC 1      2.73   2.58   0.15     4.07
  SINCE JAN 1      1.79   1.56   0.23     0.98

DEGREE DAYS
 HEATING
  YESTERDAY       32     29      3       27
  MONTH TO DATE  521    780   -259      622
  SINCE DEC 1   2580   2971   -391     2444
  SINCE JUL 1   3190   4046   -856     3183

 COOLING
  YESTERDAY        0      0      0        0
  MONTH TO DATE    0      0      0        0
  SINCE DEC 1      0      0      0        0
  SINCE JAN 1      0      0      0        0
...............................................


WIND (MPH)
  HIGHEST WIND SPEED    18   HIGHEST WIND DIRECTION     N (340)
  HIGHEST GUST SPEED    29   HIGHEST GUST DIRECTION    NW (330)
  AVERAGE WIND SPEED     9.0


SKY COVER
  AVERAGE SKY COVER 0.9


WEATHER CONDITIONS
 THE FOLLOWING WEATHER WAS RECORDED YESTERDAY.
  LIGHT SNOW
  FOG
  HAZE


RELATIVE HUMIDITY (PERCENT)
 HIGHEST    96
 LOWEST     63
 AVERAGE    80

..........................................................


THE MANHATTAN KS CLIMATE NORMALS FOR TODAY
                         NORMAL
 MAXIMUM TEMPERATURE (F)   49
 MINIMUM TEMPERATURE (F)   23


SUNRISE AND SUNSET
FEBRUARY 25 2017......SUNRISE   705 AM CST   SUNSET   615 PM CST
FEBRUARY 26 2017......SUNRISE   703 AM CST   SUNSET   616 PM CST


-  INDICATES NEGATIVE NUMBERS.
R  INDICATES RECORD WAS SET OR TIED.
MM INDICATES DATA IS MISSING.
T  INDICATES TRACE AMOUNT.




$$
