000
CDUS43 KTOP 260635
CLIMHK


CLIMATE REPORT
NATIONAL WEATHER SERVICE TOPEKA KS
1234 AM CST MON JAN 26 2015


...................................

...THE MANHATTAN KS CLIMATE SUMMARY FOR JANUARY 25 2015...

CLIMATE NORMAL PERIOD 1981 TO 2010
CLIMATE RECORD PERIOD 9999 TO 9999


WEATHER ITEM   OBSERVED NORMAL DEPARTURE LAST
                VALUE   VALUE  FROM      YEAR
                               NORMAL
...............................................
TEMPERATURE (F)
 YESTERDAY
  MAXIMUM         51     41     10       52
  MINIMUM         22     17      5       27
  AVERAGE         37     29      8       40

PRECIPITATION (IN)
  YESTERDAY        T      0.04  -0.04     0.00
  MONTH TO DATE    0.05   0.43  -0.38     0.23
  SINCE DEC 1      2.27   1.45   0.82     0.82
  SINCE JAN 1      0.05   0.43  -0.38     0.23

DEGREE DAYS
 HEATING
  YESTERDAY       28     36     -8       25
  MONTH TO DATE  929    915     14      944
  SINCE DEC 1   1863   1981   -118     2132
  SINCE JUL 1   3000   3056    -56     3219

 COOLING
  YESTERDAY        0      0      0        0
  MONTH TO DATE    0      0      0        0
  SINCE DEC 1      0      0      0        0
  SINCE JAN 1      0      0      0        0
...............................................


WIND (MPH)
  HIGHEST WIND SPEED    23   HIGHEST WIND DIRECTION     N (360)
  HIGHEST GUST SPEED    37   HIGHEST GUST DIRECTION    NW (320)
  AVERAGE WIND SPEED     9.3


SKY COVER
  AVERAGE SKY COVER 0.8


WEATHER CONDITIONS
 THE FOLLOWING WEATHER WAS RECORDED YESTERDAY.
  NO SIGNIFICANT WEATHER WAS OBSERVED.


RELATIVE HUMIDITY (PERCENT)
 HIGHEST    92
 LOWEST     54
 AVERAGE    73

..........................................................


THE MANHATTAN KS CLIMATE NORMALS FOR TODAY
                         NORMAL
 MAXIMUM TEMPERATURE (F)   42
 MINIMUM TEMPERATURE (F)   17


SUNRISE AND SUNSET
JANUARY 26 2015.......SUNRISE   738 AM CST   SUNSET   540 PM CST
JANUARY 27 2015.......SUNRISE   738 AM CST   SUNSET   542 PM CST


-  INDICATES NEGATIVE NUMBERS.
R  INDICATES RECORD WAS SET OR TIED.
MM INDICATES DATA IS MISSING.
T  INDICATES TRACE AMOUNT.




$$
