000
CDUS43 KTOP 240631
CLIMHK


CLIMATE REPORT
NATIONAL WEATHER SERVICE TOPEKA KS
1231 AM CST WED JAN 24 2018


...................................

...THE MANHATTAN KS CLIMATE SUMMARY FOR JANUARY 23 2018...

CLIMATE NORMAL PERIOD 1981 TO 2010
CLIMATE RECORD PERIOD 9999 TO 9999


WEATHER ITEM   OBSERVED NORMAL DEPARTURE LAST
                VALUE   VALUE  FROM      YEAR
                               NORMAL
...............................................
TEMPERATURE (F)
 YESTERDAY
  MAXIMUM         41     41      0       55
  MINIMUM         24     17      7       21
  AVERAGE         33     29      4       38

PRECIPITATION (IN)
  YESTERDAY        0.00   0.02  -0.02     0.00
  MONTH TO DATE    0.50   0.36   0.14     1.38
  SINCE DEC 1      0.61   1.38  -0.77     2.32
  SINCE JAN 1      0.50   0.36   0.14     1.38

DEGREE DAYS
 HEATING
  YESTERDAY       32     36     -4       27
  MONTH TO DATE  826    843    -17      780
  SINCE DEC 1   1809   1909   -100     1857
  SINCE JUL 1   2691   2984   -293     2467

 COOLING
  YESTERDAY        0      0      0        0
  MONTH TO DATE    0      0      0        0
  SINCE DEC 1      0      0      0        0
  SINCE JAN 1      0      0      0        0
...............................................


WIND (MPH)
  HIGHEST WIND SPEED    13   HIGHEST WIND DIRECTION     W (280)
  HIGHEST GUST SPEED    19   HIGHEST GUST DIRECTION     N (350)
  AVERAGE WIND SPEED     5.2


SKY COVER
  AVERAGE SKY COVER 0.5


WEATHER CONDITIONS
 THE FOLLOWING WEATHER WAS RECORDED YESTERDAY.
  NO SIGNIFICANT WEATHER WAS OBSERVED.


RELATIVE HUMIDITY (PERCENT)
 HIGHEST    88
 LOWEST     55
 AVERAGE    72

..........................................................


THE MANHATTAN KS CLIMATE NORMALS FOR TODAY
                         NORMAL
 MAXIMUM TEMPERATURE (F)   41
 MINIMUM TEMPERATURE (F)   17


SUNRISE AND SUNSET
JANUARY 24 2018.......SUNRISE   740 AM CST   SUNSET   538 PM CST
JANUARY 25 2018.......SUNRISE   739 AM CST   SUNSET   539 PM CST


-  INDICATES NEGATIVE NUMBERS.
R  INDICATES RECORD WAS SET OR TIED.
MM INDICATES DATA IS MISSING.
T  INDICATES TRACE AMOUNT.




$$
