000
CDUS46 KMFR 210035
CLIMHS


CLIMATE REPORT
NATIONAL WEATHER SERVICE MEDFORD, OR
435 PM PST MON FEB 20 2017


...................................

...THE MT SHASTA CITY CA CLIMATE SUMMARY FOR FEBRUARY 20 2017...
VALID TODAY AS OF 0400 PM LOCAL TIME.

CLIMATE NORMAL PERIOD 1981 TO 2010
CLIMATE RECORD PERIOD 1908 TO 2017


WEATHER ITEM   OBSERVED TIME   RECORD YEAR NORMAL DEPARTURE LAST
                VALUE   (LST)  VALUE       VALUE  FROM      YEAR
                                                  NORMAL
..................................................................
TEMPERATURE (F)
 TODAY
  MAXIMUM         48   1258 PM  70    1988  49     -1       49
  MINIMUM         38    232 AM  12    1918  28     10       24
                                      1990
  AVERAGE         43                        39      4       37

PRECIPITATION (IN)
  TODAY            0.83          2.40 1914   0.28   0.55     0.00
  MONTH TO DATE   10.06                      5.06   5.00     2.87
  SINCE OCT 1     42.32                     27.33  14.99    25.36
  SINCE JAN 1     21.16                     12.12   9.04    15.87

SNOWFALL (IN)
  TODAY           MM                         0.7   MM       MM
  MONTH TO DATE   MM                        13.9   MM       MM
  SINCE JUL 1     MM                        67.2   MM       MM
  SNOW DEPTH      MM

DEGREE DAYS
 HEATING
  TODAY           22                        26     -4       28
  MONTH TO DATE  463                       545    -82      423
  SINCE DEC 1   2453                      2374     79     2195
  SINCE JUL 1   3638                      3771   -133     3327

 COOLING
  TODAY            0                         0      0        0
  MONTH TO DATE    0                         0      0        0
  SINCE DEC 1      0                         0      0        0
  SINCE JAN 1      0                         0      0        0
..................................................................


WIND (MPH)
  HIGHEST WIND SPEED    13   HIGHEST WIND DIRECTION     E (100)
  HIGHEST GUST SPEED    21   HIGHEST GUST DIRECTION     E (100)
  AVERAGE WIND SPEED     5.8


SKY COVER
  POSSIBLE SUNSHINE  MM
  AVERAGE SKY COVER 1.0


WEATHER CONDITIONS
 THE FOLLOWING WEATHER WAS RECORDED TODAY.
  RAIN
  LIGHT RAIN
  FOG


RELATIVE HUMIDITY (PERCENT)
 HIGHEST    92          1200 AM
 LOWEST     66           100 PM

..........................................................


THE MT SHASTA CITY CA CLIMATE NORMALS FOR TOMORROW
                         NORMAL    RECORD    YEAR
 MAXIMUM TEMPERATURE (F)   50        68      1995
 MINIMUM TEMPERATURE (F)   28         5      1915


SUNRISE AND SUNSET
FEBRUARY 20 2017......SUNRISE   657 AM PST   SUNSET   550 PM PST
FEBRUARY 21 2017......SUNRISE   655 AM PST   SUNSET   551 PM PST


-  INDICATES NEGATIVE NUMBERS.
R  INDICATES RECORD WAS SET OR TIED.
MM INDICATES DATA IS MISSING.
T  INDICATES TRACE AMOUNT.




$$
