000
CDUS46 KMFR 260839
CLIMHS


CLIMATE REPORT
NATIONAL WEATHER SERVICE MEDFORD, OR
139 AM PDT THU MAY 26 2016


...................................

...THE MT SHASTA CITY CA CLIMATE SUMMARY FOR MAY 25 2016...

CLIMATE NORMAL PERIOD 1981 TO 2010
CLIMATE RECORD PERIOD 1908 TO 2016


WEATHER ITEM   OBSERVED TIME   RECORD YEAR NORMAL DEPARTURE LAST
                VALUE   (LST)  VALUE       VALUE  FROM      YEAR
                                                  NORMAL
..................................................................
TEMPERATURE (F)
 YESTERDAY
  MAXIMUM         72    254 PM  89    1982  72      0       76
  MINIMUM         46    501 AM  30    1945  42      4       48
  AVERAGE         59                        57      2       62

PRECIPITATION (IN)
  YESTERDAY        0.00          2.10 1942   0.07  -0.07     0.00
  MONTH TO DATE    1.28                      1.80  -0.52     1.76
  SINCE OCT 1     39.91                     40.19  -0.28    34.67
  SINCE JAN 1     30.42                     24.98   5.44    15.15

SNOWFALL (IN)
  YESTERDAY       MM                         0.0   MM       MM
  MONTH TO DATE   MM                         0.3   MM       MM
  SINCE JUL 1     MM                        91.8   MM       MM
  SNOW DEPTH      MM

DEGREE DAYS
 HEATING
  YESTERDAY        6                         9     -3        3
  MONTH TO DATE  202                       287    -85      221
  SINCE MAR 1   1192                      1527   -335     1175
  SINCE JUL 1   4707                      5502   -795     4141

 COOLING
  YESTERDAY        0                         0      0        0
  MONTH TO DATE    4                         0      4        0
  SINCE MAR 1      4                         0      4        0
  SINCE JAN 1      4                         0      4        0
..................................................................


WIND (MPH)
  HIGHEST WIND SPEED    13   HIGHEST WIND DIRECTION     W (290)
  HIGHEST GUST SPEED    22   HIGHEST GUST DIRECTION     N (340)
  AVERAGE WIND SPEED     4.8


SKY COVER
  POSSIBLE SUNSHINE  MM
  AVERAGE SKY COVER 0.3


WEATHER CONDITIONS
 THE FOLLOWING WEATHER WAS RECORDED YESTERDAY.
  FOG


RELATIVE HUMIDITY (PERCENT)
 HIGHEST    93           300 AM
 LOWEST     29           200 PM

..........................................................


THE MT SHASTA CITY CA CLIMATE NORMALS FOR TODAY
                         NORMAL    RECORD    YEAR
 MAXIMUM TEMPERATURE (F)   72        89      1983
 MINIMUM TEMPERATURE (F)   42        25      1911


SUNRISE AND SUNSET
MAY 26 2016...........SUNRISE   541 AM PDT   SUNSET   832 PM PDT
MAY 27 2016...........SUNRISE   541 AM PDT   SUNSET   833 PM PDT


-  INDICATES NEGATIVE NUMBERS.
R  INDICATES RECORD WAS SET OR TIED.
MM INDICATES DATA IS MISSING.
T  INDICATES TRACE AMOUNT.




$$
