000
CDUS46 KMFR 230841
CLIMHS


CLIMATE REPORT
NATIONAL WEATHER SERVICE MEDFORD, OR
1241 AM PST FRI FEB 23 2018


...................................

...THE MT SHASTA CITY CA CLIMATE SUMMARY FOR FEBRUARY 22 2018...

CLIMATE NORMAL PERIOD 1981 TO 2010
CLIMATE RECORD PERIOD 1908 TO 2018


WEATHER ITEM   OBSERVED TIME   RECORD YEAR NORMAL DEPARTURE LAST
                VALUE   (LST)  VALUE       VALUE  FROM      YEAR
                                                  NORMAL
..................................................................
TEMPERATURE (F)
 YESTERDAY
  MAXIMUM         37   1212 PM  68    1995  50    -13       43
  MINIMUM         24   1159 PM  12    1920  28     -4       27
  AVERAGE         31                        39     -8       35

PRECIPITATION (IN)
  YESTERDAY        0.07          1.74 2009   0.27  -0.20     0.15
  MONTH TO DATE    0.16                      5.60  -5.44    10.97
  SINCE OCT 1     10.27                     27.87 -17.60    43.23
  SINCE JAN 1      4.44                     12.66  -8.22    22.07

SNOWFALL (IN)
  YESTERDAY       MM                         0.7   MM       MM
  MONTH TO DATE   MM                        15.4   MM       MM
  SINCE JUL 1     MM                        68.7   MM       MM
  SNOW DEPTH      MM

DEGREE DAYS
 HEATING
  YESTERDAY       34                        26      8       30
  MONTH TO DATE  534                       597    -63      518
  SINCE DEC 1   2146                      2426   -280     2508
  SINCE JUL 1   3397                      3823   -426     3693

 COOLING
  YESTERDAY        0                         0      0        0
  MONTH TO DATE    0                         0      0        0
  SINCE DEC 1      0                         0      0        0
  SINCE JAN 1      0                         0      0        0
..................................................................


WIND (MPH)
  HIGHEST WIND SPEED    15   HIGHEST WIND DIRECTION     N (340)
  HIGHEST GUST SPEED    31   HIGHEST GUST DIRECTION     N (350)
  AVERAGE WIND SPEED     5.9


SKY COVER
  POSSIBLE SUNSHINE  MM
  AVERAGE SKY COVER 0.7


WEATHER CONDITIONS
 THE FOLLOWING WEATHER WAS RECORDED YESTERDAY.
  SNOW
  LIGHT SNOW
  FOG
  FOG W/VISIBILITY <= 1/4 MILE
  HAZE


RELATIVE HUMIDITY (PERCENT)
 HIGHEST    85           300 PM
 LOWEST     47          1200 PM

..........................................................


THE MT SHASTA CITY CA CLIMATE NORMALS FOR TODAY
                         NORMAL    RECORD    YEAR
 MAXIMUM TEMPERATURE (F)   50        70      1995
 MINIMUM TEMPERATURE (F)   29        15      1920


SUNRISE AND SUNSET
FEBRUARY 23 2018......SUNRISE   653 AM PST   SUNSET   553 PM PST
FEBRUARY 24 2018......SUNRISE   651 AM PST   SUNSET   554 PM PST


-  INDICATES NEGATIVE NUMBERS.
R  INDICATES RECORD WAS SET OR TIED.
MM INDICATES DATA IS MISSING.
T  INDICATES TRACE AMOUNT.




$$
