471
CDUS46 KMFR 090835
CLIMHS


CLIMATE REPORT
NATIONAL WEATHER SERVICE MEDFORD, OR
1235 AM PST FRI DEC 9 2016


...................................

...THE MT SHASTA CITY CA CLIMATE SUMMARY FOR DECEMBER 8 2016...

CLIMATE NORMAL PERIOD 1981 TO 2010
CLIMATE RECORD PERIOD 1908 TO 2016


WEATHER ITEM   OBSERVED TIME   RECORD YEAR NORMAL DEPARTURE LAST
                VALUE   (LST)  VALUE       VALUE  FROM      YEAR
                                                  NORMAL
..................................................................
TEMPERATURE (F)
 YESTERDAY
  MAXIMUM         40   1019 PM  63    1940  45     -5       54
  MINIMUM         29    222 AM  -1    1972  26      3       44
  AVERAGE         35                        36     -1       49

PRECIPITATION (IN)
  YESTERDAY        0.07          2.90 2004   0.24  -0.17     0.00
  MONTH TO DATE    0.34                      1.85  -1.51     2.70
  SINCE OCT 1     16.81                      9.21   7.60     4.73
  SINCE JAN 1     49.71                     37.21  12.50    21.91

SNOWFALL (IN)
  YESTERDAY       MM                         0.7   MM       MM
  MONTH TO DATE   MM                         4.6   MM       MM
  SINCE JUL 1     MM                        12.4   MM       MM
  SNOW DEPTH      MM

DEGREE DAYS
 HEATING
  YESTERDAY       30                        30      0       16
  MONTH TO DATE  239                       232      7      195
  SINCE DEC 1    239                       232      7      195
  SINCE JUL 1   1424                      1629   -205     1327

 COOLING
  YESTERDAY        0                         0      0        0
  MONTH TO DATE    0                         0      0        0
  SINCE DEC 1      0                         0      0        0
  SINCE JAN 1    513                       288    225      544
..................................................................


WIND (MPH)
  HIGHEST WIND SPEED    12   HIGHEST WIND DIRECTION     E (100)
  HIGHEST GUST SPEED    19   HIGHEST GUST DIRECTION     E (90)
  AVERAGE WIND SPEED     3.9


SKY COVER
  POSSIBLE SUNSHINE  MM
  AVERAGE SKY COVER 1.0


WEATHER CONDITIONS
 THE FOLLOWING WEATHER WAS RECORDED YESTERDAY.
  LIGHT SNOW
  FOG
  HAZE


RELATIVE HUMIDITY (PERCENT)
 HIGHEST    92          1200 AM
 LOWEST     79           700 PM

..........................................................


THE MT SHASTA CITY CA CLIMATE NORMALS FOR TODAY
                         NORMAL    RECORD    YEAR
 MAXIMUM TEMPERATURE (F)   45        63      1975
 MINIMUM TEMPERATURE (F)   26        -5      1972


SUNRISE AND SUNSET
DECEMBER  9 2016......SUNRISE   724 AM PST   SUNSET   440 PM PST
DECEMBER 10 2016......SUNRISE   725 AM PST   SUNSET   440 PM PST


-  INDICATES NEGATIVE NUMBERS.
R  INDICATES RECORD WAS SET OR TIED.
MM INDICATES DATA IS MISSING.
T  INDICATES TRACE AMOUNT.




$$
