000
CDUS46 KMFR 200836
CLIMHS


CLIMATE REPORT
NATIONAL WEATHER SERVICE MEDFORD, OR
136 AM PDT WED AUG 20 2014


...................................

...THE MT SHASTA CITY CA CLIMATE SUMMARY FOR AUGUST 19 2014...

CLIMATE NORMAL PERIOD 1981 TO 2010
CLIMATE RECORD PERIOD 1908 TO 2014


WEATHER ITEM   OBSERVED TIME   RECORD YEAR NORMAL DEPARTURE LAST
                VALUE   (LST)  VALUE       VALUE  FROM      YEAR
                                                  NORMAL
..................................................................
TEMPERATURE (F)
 YESTERDAY
  MAXIMUM         91    215 PM  99    2009  85      6       93
  MINIMUM         53    548 AM  35    1924  48      5       61
  AVERAGE         72                        66      6       77

PRECIPITATION (IN)
  YESTERDAY        0.00          0.32 1968   0.01  -0.01     0.00
  MONTH TO DATE    0.21                      0.19   0.02     0.00
  SINCE SEP 1     15.10                     43.06 -27.96    27.88
  SINCE JAN 1     12.28                     27.18 -14.90     7.18

SNOWFALL (IN)
  YESTERDAY       MM                         0.0   MM       MM
  MONTH TO DATE   MM                         0.0   MM       MM
  SINCE JUL 1     MM                         0.0   MM       MM
  SNOW DEPTH      MM

DEGREE DAYS
 HEATING
  YESTERDAY        0                         1     -1        0
  MONTH TO DATE    1                        19    -18        8
  SINCE JUN 1     58                       194   -136       95
  SINCE JUL 1      2                        52    -50        8

 COOLING
  YESTERDAY        7                         3      4       12
  MONTH TO DATE  109                        67     42       60
  SINCE JUN 1    457                       227    230      382
  SINCE JAN 1    466                       235    231      391
..................................................................


WIND (MPH)
  HIGHEST WIND SPEED    10   HIGHEST WIND DIRECTION     W (290)
  HIGHEST GUST SPEED    18   HIGHEST GUST DIRECTION    NW (330)
  AVERAGE WIND SPEED     2.7


SKY COVER
  POSSIBLE SUNSHINE  MM
  AVERAGE SKY COVER 0.1


WEATHER CONDITIONS
 THE FOLLOWING WEATHER WAS RECORDED YESTERDAY.
  HAZE


RELATIVE HUMIDITY (PERCENT)
 HIGHEST    66           600 AM
 LOWEST     23           200 PM

..........................................................


THE MT SHASTA CITY CA CLIMATE NORMALS FOR TODAY
                         NORMAL    RECORD    YEAR
 MAXIMUM TEMPERATURE (F)   85        99      1950
 MINIMUM TEMPERATURE (F)   48        38      1928


SUNRISE AND SUNSET
AUGUST 20 2014........SUNRISE   624 AM PDT   SUNSET   801 PM PDT
AUGUST 21 2014........SUNRISE   625 AM PDT   SUNSET   759 PM PDT


-  INDICATES NEGATIVE NUMBERS.
R  INDICATES RECORD WAS SET OR TIED.
MM INDICATES DATA IS MISSING.
T  INDICATES TRACE AMOUNT.




$$
