000
CDUS46 KMFR 030836
CLIMHS


CLIMATE REPORT
NATIONAL WEATHER SERVICE MEDFORD, OR
136 AM PDT WED JUN 3 2015


...................................

...THE MT SHASTA CITY CA CLIMATE SUMMARY FOR JUNE 2 2015...

CLIMATE NORMAL PERIOD 1981 TO 2010
CLIMATE RECORD PERIOD 1908 TO 2015


WEATHER ITEM   OBSERVED TIME   RECORD YEAR NORMAL DEPARTURE LAST
                VALUE   (LST)  VALUE       VALUE  FROM      YEAR
                                                  NORMAL
..................................................................
TEMPERATURE (F)
 YESTERDAY
  MAXIMUM         72    118 PM  93    1970  73     -1       83
  MINIMUM         46    248 AM  20    1929  43      3       45
  AVERAGE         59                        58      1       64

PRECIPITATION (IN)
  YESTERDAY        0.00          0.65 1942   0.06  -0.06      T
  MONTH TO DATE    0.18                      0.12   0.06      T
  SINCE OCT 1     34.85                     40.73  -5.88    12.90
  SINCE JAN 1     15.33                     25.52 -10.19    11.79

SNOWFALL (IN)
  YESTERDAY       MM                         0.0   MM       MM
  MONTH TO DATE   MM                         0.0   MM       MM
  SINCE JUL 1     MM                        91.8   MM        0.0
  SNOW DEPTH      MM

DEGREE DAYS
 HEATING
  YESTERDAY        6                         7     -1        1
  MONTH TO DATE   13                        14     -1        2
  SINCE JUN 1     13                        14     -1        2
  SINCE JUL 1   4162                      5566  -1404     4854

 COOLING
  YESTERDAY        0                         1     -1        0
  MONTH TO DATE    0                         2     -2        0
  SINCE JUN 1      0                         2     -2        0
  SINCE JAN 1      5                        10     -5        9
..................................................................


WIND (MPH)
  HIGHEST WIND SPEED     8   HIGHEST WIND DIRECTION     N (340)
  HIGHEST GUST SPEED    14   HIGHEST GUST DIRECTION    NW (330)
  AVERAGE WIND SPEED     2.3


SKY COVER
  POSSIBLE SUNSHINE  MM
  AVERAGE SKY COVER 0.7


WEATHER CONDITIONS
 THE FOLLOWING WEATHER WAS RECORDED YESTERDAY.
  NO SIGNIFICANT WEATHER WAS OBSERVED.


RELATIVE HUMIDITY (PERCENT)
 HIGHEST    93           100 AM
 LOWEST     44          1200 PM

..........................................................


THE MT SHASTA CITY CA CLIMATE NORMALS FOR TODAY
                         NORMAL    RECORD    YEAR
 MAXIMUM TEMPERATURE (F)   74        92      1969
 MINIMUM TEMPERATURE (F)   44        30      1933


SUNRISE AND SUNSET
JUNE  3 2015..........SUNRISE   538 AM PDT   SUNSET   838 PM PDT
JUNE  4 2015..........SUNRISE   537 AM PDT   SUNSET   838 PM PDT


-  INDICATES NEGATIVE NUMBERS.
R  INDICATES RECORD WAS SET OR TIED.
MM INDICATES DATA IS MISSING.
T  INDICATES TRACE AMOUNT.




$$
