000
CDUS46 KMFR 290835
CLIMHS


CLIMATE REPORT
NATIONAL WEATHER SERVICE MEDFORD, OR
135 AM PDT FRI APR 29 2016


...................................

...THE MT SHASTA CITY CA CLIMATE SUMMARY FOR APRIL 28 2016...

CLIMATE NORMAL PERIOD 1981 TO 2010
CLIMATE RECORD PERIOD 1908 TO 2016


WEATHER ITEM   OBSERVED TIME   RECORD YEAR NORMAL DEPARTURE LAST
                VALUE   (LST)  VALUE       VALUE  FROM      YEAR
                                                  NORMAL
..................................................................
TEMPERATURE (F)
 YESTERDAY
  MAXIMUM         64    310 PM  80    2007  64      0       77
                                      2006
  MINIMUM         43    502 AM  21    1967  36      7       41
  AVERAGE         54                        50      4       59

PRECIPITATION (IN)
  YESTERDAY        0.00          1.95 1912   0.07  -0.07     0.00
  MONTH TO DATE    1.90                      2.78  -0.88     1.48
  SINCE OCT 1     38.63                     38.24   0.39    32.91
  SINCE JAN 1     29.14                     23.03   6.11    13.39

SNOWFALL (IN)
  YESTERDAY       MM                         0.1   MM       MM
  MONTH TO DATE   MM                         5.3   MM       MM
  SINCE JUL 1     MM                        91.4   MM       MM
  SNOW DEPTH      MM

DEGREE DAYS
 HEATING
  YESTERDAY       11                        15     -4        6
  MONTH TO DATE  339                       506   -167      449
  SINCE MAR 1    967                      1210   -243      938
  SINCE JUL 1   4482                      5185   -703     3904

 COOLING
  YESTERDAY        0                         0      0        0
  MONTH TO DATE    0                         0      0        0
  SINCE MAR 1      0                         0      0        0
  SINCE JAN 1      0                         0      0        0
..................................................................


WIND (MPH)
  HIGHEST WIND SPEED    15   HIGHEST WIND DIRECTION    NW (300)
  HIGHEST GUST SPEED    27   HIGHEST GUST DIRECTION    NW (300)
  AVERAGE WIND SPEED     6.4


SKY COVER
  POSSIBLE SUNSHINE  MM
  AVERAGE SKY COVER 0.4


WEATHER CONDITIONS
 THE FOLLOWING WEATHER WAS RECORDED YESTERDAY.
  NO SIGNIFICANT WEATHER WAS OBSERVED.


RELATIVE HUMIDITY (PERCENT)
 HIGHEST    82           400 AM
 LOWEST     29           500 PM

..........................................................


THE MT SHASTA CITY CA CLIMATE NORMALS FOR TODAY
                         NORMAL    RECORD    YEAR
 MAXIMUM TEMPERATURE (F)   64        84      1981
 MINIMUM TEMPERATURE (F)   36        25      1950


SUNRISE AND SUNSET
APRIL 29 2016.........SUNRISE   608 AM PDT   SUNSET   805 PM PDT
APRIL 30 2016.........SUNRISE   607 AM PDT   SUNSET   806 PM PDT


-  INDICATES NEGATIVE NUMBERS.
R  INDICATES RECORD WAS SET OR TIED.
MM INDICATES DATA IS MISSING.
T  INDICATES TRACE AMOUNT.




$$
