000
CDUS46 KMFR 240838
CLIMHS


CLIMATE REPORT
NATIONAL WEATHER SERVICE MEDFORD, OR
1238 AM PST FRI NOV 24 2017


...................................

...THE MT SHASTA CITY CA CLIMATE SUMMARY FOR NOVEMBER 23 2017...

CLIMATE NORMAL PERIOD 1981 TO 2010
CLIMATE RECORD PERIOD 1908 TO 2017


WEATHER ITEM   OBSERVED TIME   RECORD YEAR NORMAL DEPARTURE LAST
                VALUE   (LST)  VALUE       VALUE  FROM      YEAR
                                                  NORMAL
..................................................................
TEMPERATURE (F)
 YESTERDAY
  MAXIMUM         60    155 PM  70    1939  48     12       44
  MINIMUM         45    756 AM  12    1993  28     17       32
  AVERAGE         53                        38     15       38

PRECIPITATION (IN)
  YESTERDAY        0.01          2.63 1998   0.17  -0.16      T
  MONTH TO DATE    3.62                      3.68  -0.06     3.62
  SINCE OCT 1      4.27                      5.96  -1.69    15.49
  SINCE JAN 1     43.26                     33.96   9.30    48.39

SNOWFALL (IN)
  YESTERDAY       MM                         0.4   MM       MM
  MONTH TO DATE   MM                         4.8   MM       MM
  SINCE JUL 1     MM                         5.0   MM       MM
  SNOW DEPTH      MM

DEGREE DAYS
 HEATING
  YESTERDAY       12                        27    -15       27
  MONTH TO DATE  529                       540    -11      414
  SINCE SEP 1   1080                      1129    -49      979
  SINCE JUL 1   1080                      1204   -124      994

 COOLING
  YESTERDAY        0                         0      0        0
  MONTH TO DATE    0                         0      0        0
  SINCE SEP 1    100                        28     72       35
  SINCE JAN 1    700                       288    412      513
..................................................................


WIND (MPH)
  HIGHEST WIND SPEED     8   HIGHEST WIND DIRECTION     E (90)
  HIGHEST GUST SPEED    14   HIGHEST GUST DIRECTION     S (160)
  AVERAGE WIND SPEED     1.4


SKY COVER
  POSSIBLE SUNSHINE  MM
  AVERAGE SKY COVER 0.6


WEATHER CONDITIONS
 THE FOLLOWING WEATHER WAS RECORDED YESTERDAY.
  FOG


RELATIVE HUMIDITY (PERCENT)
 HIGHEST   100           800 AM
 LOWEST     72          1100 AM

..........................................................


THE MT SHASTA CITY CA CLIMATE NORMALS FOR TODAY
                         NORMAL    RECORD    YEAR
 MAXIMUM TEMPERATURE (F)   48        70      1950
 MINIMUM TEMPERATURE (F)   28         6      1993


SUNRISE AND SUNSET
NOVEMBER 24 2017......SUNRISE   708 AM PST   SUNSET   443 PM PST
NOVEMBER 25 2017......SUNRISE   710 AM PST   SUNSET   443 PM PST


-  INDICATES NEGATIVE NUMBERS.
R  INDICATES RECORD WAS SET OR TIED.
MM INDICATES DATA IS MISSING.
T  INDICATES TRACE AMOUNT.




$$
