000
CDUS42 KMFL 172116
CLIMIA


CLIMATE REPORT
NATIONAL WEATHER SERVICE MIAMI, FL
416 PM EST WED JAN 17 2018


...................................

...THE MIAMI CLIMATE SUMMARY FOR JANUARY 17 2018...
VALID TODAY AS OF 0400 PM LOCAL TIME.

CLIMATE NORMAL PERIOD 1981 TO 2010
CLIMATE RECORD PERIOD 1895 TO 2018


WEATHER ITEM   OBSERVED TIME   RECORD YEAR NORMAL DEPARTURE LAST
                VALUE   (LST)  VALUE       VALUE  FROM      YEAR
                                                  NORMAL
..................................................................
TEMPERATURE (F)
 TODAY
  MAXIMUM         74    124 PM  85    1989  76     -2       83
  MINIMUM         62    731 AM  39    1965  60      2       69
  AVERAGE         68                        68      0       76

PRECIPITATION (IN)
  TODAY            0.00          1.06 2011   0.05  -0.05     0.00
                                      1970
  MONTH TO DATE    0.91                      0.85   0.06     1.54
  SINCE NOV 1      5.98                      6.16  -0.18     4.81
  SINCE JAN 1      0.91                      0.85   0.06     1.54

SNOWFALL (IN)
  TODAY            0.0
  MONTH TO DATE    0.0
  SINCE DEC 1      0.0
  SINCE JUL 1      0.0
  SNOW DEPTH       0

DEGREE DAYS
 HEATING
  TODAY            0                         2     -2        0
  MONTH TO DATE   35                        34      1        6
  SINCE DEC 1     63                        68     -5        6
  SINCE JUL 1     63                        71     -8        6

 COOLING
  TODAY            3                         5     -2       11
  MONTH TO DATE   59                        85    -26      160
  SINCE DEC 1    301                       288     13      531
  SINCE JAN 1     59                        85    -26      160
..................................................................


WIND (MPH)
  HIGHEST WIND SPEED    13   HIGHEST WIND DIRECTION    NW (320)
  HIGHEST GUST SPEED    17   HIGHEST GUST DIRECTION    NW (320)
  AVERAGE WIND SPEED     6.8


SKY COVER
  AVERAGE SKY COVER 0.8


WEATHER CONDITIONS
 THE FOLLOWING WEATHER WAS RECORDED TODAY.
  NO SIGNIFICANT WEATHER WAS OBSERVED.


RELATIVE HUMIDITY (PERCENT)
 HIGHEST    78
 LOWEST     44
 AVERAGE    61

..........................................................


THE MIAMI CLIMATE NORMALS FOR TOMORROW
                         NORMAL    RECORD    YEAR
 MAXIMUM TEMPERATURE (F)   76        84      2008
                                             1987
 MINIMUM TEMPERATURE (F)   60        35      1965


SUNRISE AND SUNSET
JANUARY 17 2018.......SUNRISE   709 AM EST   SUNSET   553 PM EST
JANUARY 18 2018.......SUNRISE   709 AM EST   SUNSET   554 PM EST


-  INDICATES NEGATIVE NUMBERS.
R  INDICATES RECORD WAS SET OR TIED.
MM INDICATES DATA IS MISSING.
T  INDICATES TRACE AMOUNT.




$$
