000
CDUS42 KMFL 280820
CLIMIA


CLIMATE REPORT
NATIONAL WEATHER SERVICE MIAMI, FL
420 AM EDT SUN MAY 28 2017


...................................

...THE MIAMI CLIMATE SUMMARY FOR MAY 27 2017...

CLIMATE NORMAL PERIOD 1981 TO 2010
CLIMATE RECORD PERIOD 1895 TO 2017


WEATHER ITEM   OBSERVED TIME   RECORD YEAR NORMAL DEPARTURE LAST
                VALUE   (LST)  VALUE       VALUE  FROM      YEAR
                                                  NORMAL
..................................................................
TEMPERATURE (F)
 YESTERDAY
  MAXIMUM         95   1205 PM  96    1902  88      7       86
  MINIMUM         81    620 AM  64    1937  75      6       75
                                      1908
  AVERAGE         88                        81      7       81

PRECIPITATION (IN)
  YESTERDAY        0.01          3.94 1954   0.25  -0.24     0.00
  MONTH TO DATE    2.69                      4.33  -1.64     8.27
  SINCE NOV 1     16.75                     19.65  -2.90    37.76
  SINCE JAN 1     13.48                     14.34  -0.86    20.39

SNOWFALL (IN)
  YESTERDAY        0.0
  MONTH TO DATE    0.0
  SINCE MAR 1      0.0
  SINCE JUL 1      0.0
  SNOW DEPTH       0

DEGREE DAYS
 HEATING
  YESTERDAY        0                         0      0        0
  MONTH TO DATE    0                         0      0        0
  SINCE MAR 1      3                        12     -9        0
  SINCE JUL 1     17                       128   -111       67

 COOLING
  YESTERDAY       23                        16      7       16
  MONTH TO DATE  456                       396     60      409
  SINCE MAR 1   1123                       967    156     1140
  SINCE JAN 1   1617                      1289    328     1397
..................................................................


WIND (MPH)
  HIGHEST WIND SPEED    16   HIGHEST WIND DIRECTION    SE (120)
  HIGHEST GUST SPEED    21   HIGHEST GUST DIRECTION    SE (130)
  AVERAGE WIND SPEED     6.0


SKY COVER
  POSSIBLE SUNSHINE  71 PERCENT
  AVERAGE SKY COVER 0.4


WEATHER CONDITIONS
 THE FOLLOWING WEATHER WAS RECORDED YESTERDAY.
  THUNDERSTORM
  LIGHT RAIN


RELATIVE HUMIDITY (PERCENT)
 HIGHEST    91
 LOWEST     49
 AVERAGE    70

..........................................................


THE MIAMI CLIMATE NORMALS FOR TODAY
                         NORMAL    RECORD    YEAR
 MAXIMUM TEMPERATURE (F)   88        93      1996
 MINIMUM TEMPERATURE (F)   75        60      1937


SUNRISE AND SUNSET
MAY 28 2017...........SUNRISE   630 AM EDT   SUNSET   807 PM EDT
MAY 29 2017...........SUNRISE   630 AM EDT   SUNSET   807 PM EDT


-  INDICATES NEGATIVE NUMBERS.
R  INDICATES RECORD WAS SET OR TIED.
MM INDICATES DATA IS MISSING.
T  INDICATES TRACE AMOUNT.




$$
