000
CDUS42 KMFL 300839
CLIMIA


CLIMATE REPORT
NATIONAL WEATHER SERVICE MIAMI, FL
436 AM EDT THU OCT 30 2014


...................................

...THE MIAMI CLIMATE SUMMARY FOR OCTOBER 29 2014...

CLIMATE NORMAL PERIOD 1981 TO 2010
CLIMATE RECORD PERIOD 1839 TO 2014


WEATHER ITEM   OBSERVED TIME   RECORD YEAR NORMAL DEPARTURE LAST
                VALUE   (LST)  VALUE       VALUE  FROM      YEAR
                                                  NORMAL
..................................................................
TEMPERATURE (F)
 YESTERDAY
  MAXIMUM         85    246 PM  90    2010  84      1       85
  MINIMUM         74    645 AM  45    1938  71      3       72
  AVERAGE         80                        78      2       79

PRECIPITATION (IN)
  YESTERDAY        0.00          7.52 1932   0.14  -0.14     0.00
  MONTH TO DATE    3.24                      6.08  -2.84     6.86
  SINCE JUN 1     49.47                     40.99   8.48    40.64
  SINCE JAN 1     59.62                     56.34   3.28    60.01

SNOWFALL (IN)
  YESTERDAY        0.0
  MONTH TO DATE    0.0
  SINCE SEP 1      0.0
  SINCE JUL 1      0.0
  SNOW DEPTH       0

DEGREE DAYS
 HEATING
  YESTERDAY        0                         0      0
  MONTH TO DATE    0                         0      0
  SINCE SEP 1      0                         0      0
  SINCE JUL 1      0                         0      0

 COOLING
  YESTERDAY       15                        13      2
  MONTH TO DATE  442                       436      6
  SINCE SEP 1    976                       973      3
  SINCE JAN 1   4271                      4048    223
..................................................................


WIND (MPH)
  HIGHEST WIND SPEED    12   HIGHEST WIND DIRECTION    SE (120)
  HIGHEST GUST SPEED    17   HIGHEST GUST DIRECTION    SE (150)
  AVERAGE WIND SPEED     5.8


SKY COVER
  POSSIBLE SUNSHINE  93 PERCENT
  AVERAGE SKY COVER 0.3


WEATHER CONDITIONS
 THE FOLLOWING WEATHER WAS RECORDED YESTERDAY.
  NO SIGNIFICANT WEATHER WAS OBSERVED.


RELATIVE HUMIDITY (PERCENT)
 HIGHEST    79
 LOWEST     47
 AVERAGE    63

..........................................................


THE MIAMI CLIMATE NORMALS FOR TODAY
                         NORMAL    RECORD    YEAR
 MAXIMUM TEMPERATURE (F)   84        92      2002
 MINIMUM TEMPERATURE (F)   71        46      1938


SUNRISE AND SUNSET
OCTOBER 30 2014.......SUNRISE   728 AM EDT   SUNSET   641 PM EDT
OCTOBER 31 2014.......SUNRISE   729 AM EDT   SUNSET   640 PM EDT


-  INDICATES NEGATIVE NUMBERS.
R  INDICATES RECORD WAS SET OR TIED.
MM INDICATES DATA IS MISSING.
T  INDICATES TRACE AMOUNT.




$$
