000
CDUS42 KMFL 062128
CLIMIA


CLIMATE REPORT
NATIONAL WEATHER SERVICE MIAMI, FL
427 PM EST FRI MAR 6 2015


...................................

...THE MIAMI CLIMATE SUMMARY FOR MARCH 6 2015...
VALID TODAY AS OF 0400 PM LOCAL TIME.

CLIMATE NORMAL PERIOD 1981 TO 2010
CLIMATE RECORD PERIOD 1895 TO 2015


WEATHER ITEM   OBSERVED TIME   RECORD YEAR NORMAL DEPARTURE LAST
                VALUE   (LST)  VALUE       VALUE  FROM      YEAR
                                                  NORMAL
..................................................................
TEMPERATURE (F)
 TODAY
  MAXIMUM         85    246 PM  88    2003  80      5       86
                                      1963
  MINIMUM         69    654 AM  44    1920  64      5       67
  AVERAGE         77                        72      5       77

PRECIPITATION (IN)
  TODAY            0.00          0.71 1987   0.09  -0.09     0.45
  MONTH TO DATE    T                         0.50  -0.50     0.45
  SINCE NOV 1      7.74                      9.68  -1.94    13.92
  SINCE JAN 1      3.76                      4.37  -0.61     3.52

SNOWFALL (IN)
  TODAY            0.0
  MONTH TO DATE    0.0
  SINCE MAR 1      0.0
  SINCE JUL 1      0.0
  SNOW DEPTH       0

DEGREE DAYS
 HEATING
  TODAY            0                         1     -1        0
  MONTH TO DATE    0                         6     -6        0
  SINCE MAR 1      0                         6     -6        0
  SINCE JUL 1     76                       122    -46       61

 COOLING
  TODAY           12                         7      5       12
  MONTH TO DATE   76                        42     34       56
  SINCE MAR 1     76                        42     34       56
  SINCE JAN 1    415                       364     51      477
..................................................................


WIND (MPH)
  HIGHEST WIND SPEED    13   HIGHEST WIND DIRECTION    SE (130)
  HIGHEST GUST SPEED    17   HIGHEST GUST DIRECTION    SE (120)
  AVERAGE WIND SPEED     4.9


SKY COVER
  AVERAGE SKY COVER 0.2


WEATHER CONDITIONS
 THE FOLLOWING WEATHER WAS RECORDED TODAY.
  NO SIGNIFICANT WEATHER WAS OBSERVED.


RELATIVE HUMIDITY (PERCENT)
 HIGHEST    93
 LOWEST     51
 AVERAGE    72

..........................................................


THE MIAMI CLIMATE NORMALS FOR TOMORROW
                         NORMAL    RECORD    YEAR
 MAXIMUM TEMPERATURE (F)   80        89      2003
 MINIMUM TEMPERATURE (F)   64        35      1920


SUNRISE AND SUNSET
MARCH  6 2015.........SUNRISE   640 AM EST   SUNSET   625 PM EST
MARCH  7 2015.........SUNRISE   639 AM EST   SUNSET   626 PM EST


-  INDICATES NEGATIVE NUMBERS.
R  INDICATES RECORD WAS SET OR TIED.
MM INDICATES DATA IS MISSING.
T  INDICATES TRACE AMOUNT.




$$
