302
CDUS42 KMFL 072121
CLIMIA


CLIMATE REPORT
NATIONAL WEATHER SERVICE MIAMI, FL
420 PM EST WED DEC 7 2016


...................................

...THE MIAMI CLIMATE SUMMARY FOR DECEMBER 7 2016...
VALID TODAY AS OF 0400 PM LOCAL TIME.

CLIMATE NORMAL PERIOD 1981 TO 2010
CLIMATE RECORD PERIOD 1895 TO 2016


WEATHER ITEM   OBSERVED TIME   RECORD YEAR NORMAL DEPARTURE LAST
                VALUE   (LST)  VALUE       VALUE  FROM      YEAR
                                                  NORMAL
..................................................................
TEMPERATURE (F)
 TODAY
  MAXIMUM         85    219 PM  86    1978  79      6       76
  MINIMUM         75    633 AM  35    1937  65     10       68
  AVERAGE         80                        72      8       72

PRECIPITATION (IN)
  TODAY            0.00          2.70 1979   0.06  -0.06     0.09
  MONTH TO DATE    0.27                      0.49  -0.22     8.57
  SINCE NOV 1      1.21                      3.76  -2.55    16.12
  SINCE JAN 1     63.87                     60.35   3.52    60.82

SNOWFALL (IN)
  TODAY            0.0
  MONTH TO DATE    0.0
  SINCE DEC 1      0.0
  SINCE JUL 1      0.0
  SNOW DEPTH       0

DEGREE DAYS
 HEATING
  TODAY            0                         1     -1        0
  MONTH TO DATE    0                         3     -3        0
  SINCE DEC 1      0                         3     -3        0
  SINCE JUL 1      0                         6     -6        0

 COOLING
  TODAY           15                         7      8        7
  MONTH TO DATE   98                        54     44       76
  SINCE DEC 1     98                        54     44       76
  SINCE JAN 1   4681                      4426    255     5009
..................................................................


WIND (MPH)
  HIGHEST WIND SPEED     9   HIGHEST WIND DIRECTION    NE (50)
  HIGHEST GUST SPEED    12   HIGHEST GUST DIRECTION     W (290)
  AVERAGE WIND SPEED     4.2


SKY COVER
  AVERAGE SKY COVER 0.7


WEATHER CONDITIONS
 THE FOLLOWING WEATHER WAS RECORDED TODAY.
  FOG


RELATIVE HUMIDITY (PERCENT)
 HIGHEST    94
 LOWEST     65
 AVERAGE    80

..........................................................


THE MIAMI CLIMATE NORMALS FOR TOMORROW
                         NORMAL    RECORD    YEAR
 MAXIMUM TEMPERATURE (F)   79        86      1942
 MINIMUM TEMPERATURE (F)   65        38      1937


SUNRISE AND SUNSET
DECEMBER  7 2016......SUNRISE   655 AM EST   SUNSET   530 PM EST
DECEMBER  8 2016......SUNRISE   656 AM EST   SUNSET   531 PM EST


-  INDICATES NEGATIVE NUMBERS.
R  INDICATES RECORD WAS SET OR TIED.
MM INDICATES DATA IS MISSING.
T  INDICATES TRACE AMOUNT.




$$
