000
CDUS43 KIND 300536
CLIMIE


CLIMATE REPORT
NATIONAL WEATHER SERVICE INDIANAPOLIS IN
135 AM EDT TUE MAY 30 2017


...................................

...THE MUNCIE IN CLIMATE SUMMARY FOR MAY 29 2017...

CLIMATE NORMAL PERIOD 1981 TO 2010
CLIMATE RECORD PERIOD 9999 TO 9999


WEATHER ITEM   OBSERVED TIME   NORMAL DEPARTURE LAST
                VALUE   (LST)  VALUE  FROM      YEAR
                                      NORMAL
......................................................
TEMPERATURE (F)
 YESTERDAY
  MAXIMUM         82    523 PM  76      6       89
  MINIMUM         61    526 AM  56      5       66
  AVERAGE         72            66      6       78

PRECIPITATION (IN)
  YESTERDAY        0.03          0.16  -0.13     0.01
  MONTH TO DATE    3.55          4.09  -0.54     2.66
  SINCE MAR 1     13.85         10.71   3.14    10.92
  SINCE JAN 1     19.56         15.25   4.31    14.03

DEGREE DAYS
 HEATING
  YESTERDAY        0             3     -3        0
  MONTH TO DATE  154           162     -8      166
  SINCE MAR 1   1073          1371   -298     1046
  SINCE JUL 1   4361          5754  -1393     4637

 COOLING
  YESTERDAY        7             4      3       13
  MONTH TO DATE   76            60     16       75
  SINCE MAR 1    110            75     35       85
  SINCE JAN 1    110            75     35       85
......................................................


WIND (MPH)
  HIGHEST WIND SPEED    23   HIGHEST WIND DIRECTION    SW (240)
  HIGHEST GUST SPEED    32   HIGHEST GUST DIRECTION     W (290)
  AVERAGE WIND SPEED     9.4


SKY COVER
  AVERAGE SKY COVER 0.2


WEATHER CONDITIONS
 THE FOLLOWING WEATHER WAS RECORDED YESTERDAY.
  THUNDERSTORM
  LIGHT RAIN


RELATIVE HUMIDITY (PERCENT)
 HIGHEST    93           100 AM
 LOWEST     24           400 PM
 AVERAGE    59

..........................................................


THE MUNCIE IN CLIMATE NORMALS FOR TODAY
                         NORMAL
 MAXIMUM TEMPERATURE (F)   76
 MINIMUM TEMPERATURE (F)   57


SUNRISE AND SUNSET
MAY 30 2017...........SUNRISE   615 AM EDT   SUNSET   904 PM EDT
MAY 31 2017...........SUNRISE   614 AM EDT   SUNSET   905 PM EDT


-  INDICATES NEGATIVE NUMBERS.
R  INDICATES RECORD WAS SET OR TIED.
MM INDICATES DATA IS MISSING.
T  INDICATES TRACE AMOUNT.




$$
