000
CDUS43 KIND 280532
CLIMIE


CLIMATE REPORT
NATIONAL WEATHER SERVICE INDIANAPOLIS IN
131 AM EDT SAT MAY 28 2016


...................................

...THE MUNCIE IN CLIMATE SUMMARY FOR MAY 27 2016...

CLIMATE NORMAL PERIOD 1981 TO 2010
CLIMATE RECORD PERIOD 9999 TO 9999


WEATHER ITEM   OBSERVED TIME   NORMAL DEPARTURE LAST
                VALUE   (LST)  VALUE  FROM      YEAR
                                      NORMAL
......................................................
TEMPERATURE (F)
 YESTERDAY
  MAXIMUM         89    420 PM  75     14       83
  MINIMUM         65    603 AM  55     10       64
  AVERAGE         77            65     12       74

PRECIPITATION (IN)
  YESTERDAY        0.00          0.16  -0.16     0.04
  MONTH TO DATE    2.64          3.78  -1.14     2.89
  SINCE MAR 1     10.90         10.40   0.50    10.05
  SINCE JAN 1     14.01         14.94  -0.93    12.99

DEGREE DAYS
 HEATING
  YESTERDAY        0             3     -3        0
  MONTH TO DATE  166           156     10       85
  SINCE MAR 1   1046          1365   -319     1320
  SINCE JUL 1   4637          5748  -1111     6185

 COOLING
  YESTERDAY       12             3      9        9
  MONTH TO DATE   48            52     -4      116
  SINCE MAR 1     58            67     -9      119
  SINCE JAN 1     58            67     -9      119
......................................................


WIND (MPH)
  HIGHEST WIND SPEED    18   HIGHEST WIND DIRECTION     S (190)
  HIGHEST GUST SPEED    26   HIGHEST GUST DIRECTION    SW (210)
  AVERAGE WIND SPEED     9.4


SKY COVER
  AVERAGE SKY COVER 0.1


WEATHER CONDITIONS
 THE FOLLOWING WEATHER WAS RECORDED YESTERDAY.
  FOG


RELATIVE HUMIDITY (PERCENT)
 HIGHEST    87           500 AM
 LOWEST     36           400 PM
 AVERAGE    62

..........................................................


THE MUNCIE IN CLIMATE NORMALS FOR TODAY
                         NORMAL
 MAXIMUM TEMPERATURE (F)   76
 MINIMUM TEMPERATURE (F)   56


SUNRISE AND SUNSET
MAY 28 2016...........SUNRISE   616 AM EDT   SUNSET   902 PM EDT
MAY 29 2016...........SUNRISE   615 AM EDT   SUNSET   903 PM EDT


-  INDICATES NEGATIVE NUMBERS.
R  INDICATES RECORD WAS SET OR TIED.
MM INDICATES DATA IS MISSING.
T  INDICATES TRACE AMOUNT.




$$
