000
CDUS43 KIND 210533
CLIMIE


CLIMATE REPORT
NATIONAL WEATHER SERVICE INDIANAPOLIS IN
133 AM EDT FRI JUL 21 2017


...................................

...THE MUNCIE IN CLIMATE SUMMARY FOR JULY 20 2017...

CLIMATE NORMAL PERIOD 1981 TO 2010
CLIMATE RECORD PERIOD 9999 TO 9999


WEATHER ITEM   OBSERVED TIME   NORMAL DEPARTURE LAST
                VALUE   (LST)  VALUE  FROM      YEAR
                                      NORMAL
......................................................
TEMPERATURE (F)
 YESTERDAY
  MAXIMUM         90    525 PM  84      6       88
  MINIMUM         74   1109 AM  64     10       66
  AVERAGE         82            74      8       77

PRECIPITATION (IN)
  YESTERDAY        0.76          0.15   0.61     0.00
  MONTH TO DATE    3.09          2.93   0.16     2.21
  SINCE JUN 1     12.25          7.59   4.66     5.83
  SINCE JAN 1     31.82         23.16   8.66    19.90

DEGREE DAYS
 HEATING
  YESTERDAY        0             0      0        0
  MONTH TO DATE    0             0      0        3
  SINCE JUN 1      3            24    -21        6
  SINCE JUL 1      0             0      0        3

 COOLING
  YESTERDAY       17             9      8       12
  MONTH TO DATE  227           198     29      188
  SINCE JUN 1    475           414     61      467
  SINCE JAN 1    591           497     94      574
......................................................


WIND (MPH)
  HIGHEST WIND SPEED    26   HIGHEST WIND DIRECTION    NW (310)
  HIGHEST GUST SPEED    35   HIGHEST GUST DIRECTION    NW (310)
  AVERAGE WIND SPEED     5.7


SKY COVER
  AVERAGE SKY COVER 0.2


WEATHER CONDITIONS
 THE FOLLOWING WEATHER WAS RECORDED YESTERDAY.
  THUNDERSTORM
  HEAVY RAIN
  RAIN
  LIGHT RAIN
  FOG


RELATIVE HUMIDITY (PERCENT)
 HIGHEST    87           500 AM
 LOWEST     52           600 PM
 AVERAGE    70

..........................................................


THE MUNCIE IN CLIMATE NORMALS FOR TODAY
                         NORMAL
 MAXIMUM TEMPERATURE (F)   84
 MINIMUM TEMPERATURE (F)   64


SUNRISE AND SUNSET
JULY 21 2017..........SUNRISE   630 AM EDT   SUNSET   906 PM EDT
JULY 22 2017..........SUNRISE   631 AM EDT   SUNSET   905 PM EDT


-  INDICATES NEGATIVE NUMBERS.
R  INDICATES RECORD WAS SET OR TIED.
MM INDICATES DATA IS MISSING.
T  INDICATES TRACE AMOUNT.




$$
