000
CDUS43 KIND 290533
CLIMIE


CLIMATE REPORT
NATIONAL WEATHER SERVICE INDIANAPOLIS IN
1233 AM EST MON DEC 29 2014


...................................

...THE MUNCIE IN CLIMATE SUMMARY FOR DECEMBER 28 2014...

CLIMATE NORMAL PERIOD 1981 TO 2010
CLIMATE RECORD PERIOD 9999 TO 9999


WEATHER ITEM   OBSERVED TIME   NORMAL DEPARTURE LAST
                VALUE   (LST)  VALUE  FROM      YEAR
                                      NORMAL
......................................................
TEMPERATURE (F)
 YESTERDAY
  MAXIMUM         34    159 AM  35     -1       50
  MINIMUM         25   1159 PM  21      4       35
  AVERAGE         30            28      2       43

PRECIPITATION (IN)
  YESTERDAY        T             0.09  -0.09     0.00
  MONTH TO DATE    1.83          2.63  -0.80     4.66
  SINCE DEC 1      1.83          2.63  -0.80     4.66
  SINCE JAN 1     39.12         39.87  -0.75    39.08

DEGREE DAYS
 HEATING
  YESTERDAY       35            37     -2       22
  MONTH TO DATE  831           951   -120      976
  SINCE DEC 1    831           951   -120      976
  SINCE JUL 1   2184          2086     98     2227

 COOLING
  YESTERDAY        0             0      0        0
  MONTH TO DATE    0             0      0        0
  SINCE DEC 1      0             0      0        0
  SINCE JAN 1    831           956   -125      973
......................................................


WIND (MPH)
  HIGHEST WIND SPEED    14   HIGHEST WIND DIRECTION    NW (320)
  HIGHEST GUST SPEED    19   HIGHEST GUST DIRECTION    NW (320)
  AVERAGE WIND SPEED     7.4


SKY COVER
  AVERAGE SKY COVER 0.9


WEATHER CONDITIONS
 THE FOLLOWING WEATHER WAS RECORDED YESTERDAY.
  LIGHT RAIN
  FOG


RELATIVE HUMIDITY (PERCENT)
 HIGHEST    96          1200 AM
 LOWEST     75           200 PM
 AVERAGE    86

..........................................................


THE MUNCIE IN CLIMATE NORMALS FOR TODAY
                         NORMAL
 MAXIMUM TEMPERATURE (F)   35
 MINIMUM TEMPERATURE (F)   20


SUNRISE AND SUNSET
DECEMBER 29 2014......SUNRISE   804 AM EST   SUNSET   524 PM EST
DECEMBER 30 2014......SUNRISE   804 AM EST   SUNSET   525 PM EST


-  INDICATES NEGATIVE NUMBERS.
R  INDICATES RECORD WAS SET OR TIED.
MM INDICATES DATA IS MISSING.
T  INDICATES TRACE AMOUNT.




$$
