000
CDUS43 KIND 310531
CLIMIE


CLIMATE REPORT
NATIONAL WEATHER SERVICE INDIANAPOLIS IN
131 AM EDT SUN AUG 31 2014


...................................

...THE MUNCIE IN CLIMATE SUMMARY FOR AUGUST 30 2014...

CLIMATE NORMAL PERIOD 1981 TO 2010
CLIMATE RECORD PERIOD 9999 TO 9999


WEATHER ITEM   OBSERVED TIME   NORMAL DEPARTURE LAST
                VALUE   (LST)  VALUE  FROM      YEAR
                                      NORMAL
......................................................
TEMPERATURE (F)
 YESTERDAY
  MAXIMUM         81    151 PM  82     -1       91
  MINIMUM         72   1159 PM  60     12       63
  AVERAGE         77            71      6       77

PRECIPITATION (IN)
  YESTERDAY        T             0.11  -0.11     0.07
  MONTH TO DATE    6.06          3.19   2.87     1.41
  SINCE JUN 1     13.65         12.23   1.42     8.21
  SINCE JAN 1     28.42         27.80   0.62    24.02

DEGREE DAYS
 HEATING
  YESTERDAY        0             1     -1        0
  MONTH TO DATE    8             1      7       19
  SINCE JUN 1     34            28      6       40
  SINCE JUL 1     26             4     22       26

 COOLING
  YESTERDAY       12             7      5       12
  MONTH TO DATE  231           234     -3      197
  SINCE JUN 1    629           744   -115      633
  SINCE JAN 1    744           827    -83      801
......................................................


WIND (MPH)
  HIGHEST WIND SPEED    18   HIGHEST WIND DIRECTION    SW (220)
  HIGHEST GUST SPEED    28   HIGHEST GUST DIRECTION    SW (220)
  AVERAGE WIND SPEED    10.8


SKY COVER
  AVERAGE SKY COVER 0.3


WEATHER CONDITIONS
 THE FOLLOWING WEATHER WAS RECORDED YESTERDAY.
  LIGHT RAIN


RELATIVE HUMIDITY (PERCENT)
 HIGHEST    84          1000 PM
 LOWEST     64           200 AM
 AVERAGE    74

..........................................................


THE MUNCIE IN CLIMATE NORMALS FOR TODAY
                         NORMAL
 MAXIMUM TEMPERATURE (F)   82
 MINIMUM TEMPERATURE (F)   60


SUNRISE AND SUNSET
AUGUST 31 2014........SUNRISE   708 AM EDT   SUNSET   815 PM EDT
SEPTEMBER  1 2014.....SUNRISE   709 AM EDT   SUNSET   813 PM EDT


-  INDICATES NEGATIVE NUMBERS.
R  INDICATES RECORD WAS SET OR TIED.
MM INDICATES DATA IS MISSING.
T  INDICATES TRACE AMOUNT.




$$
