000
CDUS43 KIND 240532
CLIMIE


CLIMATE REPORT
NATIONAL WEATHER SERVICE INDIANAPOLIS IN
132 AM EDT SUN SEP 24 2017


...................................

...THE MUNCIE IN CLIMATE SUMMARY FOR SEPTEMBER 23 2017...

CLIMATE NORMAL PERIOD 1981 TO 2010
CLIMATE RECORD PERIOD 9999 TO 9999


WEATHER ITEM   OBSERVED TIME   NORMAL DEPARTURE LAST
                VALUE   (LST)  VALUE  FROM      YEAR
                                      NORMAL
......................................................
TEMPERATURE (F)
 YESTERDAY
  MAXIMUM         93    432 PM  74     19       90
  MINIMUM         64    636 AM  51     13       63
  AVERAGE         79            62     17       77

PRECIPITATION (IN)
  YESTERDAY        0.00          0.10  -0.10     0.00
  MONTH TO DATE    1.84          2.33  -0.49     2.74
  SINCE SEP 1      1.84          2.33  -0.49     2.74
  SINCE JAN 1     36.73         30.24   6.49    32.02

DEGREE DAYS
 HEATING
  YESTERDAY        0             5     -5        0
  MONTH TO DATE   40            50    -10        0
  SINCE SEP 1     40            50    -10        0
  SINCE JUL 1     43            60    -17        3

 COOLING
  YESTERDAY       14             2     12       12
  MONTH TO DATE  116            93     23      173
  SINCE SEP 1    116            93     23      173
  SINCE JAN 1    994           927     67     1273
......................................................


WIND (MPH)
  HIGHEST WIND SPEED    13   HIGHEST WIND DIRECTION     E (80)
  HIGHEST GUST SPEED    15   HIGHEST GUST DIRECTION     E (80)
  AVERAGE WIND SPEED     2.5


SKY COVER
  AVERAGE SKY COVER 0.0


WEATHER CONDITIONS
 THE FOLLOWING WEATHER WAS RECORDED YESTERDAY.
  FOG
  HAZE


RELATIVE HUMIDITY (PERCENT)
 HIGHEST    93           300 AM
 LOWEST     32           500 PM
 AVERAGE    63

..........................................................


THE MUNCIE IN CLIMATE NORMALS FOR TODAY
                         NORMAL
 MAXIMUM TEMPERATURE (F)   74
 MINIMUM TEMPERATURE (F)   50


SUNRISE AND SUNSET
SEPTEMBER 24 2017.....SUNRISE   731 AM EDT   SUNSET   735 PM EDT
SEPTEMBER 25 2017.....SUNRISE   732 AM EDT   SUNSET   733 PM EDT


-  INDICATES NEGATIVE NUMBERS.
R  INDICATES RECORD WAS SET OR TIED.
MM INDICATES DATA IS MISSING.
T  INDICATES TRACE AMOUNT.




$$
