000
CDUS43 KIND 030619
CLIMIE


CLIMATE REPORT
NATIONAL WEATHER SERVICE INDIANAPOLIS IN
219 AM EDT TUE MAY 3 2016


...................................

...THE MUNCIE IN CLIMATE SUMMARY FOR MAY 2 2016...

CLIMATE NORMAL PERIOD 1981 TO 2010
CLIMATE RECORD PERIOD 9999 TO 9999


WEATHER ITEM   OBSERVED TIME   NORMAL DEPARTURE LAST
                VALUE   (LST)  VALUE  FROM      YEAR
                                      NORMAL
......................................................
TEMPERATURE (F)
 YESTERDAY
  MAXIMUM         57    209 PM  68    -11       74
  MINIMUM         52   1009 PM  47      5       47
  AVERAGE         55            57     -2       61

PRECIPITATION (IN)
  YESTERDAY        0.00          0.12  -0.12     0.00
  MONTH TO DATE    0.38          0.24   0.14     0.00
  SINCE MAR 1      8.64          6.86   1.78     7.16
  SINCE JAN 1     11.75         11.40   0.35    10.10

DEGREE DAYS
 HEATING
  YESTERDAY       10             9      1        4
  MONTH TO DATE   10            18     -8       14
  SINCE MAR 1    890          1227   -337     1249
  SINCE JUL 1   4481          5610  -1129     6114

 COOLING
  YESTERDAY        0             1     -1        0
  MONTH TO DATE    1             2     -1        0
  SINCE MAR 1     11            17     -6        3
  SINCE JAN 1     11            17     -6        3
......................................................


WIND (MPH)
  HIGHEST WIND SPEED    12   HIGHEST WIND DIRECTION    NE (40)
  HIGHEST GUST SPEED    15   HIGHEST GUST DIRECTION    NE (60)
  AVERAGE WIND SPEED     6.5


SKY COVER
  AVERAGE SKY COVER 1.0


WEATHER CONDITIONS
 THE FOLLOWING WEATHER WAS RECORDED YESTERDAY.
  FOG
  HAZE


RELATIVE HUMIDITY (PERCENT)
 HIGHEST    93           500 AM
 LOWEST     77           600 PM
 AVERAGE    85

..........................................................


THE MUNCIE IN CLIMATE NORMALS FOR TODAY
                         NORMAL
 MAXIMUM TEMPERATURE (F)   68
 MINIMUM TEMPERATURE (F)   47


SUNRISE AND SUNSET
MAY  3 2016...........SUNRISE   638 AM EDT   SUNSET   839 PM EDT
MAY  4 2016...........SUNRISE   637 AM EDT   SUNSET   840 PM EDT


-  INDICATES NEGATIVE NUMBERS.
R  INDICATES RECORD WAS SET OR TIED.
MM INDICATES DATA IS MISSING.
T  INDICATES TRACE AMOUNT.




$$
