000
CDUS43 KMKX 280700
CLIMKE


CLIMATE REPORT
NATIONAL WEATHER SERVICE IN MILWAUKEE
1259 AM CST TUE FEB 28 2017


...................................

...THE MILWAUKEE WI CLIMATE SUMMARY FOR FEBRUARY 27 2017...

CLIMATE NORMAL PERIOD 1981 TO 2010
CLIMATE RECORD PERIOD 1871 TO 2017


WEATHER ITEM   OBSERVED TIME   RECORD YEAR NORMAL DEPARTURE LAST
                VALUE   (LST)  VALUE       VALUE  FROM      YEAR
                                                  NORMAL
..................................................................
TEMPERATURE (F)
 YESTERDAY
  MAXIMUM         47    406 PM  65    1976  36     11       57
  MINIMUM         23    602 AM -12    1879  23      0       28
  AVERAGE         35                        30      5       43

PRECIPITATION (IN)
  YESTERDAY        0.00          1.17 1948   0.07  -0.07     0.00
  MONTH TO DATE    1.48                      1.59  -0.11     0.61
  SINCE DEC 1      5.57                      5.39   0.18     5.12
  SINCE JAN 1      3.64                      3.35   0.29     1.30

SNOWFALL (IN)
  YESTERDAY        0.0           5.4  2013   0.3   -0.3      0.0
  MONTH TO DATE    1.1                       9.5   -8.4      7.7
  SINCE DEC 1     24.0                      34.8  -10.8     22.2
  SINCE JUL 1     24.0                      37.5  -13.5     29.1
  SNOW DEPTH       0

DEGREE DAYS
 HEATING
  YESTERDAY       30                        36     -6       22
  MONTH TO DATE  803                      1059   -256      997
  SINCE DEC 1   3153                      3579   -426     3134
  SINCE JUL 1   3983                      4944   -961     4173

 COOLING
  YESTERDAY        0                         0      0        0
  MONTH TO DATE    0                         0      0        0
  SINCE DEC 1      0                         0      0        0
  SINCE JAN 1      0                         0      0        0
..................................................................


WIND (MPH)
  HIGHEST WIND SPEED    17   HIGHEST WIND DIRECTION    SE (130)
  HIGHEST GUST SPEED    22   HIGHEST GUST DIRECTION    SE (130)
  AVERAGE WIND SPEED     6.8


SKY COVER
  POSSIBLE SUNSHINE  MM
  AVERAGE SKY COVER 0.4


WEATHER CONDITIONS
 THE FOLLOWING WEATHER WAS RECORDED YESTERDAY.
  NO SIGNIFICANT WEATHER WAS OBSERVED.


RELATIVE HUMIDITY (PERCENT)
 HIGHEST    81           600 AM
 LOWEST     53           100 PM
 AVERAGE    67

..........................................................


THE MILWAUKEE WI CLIMATE NORMALS FOR TODAY
                         NORMAL    RECORD    YEAR
 MAXIMUM TEMPERATURE (F)   37        61      2016
 MINIMUM TEMPERATURE (F)   23       -12      1884


SUNRISE AND SUNSET
FEBRUARY 28 2017......SUNRISE   629 AM CST   SUNSET   540 PM CST
MARCH  1 2017.........SUNRISE   627 AM CST   SUNSET   541 PM CST


-  INDICATES NEGATIVE NUMBERS.
R  INDICATES RECORD WAS SET OR TIED.
MM INDICATES DATA IS MISSING.
T  INDICATES TRACE AMOUNT.




$$
