000
CDUS43 KMKX 230048
CLIMKE


CLIMATE REPORT
NATIONAL WEATHER SERVICE IN MILWAUKEE
747 PM CDT TUE JUL 22 2014


...................................

...THE MILWAUKEE WI CLIMATE SUMMARY FOR JULY 22 2014...
VALID TODAY AS OF 0700 PM LOCAL TIME.

CLIMATE NORMAL PERIOD 1981 TO 2010
CLIMATE RECORD PERIOD 1871 TO 2014


WEATHER ITEM   OBSERVED TIME   RECORD YEAR NORMAL DEPARTURE LAST
                VALUE   (LST)  VALUE       VALUE  FROM      YEAR
                                                  NORMAL
..................................................................
TEMPERATURE (F)
 TODAY
  MAXIMUM         89    315 PM  97    1955  80      9       86
  MINIMUM         70    435 AM  47    1947  64      6       64
  AVERAGE         80                        72      8       75

PRECIPITATION (IN)
  TODAY            0.00          5.61 2010   0.12  -0.12     0.02
  MONTH TO DATE    1.88                      2.64  -0.76     1.00
  SINCE JUN 1      8.22                      6.54   1.68     6.80
  SINCE JAN 1     19.17                     19.18  -0.01    26.31

SNOWFALL (IN)
  TODAY            0.0           0.0    MM   0.0    0.0      0.0
  MONTH TO DATE    0.0                       0.0    0.0      0.0
  SINCE JUN 1      0.0                       0.0    0.0      0.0
  SINCE JUL 1      0.0                       0.0    0.0      0.0
  SNOW DEPTH       0

DEGREE DAYS
 HEATING
  TODAY            0                         0      0        0
  MONTH TO DATE   12                         4      8        3
  SINCE JUN 1     86                        88     -2       90
  SINCE JUL 1     12                         4      8        3

 COOLING
  TODAY           15                         7      8       10
  MONTH TO DATE  102                       153    -51      225
  SINCE JUN 1    192                       273    -81      324
  SINCE JAN 1    210                       303    -93      363
..................................................................


WIND (MPH)
  HIGHEST WIND SPEED    23   HIGHEST WIND DIRECTION    SW (220)
  HIGHEST GUST SPEED    29   HIGHEST GUST DIRECTION    SW (220)
  AVERAGE WIND SPEED    13.3


SKY COVER
  POSSIBLE SUNSHINE  MM
  AVERAGE SKY COVER 0.5


WEATHER CONDITIONS
 THE FOLLOWING WEATHER WAS RECORDED TODAY.
  NO SIGNIFICANT WEATHER WAS OBSERVED.


RELATIVE HUMIDITY (PERCENT)
 HIGHEST    79           200 AM
 LOWEST     59          1200 PM
 AVERAGE    69

..........................................................


THE MILWAUKEE WI CLIMATE NORMALS FOR TOMORROW
                         NORMAL    RECORD    YEAR
 MAXIMUM TEMPERATURE (F)   80        99      2012
                                             1940
 MINIMUM TEMPERATURE (F)   64        50      1876


SUNRISE AND SUNSET
JULY 22 2014..........SUNRISE   533 AM CDT   SUNSET   823 PM CDT
JULY 23 2014..........SUNRISE   534 AM CDT   SUNSET   822 PM CDT


-  INDICATES NEGATIVE NUMBERS.
R  INDICATES RECORD WAS SET OR TIED.
MM INDICATES DATA IS MISSING.
T  INDICATES TRACE AMOUNT.




$$
