000
CDUS43 KMKX 010658
CLIMKE


CLIMATE REPORT
NATIONAL WEATHER SERVICE IN MILWAUKEE
157 AM CDT FRI AUG 1 2014


...................................

...THE MILWAUKEE WI CLIMATE SUMMARY FOR JULY 31 2014...

CLIMATE NORMAL PERIOD 1981 TO 2010
CLIMATE RECORD PERIOD 1871 TO 2014


WEATHER ITEM   OBSERVED TIME   RECORD YEAR NORMAL DEPARTURE LAST
                VALUE   (LST)  VALUE       VALUE  FROM      YEAR
                                                  NORMAL
..................................................................
TEMPERATURE (F)
 YESTERDAY
  MAXIMUM         83    259 PM  98    2006  80      3       77
                                      1917
  MINIMUM         60    252 AM  49    1891  64     -4       64
  AVERAGE         72                        72      0       71

PRECIPITATION (IN)
  YESTERDAY        0.00          1.34 1953   0.11  -0.11     0.20
  MONTH TO DATE    2.31                      3.67  -1.36     1.55
  SINCE JUN 1      8.65                      7.57   1.08     7.35
  SINCE JAN 1     19.60                     20.21  -0.61    26.86

SNOWFALL (IN)
  YESTERDAY        0.0           0.0    MM   0.0    0.0      0.0
  MONTH TO DATE    0.0                       0.0    0.0      0.0
  SINCE JUN 1      0.0                       0.0    0.0      0.0
  SINCE JUL 1      0.0                       0.0    0.0      0.0
  SNOW DEPTH       0

DEGREE DAYS
 HEATING
  YESTERDAY        0                         0      0        0
  MONTH TO DATE   21                         4     17       14
  SINCE JUN 1     95                        95      0      101
  SINCE JUL 1     21                        11     10       14

 COOLING
  YESTERDAY        7                         7      0        6
  MONTH TO DATE  127                       222    -95      241
  SINCE JUN 1    217                       342   -125      340
  SINCE JAN 1    235                       372   -137      379
..................................................................


WIND (MPH)
  HIGHEST WIND SPEED    16   HIGHEST WIND DIRECTION     W (270)
  HIGHEST GUST SPEED    22   HIGHEST GUST DIRECTION     W (290)
  AVERAGE WIND SPEED     7.9


SKY COVER
  POSSIBLE SUNSHINE  MM
  AVERAGE SKY COVER 0.4


WEATHER CONDITIONS
 THE FOLLOWING WEATHER WAS RECORDED YESTERDAY.
  NO SIGNIFICANT WEATHER WAS OBSERVED.


RELATIVE HUMIDITY (PERCENT)
 HIGHEST    84          1200 AM
 LOWEST     37           300 PM
 AVERAGE    61

..........................................................


THE MILWAUKEE WI CLIMATE NORMALS FOR TODAY
                         NORMAL    RECORD    YEAR
 MAXIMUM TEMPERATURE (F)   80       103      1988
 MINIMUM TEMPERATURE (F)   64        49      1947


SUNRISE AND SUNSET
AUGUST  1 2014........SUNRISE   543 AM CDT   SUNSET   813 PM CDT
AUGUST  2 2014........SUNRISE   544 AM CDT   SUNSET   811 PM CDT


-  INDICATES NEGATIVE NUMBERS.
R  INDICATES RECORD WAS SET OR TIED.
MM INDICATES DATA IS MISSING.
T  INDICATES TRACE AMOUNT.




$$
