000
CDUS43 KMKX 220642
CLIMKE


CLIMATE REPORT
NATIONAL WEATHER SERVICE IN MILWAUKEE
1241 AM CST THU FEB 22 2018


...................................

...THE MILWAUKEE WI CLIMATE SUMMARY FOR FEBRUARY 21 2018...

CLIMATE NORMAL PERIOD 1981 TO 2010
CLIMATE RECORD PERIOD 1871 TO 2018


WEATHER ITEM   OBSERVED TIME   RECORD YEAR NORMAL DEPARTURE LAST
                VALUE   (LST)  VALUE       VALUE  FROM      YEAR
                                                  NORMAL
..................................................................
TEMPERATURE (F)
 YESTERDAY
  MAXIMUM         31   1245 AM  66    2017  34     -3       66
  MINIMUM         24    845 AM -12    1963  21      3       45
  AVERAGE         28                        28      0       56

PRECIPITATION (IN)
  YESTERDAY        0.00          1.81 1913   0.06  -0.06     0.07
  MONTH TO DATE    2.88                      1.19   1.69     0.25
  SINCE DEC 1      4.96                      4.99  -0.03     4.34
  SINCE JAN 1      4.50                      2.95   1.55     2.41

SNOWFALL (IN)
  YESTERDAY        0.0           7.3  1993   0.4   -0.4      0.0
  MONTH TO DATE   16.5                       7.5    9.0      0.4
  SINCE DEC 1     32.5                      32.8   -0.3     23.3
  SINCE JUL 1     32.7                      35.5   -2.8     23.3
  SNOW DEPTH       0

DEGREE DAYS
 HEATING
  YESTERDAY       37                        37      0        9
  MONTH TO DATE  877                       840     37      642
  SINCE DEC 1   3327                      3360    -33     2992
  SINCE JUL 1   4432                      4725   -293     3822

 COOLING
  YESTERDAY        0                         0      0        0
  MONTH TO DATE    0                         0      0        0
  SINCE DEC 1      0                         0      0        0
  SINCE JAN 1      0                         0      0        0
..................................................................


WIND (MPH)
  HIGHEST WIND SPEED    18   HIGHEST WIND DIRECTION    NW (310)
  HIGHEST GUST SPEED    28   HIGHEST GUST DIRECTION    NW (330)
  AVERAGE WIND SPEED     8.8


SKY COVER
  POSSIBLE SUNSHINE  MM
  AVERAGE SKY COVER 0.9


WEATHER CONDITIONS
 THE FOLLOWING WEATHER WAS RECORDED YESTERDAY.
  NO SIGNIFICANT WEATHER WAS OBSERVED.


RELATIVE HUMIDITY (PERCENT)
 HIGHEST    78          1200 AM
 LOWEST     53           200 PM
 AVERAGE    66

..........................................................


THE MILWAUKEE WI CLIMATE NORMALS FOR TODAY
                         NORMAL    RECORD    YEAR
 MAXIMUM TEMPERATURE (F)   35        71      2017
 MINIMUM TEMPERATURE (F)   21       -11      1873


SUNRISE AND SUNSET
FEBRUARY 22 2018......SUNRISE   639 AM CST   SUNSET   532 PM CST
FEBRUARY 23 2018......SUNRISE   637 AM CST   SUNSET   533 PM CST


-  INDICATES NEGATIVE NUMBERS.
R  INDICATES RECORD WAS SET OR TIED.
MM INDICATES DATA IS MISSING.
T  INDICATES TRACE AMOUNT.




$$
