000
CDUS43 KMKX 310641
CLIMKE


CLIMATE REPORT
NATIONAL WEATHER SERVICE IN MILWAUKEE
141 AM CDT FRI OCT 31 2014


...................................

...THE MILWAUKEE WI CLIMATE SUMMARY FOR OCTOBER 30 2014...

CLIMATE NORMAL PERIOD 1981 TO 2010
CLIMATE RECORD PERIOD 1871 TO 2014


WEATHER ITEM   OBSERVED TIME   RECORD YEAR NORMAL DEPARTURE LAST
                VALUE   (LST)  VALUE       VALUE  FROM      YEAR
                                                  NORMAL
..................................................................
TEMPERATURE (F)
 YESTERDAY
  MAXIMUM         51    354 PM  78    1901  54     -3       64
  MINIMUM         32    234 AM  18    1925  39     -7       40
  AVERAGE         42                        46     -4       52

PRECIPITATION (IN)
  YESTERDAY        T             1.80 1919   0.08  -0.08     0.02
  MONTH TO DATE    2.79                      2.56   0.23     2.64
  SINCE SEP 1      3.93                      5.74  -1.81     4.18
  SINCE JAN 1     29.22                     29.92  -0.70    34.31

SNOWFALL (IN)
  YESTERDAY        0.0           0.8  1923   0.0    0.0      0.0
  MONTH TO DATE    0.0                       0.3   -0.3      0.0
  SINCE SEP 1      0.0                       0.3   -0.3      0.0
  SINCE JUL 1      0.0                       0.3   -0.3      0.0
  SNOW DEPTH       0

DEGREE DAYS
 HEATING
  YESTERDAY       23                        19      4       13
  MONTH TO DATE  401                       415    -14      400
  SINCE SEP 1    550                       541      9      508
  SINCE JUL 1    576                       567      9      530

 COOLING
  YESTERDAY        0                         0      0        0
  MONTH TO DATE    4                         3      1       10
  SINCE SEP 1     63                        72     -9      111
  SINCE JAN 1    464                       637   -173      688
..................................................................


WIND (MPH)
  HIGHEST WIND SPEED    17   HIGHEST WIND DIRECTION     N (340)
  HIGHEST GUST SPEED    25   HIGHEST GUST DIRECTION     N (350)
  AVERAGE WIND SPEED     6.0


SKY COVER
  POSSIBLE SUNSHINE  MM
  AVERAGE SKY COVER 0.7


WEATHER CONDITIONS
 THE FOLLOWING WEATHER WAS RECORDED YESTERDAY.
  LIGHT RAIN


RELATIVE HUMIDITY (PERCENT)
 HIGHEST    82           200 AM
 LOWEST     48           200 PM
 AVERAGE    65

..........................................................


THE MILWAUKEE WI CLIMATE NORMALS FOR TODAY
                         NORMAL    RECORD    YEAR
 MAXIMUM TEMPERATURE (F)   54        80      1950
 MINIMUM TEMPERATURE (F)   38        20      1917


SUNRISE AND SUNSET
OCTOBER 31 2014.......SUNRISE   725 AM CDT   SUNSET   545 PM CDT
NOVEMBER  1 2014......SUNRISE   726 AM CDT   SUNSET   544 PM CDT


-  INDICATES NEGATIVE NUMBERS.
R  INDICATES RECORD WAS SET OR TIED.
MM INDICATES DATA IS MISSING.
T  INDICATES TRACE AMOUNT.




$$
