000
CDUS43 KMKX 242141
CLIMKE


CLIMATE REPORT
NATIONAL WEATHER SERVICE IN MILWAUKEE
437 PM CDT SUN SEP 24 2017


...................................

...THE MILWAUKEE WI CLIMATE SUMMARY FOR SEPTEMBER 24 2017...
VALID TODAY AS OF 0400 PM LOCAL TIME.

CLIMATE NORMAL PERIOD 1981 TO 2010
CLIMATE RECORD PERIOD 1871 TO 2017


WEATHER ITEM   OBSERVED TIME   RECORD YEAR NORMAL DEPARTURE LAST
                VALUE   (LST)  VALUE       VALUE  FROM      YEAR
                                                  NORMAL
..................................................................
TEMPERATURE (F)
 TODAY
  MAXIMUM         91   1152 AM  92    1891  68     23       69
  MINIMUM         68    557 AM  32    1942  51     17       64
  AVERAGE         80                        60     20       67

PRECIPITATION (IN)
  TODAY            0.00          1.57 1899   0.11  -0.11     0.00
  MONTH TO DATE    0.39                      2.57  -2.18     3.16
  SINCE SEP 1      0.39                      2.57  -2.18     3.16
  SINCE JAN 1     27.71                     26.75   0.96    20.82

SNOWFALL (IN)
  TODAY            0.0           0.0    MM   0.0    0.0      0.0
  MONTH TO DATE    0.0                       0.0    0.0      0.0
  SINCE SEP 1      0.0                       0.0    0.0      0.0
  SINCE JUL 1      0.0                       0.0    0.0      0.0
  SNOW DEPTH       0

DEGREE DAYS
 HEATING
  TODAY            0                         6     -6        0
  MONTH TO DATE   45                        79    -34        0
  SINCE SEP 1     45                        79    -34        0
  SINCE JUL 1     54                       105    -51        2

 COOLING
  TODAY           15                         1     14        2
  MONTH TO DATE  110                        64     46      136
  SINCE SEP 1    110                        64     46      136
  SINCE JAN 1    720                       629     91      972
..................................................................


WIND (MPH)
  HIGHEST WIND SPEED    20   HIGHEST WIND DIRECTION    SE (140)
  HIGHEST GUST SPEED    22   HIGHEST GUST DIRECTION    SE (140)
  AVERAGE WIND SPEED     7.6


SKY COVER
  POSSIBLE SUNSHINE  MM
  AVERAGE SKY COVER 0.1


WEATHER CONDITIONS
 THE FOLLOWING WEATHER WAS RECORDED TODAY.
  FOG
  HAZE


RELATIVE HUMIDITY (PERCENT)
 HIGHEST    93           600 AM
 LOWEST     41          1100 AM
 AVERAGE    67

..........................................................


THE MILWAUKEE WI CLIMATE NORMALS FOR TOMORROW
                         NORMAL    RECORD    YEAR
 MAXIMUM TEMPERATURE (F)   68        89      1933
 MINIMUM TEMPERATURE (F)   51        29      1942


SUNRISE AND SUNSET
SEPTEMBER 24 2017.....SUNRISE   641 AM CDT   SUNSET   645 PM CDT
SEPTEMBER 25 2017.....SUNRISE   642 AM CDT   SUNSET   643 PM CDT


-  INDICATES NEGATIVE NUMBERS.
R  INDICATES RECORD WAS SET OR TIED.
MM INDICATES DATA IS MISSING.
T  INDICATES TRACE AMOUNT.




$$

HAHN
