000
CDUS43 KGRR 250525
CLIMKG


CLIMATE REPORT
NATIONAL WEATHER SERVICE GRAND RAPIDS, MI
123 AM EDT MON SEP 25 2017


...................................

...THE MUSKEGON MI CLIMATE SUMMARY FOR SEPTEMBER 24 2017...

CLIMATE NORMAL PERIOD 1981 TO 2010
CLIMATE RECORD PERIOD 1896 TO 2017


WEATHER ITEM   OBSERVED TIME   RECORD YEAR NORMAL DEPARTURE LAST
                VALUE   (LST)  VALUE       VALUE  FROM      YEAR
                                                  NORMAL
..................................................................
TEMPERATURE (F)
 YESTERDAY
  MAXIMUM         89R   134 PM  86    2007  68     21       71
                                      1941
  MINIMUM         64   1159 PM  28    1950  50     14       53
  AVERAGE         77                        59     18       62

PRECIPITATION (IN)
  YESTERDAY        0.00          1.29 1977   0.14  -0.14     0.00
  MONTH TO DATE    0.79                      3.13  -2.34     5.18
  SINCE SEP 1      0.79                      3.13  -2.34     5.18
  SINCE JAN 1     21.95                     23.71  -1.76    30.33

SNOWFALL (IN)
  YESTERDAY        0.0           T    1942   0.0    0.0      0.0
  MONTH TO DATE    0.0                       0.0    0.0      0.0
  SINCE SEP 1      0.0                       0.0    0.0      0.0
  SINCE JUL 1      0.0                       0.0    0.0      0.0
  SNOW DEPTH       0

DEGREE DAYS
 HEATING
  YESTERDAY        0                         7     -7        3
  MONTH TO DATE   68                        93    -25        7
  SINCE SEP 1     68                        93    -25        7
  SINCE JUL 1     81                       123    -42       16

 COOLING
  YESTERDAY       12                         1     11        0
  MONTH TO DATE   90                        51     39      100
  SINCE SEP 1     90                        51     39      100
  SINCE JAN 1    584                       558     26      764
..................................................................


WIND (MPH)
  RESULTANT WIND SPEED   2   RESULTANT WIND DIRECTION   S (190)
  HIGHEST WIND SPEED    13   HIGHEST WIND DIRECTION    SW (220)
  HIGHEST GUST SPEED    17   HIGHEST GUST DIRECTION     W (250)
  AVERAGE WIND SPEED     4.4


SKY COVER
  AVERAGE SKY COVER 0.1


WEATHER CONDITIONS
 THE FOLLOWING WEATHER WAS RECORDED YESTERDAY.
  NO SIGNIFICANT WEATHER WAS OBSERVED.


RELATIVE HUMIDITY (PERCENT)
 HIGHEST    93           100 AM
 LOWEST     34           500 PM
 AVERAGE    64

..........................................................


THE MUSKEGON MI CLIMATE NORMALS FOR TODAY
                         NORMAL    RECORD    YEAR
 MAXIMUM TEMPERATURE (F)   67        86      1920
 MINIMUM TEMPERATURE (F)   49        28      1947


SUNRISE AND SUNSET
SEPTEMBER 25 2017.....SUNRISE   736 AM EDT   SUNSET   736 PM EDT
SEPTEMBER 26 2017.....SUNRISE   737 AM EDT   SUNSET   735 PM EDT


-  INDICATES NEGATIVE NUMBERS.
R  INDICATES RECORD WAS SET OR TIED.
MM INDICATES DATA IS MISSING.
T  INDICATES TRACE AMOUNT.




$$
