000
CDUS43 KGRR 252126
CLIMKG


CLIMATE REPORT
NATIONAL WEATHER SERVICE GRAND RAPIDS, MI
525 PM EDT SAT OCT 25 2014


...................................

...THE MUSKEGON MI CLIMATE SUMMARY FOR OCTOBER 25 2014...
VALID TODAY AS OF 0500 PM LOCAL TIME.

CLIMATE NORMAL PERIOD 1981 TO 2010
CLIMATE RECORD PERIOD 1896 TO 2014


WEATHER ITEM   OBSERVED TIME   RECORD YEAR NORMAL DEPARTURE LAST
                VALUE   (LST)  VALUE       VALUE  FROM      YEAR
                                                  NORMAL
..................................................................
TEMPERATURE (F)
 TODAY
  MAXIMUM         63    337 PM  76    2012  55      8       52
  MINIMUM         48   1229 AM  21    1960  40      8       39
  AVERAGE         56                        48      8       46

PRECIPITATION (IN)
  TODAY            0.00          1.00 1898   0.10  -0.10     0.01
  MONTH TO DATE    2.69                      2.48   0.21     3.33
  SINCE SEP 1      5.89                      6.37  -0.48     5.28
  SINCE JAN 1     32.50                     26.95   5.55    36.53

SNOWFALL (IN)
  TODAY            0.0           1.6  1962   0.0    0.0      0.0
  MONTH TO DATE    0.0                       0.1   -0.1       T
  SINCE SEP 1      0.0                       0.1   -0.1       T
  SINCE JUL 1      0.0                       0.1   -0.1       T
  SNOW DEPTH       0

DEGREE DAYS
 HEATING
  TODAY            9                        17     -8       19
  MONTH TO DATE  327                       339    -12      261
  SINCE SEP 1    482                       482      0      368
  SINCE JUL 1    531                       512     19      403

 COOLING
  TODAY            0                         0      0        0
  MONTH TO DATE    0                         2     -2       10
  SINCE SEP 1     46                        56    -10       87
  SINCE JAN 1    442                       563   -121      626
..................................................................


WIND (MPH)
  RESULTANT WIND SPEED  10   RESULTANT WIND DIRECTION   W (270)
  HIGHEST WIND SPEED    20   HIGHEST WIND DIRECTION     W (270)
  HIGHEST GUST SPEED    27   HIGHEST GUST DIRECTION     W (270)
  AVERAGE WIND SPEED    11.2


SKY COVER
  AVERAGE SKY COVER 0.5


WEATHER CONDITIONS
 THE FOLLOWING WEATHER WAS RECORDED TODAY.
  FOG
  HAZE


RELATIVE HUMIDITY (PERCENT)
 HIGHEST    93          1200 AM
 LOWEST     48           300 PM
 AVERAGE    71

..........................................................


THE MUSKEGON MI CLIMATE NORMALS FOR TOMORROW
                         NORMAL    RECORD    YEAR
 MAXIMUM TEMPERATURE (F)   55        74      1963
 MINIMUM TEMPERATURE (F)   40        23      1990


SUNRISE AND SUNSET
OCTOBER 25 2014.......SUNRISE   811 AM EDT   SUNSET   646 PM EDT
OCTOBER 26 2014.......SUNRISE   812 AM EDT   SUNSET   645 PM EDT


-  INDICATES NEGATIVE NUMBERS.
R  INDICATES RECORD WAS SET OR TIED.
MM INDICATES DATA IS MISSING.
T  INDICATES TRACE AMOUNT.




$$

63
