325
CDUS43 KGRR 312125
CLIMKG


CLIMATE REPORT
NATIONAL WEATHER SERVICE GRAND RAPIDS, MI
524 PM EDT WED AUG 31 2016


...................................

...THE MUSKEGON MI CLIMATE SUMMARY FOR AUGUST 31 2016...
VALID TODAY AS OF 0500 PM LOCAL TIME.

CLIMATE NORMAL PERIOD 1981 TO 2010
CLIMATE RECORD PERIOD 1896 TO 2016


WEATHER ITEM   OBSERVED TIME   RECORD YEAR NORMAL DEPARTURE LAST
                VALUE   (LST)  VALUE       VALUE  FROM      YEAR
                                                  NORMAL
..................................................................
TEMPERATURE (F)
 TODAY
  MAXIMUM         80    259 PM  91    1953  77      3       77
  MINIMUM         68    848 AM  41    2009  58     10       59
  AVERAGE         74                        68      6       68

PRECIPITATION (IN)
  TODAY            0.00          2.97 1975   0.12  -0.12     0.00
  MONTH TO DATE    2.86                      3.39  -0.53     2.35
  SINCE JUN 1     11.22                      8.31   2.91    10.70
  SINCE JAN 1     25.15                     20.58   4.57    23.13

SNOWFALL (IN)
  TODAY            0.0          MM      MM   0.0    0.0      0.0
  MONTH TO DATE    0.0                       0.0    0.0      0.0
  SINCE JUN 1      0.0                       0.0    0.0      0.0
  SINCE JUL 1      0.0                       0.0    0.0      0.0
  SNOW DEPTH       0

DEGREE DAYS
 HEATING
  TODAY            0                         1     -1        0
  MONTH TO DATE    0                        14    -14       17
  SINCE JUN 1     47                        96    -49       65
  SINCE JUL 1      9                        30    -21       32

 COOLING
  TODAY            9                         4      5        3
  MONTH TO DATE  264                       171     93      175
  SINCE JUN 1    622                       478    144      415
  SINCE JAN 1    666                       507    159      454
..................................................................


WIND (MPH)
  RESULTANT WIND SPEED   7   RESULTANT WIND DIRECTION   N (10)
  HIGHEST WIND SPEED    16   HIGHEST WIND DIRECTION     N (350)
  HIGHEST GUST SPEED    23   HIGHEST GUST DIRECTION     N (340)
  AVERAGE WIND SPEED     7.5


SKY COVER
  AVERAGE SKY COVER 0.6


WEATHER CONDITIONS
 THE FOLLOWING WEATHER WAS RECORDED TODAY.
  FOG
  FOG W/VISIBILITY <= 1/4 MILE


RELATIVE HUMIDITY (PERCENT)
 HIGHEST   100           200 AM
 LOWEST     42           300 PM
 AVERAGE    71

..........................................................


THE MUSKEGON MI CLIMATE NORMALS FOR TOMORROW
                         NORMAL    RECORD    YEAR
 MAXIMUM TEMPERATURE (F)   77        95      1953
 MINIMUM TEMPERATURE (F)   58        40      1906


SUNRISE AND SUNSET
AUGUST 31 2016........SUNRISE   709 AM EDT   SUNSET   821 PM EDT
SEPTEMBER  1 2016.....SUNRISE   710 AM EDT   SUNSET   819 PM EDT


-  INDICATES NEGATIVE NUMBERS.
R  INDICATES RECORD WAS SET OR TIED.
MM INDICATES DATA IS MISSING.
T  INDICATES TRACE AMOUNT.




$$
