000
CDUS44 KMEG 232248
CLIMKL


CLIMATE REPORT
NATIONAL WEATHER SERVICE MEMPHIS TN
448 PM CST FRI FEB 23 2018


...................................

...THE JACKSON CLIMATE SUMMARY FOR FEBRUARY 23 2018...
VALID TODAY AS OF 0400 PM LOCAL TIME.

CLIMATE NORMAL PERIOD 1981 TO 2010
CLIMATE RECORD PERIOD 1948 TO 2018


WEATHER ITEM   OBSERVED TIME   RECORD YEAR NORMAL DEPARTURE LAST
                VALUE   (LST)  VALUE       VALUE  FROM      YEAR
                                                  NORMAL
..................................................................
TEMPERATURE (F)
 TODAY
  MAXIMUM         76    207 PM  81    1982  55     21       75
  MINIMUM         57   1254 AM  17    1989  34     23       50
  AVERAGE         67                        45     22       63

PRECIPITATION (IN)
  TODAY            0.01          1.64 1962   0.15  -0.14     0.00
  MONTH TO DATE    9.47                      3.44   6.03     1.53
  SINCE DEC 1     20.25                     12.86   7.39    11.63
  SINCE JAN 1     13.64                      7.51   6.13     4.45

DEGREE DAYS
 HEATING
  TODAY            0                        20    -20        2
  MONTH TO DATE  415                       537   -122      306
  SINCE DEC 1   2096                      2119    -23     1596
  SINCE JUL 1   2697                      2786    -89     1980

 COOLING
  TODAY            2                         0      2        0
  MONTH TO DATE   18                         0     18        2
  SINCE DEC 1     18                         1     17        4
  SINCE JAN 1     18                         0     18        2
..................................................................


WIND (MPH)
  HIGHEST WIND SPEED    18   HIGHEST WIND DIRECTION     W (290)
  HIGHEST GUST SPEED    23   HIGHEST GUST DIRECTION     W (290)
  AVERAGE WIND SPEED     5.7


SKY COVER
  POSSIBLE SUNSHINE  MM
  AVERAGE SKY COVER 0.8


WEATHER CONDITIONS
 THE FOLLOWING WEATHER WAS RECORDED TODAY.
  THUNDERSTORM
  LIGHT RAIN
  FOG


RELATIVE HUMIDITY (PERCENT)
 HIGHEST   100          1200 AM
 LOWEST     69           200 PM
 AVERAGE    85

..........................................................


THE JACKSON CLIMATE NORMALS FOR TOMORROW
                         NORMAL    RECORD    YEAR
 MAXIMUM TEMPERATURE (F)   56        76      2017
                                             2000
                                             1957
 MINIMUM TEMPERATURE (F)   34        16      1967


SUNRISE AND SUNSET
FEBRUARY 23 2018......SUNRISE   633 AM CST   SUNSET   545 PM CST
FEBRUARY 24 2018......SUNRISE   632 AM CST   SUNSET   546 PM CST


-  INDICATES NEGATIVE NUMBERS.
R  INDICATES RECORD WAS SET OR TIED.
MM INDICATES DATA IS MISSING.
T  INDICATES TRACE AMOUNT.




$$
