000
CDUS44 KMEG 112249
CLIMKL


CLIMATE REPORT
NATIONAL WEATHER SERVICE MEMPHIS TN
448 PM CST MON DEC 11 2017


...................................

...THE JACKSON CLIMATE SUMMARY FOR DECEMBER 11 2017...
VALID TODAY AS OF 0400 PM LOCAL TIME.

CLIMATE NORMAL PERIOD 1981 TO 2010
CLIMATE RECORD PERIOD 1948 TO 2017


WEATHER ITEM   OBSERVED TIME   RECORD YEAR NORMAL DEPARTURE LAST
                VALUE   (LST)  VALUE       VALUE  FROM      YEAR
                                                  NORMAL
..................................................................
TEMPERATURE (F)
 TODAY
  MAXIMUM         65    259 PM  74    2015  51     14       58
                                      2007
  MINIMUM         27    453 AM   6    1962  32     -5       35
  AVERAGE         46                        42      4       47

PRECIPITATION (IN)
  TODAY            0.00          3.79 1949   0.20  -0.20     0.30
  MONTH TO DATE    0.89                      2.04  -1.15     1.49
  SINCE DEC 1      0.89                      2.04  -1.15     1.49
  SINCE JAN 1     43.82                     49.96  -6.14    41.04

DEGREE DAYS
 HEATING
  TODAY           19                        24     -5       18
  MONTH TO DATE  233                       244    -11      276
  SINCE DEC 1    233                       244    -11      276
  SINCE JUL 1    834                       911    -77      660

 COOLING
  TODAY            0                         0      0        0
  MONTH TO DATE    0                         0      0        0
  SINCE DEC 1      0                         0      0        0
  SINCE JAN 1   1812                      1697    115     2092
..................................................................


WIND (MPH)
  HIGHEST WIND SPEED    18   HIGHEST WIND DIRECTION    SW (220)
  HIGHEST GUST SPEED    26   HIGHEST GUST DIRECTION    SW (230)
  AVERAGE WIND SPEED     7.4


SKY COVER
  POSSIBLE SUNSHINE  MM
  AVERAGE SKY COVER 0.0


WEATHER CONDITIONS
 THE FOLLOWING WEATHER WAS RECORDED TODAY.
  NO SIGNIFICANT WEATHER WAS OBSERVED.


RELATIVE HUMIDITY (PERCENT)
 HIGHEST    92           400 AM
 LOWEST     25           400 PM
 AVERAGE    59

..........................................................


THE JACKSON CLIMATE NORMALS FOR TOMORROW
                         NORMAL    RECORD    YEAR
 MAXIMUM TEMPERATURE (F)   51        73      2015
 MINIMUM TEMPERATURE (F)   32         0      1962


SUNRISE AND SUNSET
DECEMBER 11 2017......SUNRISE   655 AM CST   SUNSET   443 PM CST
DECEMBER 12 2017......SUNRISE   656 AM CST   SUNSET   443 PM CST


-  INDICATES NEGATIVE NUMBERS.
R  INDICATES RECORD WAS SET OR TIED.
MM INDICATES DATA IS MISSING.
T  INDICATES TRACE AMOUNT.




$$
