000
CDUS44 KMEG 082254
CLIMKL


CLIMATE REPORT
NATIONAL WEATHER SERVICE MEMPHIS TN
453 PM CST THU DEC 8 2016


...................................

...THE JACKSON CLIMATE SUMMARY FOR DECEMBER 8 2016...
VALID TODAY AS OF 0400 PM LOCAL TIME.

CLIMATE NORMAL PERIOD 1981 TO 2010
CLIMATE RECORD PERIOD 1948 TO 2016


WEATHER ITEM   OBSERVED TIME   RECORD YEAR NORMAL DEPARTURE LAST
                VALUE   (LST)  VALUE       VALUE  FROM      YEAR
                                                  NORMAL
..................................................................
TEMPERATURE (F)
 TODAY
  MAXIMUM         40   1204 AM  71    2007  52    -12       65
                                      1966
  MINIMUM         32    912 AM  11    2006  32      0       28
  AVERAGE         36                        42     -6       47

PRECIPITATION (IN)
  TODAY            0.00          2.88 1972   0.18  -0.18     0.00
  MONTH TO DATE    1.19                      1.46  -0.27     0.29
  SINCE DEC 1      1.19                      1.46  -0.27     0.29
  SINCE JAN 1     40.74                     49.38  -8.64    43.36

DEGREE DAYS
 HEATING
  TODAY           29                        23      6       18
  MONTH TO DATE  181                       174      7      166
  SINCE DEC 1    181                       174      7      166
  SINCE JUL 1    565                       841   -276      641

 COOLING
  TODAY            0                         0      0        0
  MONTH TO DATE    0                         0      0        0
  SINCE DEC 1      0                         0      0        0
  SINCE JAN 1   2092                      1697    395     1855
..................................................................


WIND (MPH)
  HIGHEST WIND SPEED    20   HIGHEST WIND DIRECTION    NW (330)
  HIGHEST GUST SPEED    22   HIGHEST GUST DIRECTION    NW (330)
  AVERAGE WIND SPEED    12.0


SKY COVER
  POSSIBLE SUNSHINE  MM
  AVERAGE SKY COVER 0.2


WEATHER CONDITIONS
 THE FOLLOWING WEATHER WAS RECORDED TODAY.
  NO SIGNIFICANT WEATHER WAS OBSERVED.


RELATIVE HUMIDITY (PERCENT)
 HIGHEST    72           800 AM
 LOWEST     44           100 PM
 AVERAGE    58

..........................................................


THE JACKSON CLIMATE NORMALS FOR TOMORROW
                         NORMAL    RECORD    YEAR
 MAXIMUM TEMPERATURE (F)   52        75      2007
 MINIMUM TEMPERATURE (F)   32         9      1995


SUNRISE AND SUNSET
DECEMBER  8 2016......SUNRISE   653 AM CST   SUNSET   442 PM CST
DECEMBER  9 2016......SUNRISE   654 AM CST   SUNSET   443 PM CST


-  INDICATES NEGATIVE NUMBERS.
R  INDICATES RECORD WAS SET OR TIED.
MM INDICATES DATA IS MISSING.
T  INDICATES TRACE AMOUNT.




$$
