000
CDUS44 KMEG 300633
CLIMKL


CLIMATE REPORT
NATIONAL WEATHER SERVICE MEMPHIS TN
132 AM CDT MON MAR 30 2015


...................................

...THE JACKSON CLIMATE SUMMARY FOR MARCH 29 2015...

CLIMATE NORMAL PERIOD 1981 TO 2010
CLIMATE RECORD PERIOD 1948 TO 2015


WEATHER ITEM   OBSERVED TIME   RECORD YEAR NORMAL DEPARTURE LAST
                VALUE   (LST)  VALUE       VALUE  FROM      YEAR
                                                  NORMAL
..................................................................
TEMPERATURE (F)
 YESTERDAY
  MAXIMUM         65    505 PM  86    1963  67     -2       60
  MINIMUM         24R   249 AM  25    1955  43    -19       36
  AVERAGE         45                        55    -10       48

PRECIPITATION (IN)
  YESTERDAY        0.10          2.10 1965   0.17  -0.07     0.73
  MONTH TO DATE    4.75                      4.41   0.34     5.84
  SINCE MAR 1      4.75                      4.41   0.34     5.84
  SINCE JAN 1     10.64                     12.65  -2.01    14.00

SNOWFALL (IN)
  YESTERDAY        0.0           0.2  1991   0.0    0.0      0.0
  MONTH TO DATE    4.4                       0.4    4.0      0.8
  SINCE MAR 1      4.4                       0.4    4.0      0.8
  SINCE JUL 1      5.9                       4.6    1.3      1.3
  SNOW DEPTH       0

DEGREE DAYS
 HEATING
  YESTERDAY       20                        11      9       17
  MONTH TO DATE  465                       424     41      564
  SINCE MAR 1    465                       424     41      564
  SINCE JUL 1   3638                      3308    330     3860

 COOLING
  YESTERDAY        0                         1     -1        0
  MONTH TO DATE    2                         5     -3        0
  SINCE MAR 1      2                         5     -3        0
  SINCE JAN 1      2                         6     -4        0
..................................................................


WIND (MPH)
  HIGHEST WIND SPEED    17   HIGHEST WIND DIRECTION    SW (210)
  HIGHEST GUST SPEED    24   HIGHEST GUST DIRECTION     S (190)
  AVERAGE WIND SPEED     6.4


SKY COVER
  POSSIBLE SUNSHINE  MM
  AVERAGE SKY COVER 0.3


WEATHER CONDITIONS
 THE FOLLOWING WEATHER WAS RECORDED YESTERDAY.
  THUNDERSTORM
  RAIN
  LIGHT RAIN
  FOG


RELATIVE HUMIDITY (PERCENT)
 HIGHEST    92           100 AM
 LOWEST     28          1000 AM
 AVERAGE    60

..........................................................


THE JACKSON CLIMATE NORMALS FOR TODAY
                         NORMAL    RECORD    YEAR
 MAXIMUM TEMPERATURE (F)   67        87      1986
 MINIMUM TEMPERATURE (F)   43        21      1964


SUNRISE AND SUNSET
MARCH 30 2015.........SUNRISE   645 AM CDT   SUNSET   715 PM CDT
MARCH 31 2015.........SUNRISE   644 AM CDT   SUNSET   716 PM CDT


-  INDICATES NEGATIVE NUMBERS.
R  INDICATES RECORD WAS SET OR TIED.
MM INDICATES DATA IS MISSING.
T  INDICATES TRACE AMOUNT.




$$
