621
CDUS44 KMEG 272155
CLIMKL


CLIMATE REPORT
NATIONAL WEATHER SERVICE MEMPHIS TN
455 PM CDT THU APR 27 2017


...................................

...THE JACKSON CLIMATE SUMMARY FOR APRIL 27 2017...
VALID TODAY AS OF 0400 PM LOCAL TIME.

CLIMATE NORMAL PERIOD 1981 TO 2010
CLIMATE RECORD PERIOD 1948 TO 2017


WEATHER ITEM   OBSERVED TIME   RECORD YEAR NORMAL DEPARTURE LAST
                VALUE   (LST)  VALUE       VALUE  FROM      YEAR
                                                  NORMAL
..................................................................
TEMPERATURE (F)
 TODAY
  MAXIMUM         68    341 PM  93    1987  75     -7       78
  MINIMUM         50    557 AM  38    2000  52     -2       64
  AVERAGE         59                        63     -4       71

PRECIPITATION (IN)
  TODAY            0.03          3.22 2011   0.17  -0.14     0.35
  MONTH TO DATE    5.58                      4.35   1.23     2.09
  SINCE MAR 1     13.25                      9.10   4.15    14.74
  SINCE JAN 1     18.08                     17.34   0.74    20.36

DEGREE DAYS
 HEATING
  TODAY            6                         4      2        0
  MONTH TO DATE   79                       187   -108      130
  SINCE MAR 1    438                       631   -193      443
  SINCE JUL 1   2478                      3515  -1037     2811

 COOLING
  TODAY            0                         2     -2        6
  MONTH TO DATE   68                        40     28       30
  SINCE MAR 1     81                        50     31       36
  SINCE JAN 1     83                        51     32       36
..................................................................


WIND (MPH)
  HIGHEST WIND SPEED    16   HIGHEST WIND DIRECTION    NW (300)
  HIGHEST GUST SPEED    22   HIGHEST GUST DIRECTION    NW (300)
  AVERAGE WIND SPEED     8.7


SKY COVER
  POSSIBLE SUNSHINE  MM
  AVERAGE SKY COVER 0.7


WEATHER CONDITIONS
 THE FOLLOWING WEATHER WAS RECORDED TODAY.
  LIGHT RAIN
  FOG


RELATIVE HUMIDITY (PERCENT)
 HIGHEST   100           100 AM
 LOWEST     63           200 PM
 AVERAGE    82

..........................................................


THE JACKSON CLIMATE NORMALS FOR TOMORROW
                         NORMAL    RECORD    YEAR
 MAXIMUM TEMPERATURE (F)   76        91      1989
 MINIMUM TEMPERATURE (F)   52        34      1992


SUNRISE AND SUNSET
APRIL 27 2017.........SUNRISE   608 AM CDT   SUNSET   739 PM CDT
APRIL 28 2017.........SUNRISE   607 AM CDT   SUNSET   740 PM CDT


-  INDICATES NEGATIVE NUMBERS.
R  INDICATES RECORD WAS SET OR TIED.
MM INDICATES DATA IS MISSING.
T  INDICATES TRACE AMOUNT.




$$
