000
CDUS44 KMEG 300634
CLIMKL


CLIMATE REPORT
NATIONAL WEATHER SERVICE MEMPHIS TN
132 AM CDT FRI SEP 30 2016


...................................

...THE JACKSON CLIMATE SUMMARY FOR SEPTEMBER 29 2016...

CLIMATE NORMAL PERIOD 1981 TO 2010
CLIMATE RECORD PERIOD 1948 TO 2016


WEATHER ITEM   OBSERVED TIME   RECORD YEAR NORMAL DEPARTURE LAST
                VALUE   (LST)  VALUE       VALUE  FROM      YEAR
                                                  NORMAL
..................................................................
TEMPERATURE (F)
 YESTERDAY
  MAXIMUM         73        MM  98    1953  79     -6       81
  MINIMUM         48        MM  36    1967  54     -6       67
  AVERAGE         61                        66     -5       74

PRECIPITATION (IN)
  YESTERDAY        0.00          1.75 1989   0.14  -0.14     0.39
  MONTH TO DATE    1.69                      3.25  -1.56     2.07
  SINCE SEP 1      1.69                      3.25  -1.56     2.07
  SINCE JAN 1     35.56                     39.12  -3.56    33.53

SNOWFALL (IN)
  YESTERDAY        0.0           0.0  2002   0.0    0.0      0.0
                                      2001
  MONTH TO DATE    0.0                       0.0    0.0      0.0
  SINCE SEP 1      0.0                       0.0    0.0      0.0
  SINCE JUL 1      0.0                       0.0    0.0      0.0
  SNOW DEPTH       0

DEGREE DAYS
 HEATING
  YESTERDAY        4                         3      1        0
  MONTH TO DATE    5                        22    -17        9
  SINCE SEP 1      5                        22    -17        9
  SINCE JUL 1      5                        22    -17        9

 COOLING
  YESTERDAY        0                         4     -4        9
  MONTH TO DATE  322                       217    105      229
  SINCE SEP 1    322                       217    105      229
  SINCE JAN 1   1951                      1640    311     1791
..................................................................


WIND (MPH)
  HIGHEST WIND SPEED    MM   HIGHEST WIND DIRECTION    MM
  HIGHEST GUST SPEED    MM   HIGHEST GUST DIRECTION    MM
  AVERAGE WIND SPEED    MM


SKY COVER
  POSSIBLE SUNSHINE  MM
  AVERAGE SKY COVER 0.2


WEATHER CONDITIONS
 THE FOLLOWING WEATHER WAS RECORDED YESTERDAY.
  NO SIGNIFICANT WEATHER WAS OBSERVED.


RELATIVE HUMIDITY (PERCENT)
 HIGHEST    MM
 LOWEST     MM
 AVERAGE    MM

..........................................................


THE JACKSON CLIMATE NORMALS FOR TODAY
                         NORMAL    RECORD    YEAR
 MAXIMUM TEMPERATURE (F)   79        98      1953
 MINIMUM TEMPERATURE (F)   53        35      1949


SUNRISE AND SUNSET
SEPTEMBER 30 2016.....SUNRISE   650 AM CDT   SUNSET   640 PM CDT
OCTOBER  1 2016.......SUNRISE   651 AM CDT   SUNSET   639 PM CDT


-  INDICATES NEGATIVE NUMBERS.
R  INDICATES RECORD WAS SET OR TIED.
MM INDICATES DATA IS MISSING.
T  INDICATES TRACE AMOUNT.




$$
