000
CDUS44 KMEG 232214
CLIMKL


CLIMATE REPORT
NATIONAL WEATHER SERVICE MEMPHIS TN
512 PM CDT THU MAR 23 2017


...................................

...THE JACKSON CLIMATE SUMMARY FOR MARCH 23 2017...
VALID TODAY AS OF 0500 PM LOCAL TIME.

CLIMATE NORMAL PERIOD 1981 TO 2010
CLIMATE RECORD PERIOD 1948 TO 2017


WEATHER ITEM   OBSERVED TIME   RECORD YEAR NORMAL DEPARTURE LAST
                VALUE   (LST)  VALUE       VALUE  FROM      YEAR
                                                  NORMAL
..................................................................
TEMPERATURE (F)
 TODAY
  MAXIMUM         77    408 PM  82    2007  65     12       74
                                      1987
  MINIMUM         44    352 AM  20    1968  41      3       55
  AVERAGE         61                        53      8       65

PRECIPITATION (IN)
  TODAY            0.00          1.32 1958   0.17  -0.17     0.00
  MONTH TO DATE    6.52                      3.44   3.08     8.84
  SINCE MAR 1      6.52                      3.44   3.08     8.84
  SINCE JAN 1     11.35                     11.68  -0.33    14.46

DEGREE DAYS
 HEATING
  TODAY            4                        12     -8        0
  MONTH TO DATE  346                       355     -9      248
  SINCE MAR 1    346                       355     -9      248
  SINCE JUL 1   2386                      3239   -853     2616

 COOLING
  TODAY            0                         0      0        0
  MONTH TO DATE    3                         0      3        6
  SINCE MAR 1      3                         0      3        6
  SINCE JAN 1      5                         1      4        6
..................................................................


WIND (MPH)
  HIGHEST WIND SPEED    12   HIGHEST WIND DIRECTION     S (200)
  HIGHEST GUST SPEED    16   HIGHEST GUST DIRECTION     S (180)
  AVERAGE WIND SPEED     5.0


SKY COVER
  POSSIBLE SUNSHINE  MM
  AVERAGE SKY COVER 0.3


WEATHER CONDITIONS
 THE FOLLOWING WEATHER WAS RECORDED TODAY.
  NO SIGNIFICANT WEATHER WAS OBSERVED.


RELATIVE HUMIDITY (PERCENT)
 HIGHEST    49           300 AM
 LOWEST     31          1100 AM
 AVERAGE    40

..........................................................


THE JACKSON CLIMATE NORMALS FOR TOMORROW
                         NORMAL    RECORD    YEAR
 MAXIMUM TEMPERATURE (F)   65        84      2007
 MINIMUM TEMPERATURE (F)   41        15      1968


SUNRISE AND SUNSET
MARCH 23 2017.........SUNRISE   655 AM CDT   SUNSET   710 PM CDT
MARCH 24 2017.........SUNRISE   653 AM CDT   SUNSET   711 PM CDT


-  INDICATES NEGATIVE NUMBERS.
R  INDICATES RECORD WAS SET OR TIED.
MM INDICATES DATA IS MISSING.
T  INDICATES TRACE AMOUNT.




$$
