000
CDUS44 KMEG 230739
CLIMKL


CLIMATE REPORT
NATIONAL WEATHER SERVICE MEMPHIS TN
138 AM CST MON JAN 23 2017


...................................

...THE JACKSON CLIMATE SUMMARY FOR JANUARY 22 2017...

CLIMATE NORMAL PERIOD 1981 TO 2010
CLIMATE RECORD PERIOD 1948 TO 2017


WEATHER ITEM   OBSERVED TIME   RECORD YEAR NORMAL DEPARTURE LAST
                VALUE   (LST)  VALUE       VALUE  FROM      YEAR
                                                  NORMAL
..................................................................
TEMPERATURE (F)
 YESTERDAY
  MAXIMUM         60    234 PM  71    1974  48     12       33
  MINIMUM         55   1159 PM   1    1984  28     27       28
  AVERAGE         58                        38     20       31

PRECIPITATION (IN)
  YESTERDAY        0.18          4.17 1962   0.13   0.05     0.17
  MONTH TO DATE    2.92                      2.82   0.10     1.95
  SINCE DEC 1     10.10                      8.17   1.93     7.10
  SINCE JAN 1      2.92                      2.82   0.10     1.95

DEGREE DAYS
 HEATING
  YESTERDAY        7                        27    -20       34
  MONTH TO DATE  392                       594   -202      648
  SINCE DEC 1   1104                      1345   -241     1091
  SINCE JUL 1   1488                      2012   -524     1566

 COOLING
  YESTERDAY        0                         0      0        0
  MONTH TO DATE    0                         0      0        0
  SINCE DEC 1      2                         1      1        9
  SINCE JAN 1      0                         0      0        0
..................................................................


WIND (MPH)
  HIGHEST WIND SPEED    28   HIGHEST WIND DIRECTION     N (350)
  HIGHEST GUST SPEED    35   HIGHEST GUST DIRECTION     N (360)
  AVERAGE WIND SPEED     8.1


SKY COVER
  POSSIBLE SUNSHINE  MM
  AVERAGE SKY COVER 0.8


WEATHER CONDITIONS
 THE FOLLOWING WEATHER WAS RECORDED YESTERDAY.
  HEAVY RAIN
  LIGHT RAIN
  FOG


RELATIVE HUMIDITY (PERCENT)
 HIGHEST   100           700 AM
 LOWEST     80           100 AM
 AVERAGE    90

..........................................................


THE JACKSON CLIMATE NORMALS FOR TODAY
                         NORMAL    RECORD    YEAR
 MAXIMUM TEMPERATURE (F)   48        73      1967
 MINIMUM TEMPERATURE (F)   28       -11      1963


SUNRISE AND SUNSET
JANUARY 23 2017.......SUNRISE   701 AM CST   SUNSET   514 PM CST
JANUARY 24 2017.......SUNRISE   701 AM CST   SUNSET   515 PM CST


-  INDICATES NEGATIVE NUMBERS.
R  INDICATES RECORD WAS SET OR TIED.
MM INDICATES DATA IS MISSING.
T  INDICATES TRACE AMOUNT.




$$
