000
CDUS44 KMEG 190632
CLIMKL


CLIMATE REPORT
NATIONAL WEATHER SERVICE MEMPHIS TN
131 AM CDT THU OCT 19 2017


...................................

...THE JACKSON CLIMATE SUMMARY FOR OCTOBER 18 2017...

CLIMATE NORMAL PERIOD 1981 TO 2010
CLIMATE RECORD PERIOD 1948 TO 2017


WEATHER ITEM   OBSERVED TIME   RECORD YEAR NORMAL DEPARTURE LAST
                VALUE   (LST)  VALUE       VALUE  FROM      YEAR
                                                  NORMAL
..................................................................
TEMPERATURE (F)
 YESTERDAY
  MAXIMUM         73    317 PM  89    1953  73      0       88
  MINIMUM         39    553 AM  27    1948  47     -8       65
  AVERAGE         56                        60     -4       77

PRECIPITATION (IN)
  YESTERDAY        0.00          1.75 1972   0.13  -0.13     0.00
  MONTH TO DATE    1.51                      2.17  -0.66     1.00
  SINCE SEP 1      3.37                      5.55  -2.18     2.69
  SINCE JAN 1     38.40                     41.42  -3.02    36.56

DEGREE DAYS
 HEATING
  YESTERDAY        9                         6      3        0
  MONTH TO DATE   40                        81    -41       15
  SINCE SEP 1     47                       107    -60       20
  SINCE JUL 1     47                       107    -60       20

 COOLING
  YESTERDAY        0                         1     -1       12
  MONTH TO DATE   87                        36     51       83
  SINCE SEP 1    307                       256     51      405
  SINCE JAN 1   1787                      1679    108     2034
..................................................................


WIND (MPH)
  HIGHEST WIND SPEED    13   HIGHEST WIND DIRECTION     S (200)
  HIGHEST GUST SPEED    17   HIGHEST GUST DIRECTION     S (180)
  AVERAGE WIND SPEED     3.0


SKY COVER
  POSSIBLE SUNSHINE  MM
  AVERAGE SKY COVER 0.0


WEATHER CONDITIONS
 THE FOLLOWING WEATHER WAS RECORDED YESTERDAY.
  FOG


RELATIVE HUMIDITY (PERCENT)
 HIGHEST   100           100 AM
 LOWEST     41           300 PM
 AVERAGE    71

..........................................................


THE JACKSON CLIMATE NORMALS FOR TODAY
                         NORMAL    RECORD    YEAR
 MAXIMUM TEMPERATURE (F)   72        91      2016
 MINIMUM TEMPERATURE (F)   47        30      1948


SUNRISE AND SUNSET
OCTOBER 19 2017.......SUNRISE   706 AM CDT   SUNSET   615 PM CDT
OCTOBER 20 2017.......SUNRISE   707 AM CDT   SUNSET   614 PM CDT


-  INDICATES NEGATIVE NUMBERS.
R  INDICATES RECORD WAS SET OR TIED.
MM INDICATES DATA IS MISSING.
T  INDICATES TRACE AMOUNT.




$$
