000
CDUS44 KMEG 160637
CLIMKL


CLIMATE REPORT
NATIONAL WEATHER SERVICE MEMPHIS TN
137 AM CDT TUE SEP 16 2014


...................................

...THE JACKSON CLIMATE SUMMARY FOR SEPTEMBER 15 2014...

CLIMATE NORMAL PERIOD 1981 TO 2010
CLIMATE RECORD PERIOD 1948 TO 2014


WEATHER ITEM   OBSERVED TIME   RECORD YEAR NORMAL DEPARTURE LAST
                VALUE   (LST)  VALUE       VALUE  FROM      YEAR
                                                  NORMAL
..................................................................
TEMPERATURE (F)
 YESTERDAY
  MAXIMUM         80    220 PM  98    1954  84     -4       84
  MINIMUM         56    101 AM  47    2013  59     -3       47
  AVERAGE         68                        72     -4       66

PRECIPITATION (IN)
  YESTERDAY        0.00          2.28 2005   0.12  -0.12     0.00
  MONTH TO DATE    4.70                      1.52   3.18     0.24
  SINCE SEP 1      4.70                      1.52   3.18     0.24
  SINCE JAN 1     48.36                     37.39  10.97    45.33

SNOWFALL (IN)
  YESTERDAY        0.0          MM      MM   0.0    0.0      0.0
  MONTH TO DATE    0.0                       0.0    0.0      0.0
  SINCE SEP 1      0.0                       0.0    0.0      0.0
  SINCE JUL 1      0.0                       0.0    0.0      0.0
  SNOW DEPTH       0

DEGREE DAYS
 HEATING
  YESTERDAY        0                         0      0        0
  MONTH TO DATE    5                         0      5        3
  SINCE SEP 1      5                         0      5        3
  SINCE JUL 1      5                         0      5        3

 COOLING
  YESTERDAY        3                         7     -4        1
  MONTH TO DATE  143                       141      2      155
  SINCE SEP 1    143                       141      2      155
  SINCE JAN 1   1460                      1564   -104     1439
..................................................................


WIND (MPH)
  HIGHEST WIND SPEED     8   HIGHEST WIND DIRECTION    NW (330)
  HIGHEST GUST SPEED     9   HIGHEST GUST DIRECTION    NW (330)
  AVERAGE WIND SPEED     1.1


SKY COVER
  POSSIBLE SUNSHINE  MM
  AVERAGE SKY COVER 0.1


WEATHER CONDITIONS
 THE FOLLOWING WEATHER WAS RECORDED YESTERDAY.
  FOG


RELATIVE HUMIDITY (PERCENT)
 HIGHEST    93          1200 AM
 LOWEST     48           200 PM
 AVERAGE    71

..........................................................


THE JACKSON CLIMATE NORMALS FOR TODAY
                         NORMAL    RECORD    YEAR
 MAXIMUM TEMPERATURE (F)   84       100      1980
 MINIMUM TEMPERATURE (F)   59        44      2000
                                             1961


SUNRISE AND SUNSET
SEPTEMBER 16 2014.....SUNRISE   639 AM CDT   SUNSET   701 PM CDT
SEPTEMBER 17 2014.....SUNRISE   640 AM CDT   SUNSET   700 PM CDT


-  INDICATES NEGATIVE NUMBERS.
R  INDICATES RECORD WAS SET OR TIED.
MM INDICATES DATA IS MISSING.
T  INDICATES TRACE AMOUNT.




$$
