000
CDUS42 KMLB 160710
CLIMLB


CLIMATE REPORT
NATIONAL WEATHER SERVICE MELBOURNE FL
208 AM EST TUE JAN 16 2018


...................................

...THE MELBOURNE CLIMATE SUMMARY FOR JANUARY 15 2018...

CLIMATE NORMAL PERIOD 1981 TO 2010
CLIMATE RECORD PERIOD 1939 TO 2018


WEATHER ITEM   OBSERVED TIME   RECORD YEAR NORMAL DEPARTURE LAST
                VALUE   (LST)  VALUE       VALUE  FROM      YEAR
                                                  NORMAL
..................................................................
TEMPERATURE (F)
 YESTERDAY
  MAXIMUM         69   1230 PM  85    1962  71     -2       78
                                      1957
                                      1939
  MINIMUM         50    602 AM  29    1982  49      1       56
                                      1948
  AVERAGE         60                        60      0       67

PRECIPITATION (IN)
  YESTERDAY        0.00          2.21 2016   0.07  -0.07     0.00
  MONTH TO DATE    2.17                      1.06   1.11     0.56
  SINCE DEC 1      3.24                      3.63  -0.39     0.88
  SINCE JAN 1      2.17                      1.06   1.11     0.56

SNOWFALL (IN)
  YESTERDAY        0.0
  MONTH TO DATE    0.0
  SINCE JUL 1      0.0

DEGREE DAYS
 HEATING
  YESTERDAY        5                         6     -1        0
  MONTH TO DATE  103                        90     13       39
  SINCE DEC 1    175                       227    -52       67
  SINCE JUL 1    188                       269    -81       86

 COOLING
  YESTERDAY        0                         1     -1        2
  MONTH TO DATE   33                        18     15       35
  SINCE DEC 1    176                        94     82      211
  SINCE JAN 1     33                        18     15       35
..................................................................


WIND (MPH)
  HIGHEST WIND SPEED    30   HIGHEST WIND DIRECTION     N (360)
  HIGHEST GUST SPEED    34   HIGHEST GUST DIRECTION     N (360)
  AVERAGE WIND SPEED    16.2


SKY COVER
  AVERAGE SKY COVER 0.5


WEATHER CONDITIONS
 THE FOLLOWING WEATHER WAS RECORDED YESTERDAY.
  NO SIGNIFICANT WEATHER WAS OBSERVED.


RELATIVE HUMIDITY (PERCENT)
 HIGHEST    89           800 AM
 LOWEST     56           300 PM
 AVERAGE    73

..........................................................


THE MELBOURNE CLIMATE NORMALS FOR TODAY
                         NORMAL    RECORD    YEAR
 MAXIMUM TEMPERATURE (F)   71        89      1957
 MINIMUM TEMPERATURE (F)   49        34      1983
                                             1978


SUNRISE AND SUNSET
JANUARY 16 2018.......SUNRISE   715 AM EST   SUNSET   550 PM EST
JANUARY 17 2018.......SUNRISE   715 AM EST   SUNSET   551 PM EST


-  INDICATES NEGATIVE NUMBERS.
R  INDICATES RECORD WAS SET OR TIED.
MM INDICATES DATA IS MISSING.
T  INDICATES TRACE AMOUNT.




$$
