000
CDUS42 KMLB 310627
CLIMLB


CLIMATE REPORT
NATIONAL WEATHER SERVICE MELBOURNE FL
226 AM EDT FRI JUL 31 2015


...................................

...THE MELBOURNE CLIMATE SUMMARY FOR JULY 30 2015...

CLIMATE NORMAL PERIOD 1981 TO 2010
CLIMATE RECORD PERIOD 1939 TO 2015


WEATHER ITEM   OBSERVED TIME   RECORD YEAR NORMAL DEPARTURE LAST
                VALUE   (LST)  VALUE       VALUE  FROM      YEAR
                                                  NORMAL
..................................................................
TEMPERATURE (F)
 YESTERDAY
  MAXIMUM         91    156 PM 100    2010  91      0       93
  MINIMUM         74   1159 PM  68    1974  73      1       76
  AVERAGE         83                        82      1       85

PRECIPITATION (IN)
  YESTERDAY        0.32          2.29 1974   0.21   0.11     0.00
  MONTH TO DATE   10.62                      5.75   4.87    11.20
  SINCE JUN 1     16.87                     12.46   4.41    17.26
  SINCE JAN 1     29.72                     25.96   3.76    33.48

SNOWFALL (IN)
  YESTERDAY        0.0
  MONTH TO DATE    0.0
  SINCE JUL 1      0.0

DEGREE DAYS
 HEATING
  YESTERDAY        0                         0      0        0
  MONTH TO DATE    0                         0      0        0
  SINCE JUN 1      0                         0      0        0
  SINCE JUL 1      0                         0      0        0

 COOLING
  YESTERDAY       18                        17      1       20
  MONTH TO DATE  503                       499      4      530
  SINCE JUN 1    993                       961     32      991
  SINCE JAN 1   2105                      1687    418     1884
..................................................................


WIND (MPH)
  HIGHEST WIND SPEED    18   HIGHEST WIND DIRECTION     W (250)
  HIGHEST GUST SPEED    26   HIGHEST GUST DIRECTION     W (260)
  AVERAGE WIND SPEED     6.1


SKY COVER
  AVERAGE SKY COVER 0.4


WEATHER CONDITIONS
 THE FOLLOWING WEATHER WAS RECORDED YESTERDAY.
  THUNDERSTORM
  RAIN
  LIGHT RAIN
  FOG


RELATIVE HUMIDITY (PERCENT)
 HIGHEST   100           300 AM
 LOWEST     59           100 PM
 AVERAGE    80

..........................................................


THE MELBOURNE CLIMATE NORMALS FOR TODAY
                         NORMAL    RECORD    YEAR
 MAXIMUM TEMPERATURE (F)   91        98      1961
 MINIMUM TEMPERATURE (F)   73        67      1983


SUNRISE AND SUNSET
JULY 31 2015..........SUNRISE   644 AM EDT   SUNSET   813 PM EDT
AUGUST  1 2015........SUNRISE   645 AM EDT   SUNSET   813 PM EDT


-  INDICATES NEGATIVE NUMBERS.
R  INDICATES RECORD WAS SET OR TIED.
MM INDICATES DATA IS MISSING.
T  INDICATES TRACE AMOUNT.




$$
