000
CDUS42 KMLB 200627
CLIMLB


CLIMATE REPORT
NATIONAL WEATHER SERVICE MELBOURNE FL
126 AM EST MON NOV 20 2017


...................................

...THE MELBOURNE CLIMATE SUMMARY FOR NOVEMBER 19 2017...

CLIMATE NORMAL PERIOD 1981 TO 2010
CLIMATE RECORD PERIOD 1939 TO 2017


WEATHER ITEM   OBSERVED TIME   RECORD YEAR NORMAL DEPARTURE LAST
                VALUE   (LST)  VALUE       VALUE  FROM      YEAR
                                                  NORMAL
..................................................................
TEMPERATURE (F)
 YESTERDAY
  MAXIMUM         85    255 PM  88    1948  78      7       79
  MINIMUM         58    607 AM  40    1981  59     -1       59
                                      1951
  AVERAGE         72                        68      4       69

PRECIPITATION (IN)
  YESTERDAY        0.00          2.80 1987   0.08  -0.08     0.00
  MONTH TO DATE    0.27                      2.00  -1.73     0.12
  SINCE SEP 1     34.65                     14.70  19.95    20.61
  SINCE JAN 1     62.34                     48.55  13.79    59.17

SNOWFALL (IN)
  YESTERDAY        0.0
  MONTH TO DATE    0.0
  SINCE JUL 1      0.0

DEGREE DAYS
 HEATING
  YESTERDAY        0                         1     -1        0
  MONTH TO DATE    0                        17    -17        0
  SINCE SEP 1     13                        21     -8        0
  SINCE JUL 1     13                        21     -8        0

 COOLING
  YESTERDAY        7                         5      2        4
  MONTH TO DATE  187                       114     73      122
  SINCE SEP 1   1135                       925    210     1031
  SINCE JAN 1   4023                      3151    872     3679
..................................................................


WIND (MPH)
  HIGHEST WIND SPEED    22   HIGHEST WIND DIRECTION     W (290)
  HIGHEST GUST SPEED    26   HIGHEST GUST DIRECTION     N (360)
  AVERAGE WIND SPEED     9.2


SKY COVER
  AVERAGE SKY COVER 0.3


WEATHER CONDITIONS
 THE FOLLOWING WEATHER WAS RECORDED YESTERDAY.
  FOG


RELATIVE HUMIDITY (PERCENT)
 HIGHEST    90           200 AM
 LOWEST     48           200 PM
 AVERAGE    69

..........................................................


THE MELBOURNE CLIMATE NORMALS FOR TODAY
                         NORMAL    RECORD    YEAR
 MAXIMUM TEMPERATURE (F)   78        87      1998
                                             1948
 MINIMUM TEMPERATURE (F)   58        40      2008
                                             1968


SUNRISE AND SUNSET
NOVEMBER 20 2017......SUNRISE   648 AM EST   SUNSET   528 PM EST
NOVEMBER 21 2017......SUNRISE   649 AM EST   SUNSET   528 PM EST


-  INDICATES NEGATIVE NUMBERS.
R  INDICATES RECORD WAS SET OR TIED.
MM INDICATES DATA IS MISSING.
T  INDICATES TRACE AMOUNT.




$$
