132
CDUS42 KMLB 290647
CLIMLB


CLIMATE REPORT
NATIONAL WEATHER SERVICE MELBOURNE FL
245 AM EDT FRI APR 29 2016


...................................

...THE MELBOURNE CLIMATE SUMMARY FOR APRIL 28 2016...

CLIMATE NORMAL PERIOD 1981 TO 2010
CLIMATE RECORD PERIOD 1939 TO 2016


WEATHER ITEM   OBSERVED TIME   RECORD YEAR NORMAL DEPARTURE LAST
                VALUE   (LST)  VALUE       VALUE  FROM      YEAR
                                                  NORMAL
..................................................................
TEMPERATURE (F)
 YESTERDAY
  MAXIMUM         86    126 PM  93    1971  83      3       78
  MINIMUM         67    528 AM  48    1983  63      4       71
  AVERAGE         77                        73      4       75

PRECIPITATION (IN)
  YESTERDAY        0.00          1.00 1975   0.07  -0.07     0.29
  MONTH TO DATE    1.34                      2.01  -0.67     3.74
  SINCE MAR 1      4.42                      5.29  -0.87     4.17
  SINCE JAN 1     14.28                     10.09   4.19    10.28

SNOWFALL (IN)
  YESTERDAY        0.0
  MONTH TO DATE    0.0
  SINCE JUL 1      0.0

DEGREE DAYS
 HEATING
  YESTERDAY        0                         0      0        0
  MONTH TO DATE    3                        15    -12        0
  SINCE MAR 1     20                        86    -66       14
  SINCE JUL 1    341                       575   -234      424

 COOLING
  YESTERDAY       12                         8      4       10
  MONTH TO DATE  209                       161     48      350
  SINCE MAR 1    445                       260    185      589
  SINCE JAN 1    535                       358    177      687
..................................................................


WIND (MPH)
  HIGHEST WIND SPEED    16   HIGHEST WIND DIRECTION    SE (140)
  HIGHEST GUST SPEED    20   HIGHEST GUST DIRECTION     E (110)
  AVERAGE WIND SPEED     8.5


SKY COVER
  AVERAGE SKY COVER 0.1


WEATHER CONDITIONS
 THE FOLLOWING WEATHER WAS RECORDED YESTERDAY.
  NO SIGNIFICANT WEATHER WAS OBSERVED.


RELATIVE HUMIDITY (PERCENT)
 HIGHEST    84           700 AM
 LOWEST     48          1100 AM
 AVERAGE    66

..........................................................


THE MELBOURNE CLIMATE NORMALS FOR TODAY
                         NORMAL    RECORD    YEAR
 MAXIMUM TEMPERATURE (F)   83        91      1986
                                             1968
                                             1964
 MINIMUM TEMPERATURE (F)   63        49      1992
                                             1980


SUNRISE AND SUNSET
APRIL 29 2016.........SUNRISE   644 AM EDT   SUNSET   756 PM EDT
APRIL 30 2016.........SUNRISE   643 AM EDT   SUNSET   757 PM EDT


-  INDICATES NEGATIVE NUMBERS.
R  INDICATES RECORD WAS SET OR TIED.
MM INDICATES DATA IS MISSING.
T  INDICATES TRACE AMOUNT.




$$
