000
CDUS42 KMLB 202019
CLIMLB


CLIMATE REPORT
NATIONAL WEATHER SERVICE MELBOURNE FL
419 PM EDT SAT SEP 20 2014


...................................

...THE MELBOURNE CLIMATE SUMMARY FOR SEPTEMBER 20 2014...
VALID TODAY AS OF 0400 PM LOCAL TIME.

CLIMATE NORMAL PERIOD 1981 TO 2010
CLIMATE RECORD PERIOD 1939 TO 2014


WEATHER ITEM   OBSERVED TIME   RECORD YEAR NORMAL DEPARTURE LAST
                VALUE   (LST)  VALUE       VALUE  FROM      YEAR
                                                  NORMAL
..................................................................
TEMPERATURE (F)
 TODAY
  MAXIMUM         80   1026 AM  93    1966  88     -8       87
                                      1937
  MINIMUM         72    116 AM  60    1981  73     -1       77
  AVERAGE         76                        80     -4       82

PRECIPITATION (IN)
  TODAY            1.41          5.60 1963   0.26   1.15     0.07
  MONTH TO DATE    4.28                      5.11  -0.83     1.71
  SINCE SEP 1      4.28                      5.11  -0.83     1.71
  SINCE JAN 1     42.11                     38.96   3.15    32.90

SNOWFALL (IN)
  TODAY            0.0
  MONTH TO DATE    0.0
  SINCE JUL 1      0.0

DEGREE DAYS
 HEATING
  TODAY            0                         0      0        0
  MONTH TO DATE    0                         0      0        0
  SINCE SEP 1      0                         0      0        0
  SINCE JUL 1      0                         0      0        0

 COOLING
  TODAY           11                        15     -4       17
  MONTH TO DATE  327                       318      9      346
  SINCE SEP 1    327                       318      9      346
  SINCE JAN 1   2814                      2544    270     2795
..................................................................


WIND (MPH)
  HIGHEST WIND SPEED    17   HIGHEST WIND DIRECTION    NW (310)
  HIGHEST GUST SPEED    21   HIGHEST GUST DIRECTION    NW (300)
  AVERAGE WIND SPEED     8.1


SKY COVER
  AVERAGE SKY COVER 0.9


WEATHER CONDITIONS
 THE FOLLOWING WEATHER WAS RECORDED TODAY.
  HEAVY RAIN
  RAIN
  LIGHT RAIN
  FOG
  HAZE


RELATIVE HUMIDITY (PERCENT)
 HIGHEST    94          1200 PM
 LOWEST     73           200 AM
 AVERAGE    84

..........................................................


THE MELBOURNE CLIMATE NORMALS FOR TOMORROW
                         NORMAL    RECORD    YEAR
 MAXIMUM TEMPERATURE (F)   88        95      1937
 MINIMUM TEMPERATURE (F)   73        57      1938


SUNRISE AND SUNSET
SEPTEMBER 20 2014.....SUNRISE   710 AM EDT   SUNSET   721 PM EDT
SEPTEMBER 21 2014.....SUNRISE   711 AM EDT   SUNSET   720 PM EDT


-  INDICATES NEGATIVE NUMBERS.
R  INDICATES RECORD WAS SET OR TIED.
MM INDICATES DATA IS MISSING.
T  INDICATES TRACE AMOUNT.




$$
