000
CDUS42 KMLB 042116
CLIMLB


CLIMATE REPORT
NATIONAL WEATHER SERVICE MELBOURNE FL
416 PM EST SUN DEC 4 2016


...................................

...THE MELBOURNE CLIMATE SUMMARY FOR DECEMBER 4 2016...
VALID TODAY AS OF 0400 PM LOCAL TIME.

CLIMATE NORMAL PERIOD 1981 TO 2010
CLIMATE RECORD PERIOD 1939 TO 2016


WEATHER ITEM   OBSERVED TIME   RECORD YEAR NORMAL DEPARTURE LAST
                VALUE   (LST)  VALUE       VALUE  FROM      YEAR
                                                  NORMAL
..................................................................
TEMPERATURE (F)
 TODAY
  MAXIMUM         79    154 PM  87    1983  75      4       76
                                      1978
  MINIMUM         70    717 AM  29    1974  55     15       66
  AVERAGE         75                        65     10       71

PRECIPITATION (IN)
  TODAY            0.00          1.39 1964   0.08  -0.08     0.73
  MONTH TO DATE    0.00                      0.34  -0.34     2.86
  SINCE DEC 1      0.00                      0.34  -0.34     2.86
  SINCE JAN 1     59.32                     49.77   9.55    52.36

SNOWFALL (IN)
  TODAY            0.0
  MONTH TO DATE    0.0
  SINCE JUL 1      0.0

DEGREE DAYS
 HEATING
  TODAY            0                         3     -3        0
  MONTH TO DATE    0                        12    -12        0
  SINCE DEC 1      0                        12    -12        0
  SINCE JUL 1     19                        54    -35        5

 COOLING
  TODAY           10                         3      7        6
  MONTH TO DATE   24                        12     12       32
  SINCE DEC 1     24                        12     12       32
  SINCE JAN 1   3752                      3207    545     3939
..................................................................


WIND (MPH)
  HIGHEST WIND SPEED    17   HIGHEST WIND DIRECTION    SE (140)
  HIGHEST GUST SPEED    23   HIGHEST GUST DIRECTION    SE (120)
  AVERAGE WIND SPEED    10.8


SKY COVER
  AVERAGE SKY COVER 0.2


WEATHER CONDITIONS
 THE FOLLOWING WEATHER WAS RECORDED TODAY.
  NO SIGNIFICANT WEATHER WAS OBSERVED.


RELATIVE HUMIDITY (PERCENT)
 HIGHEST    78           300 AM
 LOWEST     58           200 PM
 AVERAGE    68

..........................................................


THE MELBOURNE CLIMATE NORMALS FOR TOMORROW
                         NORMAL    RECORD    YEAR
 MAXIMUM TEMPERATURE (F)   75        89      1983
 MINIMUM TEMPERATURE (F)   55        35      1968


SUNRISE AND SUNSET
DECEMBER  4 2016......SUNRISE   659 AM EST   SUNSET   527 PM EST
DECEMBER  5 2016......SUNRISE   700 AM EST   SUNSET   527 PM EST


-  INDICATES NEGATIVE NUMBERS.
R  INDICATES RECORD WAS SET OR TIED.
MM INDICATES DATA IS MISSING.
T  INDICATES TRACE AMOUNT.




$$
