000
CDUS42 KMLB 232019
CLIMLB


CLIMATE REPORT
NATIONAL WEATHER SERVICE MELBOURNE FL
418 PM EDT SUN APR 23 2017


...................................

...THE MELBOURNE CLIMATE SUMMARY FOR APRIL 23 2017...
VALID TODAY AS OF 0400 PM LOCAL TIME.

CLIMATE NORMAL PERIOD 1981 TO 2010
CLIMATE RECORD PERIOD 1939 TO 2017


WEATHER ITEM   OBSERVED TIME   RECORD YEAR NORMAL DEPARTURE LAST
                VALUE   (LST)  VALUE       VALUE  FROM      YEAR
                                                  NORMAL
..................................................................
TEMPERATURE (F)
 TODAY
  MAXIMUM         82    212 PM  94    1971  82      0       86
  MINIMUM         73    600 AM  43    1993  62     11       69
  AVERAGE         78                        72      6       78

PRECIPITATION (IN)
  TODAY            0.00          1.36 1991   0.06  -0.06      T
  MONTH TO DATE    0.22                      1.67  -1.45     1.34
  SINCE MAR 1      0.63                      4.95  -4.32     4.42
  SINCE JAN 1      5.52                      9.75  -4.23    14.28

SNOWFALL (IN)
  TODAY            0.0
  MONTH TO DATE    0.0
  SINCE JUL 1      0.0

DEGREE DAYS
 HEATING
  TODAY            0                         0      0        0
  MONTH TO DATE    3                        15    -12        3
  SINCE MAR 1     42                        86    -44       20
  SINCE JUL 1    220                       575   -355      341

 COOLING
  TODAY           13                         7      6       13
  MONTH TO DATE  244                       124    120      161
  SINCE MAR 1    429                       223    206      397
  SINCE JAN 1    607                       321    286      487
..................................................................


WIND (MPH)
  HIGHEST WIND SPEED    16   HIGHEST WIND DIRECTION    SE (140)
  HIGHEST GUST SPEED    21   HIGHEST GUST DIRECTION    SE (150)
  AVERAGE WIND SPEED     6.4


SKY COVER
  AVERAGE SKY COVER 0.6


WEATHER CONDITIONS
 THE FOLLOWING WEATHER WAS RECORDED TODAY.
  FOG
  HAZE


RELATIVE HUMIDITY (PERCENT)
 HIGHEST    87           600 AM
 LOWEST     58           200 PM
 AVERAGE    73

..........................................................


THE MELBOURNE CLIMATE NORMALS FOR TOMORROW
                         NORMAL    RECORD    YEAR
 MAXIMUM TEMPERATURE (F)   82        92      1963
 MINIMUM TEMPERATURE (F)   62        47      2012


SUNRISE AND SUNSET
APRIL 23 2017.........SUNRISE   649 AM EDT   SUNSET   753 PM EDT
APRIL 24 2017.........SUNRISE   648 AM EDT   SUNSET   753 PM EDT


-  INDICATES NEGATIVE NUMBERS.
R  INDICATES RECORD WAS SET OR TIED.
MM INDICATES DATA IS MISSING.
T  INDICATES TRACE AMOUNT.




$$
