000
CDUS42 KMLB 260635
CLIMLB


CLIMATE REPORT
NATIONAL WEATHER SERVICE MELBOURNE FL
135 AM EST FRI DEC 26 2014


...................................

...THE MELBOURNE CLIMATE SUMMARY FOR DECEMBER 25 2014...

CLIMATE NORMAL PERIOD 1981 TO 2010
CLIMATE RECORD PERIOD 1939 TO 2014


WEATHER ITEM   OBSERVED TIME   RECORD YEAR NORMAL DEPARTURE LAST
                VALUE   (LST)  VALUE       VALUE  FROM      YEAR
                                                  NORMAL
..................................................................
TEMPERATURE (F)
 YESTERDAY
  MAXIMUM         68   1210 AM  87    1981  72     -4       75
  MINIMUM         56   1159 PM  21    1983  51      5       62
  AVERAGE         62                        61      1       69

PRECIPITATION (IN)
  YESTERDAY        0.01          2.28 2004   0.08  -0.07     0.00
  MONTH TO DATE    1.38                      2.14  -0.76     1.46
  SINCE DEC 1      1.38                      2.14  -0.76     1.46
  SINCE JAN 1     56.64                     51.57   5.07    42.14

SNOWFALL (IN)
  YESTERDAY        0.0
  MONTH TO DATE    0.0
  SINCE JUL 1      0.0

DEGREE DAYS
 HEATING
  YESTERDAY        3                         6     -3        0
  MONTH TO DATE   80                       102    -22       25
  SINCE DEC 1     80                       102    -22       25
  SINCE JUL 1    145                       144      1       39

 COOLING
  YESTERDAY        0                         2     -2        4
  MONTH TO DATE   91                        63     28      126
  SINCE DEC 1     91                        63     28      126
  SINCE JAN 1   3534                      3258    276     3723
..................................................................


WIND (MPH)
  HIGHEST WIND SPEED    20   HIGHEST WIND DIRECTION    NW (300)
  HIGHEST GUST SPEED    24   HIGHEST GUST DIRECTION     W (290)
  AVERAGE WIND SPEED     7.5


SKY COVER
  AVERAGE SKY COVER 0.6


WEATHER CONDITIONS
 THE FOLLOWING WEATHER WAS RECORDED YESTERDAY.
  HEAVY RAIN
  RAIN
  LIGHT RAIN
  FOG


RELATIVE HUMIDITY (PERCENT)
 HIGHEST    93           600 AM
 LOWEST     48          1100 AM
 AVERAGE    71

..........................................................


THE MELBOURNE CLIMATE NORMALS FOR TODAY
                         NORMAL    RECORD    YEAR
 MAXIMUM TEMPERATURE (F)   72        86      1941
 MINIMUM TEMPERATURE (F)   51        23      1983


SUNRISE AND SUNSET
DECEMBER 26 2014......SUNRISE   712 AM EST   SUNSET   534 PM EST
DECEMBER 27 2014......SUNRISE   713 AM EST   SUNSET   535 PM EST


-  INDICATES NEGATIVE NUMBERS.
R  INDICATES RECORD WAS SET OR TIED.
MM INDICATES DATA IS MISSING.
T  INDICATES TRACE AMOUNT.




$$
