000
CDUS42 KMLB 040631
CLIMLB


CLIMATE REPORT
NATIONAL WEATHER SERVICE MELBOURNE FL
229 AM EDT FRI SEP 4 2015


...................................

...THE MELBOURNE CLIMATE SUMMARY FOR SEPTEMBER 3 2015...

CLIMATE NORMAL PERIOD 1981 TO 2010
CLIMATE RECORD PERIOD 1939 TO 2015


WEATHER ITEM   OBSERVED TIME   RECORD YEAR NORMAL DEPARTURE LAST
                VALUE   (LST)  VALUE       VALUE  FROM      YEAR
                                                  NORMAL
..................................................................
TEMPERATURE (F)
 YESTERDAY
  MAXIMUM         93    119 PM  97    2010  89      4       88
  MINIMUM         77    549 AM  65    1978  73      4       74
  AVERAGE         85                        81      4       81

PRECIPITATION (IN)
  YESTERDAY        0.05          5.02 1979   0.27  -0.22      T
  MONTH TO DATE    0.05                      0.79  -0.74      T
  SINCE SEP 1      0.05                      0.79  -0.74      T
  SINCE JAN 1     39.17                     34.64   4.53    37.83

SNOWFALL (IN)
  YESTERDAY        0.0
  MONTH TO DATE    0.0
  SINCE JUL 1      0.0

DEGREE DAYS
 HEATING
  YESTERDAY        0                         0      0        0
  MONTH TO DATE    0                         0      0        0
  SINCE SEP 1      0                         0      0        0
  SINCE JUL 1      0                         0      0        0

 COOLING
  YESTERDAY       20                        16      4       16
  MONTH TO DATE   57                        48      9       52
  SINCE SEP 1     57                        48      9       52
  SINCE JAN 1   2716                      2274    442     2539
..................................................................


WIND (MPH)
  HIGHEST WIND SPEED    10   HIGHEST WIND DIRECTION     E (80)
  HIGHEST GUST SPEED    13   HIGHEST GUST DIRECTION     E (70)
  AVERAGE WIND SPEED     5.5


SKY COVER
  AVERAGE SKY COVER 0.2


WEATHER CONDITIONS
 THE FOLLOWING WEATHER WAS RECORDED YESTERDAY.
  THUNDERSTORM
  RAIN
  FOG


RELATIVE HUMIDITY (PERCENT)
 HIGHEST    97           700 AM
 LOWEST     56           100 PM
 AVERAGE    77

..........................................................


THE MELBOURNE CLIMATE NORMALS FOR TODAY
                         NORMAL    RECORD    YEAR
 MAXIMUM TEMPERATURE (F)   89        96      1999
 MINIMUM TEMPERATURE (F)   73        62      1977


SUNRISE AND SUNSET
SEPTEMBER  4 2015.....SUNRISE   702 AM EDT   SUNSET   740 PM EDT
SEPTEMBER  5 2015.....SUNRISE   703 AM EDT   SUNSET   739 PM EDT


-  INDICATES NEGATIVE NUMBERS.
R  INDICATES RECORD WAS SET OR TIED.
MM INDICATES DATA IS MISSING.
T  INDICATES TRACE AMOUNT.




$$
