000
CDUS42 KMLB 230635
CLIMLB


CLIMATE REPORT
NATIONAL WEATHER SERVICE MELBOURNE
235 AM EDT WED APR 23 2014


...................................

...THE MELBOURNE CLIMATE SUMMARY FOR APRIL 22 2014...

CLIMATE NORMAL PERIOD 1981 TO 2010
CLIMATE RECORD PERIOD 1939 TO 2014


WEATHER ITEM   OBSERVED TIME   RECORD YEAR NORMAL DEPARTURE LAST
                VALUE   (LST)  VALUE       VALUE  FROM      YEAR
                                                  NORMAL
..................................................................
TEMPERATURE (F)
 YESTERDAY
  MAXIMUM         81    104 PM  93    1972  82     -1       80
                                      1963
  MINIMUM         57    612 AM  49    1993  61     -4       68
                                      1968
  AVERAGE         69                        72     -3       74

PRECIPITATION (IN)
  YESTERDAY        0.00          0.81 1982   0.07  -0.07     0.04
  MONTH TO DATE    3.36                      1.61   1.75     5.30
  SINCE MAR 1      5.38                      4.89   0.49     5.88
  SINCE JAN 1     12.44                      9.69   2.75     8.54

SNOWFALL (IN)
  YESTERDAY        0.0
  MONTH TO DATE    0.0
  SINCE JUL 1      0.0

DEGREE DAYS
 HEATING
  YESTERDAY        0                         0      0        0
  MONTH TO DATE    3                        15    -12        0
  SINCE MAR 1     52                        86    -34      179
  SINCE JUL 1    358                       575   -217      463

 COOLING
  YESTERDAY        4                         7     -3        9
  MONTH TO DATE  143                       117     26      204
  SINCE MAR 1    254                       216     38      256
  SINCE JAN 1    422                       314    108      462
..................................................................


WIND (MPH)
  HIGHEST WIND SPEED    13   HIGHEST WIND DIRECTION    NE (60)
  HIGHEST GUST SPEED    16   HIGHEST GUST DIRECTION    NE (60)
  AVERAGE WIND SPEED     5.8


SKY COVER
  AVERAGE SKY COVER 0.1


WEATHER CONDITIONS
 THE FOLLOWING WEATHER WAS RECORDED YESTERDAY.
  NO SIGNIFICANT WEATHER WAS OBSERVED.


RELATIVE HUMIDITY (PERCENT)
 HIGHEST   100           400 AM
 LOWEST     45           100 PM
 AVERAGE    73

..........................................................


THE MELBOURNE CLIMATE NORMALS FOR TODAY
                         NORMAL    RECORD    YEAR
 MAXIMUM TEMPERATURE (F)   82        94      1971
 MINIMUM TEMPERATURE (F)   62        40      1982


SUNRISE AND SUNSET
APRIL 23 2014.........SUNRISE   650 AM EDT   SUNSET   752 PM EDT
APRIL 24 2014.........SUNRISE   649 AM EDT   SUNSET   753 PM EDT


-  INDICATES NEGATIVE NUMBERS.
R  INDICATES RECORD WAS SET OR TIED.
MM INDICATES DATA IS MISSING.
T  INDICATES TRACE AMOUNT.




$$
