000
CDUS42 KMLB 222016
CLIMLB


CLIMATE REPORT
NATIONAL WEATHER SERVICE MELBOURNE FL
416 PM EDT FRI SEP 22 2017


...................................

...THE MELBOURNE CLIMATE SUMMARY FOR SEPTEMBER 22 2017...
VALID TODAY AS OF 0400 PM LOCAL TIME.

CLIMATE NORMAL PERIOD 1981 TO 2010
CLIMATE RECORD PERIOD 1939 TO 2017


WEATHER ITEM   OBSERVED TIME   RECORD YEAR NORMAL DEPARTURE LAST
                VALUE   (LST)  VALUE       VALUE  FROM      YEAR
                                                  NORMAL
..................................................................
TEMPERATURE (F)
 TODAY
  MAXIMUM         90   1100 AM  94    1990  88      2       88
                                      1942
  MINIMUM         76    626 AM  65    1979  73      3       74
  AVERAGE         83                        80      3       81

PRECIPITATION (IN)
  TODAY            0.14          6.76 1948   0.25  -0.11      T
  MONTH TO DATE   19.43                      5.62  13.81    10.21
  SINCE SEP 1     19.43                      5.62  13.81    10.21
  SINCE JAN 1     47.12                     39.47   7.65    48.77

SNOWFALL (IN)
  TODAY            0.0
  MONTH TO DATE    0.0
  SINCE JUL 1      0.0

DEGREE DAYS
 HEATING
  TODAY            0                         0      0        0
  MONTH TO DATE    0                         0      0        0
  SINCE SEP 1      0                         0      0        0
  SINCE JUL 1      0                         0      0        0

 COOLING
  TODAY           18                        15      3       16
  MONTH TO DATE  382                       348     34      382
  SINCE SEP 1    382                       348     34      382
  SINCE JAN 1   3270                      2574    696     3030
..................................................................


WIND (MPH)
  HIGHEST WIND SPEED    20   HIGHEST WIND DIRECTION    NE (40)
  HIGHEST GUST SPEED    23   HIGHEST GUST DIRECTION    NE (30)
  AVERAGE WIND SPEED     6.5


SKY COVER
  AVERAGE SKY COVER 0.3


WEATHER CONDITIONS
 THE FOLLOWING WEATHER WAS RECORDED TODAY.
  THUNDERSTORM
  LIGHT RAIN


RELATIVE HUMIDITY (PERCENT)
 HIGHEST    94           600 AM
 LOWEST     64          1100 AM
 AVERAGE    79

..........................................................


THE MELBOURNE CLIMATE NORMALS FOR TOMORROW
                         NORMAL    RECORD    YEAR
 MAXIMUM TEMPERATURE (F)   88        95      1975
 MINIMUM TEMPERATURE (F)   72        61      1977


SUNRISE AND SUNSET
SEPTEMBER 22 2017.....SUNRISE   711 AM EDT   SUNSET   719 PM EDT
SEPTEMBER 23 2017.....SUNRISE   712 AM EDT   SUNSET   718 PM EDT


-  INDICATES NEGATIVE NUMBERS.
R  INDICATES RECORD WAS SET OR TIED.
MM INDICATES DATA IS MISSING.
T  INDICATES TRACE AMOUNT.




$$
