000
CDUS43 KDVN 290921
CLIMLI


CLIMATE REPORT
NATIONAL WEATHER SERVICE QUAD CITIES IA IL
420 AM CDT FRI MAY 29 2015


...................................

...THE MOLINE IL CLIMATE SUMMARY FOR MAY 28 2015...

CLIMATE NORMAL PERIOD 1981 TO 2010
CLIMATE RECORD PERIOD 1872 TO 2015


WEATHER ITEM   OBSERVED TIME   RECORD YEAR NORMAL DEPARTURE LAST
                VALUE   (LST)  VALUE       VALUE  FROM      YEAR
                                                  NORMAL
..................................................................
TEMPERATURE (F)
 YESTERDAY
  MAXIMUM         83    327 PM  95    2006  77      6       83
  MINIMUM         55    455 AM  36    1992  55      0       63
  AVERAGE         69                        66      3       73

PRECIPITATION (IN)
  YESTERDAY        0.00          2.35 1996   0.14  -0.14     0.88
  MONTH TO DATE    3.38                      3.88  -0.50     2.86
  SINCE MAR 1      5.75                     10.33  -4.58     7.54
  SINCE JAN 1      8.68                     13.42  -4.74    11.56

SNOWFALL (IN)
  YESTERDAY        0.0          MM      MM   0.0    0.0      0.0
  MONTH TO DATE    0.0                       0.0    0.0      0.0
  SINCE MAR 1      0.1                       4.9   -4.8     10.3
  SINCE JUL 1     39.1                      31.6    7.5     65.1
  SNOW DEPTH       0

DEGREE DAYS
 HEATING
  YESTERDAY        0                         3     -3        0
  MONTH TO DATE  108                       154    -46      162
  SINCE MAR 1   1321                      1379    -58     1643
  SINCE JUL 1   6579                      6177    402     7313

 COOLING
  YESTERDAY        4                         3      1        8
  MONTH TO DATE   72                        52     20       78
  SINCE MAR 1     72                        66      6       83
  SINCE JAN 1     72                        66      6       83
..................................................................


WIND (MPH)
  HIGHEST WIND SPEED    18   HIGHEST WIND DIRECTION    SE (140)
  HIGHEST GUST SPEED    24   HIGHEST GUST DIRECTION    SE (130)
  AVERAGE WIND SPEED     6.3


SKY COVER
  POSSIBLE SUNSHINE  MM
  AVERAGE SKY COVER 0.0


WEATHER CONDITIONS
 THE FOLLOWING WEATHER WAS RECORDED YESTERDAY.
  NO SIGNIFICANT WEATHER WAS OBSERVED.


RELATIVE HUMIDITY (PERCENT)
 HIGHEST    93           500 AM
 LOWEST     33           400 PM
 AVERAGE    63

..........................................................


THE MOLINE IL CLIMATE NORMALS FOR TODAY
                         NORMAL    RECORD    YEAR
 MAXIMUM TEMPERATURE (F)   77        99      1934
 MINIMUM TEMPERATURE (F)   55        34      1965


SUNRISE AND SUNSET
MAY 29 2015...........SUNRISE   532 AM CDT   SUNSET   827 PM CDT
MAY 30 2015...........SUNRISE   532 AM CDT   SUNSET   828 PM CDT


-  INDICATES NEGATIVE NUMBERS.
R  INDICATES RECORD WAS SET OR TIED.
MM INDICATES DATA IS MISSING.
T  INDICATES TRACE AMOUNT.




$$
