000
CDUS43 KDVN 012226
CLIMLI


CLIMATE REPORT
NATIONAL WEATHER SERVICE QUAD CITIES IA IL
425 PM CST SUN FEB 1 2015


...................................

...THE MOLINE IL CLIMATE SUMMARY FOR FEBRUARY 1 2015...
VALID TODAY AS OF 0400 PM LOCAL TIME.

CLIMATE NORMAL PERIOD 1981 TO 2010
CLIMATE RECORD PERIOD 1872 TO 2015


WEATHER ITEM   OBSERVED TIME   RECORD YEAR NORMAL DEPARTURE LAST
                VALUE   (LST)  VALUE       VALUE  FROM      YEAR
                                                  NORMAL
..................................................................
TEMPERATURE (F)
 TODAY
  MAXIMUM         33    122 AM  58    1911  32      1       24
  MINIMUM         21    359 PM -19    1996  15      6       14
  AVERAGE         27                        23      4       19

PRECIPITATION (IN)
  TODAY            0.71          0.82 1915   0.04   0.67     0.36
  MONTH TO DATE    0.71                      0.04   0.67     0.36
  SINCE DEC 1      2.98                      3.71  -0.73     2.75
  SINCE JAN 1      2.26                      1.53   0.73     1.53

SNOWFALL (IN)
  TODAY            9.5          MM      MM   0.3    9.2      3.9
  MONTH TO DATE    9.5                       0.3    9.2      3.9
  SINCE DEC 1     24.6                      19.0    5.6     35.4
  SINCE JUL 1     29.2                      20.2    9.0     36.4
  SNOW DEPTH       6

DEGREE DAYS
 HEATING
  TODAY           38                        42     -4       46
  MONTH TO DATE   38                        42     -4       46
  SINCE DEC 1   2384                      2545   -161     2967
  SINCE JUL 1   3889                      3776    113     4313

 COOLING
  TODAY            0                         0      0        0
  MONTH TO DATE    0                         0      0        0
  SINCE DEC 1      0                         0      0        0
  SINCE JAN 1      0                         0      0        0
..................................................................


WIND (MPH)
  HIGHEST WIND SPEED    26   HIGHEST WIND DIRECTION    NE (40)
  HIGHEST GUST SPEED    35   HIGHEST GUST DIRECTION    NE (50)
  AVERAGE WIND SPEED    14.1


SKY COVER
  POSSIBLE SUNSHINE  MM
  AVERAGE SKY COVER 1.0


WEATHER CONDITIONS
 THE FOLLOWING WEATHER WAS RECORDED TODAY.
  HEAVY SNOW
  SNOW
  LIGHT SNOW
  FOG
  FOG W/VISIBILITY <= 1/4 MILE
  BLOWING SNOW


RELATIVE HUMIDITY (PERCENT)
 HIGHEST    92          1200 AM
 LOWEST     81           200 PM
 AVERAGE    87

..........................................................


THE MOLINE IL CLIMATE NORMALS FOR TOMORROW
                         NORMAL    RECORD    YEAR
 MAXIMUM TEMPERATURE (F)   32        58      1987
 MINIMUM TEMPERATURE (F)   15       -22      1996
                                             1905


SUNRISE AND SUNSET
FEBRUARY  1 2015......SUNRISE   714 AM CST   SUNSET   518 PM CST
FEBRUARY  2 2015......SUNRISE   713 AM CST   SUNSET   519 PM CST


-  INDICATES NEGATIVE NUMBERS.
R  INDICATES RECORD WAS SET OR TIED.
MM INDICATES DATA IS MISSING.
T  INDICATES TRACE AMOUNT.




$$
