176
CDUS43 KDVN 240919
CLIMLI


CLIMATE REPORT
NATIONAL WEATHER SERVICE QUAD CITIES IA IL
416 AM CDT TUE MAY 24 2016


...................................

...THE MOLINE IL CLIMATE SUMMARY FOR MAY 23 2016...

CLIMATE NORMAL PERIOD 1981 TO 2010
CLIMATE RECORD PERIOD 1872 TO 2016


WEATHER ITEM   OBSERVED TIME   RECORD YEAR NORMAL DEPARTURE LAST
                VALUE   (LST)  VALUE       VALUE  FROM      YEAR
                                                  NORMAL
..................................................................
TEMPERATURE (F)
 YESTERDAY
  MAXIMUM         87    251 PM  93    1975  75     12       80
  MINIMUM         56    515 AM  33    1963  53      3       50
  AVERAGE         72                        64      8       65

PRECIPITATION (IN)
  YESTERDAY        0.00          2.92 1995   0.14  -0.14     0.00
  MONTH TO DATE    2.49                      3.16  -0.67     2.21
  SINCE MAR 1      7.84                      9.61  -1.77     4.58
  SINCE JAN 1      9.17                     12.70  -3.53     7.51

SNOWFALL (IN)
  YESTERDAY        0.0          MM      MM   0.0    0.0      0.0
  MONTH TO DATE    0.0                       0.0    0.0      0.0
  SINCE MAR 1      2.9                       4.9   -2.0      0.1
  SINCE JUL 1     24.1                      31.6   -7.5     39.1
  SNOW DEPTH       0

DEGREE DAYS
 HEATING
  YESTERDAY        0                         4     -4        0
  MONTH TO DATE  158                       139     19      108
  SINCE MAR 1   1174                      1364   -190     1321
  SINCE JUL 1   5163                      6162   -999     6579

 COOLING
  YESTERDAY        7                         3      4        0
  MONTH TO DATE   12                        37    -25       46
  SINCE MAR 1     23                        51    -28       46
  SINCE JAN 1     23                        51    -28       46
..................................................................


WIND (MPH)
  HIGHEST WIND SPEED    20   HIGHEST WIND DIRECTION     S (180)
  HIGHEST GUST SPEED    27   HIGHEST GUST DIRECTION    SW (210)
  AVERAGE WIND SPEED     7.7


SKY COVER
  POSSIBLE SUNSHINE  MM
  AVERAGE SKY COVER 0.0


WEATHER CONDITIONS
 THE FOLLOWING WEATHER WAS RECORDED YESTERDAY.
  NO SIGNIFICANT WEATHER WAS OBSERVED.


RELATIVE HUMIDITY (PERCENT)
 HIGHEST    62           500 AM
 LOWEST     25           300 PM
 AVERAGE    44

..........................................................


THE MOLINE IL CLIMATE NORMALS FOR TODAY
                         NORMAL    RECORD    YEAR
 MAXIMUM TEMPERATURE (F)   76        95      2010
 MINIMUM TEMPERATURE (F)   53        36      1925


SUNRISE AND SUNSET
MAY 24 2016...........SUNRISE   535 AM CDT   SUNSET   823 PM CDT
MAY 25 2016...........SUNRISE   534 AM CDT   SUNSET   824 PM CDT


-  INDICATES NEGATIVE NUMBERS.
R  INDICATES RECORD WAS SET OR TIED.
MM INDICATES DATA IS MISSING.
T  INDICATES TRACE AMOUNT.




$$
