000
CDUS43 KDVN 231026
CLIMLI


CLIMATE REPORT
NATIONAL WEATHER SERVICE QUAD CITIES IA IL
424 AM CST THU NOV 23 2017


...................................

...THE MOLINE IL CLIMATE SUMMARY FOR NOVEMBER 22 2017...

CLIMATE NORMAL PERIOD 1981 TO 2010
CLIMATE RECORD PERIOD 1872 TO 2017


WEATHER ITEM   OBSERVED TIME   RECORD YEAR NORMAL DEPARTURE LAST
                VALUE   (LST)  VALUE       VALUE  FROM      YEAR
                                                  NORMAL
..................................................................
TEMPERATURE (F)
 YESTERDAY
  MAXIMUM         37    202 PM  71    2010  45     -8       47
  MINIMUM         18    728 AM   1    2015  28    -10       32
  AVERAGE         28                        37     -9       40

PRECIPITATION (IN)
  YESTERDAY        0.00          1.10 1963   0.09  -0.09     0.16
  MONTH TO DATE    0.97                      1.90  -0.93     0.95
  SINCE SEP 1      9.47                      7.96   1.51     4.84
  SINCE JAN 1     35.59                     35.12   0.47    34.26

SNOWFALL (IN)
  YESTERDAY        0.0          MM      MM   0.1   -0.1      0.0
  MONTH TO DATE    T                         0.5   -0.5      0.0
  SINCE SEP 1      T                         0.5   -0.5      0.0
  SINCE JUL 1      T                         0.5   -0.5      0.0
  SNOW DEPTH       0

DEGREE DAYS
 HEATING
  YESTERDAY       37                        28      9       25
  MONTH TO DATE  587                       501     86      340
  SINCE SEP 1    899                       975    -76      589
  SINCE JUL 1    900                       983    -83      590

 COOLING
  YESTERDAY        0                         0      0        0
  MONTH TO DATE    0                         0      0        3
  SINCE SEP 1    182                       120     62      241
  SINCE JAN 1    993                      1003    -10     1314
..................................................................


WIND (MPH)
  HIGHEST WIND SPEED    10   HIGHEST WIND DIRECTION     S (190)
  HIGHEST GUST SPEED    13   HIGHEST GUST DIRECTION     S (200)
  AVERAGE WIND SPEED     5.5


SKY COVER
  POSSIBLE SUNSHINE  MM
  AVERAGE SKY COVER 0.2


WEATHER CONDITIONS
 THE FOLLOWING WEATHER WAS RECORDED YESTERDAY.
  NO SIGNIFICANT WEATHER WAS OBSERVED.


RELATIVE HUMIDITY (PERCENT)
 HIGHEST    77           800 AM
 LOWEST     44           100 PM
 AVERAGE    61

..........................................................


THE MOLINE IL CLIMATE NORMALS FOR TODAY
                         NORMAL    RECORD    YEAR
 MAXIMUM TEMPERATURE (F)   45        68      1931
 MINIMUM TEMPERATURE (F)   27         3      1950


SUNRISE AND SUNSET
NOVEMBER 23 2017......SUNRISE   700 AM CST   SUNSET   436 PM CST
NOVEMBER 24 2017......SUNRISE   702 AM CST   SUNSET   436 PM CST


-  INDICATES NEGATIVE NUMBERS.
R  INDICATES RECORD WAS SET OR TIED.
MM INDICATES DATA IS MISSING.
T  INDICATES TRACE AMOUNT.




$$
