000
CDUS43 KDVN 032121
CLIMLI


CLIMATE REPORT
NATIONAL WEATHER SERVICE QUAD CITIES IA IL
421 PM CDT TUE MAY 3 2016


...................................

...THE MOLINE IL CLIMATE SUMMARY FOR MAY 3 2016...
VALID TODAY AS OF 0400 PM LOCAL TIME.

CLIMATE NORMAL PERIOD 1981 TO 2010
CLIMATE RECORD PERIOD 1872 TO 2016


WEATHER ITEM   OBSERVED TIME   RECORD YEAR NORMAL DEPARTURE LAST
                VALUE   (LST)  VALUE       VALUE  FROM      YEAR
                                                  NORMAL
..................................................................
TEMPERATURE (F)
 TODAY
  MAXIMUM         70    159 PM  89    1949  69      1       83
                                      1938
  MINIMUM         39    539 AM  25    2005  47     -8       57
  AVERAGE         55                        58     -3       70

PRECIPITATION (IN)
  TODAY            0.00          2.05 1919   0.13  -0.13     0.20
  MONTH TO DATE    0.36                      0.39  -0.03     0.21
  SINCE MAR 1      5.71                      6.84  -1.13     2.58
  SINCE JAN 1      7.04                      9.93  -2.89     5.51

SNOWFALL (IN)
  TODAY            0.0          MM      MM   0.0    0.0      0.0
  MONTH TO DATE    0.0                       0.0    0.0      0.0
  SINCE MAR 1      2.9                       4.9   -2.0      0.1
  SINCE JUL 1     24.1                      31.6   -7.5     39.1
  SNOW DEPTH       0

DEGREE DAYS
 HEATING
  TODAY           10                         8      2        0
  MONTH TO DATE   38                        25     13       18
  SINCE MAR 1   1054                      1250   -196     1231
  SINCE JUL 1   5043                      6048  -1005     6489

 COOLING
  TODAY            0                         1     -1        5
  MONTH TO DATE    0                         3     -3        5
  SINCE MAR 1     11                        17     -6        5
  SINCE JAN 1     11                        17     -6        5
..................................................................


WIND (MPH)
  HIGHEST WIND SPEED    21   HIGHEST WIND DIRECTION     W (270)
  HIGHEST GUST SPEED    25   HIGHEST GUST DIRECTION     W (260)
  AVERAGE WIND SPEED     6.5


SKY COVER
  POSSIBLE SUNSHINE  MM
  AVERAGE SKY COVER 0.2


WEATHER CONDITIONS
 THE FOLLOWING WEATHER WAS RECORDED TODAY.
  FOG


RELATIVE HUMIDITY (PERCENT)
 HIGHEST    93           200 AM
 LOWEST     31           200 PM
 AVERAGE    62

..........................................................


THE MOLINE IL CLIMATE NORMALS FOR TOMORROW
                         NORMAL    RECORD    YEAR
 MAXIMUM TEMPERATURE (F)   69        93      1952
 MINIMUM TEMPERATURE (F)   47        28      2005


SUNRISE AND SUNSET
MAY  3 2016...........SUNRISE   556 AM CDT   SUNSET   802 PM CDT
MAY  4 2016...........SUNRISE   555 AM CDT   SUNSET   804 PM CDT


-  INDICATES NEGATIVE NUMBERS.
R  INDICATES RECORD WAS SET OR TIED.
MM INDICATES DATA IS MISSING.
T  INDICATES TRACE AMOUNT.




$$
