000
CDUS45 KBYZ 290933
CLIMLS


CLIMATE REPORT
NATIONAL WEATHER SERVICE BILLINGS MT
331 AM MDT FRI MAY 29 2015


...................................

...THE MILES CITY MT CLIMATE SUMMARY FOR MAY 28 2015...

CLIMATE NORMAL PERIOD 1981 TO 2010
CLIMATE RECORD PERIOD 1937 TO 2015


WEATHER ITEM   OBSERVED TIME   RECORD YEAR NORMAL DEPARTURE LAST
                VALUE   (LST)  VALUE       VALUE  FROM      YEAR
                                                  NORMAL
..................................................................
TEMPERATURE (F)
 YESTERDAY
  MAXIMUM         77    231 PM  95    1937  72      5       91
  MINIMUM         49    421 AM  24    1947  47      2       57
  AVERAGE         63                        60      3       74

PRECIPITATION (IN)
  YESTERDAY        T             0.55 1962   0.09  -0.09     0.01
  MONTH TO DATE    0.99                      1.93  -0.94     2.51
  SINCE OCT 1      2.90                      6.05  -3.15     6.08
  SINCE JAN 1      1.89                      4.45  -2.56     4.40

DEGREE DAYS
 HEATING
  YESTERDAY        2                         6     -4        0
  MONTH TO DATE  310                       284     26      305
  SINCE MAR 1   1497                      1796   -299     1966
  SINCE JUL 1   6967                      7530   -563     8005

 COOLING
  YESTERDAY        0                         1     -1        9
  MONTH TO DATE    1                        15    -14       31
  SINCE MAR 1      1                        16    -15       31
  SINCE JAN 1      1                        16    -15       31
..................................................................


WIND (MPH)
  HIGHEST WIND SPEED    35   HIGHEST WIND DIRECTION     N (10)
  HIGHEST GUST SPEED    43   HIGHEST GUST DIRECTION     N (350)
  AVERAGE WIND SPEED    12.5


SKY COVER
  POSSIBLE SUNSHINE  MM
  AVERAGE SKY COVER 0.5


WEATHER CONDITIONS
 THE FOLLOWING WEATHER WAS RECORDED YESTERDAY.
  LIGHT RAIN
  FOG
  FOG W/VISIBILITY <= 1/4 MILE


RELATIVE HUMIDITY (PERCENT)
 HIGHEST   100           100 AM
 LOWEST     38           200 PM
 AVERAGE    69

..........................................................


THE MILES CITY MT CLIMATE NORMALS FOR TODAY
                         NORMAL    RECORD    YEAR
 MAXIMUM TEMPERATURE (F)   72       100      1988
 MINIMUM TEMPERATURE (F)   47        31      1947


SUNRISE AND SUNSET
MAY 29 2015...........SUNRISE   517 AM MDT   SUNSET   846 PM MDT
MAY 30 2015...........SUNRISE   516 AM MDT   SUNSET   847 PM MDT


-  INDICATES NEGATIVE NUMBERS.
R  INDICATES RECORD WAS SET OR TIED.
MM INDICATES DATA IS MISSING.
T  INDICATES TRACE AMOUNT.





&&

THIS IS AN AUTOMATED...UNATTENDED WEATHER STATION AND MAY
UNDERESTIMATE WINTER PRECIPITATION.

$$
