000
CDUS45 KBYZ 240933
CLIMLS


CLIMATE REPORT
NATIONAL WEATHER SERVICE BILLINGS MT
331 AM MDT SUN JUL 24 2016


...................................

...THE MILES CITY MT CLIMATE SUMMARY FOR JULY 23 2016...

CLIMATE NORMAL PERIOD 1981 TO 2010
CLIMATE RECORD PERIOD 1937 TO 2016


WEATHER ITEM   OBSERVED TIME   RECORD YEAR NORMAL DEPARTURE LAST
                VALUE   (LST)  VALUE       VALUE  FROM      YEAR
                                                  NORMAL
..................................................................
TEMPERATURE (F)
 YESTERDAY
  MAXIMUM         88    317 PM 110    2007  90     -2       91
  MINIMUM         64    431 AM  49    1950  61      3       63
  AVERAGE         76                        75      1       77

PRECIPITATION (IN)
  YESTERDAY        0.00          1.08 1953   0.05  -0.05      T
  MONTH TO DATE    1.17                      1.26  -0.09     0.46
  SINCE OCT 1     10.98                     10.07   0.91     6.87
  SINCE JAN 1      9.72                      8.47   1.25     5.86

DEGREE DAYS
 HEATING
  YESTERDAY        0                         0      0        0
  MONTH TO DATE    2                        10     -8        0
  SINCE JUN 1     11                        99    -88       25
  SINCE JUL 1      2                        10     -8        0

 COOLING
  YESTERDAY       11                        10      1       12
  MONTH TO DATE  239                       203     36      218
  SINCE JUN 1    438                       310    128      380
  SINCE JAN 1    462                       330    132      381
..................................................................


WIND (MPH)
  HIGHEST WIND SPEED    29   HIGHEST WIND DIRECTION    NW (300)
  HIGHEST GUST SPEED    38   HIGHEST GUST DIRECTION    NW (300)
  AVERAGE WIND SPEED    16.5


SKY COVER
  POSSIBLE SUNSHINE  MM
  AVERAGE SKY COVER 0.1


WEATHER CONDITIONS
 THE FOLLOWING WEATHER WAS RECORDED YESTERDAY.
  NO SIGNIFICANT WEATHER WAS OBSERVED.


RELATIVE HUMIDITY (PERCENT)
 HIGHEST    73           200 AM
 LOWEST     18           300 PM
 AVERAGE    46

..........................................................


THE MILES CITY MT CLIMATE NORMALS FOR TODAY
                         NORMAL    RECORD    YEAR
 MAXIMUM TEMPERATURE (F)   90       110      2007
 MINIMUM TEMPERATURE (F)   61        52      1996


SUNRISE AND SUNSET
JULY 24 2016..........SUNRISE   536 AM MDT   SUNSET   843 PM MDT
JULY 25 2016..........SUNRISE   537 AM MDT   SUNSET   842 PM MDT


-  INDICATES NEGATIVE NUMBERS.
R  INDICATES RECORD WAS SET OR TIED.
MM INDICATES DATA IS MISSING.
T  INDICATES TRACE AMOUNT.





&&

THIS IS AN AUTOMATED...UNATTENDED WEATHER STATION AND MAY
UNDERESTIMATE WINTER PRECIPITATION.

$$
