079
CDUS45 KBYZ 050939
CLIMLS


CLIMATE REPORT
NATIONAL WEATHER SERVICE BILLINGS MT
334 AM MDT THU MAY 5 2016


...................................

...THE MILES CITY MT CLIMATE SUMMARY FOR MAY 4 2016...

CLIMATE NORMAL PERIOD 1981 TO 2010
CLIMATE RECORD PERIOD 1937 TO 2016


WEATHER ITEM   OBSERVED TIME   RECORD YEAR NORMAL DEPARTURE LAST
                VALUE   (LST)  VALUE       VALUE  FROM      YEAR
                                                  NORMAL
..................................................................
TEMPERATURE (F)
 YESTERDAY
  MAXIMUM         86    335 PM  88    1966  65     21       71
  MINIMUM         49    450 AM  24    1967  39     10       44
                                      1892
  AVERAGE         68                        52     16       58

PRECIPITATION (IN)
  YESTERDAY        0.00          0.70 2003   0.06  -0.06     0.00
  MONTH TO DATE    0.00                      0.24  -0.24      T
  SINCE OCT 1      6.69                      4.36   2.33     1.91
  SINCE JAN 1      5.43                      2.76   2.67     0.90

DEGREE DAYS
 HEATING
  YESTERDAY        0                        13    -13        7
  MONTH TO DATE   27                        54    -27       30
  SINCE MAR 1   1189                      1566   -377     1217
  SINCE JUL 1   5882                      7300  -1418     6687

 COOLING
  YESTERDAY        3                         0      3        0
  MONTH TO DATE    3                         0      3        0
  SINCE MAR 1      5                         1      4        0
  SINCE JAN 1      5                         1      4        0
..................................................................


WIND (MPH)
  HIGHEST WIND SPEED    17   HIGHEST WIND DIRECTION    SE (150)
  HIGHEST GUST SPEED    21   HIGHEST GUST DIRECTION     S (160)
  AVERAGE WIND SPEED     9.3


SKY COVER
  POSSIBLE SUNSHINE  MM
  AVERAGE SKY COVER 0.0


WEATHER CONDITIONS
 THE FOLLOWING WEATHER WAS RECORDED YESTERDAY.
  NO SIGNIFICANT WEATHER WAS OBSERVED.


RELATIVE HUMIDITY (PERCENT)
 HIGHEST    66           500 AM
 LOWEST     13           500 PM
 AVERAGE    40

..........................................................


THE MILES CITY MT CLIMATE NORMALS FOR TODAY
                         NORMAL    RECORD    YEAR
 MAXIMUM TEMPERATURE (F)   66        89      1966
 MINIMUM TEMPERATURE (F)   39        27      1967


SUNRISE AND SUNSET
MAY  5 2016...........SUNRISE   543 AM MDT   SUNSET   819 PM MDT
MAY  6 2016...........SUNRISE   541 AM MDT   SUNSET   820 PM MDT


-  INDICATES NEGATIVE NUMBERS.
R  INDICATES RECORD WAS SET OR TIED.
MM INDICATES DATA IS MISSING.
T  INDICATES TRACE AMOUNT.





&&

THIS IS AN AUTOMATED...UNATTENDED WEATHER STATION AND MAY
UNDERESTIMATE WINTER PRECIPITATION.

$$
