198
CDUS45 KBYZ 290931
CLIMLS


CLIMATE REPORT
NATIONAL WEATHER SERVICE BILLINGS MT
330 AM MDT SUN MAY 29 2016


...................................

...THE MILES CITY MT CLIMATE SUMMARY FOR MAY 28 2016...

CLIMATE NORMAL PERIOD 1981 TO 2010
CLIMATE RECORD PERIOD 1937 TO 2016


WEATHER ITEM   OBSERVED TIME   RECORD YEAR NORMAL DEPARTURE LAST
                VALUE   (LST)  VALUE       VALUE  FROM      YEAR
                                                  NORMAL
..................................................................
TEMPERATURE (F)
 YESTERDAY
  MAXIMUM         73    349 PM  95    1937  72      1       77
  MINIMUM         50    430 AM  24    1947  47      3       49
  AVERAGE         62                        60      2       63

PRECIPITATION (IN)
  YESTERDAY        T             0.55 1962   0.09  -0.09      T
  MONTH TO DATE    1.56                      1.93  -0.37     0.99
  SINCE OCT 1      8.25                      6.05   2.20     2.90
  SINCE JAN 1      6.99                      4.45   2.54     1.89

DEGREE DAYS
 HEATING
  YESTERDAY        3                         6     -3        2
  MONTH TO DATE  218                       284    -66      310
  SINCE MAR 1   1380                      1796   -416     1497
  SINCE JUL 1   6073                      7530  -1457     6967

 COOLING
  YESTERDAY        0                         1     -1        0
  MONTH TO DATE   22                        15      7        1
  SINCE MAR 1     24                        16      8        1
  SINCE JAN 1     24                        16      8        1
..................................................................


WIND (MPH)
  HIGHEST WIND SPEED    17   HIGHEST WIND DIRECTION     W (280)
  HIGHEST GUST SPEED    24   HIGHEST GUST DIRECTION    NW (310)
  AVERAGE WIND SPEED     8.7


SKY COVER
  POSSIBLE SUNSHINE  MM
  AVERAGE SKY COVER 0.6


WEATHER CONDITIONS
 THE FOLLOWING WEATHER WAS RECORDED YESTERDAY.
  LIGHT RAIN


RELATIVE HUMIDITY (PERCENT)
 HIGHEST    89          1200 AM
 LOWEST     27           500 PM
 AVERAGE    58

..........................................................


THE MILES CITY MT CLIMATE NORMALS FOR TODAY
                         NORMAL    RECORD    YEAR
 MAXIMUM TEMPERATURE (F)   72       100      1988
 MINIMUM TEMPERATURE (F)   47        31      1947


SUNRISE AND SUNSET
MAY 29 2016...........SUNRISE   516 AM MDT   SUNSET   846 PM MDT
MAY 30 2016...........SUNRISE   516 AM MDT   SUNSET   847 PM MDT


-  INDICATES NEGATIVE NUMBERS.
R  INDICATES RECORD WAS SET OR TIED.
MM INDICATES DATA IS MISSING.
T  INDICATES TRACE AMOUNT.





&&

THIS IS AN AUTOMATED...UNATTENDED WEATHER STATION AND MAY
UNDERESTIMATE WINTER PRECIPITATION.

$$
