000
CDUS45 KBYZ 180938
CLIMLS


CLIMATE REPORT
NATIONAL WEATHER SERVICE BILLINGS MT
336 AM MDT THU SEP 18 2014


...................................

...THE MILES CITY MT CLIMATE SUMMARY FOR SEPTEMBER 17 2014...

CLIMATE NORMAL PERIOD 1981 TO 2010
CLIMATE RECORD PERIOD 1937 TO 2014


WEATHER ITEM   OBSERVED TIME   RECORD YEAR NORMAL DEPARTURE LAST
                VALUE   (LST)  VALUE       VALUE  FROM      YEAR
                                                  NORMAL
..................................................................
TEMPERATURE (F)
 YESTERDAY
  MAXIMUM         85    331 PM  94    2009  73     12       87
                                      2000
  MINIMUM         46    546 AM  25    1965  45      1       58
  AVERAGE         66                        59      7       73

PRECIPITATION (IN)
  YESTERDAY        T             0.65 1942   0.03  -0.03     0.30
  MONTH TO DATE    0.22                      0.59  -0.37     1.37
  SINCE OCT 1     13.89                     11.95   1.94    16.74
  SINCE JAN 1     12.21                     10.35   1.86    15.21

SNOWFALL (IN)
  YESTERDAY       MM
  MONTH TO DATE   MM
  SINCE SEP 1     MM
  SINCE JUL 1     MM
  SNOW DEPTH      MM

DEGREE DAYS
 HEATING
  YESTERDAY        0                         7     -7        0
  MONTH TO DATE  153                        76     77        0
  SINCE SEP 1    153                        76     77        0
  SINCE JUL 1    187                       110     77        0

 COOLING
  YESTERDAY        1                         1      0        8
  MONTH TO DATE    7                        48    -41      142
  SINCE SEP 1      7                        48    -41      142
  SINCE JAN 1    602                       720   -118      877
..................................................................


WIND (MPH)
  HIGHEST WIND SPEED    17   HIGHEST WIND DIRECTION     S (160)
  HIGHEST GUST SPEED    22   HIGHEST GUST DIRECTION    SE (140)
  AVERAGE WIND SPEED     7.0


SKY COVER
  POSSIBLE SUNSHINE  MM
  AVERAGE SKY COVER 0.0


WEATHER CONDITIONS
 THE FOLLOWING WEATHER WAS RECORDED YESTERDAY.
  NO SIGNIFICANT WEATHER WAS OBSERVED.


RELATIVE HUMIDITY (PERCENT)
 HIGHEST    93           500 AM
 LOWEST     23           300 PM
 AVERAGE    58

..........................................................


THE MILES CITY MT CLIMATE NORMALS FOR TODAY
                         NORMAL    RECORD    YEAR
 MAXIMUM TEMPERATURE (F)   73        95      1984
 MINIMUM TEMPERATURE (F)   45        28      1991


SUNRISE AND SUNSET
SEPTEMBER 18 2014.....SUNRISE   645 AM MDT   SUNSET   709 PM MDT
SEPTEMBER 19 2014.....SUNRISE   647 AM MDT   SUNSET   707 PM MDT


-  INDICATES NEGATIVE NUMBERS.
R  INDICATES RECORD WAS SET OR TIED.
MM INDICATES DATA IS MISSING.
T  INDICATES TRACE AMOUNT.





&&

THIS IS AN AUTOMATED...UNATTENDED WEATHER STATION AND MAY
UNDERESTIMATE WINTER PRECIPITATION.

$$
