000
CDUS41 KCAR 170531
CLIMLT


CLIMATE REPORT
NATIONAL WEATHER SERVICE CARIBOU, ME
130 AM EDT WED SEP 17 2014


...................................

...THE MILLINOCKET ME CLIMATE SUMMARY FOR SEPTEMBER 16 2014...

CLIMATE NORMAL PERIOD 1981 TO 2010
CLIMATE RECORD PERIOD 1903 TO 2014


WEATHER ITEM   OBSERVED TIME   RECORD YEAR NORMAL DEPARTURE LAST
                VALUE   (LST)  VALUE       VALUE  FROM      YEAR
                                                  NORMAL
..................................................................
TEMPERATURE (F)
 YESTERDAY
  MAXIMUM         61    131 PM  93    1939  68     -7       57
  MINIMUM         42    434 AM  28    1959  47     -5       39
  AVERAGE         52                        57     -5       48

PRECIPITATION (IN)
  YESTERDAY        0.28          5.69 1932   0.13   0.15     0.26
  MONTH TO DATE    0.55                      1.82  -1.27     3.74
  SINCE SEP 1      0.55                      1.82  -1.27     3.74
  SINCE JAN 1     25.69                     28.75  -3.06    29.23

SNOWFALL (IN)
  YESTERDAY       MM            MM      MM  MM     MM       MM
  MONTH TO DATE   MM                        MM     MM       MM
  SINCE SEP 1     MM                        MM     MM       MM
  SINCE JUL 1     MM                        MM     MM       MM
  SNOW DEPTH      MM

DEGREE DAYS
 HEATING
  YESTERDAY       13                         8      5       17
  MONTH TO DATE  102                        93      9       86
  SINCE SEP 1    102                        93      9       86
  SINCE JUL 1    130                       172    -42      131

 COOLING
  YESTERDAY        0                         0      0        0
  MONTH TO DATE   35                        15     20       28
  SINCE SEP 1     35                        15     20       28
  SINCE JAN 1    363                       266     97      380
..................................................................


WIND (MPH)
  HIGHEST WIND SPEED    10   HIGHEST WIND DIRECTION     N (340)
  HIGHEST GUST SPEED    13   HIGHEST GUST DIRECTION    NW (330)
  AVERAGE WIND SPEED     1.1


SKY COVER
  POSSIBLE SUNSHINE  MM
  AVERAGE SKY COVER 0.6


WEATHER CONDITIONS
 THE FOLLOWING WEATHER WAS RECORDED YESTERDAY.
  LIGHT RAIN
  FOG


RELATIVE HUMIDITY (PERCENT)
 HIGHEST    96           300 AM
 LOWEST     69           100 PM
 AVERAGE    83

..........................................................


THE MILLINOCKET ME CLIMATE NORMALS FOR TODAY
                         NORMAL    RECORD    YEAR
 MAXIMUM TEMPERATURE (F)   67        90      1939
 MINIMUM TEMPERATURE (F)   46        29      1948


SUNRISE AND SUNSET
SEPTEMBER 17 2014.....SUNRISE   615 AM EDT   SUNSET   642 PM EDT
SEPTEMBER 18 2014.....SUNRISE   617 AM EDT   SUNSET   640 PM EDT


-  INDICATES NEGATIVE NUMBERS.
R  INDICATES RECORD WAS SET OR TIED.
MM INDICATES DATA IS MISSING.
T  INDICATES TRACE AMOUNT.




$$
