000
CDUS41 KCAR 282150
CLIMLT


CLIMATE REPORT
NATIONAL WEATHER SERVICE CARIBOU, ME
549 PM EDT WED SEP 28 2016


...................................

...THE MILLINOCKET ME CLIMATE SUMMARY FOR SEPTEMBER 28 2016...
VALID TODAY AS OF 0500 PM LOCAL TIME.

CLIMATE NORMAL PERIOD 1981 TO 2010
CLIMATE RECORD PERIOD 1903 TO 2016


WEATHER ITEM   OBSERVED TIME   RECORD YEAR NORMAL DEPARTURE LAST
                VALUE   (LST)  VALUE       VALUE  FROM      YEAR
                                                  NORMAL
..................................................................
TEMPERATURE (F)
 TODAY
  MAXIMUM         62    238 PM  85    2014  62      0       77
  MINIMUM         46    638 AM  23    1922  42      4       43
  AVERAGE         54                        52      2       60

PRECIPITATION (IN)
  TODAY            0.00          1.49 1909   0.15  -0.15     0.00
  MONTH TO DATE    1.19                      3.42  -2.23     2.55
  SINCE SEP 1      1.19                      3.42  -2.23     2.55
  SINCE JAN 1     24.19                     30.35  -6.16    28.15

SNOWFALL (IN)
  TODAY           MM            MM      MM  MM     MM       MM
  MONTH TO DATE   MM                        MM     MM       MM
  SINCE SEP 1     MM                        MM     MM       MM
  SINCE JUL 1     MM                        MM     MM       MM
  SNOW DEPTH      MM

DEGREE DAYS
 HEATING
  TODAY           11                        13     -2        5
  MONTH TO DATE  142                       222    -80      102
  SINCE SEP 1    142                       222    -80      102
  SINCE JUL 1    182                       301   -119      123

 COOLING
  TODAY            0                         0      0        0
  MONTH TO DATE   43                        15     28       86
  SINCE SEP 1     43                        15     28       86
  SINCE JAN 1    350                       266     84      398
..................................................................


WIND (MPH)
  HIGHEST WIND SPEED    15   HIGHEST WIND DIRECTION     E (80)
  HIGHEST GUST SPEED    22   HIGHEST GUST DIRECTION     E (70)
  AVERAGE WIND SPEED     8.3


SKY COVER
  POSSIBLE SUNSHINE  MM
  AVERAGE SKY COVER 0.7


WEATHER CONDITIONS
 THE FOLLOWING WEATHER WAS RECORDED TODAY.
  NO SIGNIFICANT WEATHER WAS OBSERVED.


RELATIVE HUMIDITY (PERCENT)
 HIGHEST    86          1200 AM
 LOWEST     47          1200 PM
 AVERAGE    67

..........................................................


THE MILLINOCKET ME CLIMATE NORMALS FOR TOMORROW
                         NORMAL    RECORD    YEAR
 MAXIMUM TEMPERATURE (F)   62        80      1952
 MINIMUM TEMPERATURE (F)   41        22      1980


SUNRISE AND SUNSET
SEPTEMBER 28 2016.....SUNRISE   630 AM EDT   SUNSET   620 PM EDT
SEPTEMBER 29 2016.....SUNRISE   631 AM EDT   SUNSET   618 PM EDT


-  INDICATES NEGATIVE NUMBERS.
R  INDICATES RECORD WAS SET OR TIED.
MM INDICATES DATA IS MISSING.
T  INDICATES TRACE AMOUNT.




$$
