000
CDUS41 KCAR 302026
CLIMLT


CLIMATE REPORT
NATIONAL WEATHER SERVICE CARIBOU, ME
426 PM EDT TUE SEP 30 2014


...................................

...THE MILLINOCKET ME CLIMATE SUMMARY FOR SEPTEMBER 30 2014...
VALID TODAY AS OF 0400 PM LOCAL TIME.

CLIMATE NORMAL PERIOD 1981 TO 2010
CLIMATE RECORD PERIOD 1903 TO 2014


WEATHER ITEM   OBSERVED TIME   RECORD YEAR NORMAL DEPARTURE LAST
                VALUE   (LST)  VALUE       VALUE  FROM      YEAR
                                                  NORMAL
..................................................................
TEMPERATURE (F)
 TODAY
  MAXIMUM         59    254 PM  84    1922  61     -2       69
  MINIMUM         44    623 AM  22    1980  41      3       39
  AVERAGE         52                        51      1       54

PRECIPITATION (IN)
  TODAY            0.00          2.82 1920   0.15  -0.15     0.00
  MONTH TO DATE    0.60                      3.72  -3.12     4.68
  SINCE SEP 1      0.60                      3.72  -3.12     4.68
  SINCE JAN 1     25.74                     30.65  -4.91    30.17

SNOWFALL (IN)
  TODAY           MM            MM      MM  MM     MM       MM
  MONTH TO DATE   MM                        MM     MM       MM
  SINCE SEP 1     MM                        MM     MM       MM
  SINCE JUL 1     MM                        MM     MM       MM
  SNOW DEPTH      MM

DEGREE DAYS
 HEATING
  TODAY           13                        14     -1       11
  MONTH TO DATE  236                       249    -13      201
  SINCE SEP 1    236                       249    -13      201
  SINCE JUL 1    264                       328    -64      246

 COOLING
  TODAY            0                         0      0        0
  MONTH TO DATE   43                        17     26       28
  SINCE SEP 1     43                        17     26       28
  SINCE JAN 1    371                       268    103      380
..................................................................


WIND (MPH)
  HIGHEST WIND SPEED     9   HIGHEST WIND DIRECTION     E (80)
  HIGHEST GUST SPEED    13   HIGHEST GUST DIRECTION     E (80)
  AVERAGE WIND SPEED     4.5


SKY COVER
  POSSIBLE SUNSHINE  MM
  AVERAGE SKY COVER 1.0


WEATHER CONDITIONS
 THE FOLLOWING WEATHER WAS RECORDED TODAY.
  FOG


RELATIVE HUMIDITY (PERCENT)
 HIGHEST   100           700 AM
 LOWEST     72           200 PM
 AVERAGE    86

..........................................................


THE MILLINOCKET ME CLIMATE NORMALS FOR TOMORROW
                         NORMAL    RECORD    YEAR
 MAXIMUM TEMPERATURE (F)   61        78      2002
                                             1983
 MINIMUM TEMPERATURE (F)   41        25      1928


SUNRISE AND SUNSET
SEPTEMBER 30 2014.....SUNRISE   632 AM EDT   SUNSET   617 PM EDT
OCTOBER  1 2014.......SUNRISE   633 AM EDT   SUNSET   615 PM EDT


-  INDICATES NEGATIVE NUMBERS.
R  INDICATES RECORD WAS SET OR TIED.
MM INDICATES DATA IS MISSING.
T  INDICATES TRACE AMOUNT.




$$
