000
CDUS41 KCAR 292027
CLIMLT


CLIMATE REPORT
NATIONAL WEATHER SERVICE CARIBOU, ME
427 PM EDT FRI JUL 29 2016


...................................

...THE MILLINOCKET ME CLIMATE SUMMARY FOR JULY 29 2016...
VALID TODAY AS OF 0400 PM LOCAL TIME.

CLIMATE NORMAL PERIOD 1981 TO 2010
CLIMATE RECORD PERIOD 1903 TO 2016


WEATHER ITEM   OBSERVED TIME   RECORD YEAR NORMAL DEPARTURE LAST
                VALUE   (LST)  VALUE       VALUE  FROM      YEAR
                                                  NORMAL
..................................................................
TEMPERATURE (F)
 TODAY
  MAXIMUM         82    259 PM  95    1959  78      4       87
  MINIMUM         63    449 AM  41    1987  57      6       58
  AVERAGE         73                        68      5       73

PRECIPITATION (IN)
  TODAY            0.00          1.42 1911   0.10  -0.10     0.00
  MONTH TO DATE    2.23                      3.61  -1.38     3.44
  SINCE JUN 1      5.15                      7.68  -2.53     7.96
  SINCE JAN 1     18.76                     22.75  -3.99    19.65

SNOWFALL (IN)
  TODAY           MM            MM      MM  MM     MM       MM
  MONTH TO DATE   MM                        MM     MM       MM
  SINCE JUN 1     MM                        MM     MM       MM
  SINCE JUL 1     MM                        MM     MM       MM
  SNOW DEPTH      MM

DEGREE DAYS
 HEATING
  TODAY            0                         1     -1        0
  MONTH TO DATE   33                        29      4       21
  SINCE JUN 1    149                       145      4      181
  SINCE JUL 1     33                        29      4       21

 COOLING
  TODAY            8                         4      4        8
  MONTH TO DATE  153                       113     40       89
  SINCE JUN 1    179                       162     17      109
  SINCE JAN 1    185                       168     17      143
..................................................................


WIND (MPH)
  HIGHEST WIND SPEED     8   HIGHEST WIND DIRECTION     E (80)
  HIGHEST GUST SPEED    10   HIGHEST GUST DIRECTION    SE (130)
  AVERAGE WIND SPEED     0.7


SKY COVER
  POSSIBLE SUNSHINE  MM
  AVERAGE SKY COVER 0.7


WEATHER CONDITIONS
 THE FOLLOWING WEATHER WAS RECORDED TODAY.
  NO SIGNIFICANT WEATHER WAS OBSERVED.


RELATIVE HUMIDITY (PERCENT)
 HIGHEST   100          1200 AM
 LOWEST     42           200 PM
 AVERAGE    71

..........................................................


THE MILLINOCKET ME CLIMATE NORMALS FOR TOMORROW
                         NORMAL    RECORD    YEAR
 MAXIMUM TEMPERATURE (F)   78        93      1959
 MINIMUM TEMPERATURE (F)   57        40      1952


SUNRISE AND SUNSET
JULY 29 2016..........SUNRISE   515 AM EDT   SUNSET   806 PM EDT
JULY 30 2016..........SUNRISE   516 AM EDT   SUNSET   805 PM EDT


-  INDICATES NEGATIVE NUMBERS.
R  INDICATES RECORD WAS SET OR TIED.
MM INDICATES DATA IS MISSING.
T  INDICATES TRACE AMOUNT.




$$
