000
CDUS41 KCAR 260543
CLIMLT


CLIMATE REPORT
NATIONAL WEATHER SERVICE CARIBOU, ME
140 AM EDT FRI AUG 26 2016


...................................

...THE MILLINOCKET ME CLIMATE SUMMARY FOR AUGUST 25 2016...

CLIMATE NORMAL PERIOD 1981 TO 2010
CLIMATE RECORD PERIOD 1903 TO 2016


WEATHER ITEM   OBSERVED TIME   RECORD YEAR NORMAL DEPARTURE LAST
                VALUE   (LST)  VALUE       VALUE  FROM      YEAR
                                                  NORMAL
..................................................................
TEMPERATURE (F)
 YESTERDAY
  MAXIMUM         82    158 PM  90    2014  75      7       78
                                      1925
  MINIMUM         62    612 AM  37    1978  54      8       67
  AVERAGE         72                        64      8       73

PRECIPITATION (IN)
  YESTERDAY        0.00          2.17 2007   0.14  -0.14     0.13
  MONTH TO DATE    4.14                      3.17   0.97     4.76
  SINCE JUN 1      9.29                     11.09  -1.80    12.79
  SINCE JAN 1     22.90                     26.16  -3.26    24.48

SNOWFALL (IN)
  YESTERDAY       MM            MM      MM  MM     MM       MM
  MONTH TO DATE   MM                        MM     MM       MM
  SINCE JUN 1     MM                        MM     MM       MM
  SINCE JUL 1     MM                        MM     MM       MM
  SNOW DEPTH      MM

DEGREE DAYS
 HEATING
  YESTERDAY        0                         2     -2        0
  MONTH TO DATE    4                        35    -31        0
  SINCE JUN 1    153                       175    -22      181
  SINCE JUL 1     37                        59    -22       21

 COOLING
  YESTERDAY        7                         2      5        8
  MONTH TO DATE   93                        67     26      135
  SINCE JUN 1    277                       233     44      259
  SINCE JAN 1    283                       239     44      293
..................................................................


WIND (MPH)
  HIGHEST WIND SPEED    10   HIGHEST WIND DIRECTION     S (200)
  HIGHEST GUST SPEED    18   HIGHEST GUST DIRECTION    SE (150)
  AVERAGE WIND SPEED     3.3


SKY COVER
  POSSIBLE SUNSHINE  MM
  AVERAGE SKY COVER 0.2


WEATHER CONDITIONS
 THE FOLLOWING WEATHER WAS RECORDED YESTERDAY.
  NO SIGNIFICANT WEATHER WAS OBSERVED.


RELATIVE HUMIDITY (PERCENT)
 HIGHEST    93           200 AM
 LOWEST     54          1200 PM
 AVERAGE    74

..........................................................


THE MILLINOCKET ME CLIMATE NORMALS FOR TODAY
                         NORMAL    RECORD    YEAR
 MAXIMUM TEMPERATURE (F)   75        91      1937
 MINIMUM TEMPERATURE (F)   53        35      1913


SUNRISE AND SUNSET
AUGUST 26 2016........SUNRISE   549 AM EDT   SUNSET   723 PM EDT
AUGUST 27 2016........SUNRISE   550 AM EDT   SUNSET   721 PM EDT


-  INDICATES NEGATIVE NUMBERS.
R  INDICATES RECORD WAS SET OR TIED.
MM INDICATES DATA IS MISSING.
T  INDICATES TRACE AMOUNT.




$$
