000
CDUS44 KSHV 050905
CLIMLU


CLIMATE REPORT
NATIONAL WEATHER SERVICE SHREVEPORT, LA
254 AM CST FRI FEB 5 2016


...................................

...THE MONROE CLIMATE SUMMARY FOR FEBRUARY 4 2016...

CLIMATE NORMAL PERIOD 1981 TO 2010
CLIMATE RECORD PERIOD 1930 TO 2016


WEATHER ITEM   OBSERVED TIME   RECORD YEAR NORMAL DEPARTURE LAST
                VALUE   (LST)  VALUE       VALUE  FROM      YEAR
                                                  NORMAL
..................................................................
TEMPERATURE (F)
 YESTERDAY
  MAXIMUM         53    409 PM  83    1957  59     -6       51
  MINIMUM         32   1159 PM  12    1996  37     -5       34
  AVERAGE         43                        48     -5       43

PRECIPITATION (IN)
  YESTERDAY        0.00          1.67 1936   0.15  -0.15     0.00
  MONTH TO DATE    0.22                      0.64  -0.42     0.38
  SINCE DEC 1     11.33                     10.94   0.39     9.77
  SINCE JAN 1      4.94                      5.65  -0.71     5.29

SNOWFALL (IN)
  YESTERDAY        0.0
  MONTH TO DATE    0.0
  SINCE DEC 1      T
  SINCE JUL 1      T
  SNOW DEPTH       0

DEGREE DAYS
 HEATING
  YESTERDAY       22                        17      5       22
  MONTH TO DATE   40                        68    -28       84
  SINCE DEC 1    936                      1177   -241     1187
  SINCE JUL 1   1124                      1549   -425     1661

 COOLING
  YESTERDAY        0                         0      0        0
  MONTH TO DATE    1                         0      1        0
  SINCE DEC 1     57                        11     46        1
  SINCE JAN 1      4                         4      0        0
..................................................................


WIND (MPH)
  HIGHEST WIND SPEED    17   HIGHEST WIND DIRECTION     N (340)
  HIGHEST GUST SPEED    22   HIGHEST GUST DIRECTION     N (360)
  AVERAGE WIND SPEED     7.1


SKY COVER
  POSSIBLE SUNSHINE  MM
  AVERAGE SKY COVER 0.0


WEATHER CONDITIONS
 THE FOLLOWING WEATHER WAS RECORDED YESTERDAY.
  NO SIGNIFICANT WEATHER WAS OBSERVED.


RELATIVE HUMIDITY (PERCENT)
 HIGHEST    85           700 AM
 LOWEST     26           400 PM
 AVERAGE    56

..........................................................


THE MONROE CLIMATE NORMALS FOR TODAY
                         NORMAL    RECORD    YEAR
 MAXIMUM TEMPERATURE (F)   60        81      1957
 MINIMUM TEMPERATURE (F)   37        16      1996


SUNRISE AND SUNSET
FEBRUARY  5 2016......SUNRISE   700 AM CST   SUNSET   545 PM CST
FEBRUARY  6 2016......SUNRISE   659 AM CST   SUNSET   545 PM CST


-  INDICATES NEGATIVE NUMBERS.
R  INDICATES RECORD WAS SET OR TIED.
MM INDICATES DATA IS MISSING.
T  INDICATES TRACE AMOUNT.




$$
