000
CDUS44 KSHV 030853
CLIMLU


CLIMATE REPORT
NATIONAL WEATHER SERVICE SHREVEPORT, LA
253 AM CST TUE MAR 3 2015


...................................

...THE MONROE CLIMATE SUMMARY FOR MARCH 2 2015...

CLIMATE NORMAL PERIOD 1981 TO 2010
CLIMATE RECORD PERIOD 1930 TO 2015


WEATHER ITEM   OBSERVED TIME   RECORD YEAR NORMAL DEPARTURE LAST
                VALUE   (LST)  VALUE       VALUE  FROM      YEAR
                                                  NORMAL
..................................................................
TEMPERATURE (F)
 YESTERDAY
  MAXIMUM         45    113 AM  84    2012  66    -21       75
  MINIMUM         40   1159 PM  22    1980  43     -3       36
  AVERAGE         43                        54    -11       56

PRECIPITATION (IN)
  YESTERDAY        0.02          2.47 1934   0.17  -0.15     0.49
  MONTH TO DATE    0.38                      0.34   0.04     0.49
  SINCE DEC 1     14.62                     15.27  -0.65     8.18
  SINCE JAN 1     10.14                      9.98   0.16     4.92

SNOWFALL (IN)
  YESTERDAY        0.0
  MONTH TO DATE    0.0
  SINCE MAR 1      0.0
  SINCE JUL 1      3.5
  SNOW DEPTH       0

DEGREE DAYS
 HEATING
  YESTERDAY       22                        11     11        9
  MONTH TO DATE   42                        22     20        9
  SINCE MAR 1     42                        22     20        9
  SINCE JUL 1   2246                      1916    330     2335

 COOLING
  YESTERDAY        0                         0      0        0
  MONTH TO DATE    0                         0      0        1
  SINCE MAR 1      0                         0      0        1
  SINCE JAN 1      0                        11    -11        3
..................................................................


WIND (MPH)
  HIGHEST WIND SPEED    20   HIGHEST WIND DIRECTION    NE (50)
  HIGHEST GUST SPEED    25   HIGHEST GUST DIRECTION    NE (50)
  AVERAGE WIND SPEED     9.2


SKY COVER
  POSSIBLE SUNSHINE  MM
  AVERAGE SKY COVER 1.0


WEATHER CONDITIONS
 THE FOLLOWING WEATHER WAS RECORDED YESTERDAY.
  LIGHT RAIN
  FOG


RELATIVE HUMIDITY (PERCENT)
 HIGHEST   100          1200 AM
 LOWEST     89           200 PM
 AVERAGE    95

..........................................................


THE MONROE CLIMATE NORMALS FOR TODAY
                         NORMAL    RECORD    YEAR
 MAXIMUM TEMPERATURE (F)   66        82      1938
 MINIMUM TEMPERATURE (F)   43        24      2002


SUNRISE AND SUNSET
MARCH  3 2015.........SUNRISE   634 AM CST   SUNSET   607 PM CST
MARCH  4 2015.........SUNRISE   632 AM CST   SUNSET   608 PM CST


-  INDICATES NEGATIVE NUMBERS.
R  INDICATES RECORD WAS SET OR TIED.
MM INDICATES DATA IS MISSING.
T  INDICATES TRACE AMOUNT.




$$
