000
CDUS44 KSHV 180836
CLIMLU


CLIMATE REPORT
NATIONAL WEATHER SERVICE SHREVEPORT, LA
235 AM CST THU DEC 18 2014


...................................

...THE MONROE CLIMATE SUMMARY FOR DECEMBER 17 2014...

CLIMATE NORMAL PERIOD 1981 TO 2010
CLIMATE RECORD PERIOD 1930 TO 2014


WEATHER ITEM   OBSERVED TIME   RECORD YEAR NORMAL DEPARTURE LAST
                VALUE   (LST)  VALUE       VALUE  FROM      YEAR
                                                  NORMAL
..................................................................
TEMPERATURE (F)
 YESTERDAY
  MAXIMUM         52    416 PM  79    1933  58     -6       68
  MINIMUM         32    559 AM  17    1932  37     -5       32
  AVERAGE         42                        48     -6       50

PRECIPITATION (IN)
  YESTERDAY        0.00          2.10 1931   0.17  -0.17     0.00
  MONTH TO DATE    0.68                      2.96  -2.28     2.07
  SINCE DEC 1      0.68                      2.96  -2.28     2.07
  SINCE JAN 1     48.29                     51.69  -3.40    49.12

SNOWFALL (IN)
  YESTERDAY        0.0
  MONTH TO DATE    0.0
  SINCE DEC 1      0.0
  SINCE JUL 1      0.0
  SNOW DEPTH       0

DEGREE DAYS
 HEATING
  YESTERDAY       23                        18      5       15
  MONTH TO DATE  220                       272    -52      324
  SINCE DEC 1    220                       272    -52      324
  SINCE JUL 1    694                       644     50      804

 COOLING
  YESTERDAY        0                         0      0        0
  MONTH TO DATE    1                         0      1        9
  SINCE DEC 1      1                         0      1        9
  SINCE JAN 1   2284                      2508   -224     2442
..................................................................


WIND (MPH)
  HIGHEST WIND SPEED    12   HIGHEST WIND DIRECTION     E (70)
  HIGHEST GUST SPEED    15   HIGHEST GUST DIRECTION     E (90)
  AVERAGE WIND SPEED     5.6


SKY COVER
  POSSIBLE SUNSHINE  MM
  AVERAGE SKY COVER 0.3


WEATHER CONDITIONS
 THE FOLLOWING WEATHER WAS RECORDED YESTERDAY.
  NO SIGNIFICANT WEATHER WAS OBSERVED.


RELATIVE HUMIDITY (PERCENT)
 HIGHEST   100           700 AM
 LOWEST     59           200 PM
 AVERAGE    80

..........................................................


THE MONROE CLIMATE NORMALS FOR TODAY
                         NORMAL    RECORD    YEAR
 MAXIMUM TEMPERATURE (F)   58        77      2002
 MINIMUM TEMPERATURE (F)   37        18      1979


SUNRISE AND SUNSET
DECEMBER 18 2014......SUNRISE   704 AM CST   SUNSET   505 PM CST
DECEMBER 19 2014......SUNRISE   705 AM CST   SUNSET   506 PM CST


-  INDICATES NEGATIVE NUMBERS.
R  INDICATES RECORD WAS SET OR TIED.
MM INDICATES DATA IS MISSING.
T  INDICATES TRACE AMOUNT.




$$
