729
CDUS44 KSHV 220737
CLIMLU


CLIMATE REPORT
NATIONAL WEATHER SERVICE SHREVEPORT, LA
237 AM CDT MON MAY 22 2017


...................................

...THE MONROE CLIMATE SUMMARY FOR MAY 21 2017...

CLIMATE NORMAL PERIOD 1981 TO 2010
CLIMATE RECORD PERIOD 1930 TO 2017


WEATHER ITEM   OBSERVED TIME   RECORD YEAR NORMAL DEPARTURE LAST
                VALUE   (LST)  VALUE       VALUE  FROM      YEAR
                                                  NORMAL
..................................................................
TEMPERATURE (F)
 YESTERDAY
  MAXIMUM         76   1127 AM  98    1978  87    -11       86
  MINIMUM         63   1159 PM  48    1954  64     -1       62
  AVERAGE         70                        75     -5       74

PRECIPITATION (IN)
  YESTERDAY        0.21          1.66 1997   0.15   0.06     0.00
  MONTH TO DATE    1.96                      3.56  -1.60     0.65
  SINCE DEC 1     27.26                     27.71  -0.45    48.35
  SINCE JAN 1     22.43                     22.42   0.01    41.96

SNOWFALL (IN)
  YESTERDAY        0.0
  MONTH TO DATE    0.0
  SINCE MAR 1      0.0
  SINCE JUL 1      0.2
  SNOW DEPTH       0

DEGREE DAYS
 HEATING
  YESTERDAY        0                         0      0        0
  MONTH TO DATE   11                         3      8        1
  SINCE MAR 1    203                       333   -130      167
  SINCE JUL 1   1399                      2227   -828     1595

 COOLING
  YESTERDAY        5                        11     -6        9
  MONTH TO DATE  137                       171    -34      109
  SINCE MAR 1    375                       307     68      250
  SINCE JAN 1    434                       318    116      258
..................................................................


WIND (MPH)
  HIGHEST WIND SPEED    25   HIGHEST WIND DIRECTION     N (340)
  HIGHEST GUST SPEED    31   HIGHEST GUST DIRECTION     N (350)
  AVERAGE WIND SPEED     5.7


SKY COVER
  POSSIBLE SUNSHINE  MM
  AVERAGE SKY COVER 0.5


WEATHER CONDITIONS
 THE FOLLOWING WEATHER WAS RECORDED YESTERDAY.
  THUNDERSTORM
  HEAVY RAIN
  RAIN
  LIGHT RAIN
  FOG


RELATIVE HUMIDITY (PERCENT)
 HIGHEST   100          1100 PM
 LOWEST     73           400 PM
 AVERAGE    87

..........................................................


THE MONROE CLIMATE NORMALS FOR TODAY
                         NORMAL    RECORD    YEAR
 MAXIMUM TEMPERATURE (F)   87        96      1904
 MINIMUM TEMPERATURE (F)   65        50      1919


SUNRISE AND SUNSET
MAY 22 2017...........SUNRISE   605 AM CDT   SUNSET   805 PM CDT
MAY 23 2017...........SUNRISE   605 AM CDT   SUNSET   805 PM CDT


-  INDICATES NEGATIVE NUMBERS.
R  INDICATES RECORD WAS SET OR TIED.
MM INDICATES DATA IS MISSING.
T  INDICATES TRACE AMOUNT.




$$
