000
CDUS44 KSHV 210844
CLIMLU


CLIMATE REPORT
NATIONAL WEATHER SERVICE SHREVEPORT, LA
243 AM CST FRI NOV 21 2014


...................................

...THE MONROE CLIMATE SUMMARY FOR NOVEMBER 20 2014...

CLIMATE NORMAL PERIOD 1981 TO 2010
CLIMATE RECORD PERIOD 1930 TO 2014


WEATHER ITEM   OBSERVED TIME   RECORD YEAR NORMAL DEPARTURE LAST
                VALUE   (LST)  VALUE       VALUE  FROM      YEAR
                                                  NORMAL
..................................................................
TEMPERATURE (F)
 YESTERDAY
  MAXIMUM         65    256 PM  83    2011  67     -2       67
                                      1933
  MINIMUM         38    639 AM  24    1937  43     -5       37
  AVERAGE         52                        55     -3       52

PRECIPITATION (IN)
  YESTERDAY        0.00          2.00 1931   0.17  -0.17     0.00
  MONTH TO DATE    2.53                      3.11  -0.58     1.05
  SINCE DEC 1     50.18                     52.29  -2.11    47.93
  SINCE JAN 1     46.92                     47.00  -0.08    43.20

SNOWFALL (IN)
  YESTERDAY        0.0
  MONTH TO DATE    0.0
  SINCE SEP 1      0.0
  SINCE JUL 1      0.0
  SNOW DEPTH       0

DEGREE DAYS
 HEATING
  YESTERDAY       13                        11      2       13
  MONTH TO DATE  321                       159    162      193
  SINCE SEP 1    374                       249    125      259
  SINCE JUL 1    374                       249    125      259

 COOLING
  YESTERDAY        0                         1     -1        0
  MONTH TO DATE    2                        22    -20       13
  SINCE SEP 1    529                       499     30      588
  SINCE JAN 1   2280                      2506   -226     2433
..................................................................


WIND (MPH)
  HIGHEST WIND SPEED     9   HIGHEST WIND DIRECTION    NE (60)
  HIGHEST GUST SPEED    12   HIGHEST GUST DIRECTION    SE (130)
  AVERAGE WIND SPEED     3.3


SKY COVER
  POSSIBLE SUNSHINE  MM
  AVERAGE SKY COVER 0.6


WEATHER CONDITIONS
 THE FOLLOWING WEATHER WAS RECORDED YESTERDAY.
  FOG


RELATIVE HUMIDITY (PERCENT)
 HIGHEST   100           600 AM
 LOWEST     63          1200 PM
 AVERAGE    82

..........................................................


THE MONROE CLIMATE NORMALS FOR TODAY
                         NORMAL    RECORD    YEAR
 MAXIMUM TEMPERATURE (F)   66        85      2011
                                             1933
 MINIMUM TEMPERATURE (F)   43        25      1937


SUNRISE AND SUNSET
NOVEMBER 21 2014......SUNRISE   643 AM CST   SUNSET   505 PM CST
NOVEMBER 22 2014......SUNRISE   644 AM CST   SUNSET   504 PM CST


-  INDICATES NEGATIVE NUMBERS.
R  INDICATES RECORD WAS SET OR TIED.
MM INDICATES DATA IS MISSING.
T  INDICATES TRACE AMOUNT.




$$
