000
CDUS46 KMFR 241144
CLIMMV


CLIMATE REPORT
NATIONAL WEATHER SERVICE PORTLAND OREGON
443 AM PDT THU APR 24 2014


...................................

...THE MCMINNVILLE OR CLIMATE SUMMARY FOR APRIL 23 2014...

CLIMATE NORMAL PERIOD 1981 TO 2010
CLIMATE RECORD PERIOD 1894 TO 2014


WEATHER ITEM   OBSERVED TIME   RECORD YEAR NORMAL DEPARTURE LAST
                VALUE   (LST)  VALUE       VALUE  FROM      YEAR
                                                  NORMAL
..................................................................
TEMPERATURE (F)
 YESTERDAY
  MAXIMUM         56   1212 PM  85    1910  62     -6       72
  MINIMUM         46    609 AM  29    1954  40      6       40
  AVERAGE         51                        51      0       56

PRECIPITATION (IN)
  YESTERDAY        0.74          1.50 1996   0.08   0.66     0.00
  MONTH TO DATE    2.36                      2.38  -0.02     1.69
  SINCE OCT 1     22.93                     32.98 -10.05    27.43
  SINCE JAN 1     17.97                     16.95   1.02     6.29

DEGREE DAYS
 HEATING
  YESTERDAY       14                        14      0        9
  MONTH TO DATE  299                       355    -56      335
  SINCE JUL 1   4230                      4306    -76     3951

 COOLING
  YESTERDAY        0                         0      0        0
  MONTH TO DATE    0                         0      0        0
  SINCE JAN 1      0                         0      0        0
..................................................................


WIND (MPH)
  HIGHEST WIND SPEED    23   HIGHEST WIND DIRECTION     S (190)
  HIGHEST GUST SPEED    30   HIGHEST GUST DIRECTION    SW (210)
  AVERAGE WIND SPEED    13.8


SKY COVER
  POSSIBLE SUNSHINE  MM
  AVERAGE SKY COVER 0.9


WEATHER CONDITIONS
 THE FOLLOWING WEATHER WAS RECORDED YESTERDAY.
  RAIN
  LIGHT RAIN
  FOG


RELATIVE HUMIDITY (PERCENT)
 HIGHEST   100           700 AM
 LOWEST     86           200 AM
 AVERAGE    93

..........................................................


THE MCMINNVILLE OR CLIMATE NORMALS FOR TODAY
                         NORMAL    RECORD    YEAR
 MAXIMUM TEMPERATURE (F)   63        85      1923
 MINIMUM TEMPERATURE (F)   40        27      1955


SUNRISE AND SUNSET
APRIL 24 2014.........SUNRISE   512 AM PST   SUNSET   710 PM PST
APRIL 25 2014.........SUNRISE   511 AM PST   SUNSET   711 PM PST


-  INDICATES NEGATIVE NUMBERS.
R  INDICATES RECORD WAS SET OR TIED.
MM INDICATES DATA IS MISSING.
T  INDICATES TRACE AMOUNT.




$$
