000
CDUS46 KPQR 211141
CLIMMV


CLIMATE REPORT
NATIONAL WEATHER SERVICE PORTLAND OREGON
340 AM PST SUN DEC 21 2014


...................................

...THE MCMINNVILLE OR CLIMATE SUMMARY FOR DECEMBER 20 2014...

CLIMATE NORMAL PERIOD 1981 TO 2010
CLIMATE RECORD PERIOD 1894 TO 2014


WEATHER ITEM   OBSERVED TIME   RECORD YEAR NORMAL DEPARTURE LAST
                VALUE   (LST)  VALUE       VALUE  FROM      YEAR
                                                  NORMAL
..................................................................
TEMPERATURE (F)
 YESTERDAY
  MAXIMUM         58   1159 PM  64    1918  45     13       47
  MINIMUM         48    542 AM  14    1924  33     15       32
  AVERAGE         53                        39     14       40

PRECIPITATION (IN)
  YESTERDAY        1.59          1.90 1940   0.21   1.38     0.10
  MONTH TO DATE    4.94                      3.96   0.98     1.25
  SINCE OCT 1     15.14                     13.90   1.24     4.89
  SINCE JAN 1     38.92                     37.61   1.31    22.14

DEGREE DAYS
 HEATING
  YESTERDAY       12                        26    -14       25
  MONTH TO DATE  363                       498   -135      635
  SINCE JUL 1   1150                      1720   -570     1763

 COOLING
  YESTERDAY        0                         0      0        0
  MONTH TO DATE    0                         0      0        0
  SINCE JAN 1    529                       215    314      405
..................................................................


WIND (MPH)
  HIGHEST WIND SPEED    24   HIGHEST WIND DIRECTION    SW (230)
  HIGHEST GUST SPEED    34   HIGHEST GUST DIRECTION    SW (230)
  AVERAGE WIND SPEED    14.1


SKY COVER
  POSSIBLE SUNSHINE  MM
  AVERAGE SKY COVER 1.0


WEATHER CONDITIONS
 THE FOLLOWING WEATHER WAS RECORDED YESTERDAY.
  RAIN
  LIGHT RAIN
  FOG


RELATIVE HUMIDITY (PERCENT)
 HIGHEST    93          1200 AM
 LOWEST     83           900 AM
 AVERAGE    88

..........................................................


THE MCMINNVILLE OR CLIMATE NORMALS FOR TODAY
                         NORMAL    RECORD    YEAR
 MAXIMUM TEMPERATURE (F)   45        62      1918
 MINIMUM TEMPERATURE (F)   33        11      1914


SUNRISE AND SUNSET
DECEMBER 21 2014......SUNRISE   748 AM PST   SUNSET   433 PM PST
DECEMBER 22 2014......SUNRISE   749 AM PST   SUNSET   434 PM PST


-  INDICATES NEGATIVE NUMBERS.
R  INDICATES RECORD WAS SET OR TIED.
MM INDICATES DATA IS MISSING.
T  INDICATES TRACE AMOUNT.




$$
