000
CDUS46 KPQR 071144
CLIMMV


CLIMATE REPORT
NATIONAL WEATHER SERVICE PORTLAND OREGON
444 AM PDT TUE JUL 7 2015


...................................

...THE MCMINNVILLE OR CLIMATE SUMMARY FOR JULY 6 2015...

CLIMATE NORMAL PERIOD 1981 TO 2010
CLIMATE RECORD PERIOD 1894 TO 2015


WEATHER ITEM   OBSERVED TIME   RECORD YEAR NORMAL DEPARTURE LAST
                VALUE   (LST)  VALUE       VALUE  FROM      YEAR
                                                  NORMAL
..................................................................
TEMPERATURE (F)
 YESTERDAY
  MAXIMUM         90    305 PM 100    1960  79     11       91
  MINIMUM         55    343 AM  38    1971  50      5       58
  AVERAGE         73                        64      9       75

PRECIPITATION (IN)
  YESTERDAY        0.00          0.60 1909   0.03  -0.03     0.00
  MONTH TO DATE    0.00                      0.19  -0.19     0.00
  SINCE OCT 1     32.44                     37.47  -5.03    27.08
  SINCE JAN 1     16.20                     21.44  -5.24    22.12

DEGREE DAYS
 HEATING
  YESTERDAY        0                         2     -2        0
  MONTH TO DATE    0                        16    -16        0
  SINCE JUL 1      0                        16    -16        0

 COOLING
  YESTERDAY        8                         2      6       10
  MONTH TO DATE   72                        10     62       45
  SINCE JAN 1    202                        32    170       75
..................................................................


WIND (MPH)
  HIGHEST WIND SPEED    20   HIGHEST WIND DIRECTION    SW (230)
  HIGHEST GUST SPEED    31   HIGHEST GUST DIRECTION     S (170)
  AVERAGE WIND SPEED     9.3


SKY COVER
  POSSIBLE SUNSHINE  MM
  AVERAGE SKY COVER 0.0


WEATHER CONDITIONS
 THE FOLLOWING WEATHER WAS RECORDED YESTERDAY.
  NO SIGNIFICANT WEATHER WAS OBSERVED.


RELATIVE HUMIDITY (PERCENT)
 HIGHEST    86           300 AM
 LOWEST     32           200 PM
 AVERAGE    59

..........................................................


THE MCMINNVILLE OR CLIMATE NORMALS FOR TODAY
                         NORMAL    RECORD    YEAR
 MAXIMUM TEMPERATURE (F)   79        99      1920
 MINIMUM TEMPERATURE (F)   50        36      1955


SUNRISE AND SUNSET
JULY  7 2015..........SUNRISE   433 AM PST   SUNSET   802 PM PST
JULY  8 2015..........SUNRISE   433 AM PST   SUNSET   801 PM PST


-  INDICATES NEGATIVE NUMBERS.
R  INDICATES RECORD WAS SET OR TIED.
MM INDICATES DATA IS MISSING.
T  INDICATES TRACE AMOUNT.




$$
