154
CDUS46 KPQR 291148
CLIMMV


CLIMATE REPORT
NATIONAL WEATHER SERVICE PORTLAND OREGON
448 AM PDT THU JUN 29 2017


...................................

...THE MCMINNVILLE OR CLIMATE SUMMARY FOR JUNE 28 2017...

CLIMATE NORMAL PERIOD 1981 TO 2010
CLIMATE RECORD PERIOD 1894 TO 2017


WEATHER ITEM   OBSERVED TIME   RECORD YEAR NORMAL DEPARTURE LAST
                VALUE   (LST)  VALUE       VALUE  FROM      YEAR
                                                  NORMAL
..................................................................
TEMPERATURE (F)
 YESTERDAY
  MAXIMUM         76    514 PM  99    2008  76      0       85
                                      1924
  MINIMUM         48    404 AM  33    1971  49     -1       51
  AVERAGE         62                        62      0       68

PRECIPITATION (IN)
  YESTERDAY        0.00          0.42 1955   0.04  -0.04     0.00
  MONTH TO DATE    0.84                      1.45  -0.61     1.56
  SINCE OCT 1     53.31                     37.20  16.11    49.19
  SINCE JAN 1     29.50                     21.17   8.33    24.12

DEGREE DAYS
 HEATING
  YESTERDAY        3                         4     -1        0
  MONTH TO DATE  100                       163    -63      101
  SINCE JUL 1   4605                      4865   -260     3805

 COOLING
  YESTERDAY        0                         1     -1        3
  MONTH TO DATE   52                         9     43       69
  SINCE JAN 1     76                        15     61       88
..................................................................


WIND (MPH)
  HIGHEST WIND SPEED    14   HIGHEST WIND DIRECTION    SW (230)
  HIGHEST GUST SPEED    17   HIGHEST GUST DIRECTION    SW (230)
  AVERAGE WIND SPEED     3.9


SKY COVER
  POSSIBLE SUNSHINE  MM
  AVERAGE SKY COVER 0.5


WEATHER CONDITIONS
 THE FOLLOWING WEATHER WAS RECORDED YESTERDAY.
  NO SIGNIFICANT WEATHER WAS OBSERVED.


RELATIVE HUMIDITY (PERCENT)
 HIGHEST    93           400 AM
 LOWEST     43           400 PM
 AVERAGE    68

..........................................................


THE MCMINNVILLE OR CLIMATE NORMALS FOR TODAY
                         NORMAL    RECORD    YEAR
 MAXIMUM TEMPERATURE (F)   77       105      1924
 MINIMUM TEMPERATURE (F)   49        34      1919


SUNRISE AND SUNSET
JUNE 29 2017..........SUNRISE   428 AM PST   SUNSET   804 PM PST
JUNE 30 2017..........SUNRISE   429 AM PST   SUNSET   804 PM PST


-  INDICATES NEGATIVE NUMBERS.
R  INDICATES RECORD WAS SET OR TIED.
MM INDICATES DATA IS MISSING.
T  INDICATES TRACE AMOUNT.




$$
