000
CDUS46 KPQR 271142
CLIMMV


CLIMATE REPORT
NATIONAL WEATHER SERVICE PORTLAND OREGON
441 AM PDT THU AUG 27 2015


...................................

...THE MCMINNVILLE OR CLIMATE SUMMARY FOR AUGUST 26 2015...

CLIMATE NORMAL PERIOD 1981 TO 2010
CLIMATE RECORD PERIOD 1894 TO 2015


WEATHER ITEM   OBSERVED TIME   RECORD YEAR NORMAL DEPARTURE LAST
                VALUE   (LST)  VALUE       VALUE  FROM      YEAR
                                                  NORMAL
..................................................................
TEMPERATURE (F)
 YESTERDAY
  MAXIMUM         88    423 PM  99    1924  81      7       95
  MINIMUM         49    511 AM  34    1957  50     -1       55
  AVERAGE         69                        66      3       75

PRECIPITATION (IN)
  YESTERDAY        0.00          0.88 1901   0.02  -0.02     0.00
  MONTH TO DATE    T                         0.44  -0.44     0.01
  SINCE OCT 1     32.44                     38.22  -5.78    27.47
  SINCE JAN 1     16.20                     22.19  -5.99    22.51

DEGREE DAYS
 HEATING
  YESTERDAY        0                         2     -2        0
  MONTH TO DATE    0                        29    -29        1
  SINCE JUL 1      5                        73    -68        5

 COOLING
  YESTERDAY        4                         2      2       10
  MONTH TO DATE  134                        71     63      184
  SINCE JAN 1    480                       171    309      424
..................................................................


WIND (MPH)
  HIGHEST WIND SPEED    16   HIGHEST WIND DIRECTION    SW (220)
  HIGHEST GUST SPEED    21   HIGHEST GUST DIRECTION    SW (210)
  AVERAGE WIND SPEED     4.8


SKY COVER
  POSSIBLE SUNSHINE  MM
  AVERAGE SKY COVER 0.0


WEATHER CONDITIONS
 THE FOLLOWING WEATHER WAS RECORDED YESTERDAY.
  NO SIGNIFICANT WEATHER WAS OBSERVED.


RELATIVE HUMIDITY (PERCENT)
 HIGHEST    86           500 AM
 LOWEST     22           200 PM
 AVERAGE    54

..........................................................


THE MCMINNVILLE OR CLIMATE NORMALS FOR TODAY
                         NORMAL    RECORD    YEAR
 MAXIMUM TEMPERATURE (F)   81       100      1922
 MINIMUM TEMPERATURE (F)   50        33      1957


SUNRISE AND SUNSET
AUGUST 27 2015........SUNRISE   528 AM PST   SUNSET   659 PM PST
AUGUST 28 2015........SUNRISE   529 AM PST   SUNSET   657 PM PST


-  INDICATES NEGATIVE NUMBERS.
R  INDICATES RECORD WAS SET OR TIED.
MM INDICATES DATA IS MISSING.
T  INDICATES TRACE AMOUNT.




$$
