000
CDUS46 KPQR 221149
CLIMMV


CLIMATE REPORT
NATIONAL WEATHER SERVICE PORTLAND OREGON
449 AM PDT SUN OCT 22 2017


...................................

...THE MCMINNVILLE OR CLIMATE SUMMARY FOR OCTOBER 21 2017...

CLIMATE NORMAL PERIOD 1981 TO 2010
CLIMATE RECORD PERIOD 1894 TO 2017


WEATHER ITEM   OBSERVED TIME   RECORD YEAR NORMAL DEPARTURE LAST
                VALUE   (LST)  VALUE       VALUE  FROM      YEAR
                                                  NORMAL
..................................................................
TEMPERATURE (F)
 YESTERDAY
  MAXIMUM         61   1040 PM  80    1929  60      1       63
  MINIMUM         46    507 AM  26    1928  40      6       50
  AVERAGE         54                        50      4       57

PRECIPITATION (IN)
  YESTERDAY        1.48R         1.13 1954   0.12   1.36     0.31
  MONTH TO DATE    2.97                      1.89   1.08     8.10
  SINCE OCT 1      2.97                      1.89   1.08     8.10
  SINCE JAN 1     34.71                     25.60   9.11    33.37

DEGREE DAYS
 HEATING
  YESTERDAY       11                        15     -4        8
  MONTH TO DATE  256                       245     11      199
  SINCE JUL 1    356                       461   -105      357

 COOLING
  YESTERDAY        0                         0      0        0
  MONTH TO DATE    0                         0      0        0
  SINCE JAN 1    507                       214    293      363
..................................................................


WIND (MPH)
  HIGHEST WIND SPEED    30   HIGHEST WIND DIRECTION     S (190)
  HIGHEST GUST SPEED    39   HIGHEST GUST DIRECTION     S (200)
  AVERAGE WIND SPEED    16.4


SKY COVER
  POSSIBLE SUNSHINE  MM
  AVERAGE SKY COVER 1.0


WEATHER CONDITIONS
 THE FOLLOWING WEATHER WAS RECORDED YESTERDAY.
  HEAVY RAIN
  RAIN
  LIGHT RAIN
  FOG


RELATIVE HUMIDITY (PERCENT)
 HIGHEST   100           200 AM
 LOWEST     86           300 AM
 AVERAGE    93

..........................................................


THE MCMINNVILLE OR CLIMATE NORMALS FOR TODAY
                         NORMAL    RECORD    YEAR
 MAXIMUM TEMPERATURE (F)   60        83      1929
 MINIMUM TEMPERATURE (F)   40        29      1905


SUNRISE AND SUNSET
OCTOBER 22 2017.......SUNRISE   638 AM PST   SUNSET   515 PM PST
OCTOBER 23 2017.......SUNRISE   640 AM PST   SUNSET   513 PM PST


-  INDICATES NEGATIVE NUMBERS.
R  INDICATES RECORD WAS SET OR TIED.
MM INDICATES DATA IS MISSING.
T  INDICATES TRACE AMOUNT.




$$
