000
CDUS46 KPQR 232324
CLIMMV


CLIMATE REPORT
NATIONAL WEATHER SERVICE PORTLAND OREGON
424 PM PDT TUE SEP 23 2014


...................................

...THE MCMINNVILLE OR CLIMATE SUMMARY FOR SEPTEMBER 23 2014...
VALID TODAY AS OF 0400 PM LOCAL TIME.

CLIMATE NORMAL PERIOD 1981 TO 2010
CLIMATE RECORD PERIOD 1894 TO 2014


WEATHER ITEM   OBSERVED TIME   RECORD YEAR NORMAL DEPARTURE LAST
                VALUE   (LST)  VALUE       VALUE  FROM      YEAR
                                                  NORMAL
..................................................................
TEMPERATURE (F)
 TODAY
  MAXIMUM         MM        MM  93    1989  74     MM       64
  MINIMUM         MM        MM  29    1908  46     MM       52
  AVERAGE         MM                        60     MM       58

PRECIPITATION (IN)
  TODAY            0.09          0.89 1948   0.05   0.04     0.09
  MONTH TO DATE    0.17                      0.93  -0.76     1.98
  SINCE OCT 1     27.77                     39.29 -11.52    34.18
  SINCE JAN 1     22.81                     23.26  -0.45    13.04

DEGREE DAYS
 HEATING
  TODAY           MM                         6     MM        7
  MONTH TO DATE    5                        81    -76       42
  SINCE JUL 1     11                       166   -155       59

 COOLING
  TODAY           MM                         1     MM        0
  MONTH TO DATE   73                        31     42       68
  SINCE JAN 1    518                       215    303      405
..................................................................


WIND (MPH)
  HIGHEST WIND SPEED     6   HIGHEST WIND DIRECTION    SE (130)
  HIGHEST GUST SPEED    MM   HIGHEST GUST DIRECTION    MM
  AVERAGE WIND SPEED     2.2


SKY COVER
  POSSIBLE SUNSHINE  MM
  AVERAGE SKY COVER 0.6


WEATHER CONDITIONS
 THE FOLLOWING WEATHER WAS RECORDED TODAY.
  LIGHT RAIN
  FOG


RELATIVE HUMIDITY (PERCENT)
 HIGHEST   100           100 AM
 LOWEST     81           100 PM
 AVERAGE    91

..........................................................


THE MCMINNVILLE OR CLIMATE NORMALS FOR TOMORROW
                         NORMAL    RECORD    YEAR
 MAXIMUM TEMPERATURE (F)   73        96      1974
 MINIMUM TEMPERATURE (F)   46        25      1908


SUNRISE AND SUNSET
SEPTEMBER 23 2014.....SUNRISE   601 AM PST   SUNSET   608 PM PST
SEPTEMBER 24 2014.....SUNRISE   602 AM PST   SUNSET   606 PM PST


-  INDICATES NEGATIVE NUMBERS.
R  INDICATES RECORD WAS SET OR TIED.
MM INDICATES DATA IS MISSING.
T  INDICATES TRACE AMOUNT.




$$
