382
CDUS46 KPQR 231141
CLIMMV


CLIMATE REPORT
NATIONAL WEATHER SERVICE PORTLAND OREGON
440 AM PDT THU MAR 23 2017


...................................

...THE MCMINNVILLE OR CLIMATE SUMMARY FOR MARCH 22 2017...

CLIMATE NORMAL PERIOD 1981 TO 2010
CLIMATE RECORD PERIOD 1894 TO 2017


WEATHER ITEM   OBSERVED TIME   RECORD YEAR NORMAL DEPARTURE LAST
                VALUE   (LST)  VALUE       VALUE  FROM      YEAR
                                                  NORMAL
..................................................................
TEMPERATURE (F)
 YESTERDAY
  MAXIMUM         54    307 PM  79    1915  57     -3       56
  MINIMUM         40   1134 PM  22    1898  38      2       42
  AVERAGE         47                        48     -1       49

PRECIPITATION (IN)
  YESTERDAY        0.01          1.38 1998   0.13  -0.12     0.15
  MONTH TO DATE    5.36                      2.95   2.41     6.09
  SINCE OCT 1     44.35                     29.52  14.83    43.60
  SINCE JAN 1     20.54                     13.49   7.05    18.53

DEGREE DAYS
 HEATING
  YESTERDAY       18                        18      0       16
  MONTH TO DATE  391                       420    -29      352
  SINCE JUL 1   3687                      3799   -112     3112

 COOLING
  YESTERDAY        0                         0      0        0
  MONTH TO DATE    0                         0      0        0
  SINCE JAN 1      0                         0      0        0
..................................................................


WIND (MPH)
  HIGHEST WIND SPEED    23   HIGHEST WIND DIRECTION     W (250)
  HIGHEST GUST SPEED    30   HIGHEST GUST DIRECTION     W (250)
  AVERAGE WIND SPEED    10.7


SKY COVER
  POSSIBLE SUNSHINE  MM
  AVERAGE SKY COVER 0.6


WEATHER CONDITIONS
 THE FOLLOWING WEATHER WAS RECORDED YESTERDAY.
  LIGHT RAIN


RELATIVE HUMIDITY (PERCENT)
 HIGHEST    86           300 AM
 LOWEST     59           300 PM
 AVERAGE    73

..........................................................


THE MCMINNVILLE OR CLIMATE NORMALS FOR TODAY
                         NORMAL    RECORD    YEAR
 MAXIMUM TEMPERATURE (F)   57        74      1979
 MINIMUM TEMPERATURE (F)   38        16      1920


SUNRISE AND SUNSET
MARCH 23 2017.........SUNRISE   609 AM PST   SUNSET   629 PM PST
MARCH 24 2017.........SUNRISE   607 AM PST   SUNSET   631 PM PST


-  INDICATES NEGATIVE NUMBERS.
R  INDICATES RECORD WAS SET OR TIED.
MM INDICATES DATA IS MISSING.
T  INDICATES TRACE AMOUNT.




$$
