639
CDUS46 KPQR 181142
CLIMMV


CLIMATE REPORT
NATIONAL WEATHER SERVICE PORTLAND OREGON
341 AM PST THU JAN 18 2018


...................................

...THE MCMINNVILLE OR CLIMATE SUMMARY FOR JANUARY 17 2018...

CLIMATE NORMAL PERIOD 1981 TO 2010
CLIMATE RECORD PERIOD 1894 TO 2018


WEATHER ITEM   OBSERVED TIME   RECORD YEAR NORMAL DEPARTURE LAST
                VALUE   (LST)  VALUE       VALUE  FROM      YEAR
                                                  NORMAL
..................................................................
TEMPERATURE (F)
 YESTERDAY
  MAXIMUM         56    540 PM  61    1975  48      8       50
  MINIMUM         40    814 AM  12    1907  34      6       24
  AVERAGE         48                        41      7       37

PRECIPITATION (IN)
  YESTERDAY        0.33          1.92 2015   0.21   0.12     0.59
  MONTH TO DATE    2.65                      3.59  -0.94     2.27
  SINCE OCT 1     18.19                     19.62  -1.43    26.08
  SINCE JAN 1      2.65                      3.59  -0.94     2.27

DEGREE DAYS
 HEATING
  YESTERDAY       17                        24     -7       28
  MONTH TO DATE  315                       420   -105      595
  SINCE JUL 1   2061                      2425   -364     2364

 COOLING
  YESTERDAY        0                         0      0        0
  MONTH TO DATE    0                         0      0        0
  SINCE JAN 1      0                         0      0        0
..................................................................


WIND (MPH)
  HIGHEST WIND SPEED    25   HIGHEST WIND DIRECTION    SW (210)
  HIGHEST GUST SPEED    32   HIGHEST GUST DIRECTION     S (200)
  AVERAGE WIND SPEED     5.8


SKY COVER
  POSSIBLE SUNSHINE  MM
  AVERAGE SKY COVER 0.6


WEATHER CONDITIONS
 THE FOLLOWING WEATHER WAS RECORDED YESTERDAY.
  RAIN
  LIGHT RAIN
  FOG


RELATIVE HUMIDITY (PERCENT)
 HIGHEST   100          1200 AM
 LOWEST     83           200 PM
 AVERAGE    92

..........................................................


THE MCMINNVILLE OR CLIMATE NORMALS FOR TODAY
                         NORMAL    RECORD    YEAR
 MAXIMUM TEMPERATURE (F)   48        65      2005
 MINIMUM TEMPERATURE (F)   34        10      1943


SUNRISE AND SUNSET
JANUARY 18 2018.......SUNRISE   746 AM PST   SUNSET   501 PM PST
JANUARY 19 2018.......SUNRISE   745 AM PST   SUNSET   502 PM PST


-  INDICATES NEGATIVE NUMBERS.
R  INDICATES RECORD WAS SET OR TIED.
MM INDICATES DATA IS MISSING.
T  INDICATES TRACE AMOUNT.




$$
