000
CDUS44 KMOB 022233
CLIMOB


CLIMATE REPORT
NATIONAL WEATHER SERVICE MOBILE AL
527 PM CDT TUE SEP 2 2014


...................................

...THE MOBILE CLIMATE SUMMARY FOR SEPTEMBER 2 2014...
VALID TODAY AS OF 0500 PM LOCAL TIME.

CLIMATE NORMAL PERIOD 1981 TO 2010
CLIMATE RECORD PERIOD 1842 TO 2014


WEATHER ITEM   OBSERVED TIME   RECORD YEAR NORMAL DEPARTURE LAST
                VALUE   (LST)  VALUE       VALUE  FROM      YEAR
                                                  NORMAL
..................................................................
TEMPERATURE (F)
 TODAY
  MAXIMUM         91   1108 AM  98    1989  90      1       92
                                      1964
  MINIMUM         74    558 AM  61    1892  72      2       76
  AVERAGE         83                        80      3       84

PRECIPITATION (IN)
  TODAY            0.01          5.54 1950   0.18  -0.17     0.00
  MONTH TO DATE    0.01                      0.36  -0.35      T
  SINCE MAR 1     50.29                     36.75  13.54    37.52
  SINCE JAN 1     57.41                     47.52   9.89    51.70

DEGREE DAYS
 COOLING
  TODAY           18                        16      2       19
  MONTH TO DATE   36                        32      4       37
  SINCE SEP 1     36                        32      4       37
  SINCE JAN 1   1784                      1959   -175     1867
..................................................................


WIND (MPH)
  HIGHEST WIND SPEED    17   HIGHEST WIND DIRECTION     S (170)
  HIGHEST GUST SPEED    22   HIGHEST GUST DIRECTION     S (160)
  AVERAGE WIND SPEED     3.1


SKY COVER
  POSSIBLE SUNSHINE  MM
  AVERAGE SKY COVER 0.4


WEATHER CONDITIONS
 THE FOLLOWING WEATHER WAS RECORDED TODAY.
  THUNDERSTORM
  LIGHT RAIN
  FOG
  HAZE


RELATIVE HUMIDITY (PERCENT)
 HIGHEST   100           300 AM
 LOWEST     56          1100 AM
 AVERAGE    78

..........................................................


THE MOBILE CLIMATE NORMALS FOR TOMORROW
                         NORMAL    RECORD    YEAR
 MAXIMUM TEMPERATURE (F)   89        97      1944
 MINIMUM TEMPERATURE (F)   71        63      1952


SUNRISE AND SUNSET
SEPTEMBER  2 2014.....SUNRISE   630 AM CDT   SUNSET   715 PM CDT
SEPTEMBER  3 2014.....SUNRISE   631 AM CDT   SUNSET   714 PM CDT


-  INDICATES NEGATIVE NUMBERS.
R  INDICATES RECORD WAS SET OR TIED.
MM INDICATES DATA IS MISSING.
T  INDICATES TRACE AMOUNT.




$$
