000
CDUS44 KMOB 230628
CLIMOB


CLIMATE REPORT
NATIONAL WEATHER SERVICE MOBILE AL
127 AM CDT SAT AUG 23 2014


...................................

...THE MOBILE CLIMATE SUMMARY FOR AUGUST 22 2014...

CLIMATE NORMAL PERIOD 1981 TO 2010
CLIMATE RECORD PERIOD 1842 TO 2014


WEATHER ITEM   OBSERVED TIME   RECORD YEAR NORMAL DEPARTURE LAST
                VALUE   (LST)  VALUE       VALUE  FROM      YEAR
                                                  NORMAL
..................................................................
TEMPERATURE (F)
 YESTERDAY
  MAXIMUM         96    259 PM 102    1968  91      5       92
  MINIMUM         75    557 AM  59    1956  73      2       71
  AVERAGE         86                        82      4       82

PRECIPITATION (IN)
  YESTERDAY        0.00          2.79 1879   0.22  -0.22     0.32
  MONTH TO DATE    1.68                      5.25  -3.57     9.87
  SINCE MAR 1     49.13                     34.68  14.45    37.44
  SINCE JAN 1     56.25                     45.45  10.80    51.62

DEGREE DAYS
 COOLING
  YESTERDAY       21                        17      4       17
  MONTH TO DATE  369                       374     -5      369
  SINCE JUN 1   1242                      1340    -98     1337
  SINCE JAN 1   1580                      1785   -205     1701
..................................................................


WIND (MPH)
  HIGHEST WIND SPEED    12   HIGHEST WIND DIRECTION     S (170)
  HIGHEST GUST SPEED    15   HIGHEST GUST DIRECTION     N (350)
  AVERAGE WIND SPEED     4.0


SKY COVER
  POSSIBLE SUNSHINE  MM
  AVERAGE SKY COVER 0.3


WEATHER CONDITIONS
 THE FOLLOWING WEATHER WAS RECORDED YESTERDAY.
  THUNDERSTORM


RELATIVE HUMIDITY (PERCENT)
 HIGHEST   100           100 AM
 LOWEST     43           300 PM
 AVERAGE    72

..........................................................


THE MOBILE CLIMATE NORMALS FOR TODAY
                         NORMAL    RECORD    YEAR
 MAXIMUM TEMPERATURE (F)   91        99      1924
 MINIMUM TEMPERATURE (F)   73        63      2009
                                             1956


SUNRISE AND SUNSET
AUGUST 23 2014........SUNRISE   624 AM CDT   SUNSET   726 PM CDT
AUGUST 24 2014........SUNRISE   625 AM CDT   SUNSET   725 PM CDT


-  INDICATES NEGATIVE NUMBERS.
R  INDICATES RECORD WAS SET OR TIED.
MM INDICATES DATA IS MISSING.
T  INDICATES TRACE AMOUNT.




$$
