000
CDUS44 KMOB 300645
CLIMOB


CLIMATE REPORT
NATIONAL WEATHER SERVICE MOBILE AL
145 AM CDT THU JUL 30 2015


...................................

...THE MOBILE CLIMATE SUMMARY FOR JULY 29 2015...

CLIMATE NORMAL PERIOD 1981 TO 2010
CLIMATE RECORD PERIOD 1842 TO 2015


WEATHER ITEM   OBSERVED TIME   RECORD YEAR NORMAL DEPARTURE LAST
                VALUE   (LST)  VALUE       VALUE  FROM      YEAR
                                                  NORMAL
..................................................................
TEMPERATURE (F)
 YESTERDAY
  MAXIMUM         96   1235 PM 100    1877  91      5       88
  MINIMUM         75    134 PM  66    1994  73      2       69
  AVERAGE         86                        82      4       79

PRECIPITATION (IN)
  YESTERDAY        0.57          1.78 1872   0.24   0.33     0.00
  MONTH TO DATE    6.66                      6.77  -0.11     7.92
  SINCE MAR 1     37.63                     28.95   8.68    47.45
  SINCE JAN 1     43.68                     39.72   3.96    54.57

DEGREE DAYS
 COOLING
  YESTERDAY       21                        17      4       14
  MONTH TO DATE  538                       491     47      442
  SINCE JUN 1   1016                       935     81      852
  SINCE JAN 1   1616                      1380    236     1190
..................................................................


WIND (MPH)
  HIGHEST WIND SPEED    31   HIGHEST WIND DIRECTION     N (360)
  HIGHEST GUST SPEED    40   HIGHEST GUST DIRECTION     N (360)
  AVERAGE WIND SPEED     4.8


SKY COVER
  POSSIBLE SUNSHINE  MM
  AVERAGE SKY COVER 0.5


WEATHER CONDITIONS
 THE FOLLOWING WEATHER WAS RECORDED YESTERDAY.
  THUNDERSTORM
  HEAVY RAIN
  LIGHT RAIN
  FOG
  HAZE


RELATIVE HUMIDITY (PERCENT)
 HIGHEST    97           900 PM
 LOWEST     51          1200 PM
 AVERAGE    74

..........................................................


THE MOBILE CLIMATE NORMALS FOR TODAY
                         NORMAL    RECORD    YEAR
 MAXIMUM TEMPERATURE (F)   91       100      1986
 MINIMUM TEMPERATURE (F)   73        64      2014


SUNRISE AND SUNSET
JULY 30 2015..........SUNRISE   609 AM CDT   SUNSET   749 PM CDT
JULY 31 2015..........SUNRISE   610 AM CDT   SUNSET   748 PM CDT


-  INDICATES NEGATIVE NUMBERS.
R  INDICATES RECORD WAS SET OR TIED.
MM INDICATES DATA IS MISSING.
T  INDICATES TRACE AMOUNT.




$$
