000
CDUS44 KMOB 260625
CLIMOB


CLIMATE REPORT
NATIONAL WEATHER SERVICE MOBILE AL
125 AM CDT MON JUN 26 2017


...................................

...THE MOBILE CLIMATE SUMMARY FOR JUNE 25 2017...

CLIMATE NORMAL PERIOD 1981 TO 2010
CLIMATE RECORD PERIOD 1842 TO 2017


WEATHER ITEM   OBSERVED TIME   RECORD YEAR NORMAL DEPARTURE LAST
                VALUE   (LST)  VALUE       VALUE  FROM      YEAR
                                                  NORMAL
..................................................................
TEMPERATURE (F)
 YESTERDAY
  MAXIMUM         91    216 PM 100    1914  90      1       96
  MINIMUM         72   1159 PM  61    1974  72      0       72
  AVERAGE         82                        81      1       84

PRECIPITATION (IN)
  YESTERDAY        0.00          3.07 1997   0.23  -0.23     0.00
  MONTH TO DATE   11.95                      4.98   6.97     4.76
  SINCE MAR 1     31.73                     21.05  10.68    23.47
  SINCE JAN 1     43.94                     31.82  12.12    32.92

DEGREE DAYS
 COOLING
  YESTERDAY       17                        16      1       19
  MONTH TO DATE  348                       363    -15      391
  SINCE JUN 1    348                       363    -15      391
  SINCE JAN 1    949                       808    141      850
..................................................................


WIND (MPH)
  HIGHEST WIND SPEED    14   HIGHEST WIND DIRECTION     N (360)
  HIGHEST GUST SPEED    19   HIGHEST GUST DIRECTION     N (20)
  AVERAGE WIND SPEED     7.1


SKY COVER
  POSSIBLE SUNSHINE  MM
  AVERAGE SKY COVER 0.6


WEATHER CONDITIONS
 THE FOLLOWING WEATHER WAS RECORDED YESTERDAY.
  FOG
  FOG W/VISIBILITY <= 1/4 MILE
  HAZE


RELATIVE HUMIDITY (PERCENT)
 HIGHEST    94           100 AM
 LOWEST     55          1200 PM
 AVERAGE    75

..........................................................


THE MOBILE CLIMATE NORMALS FOR TODAY
                         NORMAL    RECORD    YEAR
 MAXIMUM TEMPERATURE (F)   90       101      1914
 MINIMUM TEMPERATURE (F)   72        64      1979
                                             1974


SUNRISE AND SUNSET
JUNE 26 2017..........SUNRISE   552 AM CDT   SUNSET   800 PM CDT
JUNE 27 2017..........SUNRISE   553 AM CDT   SUNSET   800 PM CDT


-  INDICATES NEGATIVE NUMBERS.
R  INDICATES RECORD WAS SET OR TIED.
MM INDICATES DATA IS MISSING.
T  INDICATES TRACE AMOUNT.




$$
