000
CDUS44 KMOB 130644
CLIMOB


CLIMATE REPORT
NATIONAL WEATHER SERVICE MOBILE AL
143 AM CDT SUN JUL 13 2014


...................................

...THE MOBILE CLIMATE SUMMARY FOR JULY 12 2014...

CLIMATE NORMAL PERIOD 1981 TO 2010
CLIMATE RECORD PERIOD 1842 TO 2014


WEATHER ITEM   OBSERVED TIME   RECORD YEAR NORMAL DEPARTURE LAST
                VALUE   (LST)  VALUE       VALUE  FROM      YEAR
                                                  NORMAL
..................................................................
TEMPERATURE (F)
 YESTERDAY
  MAXIMUM         94    305 PM 102    1901  91      3       92
  MINIMUM         70    651 AM  68    1957  73     -3       70
                                      1887
  AVERAGE         82                        82      0       81

PRECIPITATION (IN)
  YESTERDAY        0.00          3.07 1917   0.24  -0.24     0.87
  MONTH TO DATE    0.43                      2.80  -2.37     6.96
  SINCE MAR 1     39.96                     24.98  14.98    25.43
  SINCE JAN 1     47.08                     35.75  11.33    39.61

DEGREE DAYS
 COOLING
  YESTERDAY       17                        17      0       16
  MONTH TO DATE  189                       202    -13      169
  SINCE JUN 1    599                       646    -47      655
  SINCE JAN 1    937                      1091   -154     1019
..................................................................


WIND (MPH)
  HIGHEST WIND SPEED    16   HIGHEST WIND DIRECTION    SE (130)
  HIGHEST GUST SPEED    21   HIGHEST GUST DIRECTION     S (160)
  AVERAGE WIND SPEED     4.4


SKY COVER
  POSSIBLE SUNSHINE  MM
  AVERAGE SKY COVER 0.3


WEATHER CONDITIONS
 THE FOLLOWING WEATHER WAS RECORDED YESTERDAY.
  FOG
  HAZE


RELATIVE HUMIDITY (PERCENT)
 HIGHEST   100          1200 AM
 LOWEST     47           300 PM
 AVERAGE    74

..........................................................


THE MOBILE CLIMATE NORMALS FOR TODAY
                         NORMAL    RECORD    YEAR
 MAXIMUM TEMPERATURE (F)   91       101      1980
                                             1901
 MINIMUM TEMPERATURE (F)   73        65      1904


SUNRISE AND SUNSET
JULY 13 2014..........SUNRISE   600 AM CDT   SUNSET   758 PM CDT
JULY 14 2014..........SUNRISE   600 AM CDT   SUNSET   757 PM CDT


-  INDICATES NEGATIVE NUMBERS.
R  INDICATES RECORD WAS SET OR TIED.
MM INDICATES DATA IS MISSING.
T  INDICATES TRACE AMOUNT.




$$
