000
CDUS44 KMOB 220645
CLIMOB


CLIMATE REPORT
NATIONAL WEATHER SERVICE MOBILE AL
145 AM CDT MON MAY 22 2017


...................................

...THE MOBILE CLIMATE SUMMARY FOR MAY 21 2017...

CLIMATE NORMAL PERIOD 1981 TO 2010
CLIMATE RECORD PERIOD 1842 TO 2017


WEATHER ITEM   OBSERVED TIME   RECORD YEAR NORMAL DEPARTURE LAST
                VALUE   (LST)  VALUE       VALUE  FROM      YEAR
                                                  NORMAL
..................................................................
TEMPERATURE (F)
 YESTERDAY
  MAXIMUM         76    426 PM  95    1962  86    -10       88
                                      1902
  MINIMUM         67   1159 PM  50    1954  65      2       68
  AVERAGE         72                        75     -3       78

PRECIPITATION (IN)
  YESTERDAY        0.08          1.46 1911   0.17  -0.09     0.00
  MONTH TO DATE    8.47                      3.41   5.06     2.48
  SINCE MAR 1     17.37                     14.34   3.03    18.53
  SINCE JAN 1     29.58                     25.11   4.47    27.98

DEGREE DAYS
 COOLING
  YESTERDAY        7                        10     -3       13
  MONTH TO DATE  163                       170     -7      164
  SINCE MAR 1    423                       313    110      336
  SINCE JAN 1    498                       329    169      350
..................................................................


WIND (MPH)
  HIGHEST WIND SPEED    20   HIGHEST WIND DIRECTION     S (160)
  HIGHEST GUST SPEED    26   HIGHEST GUST DIRECTION     S (160)
  AVERAGE WIND SPEED     5.3


SKY COVER
  POSSIBLE SUNSHINE  MM
  AVERAGE SKY COVER 0.6


WEATHER CONDITIONS
 THE FOLLOWING WEATHER WAS RECORDED YESTERDAY.
  THUNDERSTORM
  RAIN
  LIGHT RAIN


RELATIVE HUMIDITY (PERCENT)
 HIGHEST    97          1200 AM
 LOWEST     79           400 PM
 AVERAGE    88

..........................................................


THE MOBILE CLIMATE NORMALS FOR TODAY
                         NORMAL    RECORD    YEAR
 MAXIMUM TEMPERATURE (F)   86        96      1996
 MINIMUM TEMPERATURE (F)   65        48      1993


SUNRISE AND SUNSET
MAY 22 2017...........SUNRISE   554 AM CDT   SUNSET   745 PM CDT
MAY 23 2017...........SUNRISE   554 AM CDT   SUNSET   746 PM CDT


-  INDICATES NEGATIVE NUMBERS.
R  INDICATES RECORD WAS SET OR TIED.
MM INDICATES DATA IS MISSING.
T  INDICATES TRACE AMOUNT.




$$
