000
CDUS44 KMOB 300645
CLIMOB


CLIMATE REPORT
NATIONAL WEATHER SERVICE MOBILE AL
145 AM CDT TUE JUN 30 2015


...................................

...THE MOBILE CLIMATE SUMMARY FOR JUNE 29 2015...

CLIMATE NORMAL PERIOD 1981 TO 2010
CLIMATE RECORD PERIOD 1842 TO 2015


WEATHER ITEM   OBSERVED TIME   RECORD YEAR NORMAL DEPARTURE LAST
                VALUE   (LST)  VALUE       VALUE  FROM      YEAR
                                                  NORMAL
..................................................................
TEMPERATURE (F)
 YESTERDAY
  MAXIMUM         85    100 PM 102    1954  90     -5       90
  MINIMUM         71    602 AM  64    1961  72     -1       74
  AVERAGE         78                        81     -3       82

PRECIPITATION (IN)
  YESTERDAY        T             1.96 1959   0.23  -0.23     0.00
  MONTH TO DATE    5.06                      5.88  -0.82     5.15
  SINCE MAR 1     30.97                     21.95   9.02    39.53
  SINCE JAN 1     37.02                     32.72   4.30    46.65

DEGREE DAYS
 COOLING
  YESTERDAY       13                        16     -3       17
  MONTH TO DATE  461                       427     34      391
  SINCE JUN 1    461                       427     34      391
  SINCE JAN 1   1061                       872    189      729
..................................................................


WIND (MPH)
  HIGHEST WIND SPEED    17   HIGHEST WIND DIRECTION     W (270)
  HIGHEST GUST SPEED    25   HIGHEST GUST DIRECTION    SW (230)
  AVERAGE WIND SPEED     4.8


SKY COVER
  POSSIBLE SUNSHINE  MM
  AVERAGE SKY COVER 0.6


WEATHER CONDITIONS
 THE FOLLOWING WEATHER WAS RECORDED YESTERDAY.
  FOG
  FOG W/VISIBILITY <= 1/4 MILE


RELATIVE HUMIDITY (PERCENT)
 HIGHEST   100          1200 AM
 LOWEST     69           300 PM
 AVERAGE    85

..........................................................


THE MOBILE CLIMATE NORMALS FOR TODAY
                         NORMAL    RECORD    YEAR
 MAXIMUM TEMPERATURE (F)   90       101      1954
                                             1894
 MINIMUM TEMPERATURE (F)   72        63      1923


SUNRISE AND SUNSET
JUNE 30 2015..........SUNRISE   553 AM CDT   SUNSET   800 PM CDT
JULY  1 2015..........SUNRISE   554 AM CDT   SUNSET   800 PM CDT


-  INDICATES NEGATIVE NUMBERS.
R  INDICATES RECORD WAS SET OR TIED.
MM INDICATES DATA IS MISSING.
T  INDICATES TRACE AMOUNT.




$$
