000
CDUS44 KMOB 160645
CLIMOB


CLIMATE REPORT
NATIONAL WEATHER SERVICE MOBILE AL
1245 AM CST MON JAN 16 2017


...................................

...THE MOBILE CLIMATE SUMMARY FOR JANUARY 15 2017...

CLIMATE NORMAL PERIOD 1981 TO 2010
CLIMATE RECORD PERIOD 1842 TO 2017


WEATHER ITEM   OBSERVED TIME   RECORD YEAR NORMAL DEPARTURE LAST
                VALUE   (LST)  VALUE       VALUE  FROM      YEAR
                                                  NORMAL
..................................................................
TEMPERATURE (F)
 YESTERDAY
  MAXIMUM         77    100 PM  78    1974  61     16       64
  MINIMUM         56    306 AM  20    1979  40     16       45
  AVERAGE         67                        50     17       55

PRECIPITATION (IN)
  YESTERDAY        0.00          1.90 2016   0.18  -0.18     1.89
  MONTH TO DATE    8.85                      2.67   6.18     2.53
  SINCE MAR 1     61.99                     58.05   3.94    77.85
  SINCE JAN 1      8.85                      2.67   6.18     2.53

SNOWFALL (IN)
  YESTERDAY        0.0          MM      MM   0.0    0.0      0.0
  MONTH TO DATE    0.0                       0.0    0.0      0.0
  SINCE MAR 1      0.0                       0.1   -0.1      0.0
  SINCE JUL 1      0.0                       T      0.0      0.0
  SNOW DEPTH       0

DEGREE DAYS
 HEATING
  YESTERDAY        0                        15    -15       10
  MONTH TO DATE  144                       225    -81      255
  SINCE DEC 1    419                       629   -210      433
  SINCE JUL 1    553                       887   -334      559

 COOLING
  YESTERDAY        2                         0      2        0
  MONTH TO DATE   13                         0     13        0
  SINCE DEC 1     54                        15     39       71
  SINCE JAN 1     13                         0     13        0
..................................................................


WIND (MPH)
  HIGHEST WIND SPEED    14   HIGHEST WIND DIRECTION    SE (150)
  HIGHEST GUST SPEED    17   HIGHEST GUST DIRECTION    SE (150)
  AVERAGE WIND SPEED     5.8


SKY COVER
  POSSIBLE SUNSHINE  MM
  AVERAGE SKY COVER 0.8


WEATHER CONDITIONS
 THE FOLLOWING WEATHER WAS RECORDED YESTERDAY.
  FOG
  FOG W/VISIBILITY <= 1/4 MILE


RELATIVE HUMIDITY (PERCENT)
 HIGHEST   100          1200 AM
 LOWEST     47           100 PM
 AVERAGE    74

..........................................................


THE MOBILE CLIMATE NORMALS FOR TODAY
                         NORMAL    RECORD    YEAR
 MAXIMUM TEMPERATURE (F)   61        79      1974
                                             1950
 MINIMUM TEMPERATURE (F)   40        20      1927


SUNRISE AND SUNSET
JANUARY 16 2017.......SUNRISE   651 AM CST   SUNSET   515 PM CST
JANUARY 17 2017.......SUNRISE   651 AM CST   SUNSET   516 PM CST


-  INDICATES NEGATIVE NUMBERS.
R  INDICATES RECORD WAS SET OR TIED.
MM INDICATES DATA IS MISSING.
T  INDICATES TRACE AMOUNT.




$$
