000
CDUS44 KMOB 280630
CLIMOB


CLIMATE REPORT
NATIONAL WEATHER SERVICE MOBILE AL
1230 AM CST SAT FEB 28 2015


...................................

...THE MOBILE CLIMATE SUMMARY FOR FEBRUARY 27 2015...

CLIMATE NORMAL PERIOD 1981 TO 2010
CLIMATE RECORD PERIOD 1842 TO 2015


WEATHER ITEM   OBSERVED TIME   RECORD YEAR NORMAL DEPARTURE LAST
                VALUE   (LST)  VALUE       VALUE  FROM      YEAR
                                                  NORMAL
..................................................................
TEMPERATURE (F)
 YESTERDAY
  MAXIMUM         54    400 PM  82    1981  67    -13       54
                                      1962
  MINIMUM         30    711 AM  24    2002  46    -16       29
  AVERAGE         42                        56    -14       42

PRECIPITATION (IN)
  YESTERDAY        0.00          2.05 1902   0.18  -0.18     0.00
  MONTH TO DATE    2.16                      4.93  -2.77     4.20
  SINCE MAR 1     71.64                     65.96   5.68    62.22
  SINCE JAN 1      6.05                     10.58  -4.53     7.12

SNOWFALL (IN)
  YESTERDAY        0.0          MM      MM   0.0    0.0      0.0
  MONTH TO DATE    0.0                       0.1   -0.1       T
  SINCE MAR 1      T                         0.2   -0.2      1.3
  SINCE JUL 1      T                         0.1   -0.1      1.3
  SNOW DEPTH       0

DEGREE DAYS
 HEATING
  YESTERDAY       23                         9     14       23
  MONTH TO DATE  471                       313    158      317
  SINCE DEC 1   1294                      1176    118     1398
  SINCE JUL 1   1687                      1434    253     1682

 COOLING
  YESTERDAY        0                         0      0        0
  MONTH TO DATE    1                         0      1       12
  SINCE DEC 1      7                        22    -15       39
  SINCE JAN 1      4                         7     -3       12
..................................................................


WIND (MPH)
  HIGHEST WIND SPEED    18   HIGHEST WIND DIRECTION     N (10)
  HIGHEST GUST SPEED    24   HIGHEST GUST DIRECTION    NE (30)
  AVERAGE WIND SPEED    11.7


SKY COVER
  POSSIBLE SUNSHINE  MM
  AVERAGE SKY COVER 0.3


WEATHER CONDITIONS
 THE FOLLOWING WEATHER WAS RECORDED YESTERDAY.
  FOG
  HAZE


RELATIVE HUMIDITY (PERCENT)
 HIGHEST    92           400 AM
 LOWEST     38           300 PM
 AVERAGE    65

..........................................................


THE MOBILE CLIMATE NORMALS FOR TODAY
                         NORMAL    RECORD    YEAR
 MAXIMUM TEMPERATURE (F)   67        81      1976
 MINIMUM TEMPERATURE (F)   46        20      2002


SUNRISE AND SUNSET
FEBRUARY 28 2015......SUNRISE   621 AM CST   SUNSET   551 PM CST
MARCH  1 2015.........SUNRISE   620 AM CST   SUNSET   551 PM CST


-  INDICATES NEGATIVE NUMBERS.
R  INDICATES RECORD WAS SET OR TIED.
MM INDICATES DATA IS MISSING.
T  INDICATES TRACE AMOUNT.




$$
