000
CDUS44 KMOB 051727 CCA
CLIMOB

CLIMATE REPORT...CORRECTED PRECIP VALUES
NATIONAL WEATHER SERVICE MOBILE AL
1126 AM CST MON DEC 5 2016


...................................

...THE MOBILE CLIMATE SUMMARY FOR DECEMBER 4 2016...

CLIMATE NORMAL PERIOD 1981 TO 2010
CLIMATE RECORD PERIOD 1842 TO 2016


WEATHER ITEM   OBSERVED TIME   RECORD YEAR NORMAL DEPARTURE LAST
                VALUE   (LST)  VALUE       VALUE  FROM      YEAR
                                                  NORMAL
..................................................................
TEMPERATURE (F)
 YESTERDAY
  MAXIMUM         72    321 PM  79    2005  65      7       62
  MINIMUM         55    603 AM  25    1989  44     11       36
  AVERAGE         64                        55      9       49

PRECIPITATION (IN)
  YESTERDAY        2.15          2.94 1955   0.17   1.98     0.00
  MONTH TO DATE    2.20                      0.65   1.55      T
  SINCE MAR 1     47.01                     50.97  -3.96    62.94
  SINCE JAN 1     56.46                     61.74  -5.28    68.99

SNOWFALL (IN)
  YESTERDAY        0.0           0.0  2002   0.0    0.0      0.0
                                      2001
                                      2000
  MONTH TO DATE    0.0                       0.0    0.0      0.0
  SINCE MAR 1      0.0                       0.1   -0.1      0.0
  SINCE JUL 1      0.0                       0.0    0.0      0.0
  SNOW DEPTH       0

DEGREE DAYS
 HEATING
  YESTERDAY        1                        11    -10       16
  MONTH TO DATE   33                        43    -10       44
  SINCE DEC 1     33                        43    -10       44
  SINCE JUL 1    167                       301   -134      170

 COOLING
  YESTERDAY        0                         1     -1        0
  MONTH TO DATE    0                         4     -4        6
  SINCE DEC 1      0                         4     -4        6
  SINCE JAN 1   2807                      2507    300     2807
..................................................................


WIND (MPH)
  HIGHEST WIND SPEED    23   HIGHEST WIND DIRECTION    SE (120)
  HIGHEST GUST SPEED    27   HIGHEST GUST DIRECTION    SE (120)
  AVERAGE WIND SPEED     7.4


SKY COVER
  POSSIBLE SUNSHINE  MM
  AVERAGE SKY COVER 1.0


WEATHER CONDITIONS
 THE FOLLOWING WEATHER WAS RECORDED YESTERDAY.
  THUNDERSTORM
  HEAVY RAIN
  RAIN
  LIGHT RAIN
  FOG


RELATIVE HUMIDITY (PERCENT)
 HIGHEST   100           800 AM
 LOWEST     44          1200 AM
 AVERAGE    72

..........................................................


THE MOBILE CLIMATE NORMALS FOR TODAY
                         NORMAL    RECORD    YEAR
 MAXIMUM TEMPERATURE (F)   65        79      1998
                                             1995
                                             1977
 MINIMUM TEMPERATURE (F)   44        24      1886


SUNRISE AND SUNSET
DECEMBER  5 2016......SUNRISE   636 AM CST   SUNSET   451 PM CST
DECEMBER  6 2016......SUNRISE   637 AM CST   SUNSET   451 PM CST


-  INDICATES NEGATIVE NUMBERS.
R  INDICATES RECORD WAS SET OR TIED.
MM INDICATES DATA IS MISSING.
T  INDICATES TRACE AMOUNT.




$$
