000
CDUS44 KMOB 180645
CLIMOB


CLIMATE REPORT
NATIONAL WEATHER SERVICE MOBILE AL
1245 AM CST THU JAN 18 2018


...................................

...THE MOBILE CLIMATE SUMMARY FOR JANUARY 17 2018...

CLIMATE NORMAL PERIOD 1981 TO 2010
CLIMATE RECORD PERIOD 1842 TO 2018


WEATHER ITEM   OBSERVED TIME   RECORD YEAR NORMAL DEPARTURE LAST
                VALUE   (LST)  VALUE       VALUE  FROM      YEAR
                                                  NORMAL
..................................................................
TEMPERATURE (F)
 YESTERDAY
  MAXIMUM         35    351 PM  79    2017  61    -26       79
  MINIMUM         17    805 AM  15    1977  40    -23       64
  AVERAGE         26                        50    -24       72

PRECIPITATION (IN)
  YESTERDAY        0.06          3.15 1926   0.18  -0.12      T
  MONTH TO DATE    2.14                      3.03  -0.89     8.85
  SINCE MAR 1     73.71                     58.41  15.30    61.99
  SINCE JAN 1      2.14                      3.03  -0.89     8.85

SNOWFALL (IN)
  YESTERDAY       MM            MM      MM   0.0   MM        0.0
  MONTH TO DATE    T                         0.0    0.0      0.0
  SINCE MAR 1      1.0                       0.1    0.9      0.0
  SINCE JUL 1      1.0                       T      1.0      0.0
  SNOW DEPTH       0

DEGREE DAYS
 HEATING
  YESTERDAY       39                        15     24        0
  MONTH TO DATE  380                       255    125      144
  SINCE DEC 1    764                       659    105      419
  SINCE JUL 1    980                       917     63      553

 COOLING
  YESTERDAY        0                         0      0        7
  MONTH TO DATE    2                         0      2       25
  SINCE DEC 1     18                        15      3       66
  SINCE JAN 1      2                         0      2       25
..................................................................


WIND (MPH)
  HIGHEST WIND SPEED    24   HIGHEST WIND DIRECTION     N (350)
  HIGHEST GUST SPEED    32   HIGHEST GUST DIRECTION     N (10)
  AVERAGE WIND SPEED    14.6


SKY COVER
  POSSIBLE SUNSHINE  MM
  AVERAGE SKY COVER 0.3


WEATHER CONDITIONS
 THE FOLLOWING WEATHER WAS RECORDED YESTERDAY.
  LIGHT SNOW
  FOG


RELATIVE HUMIDITY (PERCENT)
 HIGHEST    88           100 AM
 LOWEST     35           300 PM
 AVERAGE    62

..........................................................


THE MOBILE CLIMATE NORMALS FOR TODAY
                         NORMAL    RECORD    YEAR
 MAXIMUM TEMPERATURE (F)   61        80      2017
 MINIMUM TEMPERATURE (F)   40        14      1948


SUNRISE AND SUNSET
JANUARY 18 2018.......SUNRISE   650 AM CST   SUNSET   517 PM CST
JANUARY 19 2018.......SUNRISE   650 AM CST   SUNSET   518 PM CST


-  INDICATES NEGATIVE NUMBERS.
R  INDICATES RECORD WAS SET OR TIED.
MM INDICATES DATA IS MISSING.
T  INDICATES TRACE AMOUNT.




$$
