544
CDUS46 KSTO 300834
CLIMOD


CLIMATE REPORT
NATIONAL WEATHER SERVICE SACRAMENTO, CA
134 AM PDT MON MAY 30 2016


...................................

...THE MODESTO CA CLIMATE SUMMARY FOR MAY 29 2016...

CLIMATE NORMAL PERIOD 1981 TO 2010
CLIMATE RECORD PERIOD 1931 TO 2016


WEATHER ITEM   OBSERVED TIME   RECORD YEAR NORMAL DEPARTURE LAST
                VALUE   (LST)  VALUE       VALUE  FROM      YEAR
                                                  NORMAL
..................................................................
TEMPERATURE (F)
 YESTERDAY
  MAXIMUM         94    400 PM 104    1984  86      8       92
  MINIMUM         62    513 AM  44    1961  57      5       57
  AVERAGE         78

PRECIPITATION (IN)
  YESTERDAY        0.00          0.14 1936   0.02  -0.02     0.00
  MONTH TO DATE    0.25                      0.61  -0.36     0.27
  SINCE OCT 1     15.61                     12.69   2.92    10.25
  SINCE JAN 1     11.20                      8.61   2.59     2.85

SNOWFALL (IN)
  YESTERDAY        0.0          MM      MM
  MONTH TO DATE    0.0
  SINCE MAR 1      0.0
  SINCE JUL 1      0.0
  SNOW DEPTH       0

DEGREE DAYS
 HEATING
  YESTERDAY        0                         0      0        0
  MONTH TO DATE   16                        33    -17       23
  SINCE MAR 1    242                       399   -157      200
  SINCE JUL 1   1834                      2167   -333     1612

 COOLING
  YESTERDAY       13                         7      6       10
  MONTH TO DATE  163                       141     22       78
  SINCE MAR 1    217                       185     32      161
  SINCE JAN 1    217                       185     32      161
..................................................................


WIND (MPH)
  RESULTANT WIND SPEED   8   RESULTANT WIND DIRECTION  NW (330)
  HIGHEST WIND SPEED    18   HIGHEST WIND DIRECTION    NW (330)
  HIGHEST GUST SPEED    23   HIGHEST GUST DIRECTION    NW (320)


SKY COVER
  POSSIBLE SUNSHINE  MM
  AVERAGE SKY COVER 0.0


WEATHER CONDITIONS
 THE FOLLOWING WEATHER WAS RECORDED YESTERDAY.
  NO SIGNIFICANT WEATHER WAS OBSERVED.


RELATIVE HUMIDITY (PERCENT)
 HIGHEST    60           500 AM
 LOWEST     20           400 PM
 AVERAGE    40

..........................................................


THE MODESTO CA CLIMATE NORMALS FOR TODAY
                         NORMAL    RECORD    YEAR
 MAXIMUM TEMPERATURE (F)   86       103      1950
 MINIMUM TEMPERATURE (F)   57        45      1962


SUNRISE AND SUNSET
MAY 30 2016...........SUNRISE   544 AM PDT   SUNSET   819 PM PDT
MAY 31 2016...........SUNRISE   544 AM PDT   SUNSET   819 PM PDT


-  INDICATES NEGATIVE NUMBERS.
R  INDICATES RECORD WAS SET OR TIED.
MM INDICATES DATA IS MISSING.
T  INDICATES TRACE AMOUNT.




$$
