000
CDUS46 KSTO 010838
CLIMOD


CLIMATE REPORT
NATIONAL WEATHER SERVICE SACRAMENTO, CA
1238 AM PST SUN MAR 1 2015


...................................

...THE MODESTO CA CLIMATE SUMMARY FOR FEBRUARY 28 2015...

CLIMATE NORMAL PERIOD 1981 TO 2010
CLIMATE RECORD PERIOD 1931 TO 2015


WEATHER ITEM   OBSERVED TIME   RECORD YEAR NORMAL DEPARTURE LAST
                VALUE   (LST)  VALUE       VALUE  FROM      YEAR
                                                  NORMAL
..................................................................
TEMPERATURE (F)
 YESTERDAY
  MAXIMUM         62    228 PM  77    1992  66     -4       62
  MINIMUM         45   1115 PM  29    1955  45      0       53
  AVERAGE         54

PRECIPITATION (IN)
  YESTERDAY        T             0.98 2014   0.08  -0.08     0.98
  MONTH TO DATE    1.76                      2.38  -0.62     2.42
  SINCE OCT 1      9.16                      9.07   0.09     4.28
  SINCE JAN 1      1.76                      4.99  -3.23     2.92

SNOWFALL (IN)
  YESTERDAY       MM            MM      MM
  MONTH TO DATE    0.0
  SINCE DEC 1      0.0
  SINCE JUL 1      0.0
  SNOW DEPTH       0

DEGREE DAYS
 HEATING
  YESTERDAY       11                         9      2        7
  MONTH TO DATE  235                       336   -101      290
  SINCE DEC 1   1114                      1407   -293     1327
  SINCE JUL 1   1412                      1768   -356     1698

 COOLING
  YESTERDAY        0                         0      0        0
  MONTH TO DATE    0                         0      0        0
  SINCE DEC 1      0                         0      0        0
  SINCE JAN 1      0                         0      0        0
..................................................................


WIND (MPH)
  RESULTANT WIND SPEED   3   RESULTANT WIND DIRECTION  SE (130)
  HIGHEST WIND SPEED    13   HIGHEST WIND DIRECTION    SE (150)
  HIGHEST GUST SPEED    18   HIGHEST GUST DIRECTION     S (160)


SKY COVER
  POSSIBLE SUNSHINE  MM
  AVERAGE SKY COVER 0.8


WEATHER CONDITIONS
 THE FOLLOWING WEATHER WAS RECORDED YESTERDAY.
  LIGHT RAIN


RELATIVE HUMIDITY (PERCENT)
 HIGHEST    82          1000 PM
 LOWEST     42           300 PM
 AVERAGE    62

..........................................................


THE MODESTO CA CLIMATE NORMALS FOR TODAY
                         NORMAL    RECORD    YEAR
 MAXIMUM TEMPERATURE (F)   66        77      1994
 MINIMUM TEMPERATURE (F)   45        30      1955


SUNRISE AND SUNSET
MARCH  1 2015.........SUNRISE   635 AM PST   SUNSET   557 PM PST
MARCH  2 2015.........SUNRISE   634 AM PST   SUNSET   558 PM PST


-  INDICATES NEGATIVE NUMBERS.
R  INDICATES RECORD WAS SET OR TIED.
MM INDICATES DATA IS MISSING.
T  INDICATES TRACE AMOUNT.




$$
