000
CDUS43 KBIS 240841
CLIMOT


CLIMATE REPORT
NATIONAL WEATHER SERVICE BISMARCK ND
241 AM CST FRI FEB 24 2017


...................................

...THE MINOT ND CLIMATE SUMMARY FOR FEBRUARY 23 2017...

CLIMATE NORMAL PERIOD 1981 TO 2010
CLIMATE RECORD PERIOD 1897 TO 2017


WEATHER ITEM   OBSERVED TIME   RECORD YEAR NORMAL DEPARTURE LAST
                VALUE   (LST)  VALUE       VALUE  FROM      YEAR
                                                  NORMAL
..................................................................
TEMPERATURE (F)
 YESTERDAY
  MAXIMUM         33    531 AM  58    1931  28      5       43
  MINIMUM         18   1159 PM -26    1910  11      7       27
  AVERAGE         26                        19      7       35

PRECIPITATION (IN)
  YESTERDAY        T             0.51 1949   0.02  -0.02     0.00
  MONTH TO DATE    0.02                      0.32  -0.30     0.37
  SINCE DEC 1      0.71                      1.21  -0.50     0.89
  SINCE JAN 1      0.09                      0.83  -0.74     0.58

DEGREE DAYS
 HEATING
  YESTERDAY       39                        46     -7       30
  MONTH TO DATE  950                      1122   -172      858
  SINCE DEC 1   4166                      4296   -130     3541
  SINCE JUL 1   5681                      6354   -673     5242
..................................................................


WIND (MPH)
  HIGHEST WIND SPEED    22   HIGHEST WIND DIRECTION     N (10)
  HIGHEST GUST SPEED    26   HIGHEST GUST DIRECTION     N (360)
  AVERAGE WIND SPEED     9.8


SKY COVER
  POSSIBLE SUNSHINE  MM
  AVERAGE SKY COVER 0.6


WEATHER CONDITIONS
 THE FOLLOWING WEATHER WAS RECORDED YESTERDAY.
  LIGHT SNOW
  FOG


RELATIVE HUMIDITY (PERCENT)
 HIGHEST    85           300 AM
 LOWEST     57           500 PM
 AVERAGE    71

..........................................................


THE MINOT ND CLIMATE NORMALS FOR TODAY
                         NORMAL    RECORD    YEAR
 MAXIMUM TEMPERATURE (F)   28        51      1958
 MINIMUM TEMPERATURE (F)   12       -24      1900


SUNRISE AND SUNSET
FEBRUARY 24 2017......SUNRISE   735 AM CST   SUNSET   622 PM CST
FEBRUARY 25 2017......SUNRISE   733 AM CST   SUNSET   624 PM CST


-  INDICATES NEGATIVE NUMBERS.
R  INDICATES RECORD WAS SET OR TIED.
MM INDICATES DATA IS MISSING.
T  INDICATES TRACE AMOUNT.




$$
