000
CDUS43 KBIS 300735
CLIMOT


CLIMATE REPORT
NATIONAL WEATHER SERVICE BISMARCK ND
235 AM CDT SUN APR 30 2017


...................................

...THE MINOT ND CLIMATE SUMMARY FOR APRIL 29 2017...

CLIMATE NORMAL PERIOD 1981 TO 2010
CLIMATE RECORD PERIOD 1897 TO 2017


WEATHER ITEM   OBSERVED TIME   RECORD YEAR NORMAL DEPARTURE LAST
                VALUE   (LST)  VALUE       VALUE  FROM      YEAR
                                                  NORMAL
..................................................................
TEMPERATURE (F)
 YESTERDAY
  MAXIMUM         65    304 PM  87    1949  61      4       66
  MINIMUM         34    337 AM  16    1966  37     -3       34
                                      1936
  AVERAGE         50                        49      1       50

PRECIPITATION (IN)
  YESTERDAY        0.00          0.80 2009   0.05  -0.05     0.00
  MONTH TO DATE    0.29                      1.08  -0.79     2.17
  SINCE MAR 1      0.60                      1.92  -1.32     2.58
  SINCE JAN 1      0.73                      2.83  -2.10     3.16

DEGREE DAYS
 HEATING
  YESTERDAY       15                        16     -1       15
  MONTH TO DATE  609                       637    -28      575
  SINCE MAR 1   1760                      1776    -16     1371
  SINCE JUL 1   7696                      8352   -656     6803

 COOLING
  YESTERDAY        0                         0      0        0
  MONTH TO DATE    0                         0      0        0
  SINCE MAR 1      0                         0      0        0
  SINCE JAN 1      0                         0      0        0
..................................................................


WIND (MPH)
  HIGHEST WIND SPEED    21   HIGHEST WIND DIRECTION    SW (210)
  HIGHEST GUST SPEED    26   HIGHEST GUST DIRECTION     S (200)
  AVERAGE WIND SPEED     9.2


SKY COVER
  POSSIBLE SUNSHINE  MM
  AVERAGE SKY COVER 0.2


WEATHER CONDITIONS
 THE FOLLOWING WEATHER WAS RECORDED YESTERDAY.
  NO SIGNIFICANT WEATHER WAS OBSERVED.


RELATIVE HUMIDITY (PERCENT)
 HIGHEST    75           300 AM
 LOWEST     23          1200 PM
 AVERAGE    49

..........................................................


THE MINOT ND CLIMATE NORMALS FOR TODAY
                         NORMAL    RECORD    YEAR
 MAXIMUM TEMPERATURE (F)   62        89      1939
                                             1926
 MINIMUM TEMPERATURE (F)   37        14      1909


SUNRISE AND SUNSET
APRIL 30 2017.........SUNRISE   627 AM CDT   SUNSET   858 PM CDT
MAY  1 2017...........SUNRISE   626 AM CDT   SUNSET   859 PM CDT


-  INDICATES NEGATIVE NUMBERS.
R  INDICATES RECORD WAS SET OR TIED.
MM INDICATES DATA IS MISSING.
T  INDICATES TRACE AMOUNT.




$$
