000
CDUS41 KPHI 290630
CLIMPO


CLIMATE REPORT
NATIONAL WEATHER SERVICE MOUNT HOLLY NJ
230 AM EDT TUE JUL 29 2014


...................................

...THE MOUNT POCONO PA CLIMATE SUMMARY FOR JULY 28 2014...

CLIMATE NORMAL PERIOD 1981 TO 2010
CLIMATE RECORD PERIOD 1901 TO 2014


WEATHER ITEM   OBSERVED TIME   RECORD YEAR NORMAL DEPARTURE LAST
                VALUE   (LST)  VALUE       VALUE  FROM      YEAR
                                                  NORMAL
..................................................................
TEMPERATURE (F)
 YESTERDAY
  MAXIMUM         73    258 PM  93    1949  78     -5       71
  MINIMUM         57   1159 PM  38    1903  58     -1       59
  AVERAGE         65                        68     -3       65

PRECIPITATION (IN)
  YESTERDAY        0.22          2.15 1969   0.16   0.06     1.12
  MONTH TO DATE    3.69                      4.04  -0.35     6.70
  SINCE JUN 1      7.14                      8.42  -1.28    15.89
  SINCE JAN 1     25.90                     25.92  -0.02    29.90

SNOWFALL (IN)
  YESTERDAY       MM            MM      MM  MM     MM       MM
  MONTH TO DATE   MM                        MM     MM       MM
  SINCE JUN 1     MM                        MM     MM       MM
  SINCE JUL 1     MM                        MM     MM       MM
  SNOW DEPTH      MM

DEGREE DAYS
 HEATING
  YESTERDAY        0                         1     -1        0
  MONTH TO DATE   12                        28    -16        7
  SINCE JUN 1     67                       128    -61       83
  SINCE JUL 1     12                        28    -16        7

 COOLING
  YESTERDAY        0                         4     -4        0
  MONTH TO DATE  107                       111     -4      225
  SINCE JUN 1    167                       173     -6      306
  SINCE JAN 1    174                       192    -18      338
..................................................................


WIND (MPH)
  HIGHEST WIND SPEED    24   HIGHEST WIND DIRECTION     W (260)
  HIGHEST GUST SPEED    31   HIGHEST GUST DIRECTION     W (290)
  AVERAGE WIND SPEED    11.8


SKY COVER
  POSSIBLE SUNSHINE  MM
  AVERAGE SKY COVER 0.8


WEATHER CONDITIONS
 THE FOLLOWING WEATHER WAS RECORDED YESTERDAY.
  HEAVY RAIN
  RAIN
  LIGHT RAIN
  FOG


RELATIVE HUMIDITY (PERCENT)
 HIGHEST    93           200 AM
 LOWEST     61           300 PM
 AVERAGE    77

..........................................................


THE MOUNT POCONO PA CLIMATE NORMALS FOR TODAY
                         NORMAL    RECORD    YEAR
 MAXIMUM TEMPERATURE (F)   78        90      1949
 MINIMUM TEMPERATURE (F)   58        43      1987


SUNRISE AND SUNSET
JULY 29 2014..........SUNRISE   554 AM EDT   SUNSET   821 PM EDT
JULY 30 2014..........SUNRISE   555 AM EDT   SUNSET   820 PM EDT


-  INDICATES NEGATIVE NUMBERS.
R  INDICATES RECORD WAS SET OR TIED.
MM INDICATES DATA IS MISSING.
T  INDICATES TRACE AMOUNT.




$$
