000
CDUS41 KPHI 290629
CLIMPO


CLIMATE REPORT
NATIONAL WEATHER SERVICE MOUNT HOLLY NJ
228 AM EDT SAT APR 29 2017


...................................

...THE MOUNT POCONO PA CLIMATE SUMMARY FOR APRIL 28 2017...

CLIMATE NORMAL PERIOD 1981 TO 2010
CLIMATE RECORD PERIOD 1901 TO 2017


WEATHER ITEM   OBSERVED TIME   RECORD YEAR NORMAL DEPARTURE LAST
                VALUE   (LST)  VALUE       VALUE  FROM      YEAR
                                                  NORMAL
..................................................................
TEMPERATURE (F)
 YESTERDAY
  MAXIMUM         76    354 PM  85    1990  60     16       54
  MINIMUM         52   1010 PM  20    1934  40     12       38
  AVERAGE         64                        50     14       46

PRECIPITATION (IN)
  YESTERDAY        0.00          2.04 1913   0.11  -0.11     0.05
  MONTH TO DATE    3.97                      3.78   0.19     2.44
  SINCE MAR 1      7.76                      7.61   0.15     3.43
  SINCE JAN 1     12.72                     12.87  -0.15    11.41

DEGREE DAYS
 HEATING
  YESTERDAY        1                        15    -14       19
  MONTH TO DATE  429                       566   -137      582
  SINCE MAR 1   1529                      1541    -12     1328
  SINCE JUL 1   6132                      6664   -532     5613

 COOLING
  YESTERDAY        0                         0      0        0
  MONTH TO DATE    3                         0      3        0
  SINCE MAR 1      3                         0      3        0
  SINCE JAN 1      3                         0      3        0
..................................................................


WIND (MPH)
  HIGHEST WIND SPEED    17   HIGHEST WIND DIRECTION     W (270)
  HIGHEST GUST SPEED    23   HIGHEST GUST DIRECTION     W (280)
  AVERAGE WIND SPEED     8.7


SKY COVER
  POSSIBLE SUNSHINE  MM
  AVERAGE SKY COVER 0.3


WEATHER CONDITIONS
 THE FOLLOWING WEATHER WAS RECORDED YESTERDAY.
  FOG


RELATIVE HUMIDITY (PERCENT)
 HIGHEST   100          1200 AM
 LOWEST     19           300 PM
 AVERAGE    60

..........................................................


THE MOUNT POCONO PA CLIMATE NORMALS FOR TODAY
                         NORMAL    RECORD    YEAR
 MAXIMUM TEMPERATURE (F)   61        82      1974
 MINIMUM TEMPERATURE (F)   40        24      2001


SUNRISE AND SUNSET
APRIL 29 2017.........SUNRISE   602 AM EDT   SUNSET   757 PM EDT
APRIL 30 2017.........SUNRISE   600 AM EDT   SUNSET   758 PM EDT


-  INDICATES NEGATIVE NUMBERS.
R  INDICATES RECORD WAS SET OR TIED.
MM INDICATES DATA IS MISSING.
T  INDICATES TRACE AMOUNT.




$$
