000
CDUS41 KPHI 222130
CLIMPO


CLIMATE REPORT
NATIONAL WEATHER SERVICE MOUNT HOLLY NJ
529 PM EDT SUN OCT 22 2017


...................................

...THE MOUNT POCONO PA CLIMATE SUMMARY FOR OCTOBER 22 2017...
VALID TODAY AS OF 0500 PM LOCAL TIME.

CLIMATE NORMAL PERIOD 1981 TO 2010
CLIMATE RECORD PERIOD 1901 TO 2017


WEATHER ITEM   OBSERVED TIME   RECORD YEAR NORMAL DEPARTURE LAST
                VALUE   (LST)  VALUE       VALUE  FROM      YEAR
                                                  NORMAL
..................................................................
TEMPERATURE (F)
 TODAY
  MAXIMUM         70    130 PM  81    1979  56     14       45
  MINIMUM         39    457 AM  16    1907  37      2       37
  AVERAGE         55                        46      9       41

PRECIPITATION (IN)
  TODAY            0.00          2.86 1970   0.13  -0.13     0.33
  MONTH TO DATE    3.08                      3.10  -0.02     0.78
  SINCE SEP 1      5.90                      8.46  -2.56     4.38
  SINCE JAN 1     36.51                     39.44  -2.93    33.97

DEGREE DAYS
 HEATING
  TODAY           10                        18     -8       24
  MONTH TO DATE  193                       342   -149      260
  SINCE SEP 1    345                       547   -202      410
  SINCE JUL 1    443                       610   -167      442

 COOLING
  TODAY            0                         0      0        0
  MONTH TO DATE   12                         0     12        0
  SINCE SEP 1     58                        17     41       51
  SINCE JAN 1    287                       313    -26      397
..................................................................


WIND (MPH)
  HIGHEST WIND SPEED    14   HIGHEST WIND DIRECTION     S (180)
  HIGHEST GUST SPEED    19   HIGHEST GUST DIRECTION     S (200)
  AVERAGE WIND SPEED     4.7


SKY COVER
  POSSIBLE SUNSHINE  MM
  AVERAGE SKY COVER 0.0


WEATHER CONDITIONS
 THE FOLLOWING WEATHER WAS RECORDED TODAY.
  MISSING


RELATIVE HUMIDITY (PERCENT)
 HIGHEST   100           600 AM
 LOWEST     35          1200 PM
 AVERAGE    68

..........................................................


THE MOUNT POCONO PA CLIMATE NORMALS FOR TOMORROW
                         NORMAL    RECORD    YEAR
 MAXIMUM TEMPERATURE (F)   56        78      1947
 MINIMUM TEMPERATURE (F)   37        20      1969


SUNRISE AND SUNSET
OCTOBER 22 2017.......SUNRISE   721 AM EDT   SUNSET   610 PM EDT
OCTOBER 23 2017.......SUNRISE   722 AM EDT   SUNSET   609 PM EDT


-  INDICATES NEGATIVE NUMBERS.
R  INDICATES RECORD WAS SET OR TIED.
MM INDICATES DATA IS MISSING.
T  INDICATES TRACE AMOUNT.




$$
