000
CDUS41 KPHI 240633
CLIMPO


CLIMATE REPORT
NATIONAL WEATHER SERVICE MOUNT HOLLY NJ
231 AM EDT SUN MAY 24 2015


...................................

...THE MOUNT POCONO PA CLIMATE SUMMARY FOR MAY 23 2015...

CLIMATE NORMAL PERIOD 1981 TO 2010
CLIMATE RECORD PERIOD 1901 TO 2015


WEATHER ITEM   OBSERVED TIME   RECORD YEAR NORMAL DEPARTURE LAST
                VALUE   (LST)  VALUE       VALUE  FROM      YEAR
                                                  NORMAL
..................................................................
TEMPERATURE (F)
 YESTERDAY
  MAXIMUM         63    502 PM  89    1911  67     -4       65
  MINIMUM         34    454 AM  30    1993  47    -13       50
  AVERAGE         49                        57     -8       58

PRECIPITATION (IN)
  YESTERDAY        0.00          2.20 1942   0.18  -0.18     0.10
  MONTH TO DATE    0.55                      3.02  -2.47     4.25
  SINCE MAR 1      5.78                     10.87  -5.09    12.31
  SINCE JAN 1      9.13                     16.13  -7.00    18.70

SNOWFALL (IN)
  YESTERDAY       MM            MM      MM  MM     MM       MM
  MONTH TO DATE   MM                        MM     MM       MM
  SINCE MAR 1     MM                        MM     MM       MM
  SINCE JUL 1     MM                        MM     MM       MM
  SNOW DEPTH      MM

DEGREE DAYS
 HEATING
  YESTERDAY       16                         9      7        7
  MONTH TO DATE  162                       261    -99      210
  SINCE MAR 1   1853                      1832     21     1984
  SINCE JUL 1   7288                      6955    333     7411

 COOLING
  YESTERDAY        0                         1     -1        0
  MONTH TO DATE   23                         5     18        3
  SINCE MAR 1     23                         9     14        3
  SINCE JAN 1     23                         9     14        3
..................................................................


WIND (MPH)
  HIGHEST WIND SPEED    17   HIGHEST WIND DIRECTION     W (280)
  HIGHEST GUST SPEED    27   HIGHEST GUST DIRECTION    NW (300)
  AVERAGE WIND SPEED     7.2


SKY COVER
  POSSIBLE SUNSHINE  MM
  AVERAGE SKY COVER 0.0


WEATHER CONDITIONS
 THE FOLLOWING WEATHER WAS RECORDED YESTERDAY.
  NO SIGNIFICANT WEATHER WAS OBSERVED.


RELATIVE HUMIDITY (PERCENT)
 HIGHEST    85          1100 PM
 LOWEST     19           100 PM
 AVERAGE    52

..........................................................


THE MOUNT POCONO PA CLIMATE NORMALS FOR TODAY
                         NORMAL    RECORD    YEAR
 MAXIMUM TEMPERATURE (F)   67        84      1992
 MINIMUM TEMPERATURE (F)   47        26      1905


SUNRISE AND SUNSET
MAY 24 2015...........SUNRISE   536 AM EDT   SUNSET   821 PM EDT
MAY 25 2015...........SUNRISE   535 AM EDT   SUNSET   822 PM EDT


-  INDICATES NEGATIVE NUMBERS.
R  INDICATES RECORD WAS SET OR TIED.
MM INDICATES DATA IS MISSING.
T  INDICATES TRACE AMOUNT.




$$
