000
CDUS41 KPHI 050636
CLIMPO


CLIMATE REPORT
NATIONAL WEATHER SERVICE MOUNT HOLLY NJ
234 AM EDT WED AUG 5 2015


...................................

...THE MOUNT POCONO PA CLIMATE SUMMARY FOR AUGUST 4 2015...

CLIMATE NORMAL PERIOD 1981 TO 2010
CLIMATE RECORD PERIOD 1901 TO 2015


WEATHER ITEM   OBSERVED TIME   RECORD YEAR NORMAL DEPARTURE LAST
                VALUE   (LST)  VALUE       VALUE  FROM      YEAR
                                                  NORMAL
..................................................................
TEMPERATURE (F)
 YESTERDAY
  MAXIMUM         81    310 PM  91    1944  78      3       78
  MINIMUM         57   1159 PM  40    1966  58     -1       57
  AVERAGE         69                        68      1       68

PRECIPITATION (IN)
  YESTERDAY        0.00          1.65 1969   0.17  -0.17     0.00
  MONTH TO DATE    T                         0.69  -0.69      T
  SINCE JUN 1     11.83                      9.71   2.12     7.14
  SINCE JAN 1     22.83                     27.21  -4.38    25.90

SNOWFALL (IN)
  YESTERDAY       MM            MM      MM  MM     MM       MM
  MONTH TO DATE   MM                        MM     MM       MM
  SINCE JUN 1     MM                        MM     MM       MM
  SINCE JUL 1     MM                        MM     MM       MM
  SNOW DEPTH      MM

DEGREE DAYS
 HEATING
  YESTERDAY        0                         1     -1        0
  MONTH TO DATE    0                         4     -4        0
  SINCE JUN 1     97                       126    -29       79
  SINCE JUL 1     13                        26    -13       24

 COOLING
  YESTERDAY        4                         4      0        3
  MONTH TO DATE   17                        16      1       12
  SINCE JUN 1    211                       199     12      180
  SINCE JAN 1    268                       218     50      187
..................................................................


WIND (MPH)
  HIGHEST WIND SPEED    20   HIGHEST WIND DIRECTION     W (270)
  HIGHEST GUST SPEED    28   HIGHEST GUST DIRECTION     W (280)
  AVERAGE WIND SPEED     8.1


SKY COVER
  POSSIBLE SUNSHINE  MM
  AVERAGE SKY COVER 0.2


WEATHER CONDITIONS
 THE FOLLOWING WEATHER WAS RECORDED YESTERDAY.
  THUNDERSTORM
  FOG


RELATIVE HUMIDITY (PERCENT)
 HIGHEST    93           100 AM
 LOWEST     39           500 PM
 AVERAGE    66

..........................................................


THE MOUNT POCONO PA CLIMATE NORMALS FOR TODAY
                         NORMAL    RECORD    YEAR
 MAXIMUM TEMPERATURE (F)   78        91      1955
 MINIMUM TEMPERATURE (F)   58        38      1912


SUNRISE AND SUNSET
AUGUST  5 2015........SUNRISE   601 AM EDT   SUNSET   814 PM EDT
AUGUST  6 2015........SUNRISE   602 AM EDT   SUNSET   812 PM EDT


-  INDICATES NEGATIVE NUMBERS.
R  INDICATES RECORD WAS SET OR TIED.
MM INDICATES DATA IS MISSING.
T  INDICATES TRACE AMOUNT.




$$
