896
CDUS41 KPHI 180600
CLIMPO


CLIMATE REPORT
NATIONAL WEATHER SERVICE MOUNT HOLLY NJ
1257 AM EST THU JAN 18 2018


...................................

...THE MOUNT POCONO PA CLIMATE SUMMARY FOR JANUARY 17 2018...

CLIMATE NORMAL PERIOD 1981 TO 2010
CLIMATE RECORD PERIOD 1901 TO 2018


WEATHER ITEM   OBSERVED TIME   RECORD YEAR NORMAL DEPARTURE LAST
                VALUE   (LST)  VALUE       VALUE  FROM      YEAR
                                                  NORMAL
..................................................................
TEMPERATURE (F)
 YESTERDAY
  MAXIMUM         27    221 AM  53    1973  30     -3       34
  MINIMUM          4   1004 PM -17    1982  16    -12       31
  AVERAGE         16                        23     -7       33

PRECIPITATION (IN)
  YESTERDAY        0.09          1.16 1937   0.09   0.00     0.19
  MONTH TO DATE    3.24                      1.80   1.44     1.47
  SINCE DEC 1      4.48                      5.67  -1.19     3.66
  SINCE JAN 1      3.24                      1.80   1.44     1.47

DEGREE DAYS
 HEATING
  YESTERDAY       49                        42      7       32
  MONTH TO DATE  823                       710    113      694
  SINCE DEC 1   2083                      1868    215     1844
  SINCE JUL 1   3521                      3447     74     3237

 COOLING
  YESTERDAY        0                         0      0        0
  MONTH TO DATE    0                         0      0        0
  SINCE DEC 1      0                         0      0        0
  SINCE JAN 1      0                         0      0        0
..................................................................


WIND (MPH)
  HIGHEST WIND SPEED    20   HIGHEST WIND DIRECTION    NW (300)
  HIGHEST GUST SPEED    27   HIGHEST GUST DIRECTION    NW (300)
  AVERAGE WIND SPEED    11.3


SKY COVER
  POSSIBLE SUNSHINE  MM
  AVERAGE SKY COVER 0.6


WEATHER CONDITIONS
 THE FOLLOWING WEATHER WAS RECORDED YESTERDAY.
  LIGHT SNOW
  FOG


RELATIVE HUMIDITY (PERCENT)
 HIGHEST   100          1200 AM
 LOWEST     67           300 PM
 AVERAGE    84

..........................................................


THE MOUNT POCONO PA CLIMATE NORMALS FOR TODAY
                         NORMAL    RECORD    YEAR
 MAXIMUM TEMPERATURE (F)   30        61      1929
 MINIMUM TEMPERATURE (F)   15       -11      1977


SUNRISE AND SUNSET
JANUARY 18 2018.......SUNRISE   723 AM EST   SUNSET   501 PM EST
JANUARY 19 2018.......SUNRISE   723 AM EST   SUNSET   502 PM EST


-  INDICATES NEGATIVE NUMBERS.
R  INDICATES RECORD WAS SET OR TIED.
MM INDICATES DATA IS MISSING.
T  INDICATES TRACE AMOUNT.




$$
