000
CDUS41 KPHI 230627
CLIMPO


CLIMATE REPORT
NATIONAL WEATHER SERVICE MOUNT HOLLY NJ
227 AM EDT THU OCT 23 2014


...................................

...THE MOUNT POCONO PA CLIMATE SUMMARY FOR OCTOBER 22 2014...

CLIMATE NORMAL PERIOD 1981 TO 2010
CLIMATE RECORD PERIOD 1901 TO 2014


WEATHER ITEM   OBSERVED TIME   RECORD YEAR NORMAL DEPARTURE LAST
                VALUE   (LST)  VALUE       VALUE  FROM      YEAR
                                                  NORMAL
..................................................................
TEMPERATURE (F)
 YESTERDAY
  MAXIMUM         50    229 PM  81    1979  56     -6       56
  MINIMUM         45   1159 PM  16    1907  37      8       33
  AVERAGE         48                        46      2       45

PRECIPITATION (IN)
  YESTERDAY        0.25          2.86 1970   0.13   0.12      T
  MONTH TO DATE    5.05                      3.10   1.95     1.18
  SINCE SEP 1      6.15                      8.46  -2.31     2.91
  SINCE JAN 1     34.57                     39.44  -4.87    38.56

SNOWFALL (IN)
  YESTERDAY       MM            MM      MM  MM     MM       MM
  MONTH TO DATE   MM                        MM     MM       MM
  SINCE SEP 1     MM                        MM     MM       MM
  SINCE JUL 1     MM                        MM     MM       MM
  SNOW DEPTH      MM

DEGREE DAYS
 HEATING
  YESTERDAY       17                        18     -1       20
  MONTH TO DATE  286                       342    -56      211
  SINCE SEP 1    448                       547    -99      460
  SINCE JUL 1    524                       610    -86      524

 COOLING
  YESTERDAY        0                         0      0        0
  MONTH TO DATE    1                         0      1        8
  SINCE SEP 1     35                        17     18       48
  SINCE JAN 1    253                       313    -60      467
..................................................................


WIND (MPH)
  HIGHEST WIND SPEED    25   HIGHEST WIND DIRECTION     N (340)
  HIGHEST GUST SPEED    36   HIGHEST GUST DIRECTION     N (350)
  AVERAGE WIND SPEED    12.9


SKY COVER
  POSSIBLE SUNSHINE  MM
  AVERAGE SKY COVER 1.0


WEATHER CONDITIONS
 THE FOLLOWING WEATHER WAS RECORDED YESTERDAY.
  LIGHT RAIN
  FOG


RELATIVE HUMIDITY (PERCENT)
 HIGHEST    93          1200 AM
 LOWEST     80           200 PM
 AVERAGE    87

..........................................................


THE MOUNT POCONO PA CLIMATE NORMALS FOR TODAY
                         NORMAL    RECORD    YEAR
 MAXIMUM TEMPERATURE (F)   56        78      1947
 MINIMUM TEMPERATURE (F)   37        20      1969


SUNRISE AND SUNSET
OCTOBER 23 2014.......SUNRISE   722 AM EDT   SUNSET   609 PM EDT
OCTOBER 24 2014.......SUNRISE   723 AM EDT   SUNSET   608 PM EDT


-  INDICATES NEGATIVE NUMBERS.
R  INDICATES RECORD WAS SET OR TIED.
MM INDICATES DATA IS MISSING.
T  INDICATES TRACE AMOUNT.




$$
