000
CDUS41 KPHI 092133
CLIMPO


CLIMATE REPORT
NATIONAL WEATHER SERVICE MOUNT HOLLY NJ
432 PM EST FRI DEC 9 2016


...................................

...THE MOUNT POCONO PA CLIMATE SUMMARY FOR DECEMBER 9 2016...
VALID TODAY AS OF 0400 PM LOCAL TIME.

CLIMATE NORMAL PERIOD 1981 TO 2010
CLIMATE RECORD PERIOD 1901 TO 2016


WEATHER ITEM   OBSERVED TIME   RECORD YEAR NORMAL DEPARTURE LAST
                VALUE   (LST)  VALUE       VALUE  FROM      YEAR
                                                  NORMAL
..................................................................
TEMPERATURE (F)
 TODAY
  MAXIMUM         29    219 PM  65    1966  36     -7       45
  MINIMUM         22    801 AM  -1    1902  23     -1       27
  AVERAGE         26                        30     -4       36

PRECIPITATION (IN)
  TODAY            T             1.82 1974   0.15  -0.15     0.00
  MONTH TO DATE    0.92                      1.25  -0.33     0.98
  SINCE DEC 1      0.92                      1.25  -0.33     0.98
  SINCE JAN 1     38.82                     46.16  -7.34    40.88

SNOWFALL (IN)
  TODAY           MM            MM      MM  MM     MM       MM
  MONTH TO DATE   MM                        MM     MM       MM
  SINCE DEC 1     MM                        MM     MM       MM
  SINCE JUL 1     MM                        MM     MM       MM
  SNOW DEPTH       0

DEGREE DAYS
 HEATING
  TODAY           39                        35      4       29
  MONTH TO DATE  288                       305    -17      239
  SINCE DEC 1    288                       305    -17      239
  SINCE JUL 1   1681                      1884   -203     1506

 COOLING
  TODAY            0                         0      0        0
  MONTH TO DATE    0                         0      0        0
  SINCE DEC 1      0                         0      0        0
  SINCE JAN 1    397                       314     83      403
..................................................................


WIND (MPH)
  HIGHEST WIND SPEED    24   HIGHEST WIND DIRECTION    NW (300)
  HIGHEST GUST SPEED    36   HIGHEST GUST DIRECTION     W (290)
  AVERAGE WIND SPEED    17.8


SKY COVER
  POSSIBLE SUNSHINE  MM
  AVERAGE SKY COVER 0.9


WEATHER CONDITIONS
 THE FOLLOWING WEATHER WAS RECORDED TODAY.
  LIGHT SNOW


RELATIVE HUMIDITY (PERCENT)
 HIGHEST    84           800 AM
 LOWEST     50           300 PM
 AVERAGE    67

..........................................................


THE MOUNT POCONO PA CLIMATE NORMALS FOR TOMORROW
                         NORMAL    RECORD    YEAR
 MAXIMUM TEMPERATURE (F)   36        65      1946
 MINIMUM TEMPERATURE (F)   23        -9      1910


SUNRISE AND SUNSET
DECEMBER  9 2016......SUNRISE   715 AM EST   SUNSET   433 PM EST
DECEMBER 10 2016......SUNRISE   716 AM EST   SUNSET   433 PM EST


-  INDICATES NEGATIVE NUMBERS.
R  INDICATES RECORD WAS SET OR TIED.
MM INDICATES DATA IS MISSING.
T  INDICATES TRACE AMOUNT.




$$
