000
CDUS41 KPHI 300628
CLIMPO


CLIMATE REPORT
NATIONAL WEATHER SERVICE MOUNT HOLLY NJ
228 AM EDT SAT AUG 30 2014


...................................

...THE MOUNT POCONO PA CLIMATE SUMMARY FOR AUGUST 29 2014...

CLIMATE NORMAL PERIOD 1981 TO 2010
CLIMATE RECORD PERIOD 1901 TO 2014


WEATHER ITEM   OBSERVED TIME   RECORD YEAR NORMAL DEPARTURE LAST
                VALUE   (LST)  VALUE       VALUE  FROM      YEAR
                                                  NORMAL
..................................................................
TEMPERATURE (F)
 YESTERDAY
  MAXIMUM         72    330 PM  90    1953  74     -2       80
  MINIMUM         47    535 AM  35    1907  55     -8       60
  AVERAGE         60                        65     -5       70

PRECIPITATION (IN)
  YESTERDAY        0.00          2.74 1949   0.10  -0.10     0.17
  MONTH TO DATE    2.52                      4.25  -1.73     5.64
  SINCE JUN 1      9.66                     13.27  -3.61    21.64
  SINCE JAN 1     28.42                     30.77  -2.35    35.65

SNOWFALL (IN)
  YESTERDAY       MM            MM      MM  MM     MM       MM
  MONTH TO DATE   MM                        MM     MM       MM
  SINCE JUN 1     MM                        MM     MM       MM
  SINCE JUL 1     MM                        MM     MM       MM
  SNOW DEPTH      MM

DEGREE DAYS
 HEATING
  YESTERDAY        5                         2      3        0
  MONTH TO DATE   49                        35     14       53
  SINCE JUN 1    128                       157    -29      140
  SINCE JUL 1     73                        57     16       64

 COOLING
  YESTERDAY        0                         2     -2        5
  MONTH TO DATE   35                        94    -59       62
  SINCE JUN 1    203                       277    -74      369
  SINCE JAN 1    210                       296    -86      401
..................................................................


WIND (MPH)
  HIGHEST WIND SPEED    13   HIGHEST WIND DIRECTION    NE (30)
  HIGHEST GUST SPEED    15   HIGHEST GUST DIRECTION    SE (150)
  AVERAGE WIND SPEED     4.7


SKY COVER
  POSSIBLE SUNSHINE  MM
  AVERAGE SKY COVER 0.0


WEATHER CONDITIONS
 THE FOLLOWING WEATHER WAS RECORDED YESTERDAY.
  NO SIGNIFICANT WEATHER WAS OBSERVED.


RELATIVE HUMIDITY (PERCENT)
 HIGHEST    93           600 AM
 LOWEST     47           100 PM
 AVERAGE    70

..........................................................


THE MOUNT POCONO PA CLIMATE NORMALS FOR TODAY
                         NORMAL    RECORD    YEAR
 MAXIMUM TEMPERATURE (F)   74        91      1953
 MINIMUM TEMPERATURE (F)   55        31      1986


SUNRISE AND SUNSET
AUGUST 30 2014........SUNRISE   626 AM EDT   SUNSET   737 PM EDT
AUGUST 31 2014........SUNRISE   627 AM EDT   SUNSET   736 PM EDT


-  INDICATES NEGATIVE NUMBERS.
R  INDICATES RECORD WAS SET OR TIED.
MM INDICATES DATA IS MISSING.
T  INDICATES TRACE AMOUNT.




$$
