000
CDUS41 KPHI 190550
CLIMPO


CLIMATE REPORT
NATIONAL WEATHER SERVICE MOUNT HOLLY NJ
149 AM EDT SAT AUG 19 2017


...................................

...THE MOUNT POCONO PA CLIMATE SUMMARY FOR AUGUST 18 2017...

CLIMATE NORMAL PERIOD 1981 TO 2010
CLIMATE RECORD PERIOD 1901 TO 2017


WEATHER ITEM   OBSERVED TIME   RECORD YEAR NORMAL DEPARTURE LAST
                VALUE   (LST)  VALUE       VALUE  FROM      YEAR
                                                  NORMAL
..................................................................
TEMPERATURE (F)
 YESTERDAY
  MAXIMUM         77    231 PM  86    2002  77      0       80
  MINIMUM         68    620 AM  35    1941  57     11       61
  AVERAGE         73                        67      6       71

PRECIPITATION (IN)
  YESTERDAY        0.16          1.50 1932   0.16   0.00     0.30
  MONTH TO DATE    4.06                      2.77   1.29     3.07
  SINCE JUN 1     13.50                     11.79   1.71    11.30
  SINCE JAN 1     30.40                     29.29   1.11    28.73

DEGREE DAYS
 HEATING
  YESTERDAY        0                         1     -1        0
  MONTH TO DATE   30                        18     12        1
  SINCE JUN 1    169                       140     29      109
  SINCE JUL 1     42                        40      2       17

 COOLING
  YESTERDAY        8                         3      5        6
  MONTH TO DATE   31                        68    -37       96
  SINCE JUN 1    196                       251    -55      283
  SINCE JAN 1    214                       270    -56      312
..................................................................


WIND (MPH)
  HIGHEST WIND SPEED    13   HIGHEST WIND DIRECTION     W (280)
  HIGHEST GUST SPEED    17   HIGHEST GUST DIRECTION    SW (210)
  AVERAGE WIND SPEED     7.3


SKY COVER
  POSSIBLE SUNSHINE  MM
  AVERAGE SKY COVER 0.9


WEATHER CONDITIONS
 THE FOLLOWING WEATHER WAS RECORDED YESTERDAY.
  THUNDERSTORM
  RAIN
  LIGHT RAIN
  FOG


RELATIVE HUMIDITY (PERCENT)
 HIGHEST   100           500 AM
 LOWEST     87           200 PM
 AVERAGE    94

..........................................................


THE MOUNT POCONO PA CLIMATE NORMALS FOR TODAY
                         NORMAL    RECORD    YEAR
 MAXIMUM TEMPERATURE (F)   76        90      1914
 MINIMUM TEMPERATURE (F)   57        36      1907


SUNRISE AND SUNSET
AUGUST 19 2017........SUNRISE   615 AM EDT   SUNSET   754 PM EDT
AUGUST 20 2017........SUNRISE   616 AM EDT   SUNSET   753 PM EDT


-  INDICATES NEGATIVE NUMBERS.
R  INDICATES RECORD WAS SET OR TIED.
MM INDICATES DATA IS MISSING.
T  INDICATES TRACE AMOUNT.




$$
