000
CDUS41 KPHI 042144
CLIMPO


CLIMATE REPORT
NATIONAL WEATHER SERVICE MOUNT HOLLY NJ
544 PM EDT SAT JUL 4 2015


...................................

...THE MOUNT POCONO PA CLIMATE SUMMARY FOR JULY 4 2015...
VALID TODAY AS OF 0500 PM LOCAL TIME.

CLIMATE NORMAL PERIOD 1981 TO 2010
CLIMATE RECORD PERIOD 1901 TO 2015


WEATHER ITEM   OBSERVED TIME   RECORD YEAR NORMAL DEPARTURE LAST
                VALUE   (LST)  VALUE       VALUE  FROM      YEAR
                                                  NORMAL
..................................................................
TEMPERATURE (F)
 TODAY
  MAXIMUM         66    332 PM  99    1911  78    -12       67
  MINIMUM         60   1201 PM  34    1907  58      2       57
  AVERAGE         63                        68     -5       62

PRECIPITATION (IN)
  TODAY            0.39          1.16 1978   0.13   0.26     0.07
  MONTH TO DATE    0.93                      0.51   0.42     1.57
  SINCE JUN 1      9.70                      4.89   4.81     5.02
  SINCE JAN 1     20.70                     22.39  -1.69    23.78

SNOWFALL (IN)
  TODAY           MM            MM      MM  MM     MM       MM
  MONTH TO DATE   MM                        MM     MM       MM
  SINCE JUN 1     MM                        MM     MM       MM
  SINCE JUL 1     MM                        MM     MM       MM
  SNOW DEPTH      MM

DEGREE DAYS
 HEATING
  TODAY            2                         1      1        3
  MONTH TO DATE    4                         4      0        3
  SINCE JUN 1     88                       104    -16       58
  SINCE JUL 1      4                         4      0        3

 COOLING
  TODAY            0                         4     -4        0
  MONTH TO DATE    1                        15    -14       30
  SINCE JUN 1     67                        77    -10       90
  SINCE JAN 1    124                        96     28       97
..................................................................


WIND (MPH)
  HIGHEST WIND SPEED    12   HIGHEST WIND DIRECTION     E (90)
  HIGHEST GUST SPEED    13   HIGHEST GUST DIRECTION     E (100)
  AVERAGE WIND SPEED     4.9


SKY COVER
  POSSIBLE SUNSHINE  MM
  AVERAGE SKY COVER 0.9


WEATHER CONDITIONS
 THE FOLLOWING WEATHER WAS RECORDED TODAY.
  RAIN
  LIGHT RAIN
  FOG


RELATIVE HUMIDITY (PERCENT)
 HIGHEST    90           600 AM
 LOWEST     73           200 PM
 AVERAGE    82

..........................................................


THE MOUNT POCONO PA CLIMATE NORMALS FOR TOMORROW
                         NORMAL    RECORD    YEAR
 MAXIMUM TEMPERATURE (F)   78        98      1911
 MINIMUM TEMPERATURE (F)   58        38      1933


SUNRISE AND SUNSET
JULY  4 2015..........SUNRISE   534 AM EDT   SUNSET   837 PM EDT
JULY  5 2015..........SUNRISE   535 AM EDT   SUNSET   837 PM EDT


-  INDICATES NEGATIVE NUMBERS.
R  INDICATES RECORD WAS SET OR TIED.
MM INDICATES DATA IS MISSING.
T  INDICATES TRACE AMOUNT.




$$
