000
CDUS41 KPHI 300632
CLIMPO


CLIMATE REPORT
NATIONAL WEATHER SERVICE MOUNT HOLLY NJ
231 AM EDT SUN AUG 30 2015


...................................

...THE MOUNT POCONO PA CLIMATE SUMMARY FOR AUGUST 29 2015...

CLIMATE NORMAL PERIOD 1981 TO 2010
CLIMATE RECORD PERIOD 1901 TO 2015


WEATHER ITEM   OBSERVED TIME   RECORD YEAR NORMAL DEPARTURE LAST
                VALUE   (LST)  VALUE       VALUE  FROM      YEAR
                                                  NORMAL
..................................................................
TEMPERATURE (F)
 YESTERDAY
  MAXIMUM         78    234 PM  90    1953  74      4       72
  MINIMUM         47    515 AM  35    1907  55     -8       47
  AVERAGE         63                        65     -2       60

PRECIPITATION (IN)
  YESTERDAY        0.00          2.74 1949   0.10  -0.10     0.00
  MONTH TO DATE    5.14                      4.25   0.89     2.52
  SINCE JUN 1     16.97                     13.27   3.70     9.66
  SINCE JAN 1     27.97                     30.77  -2.80    28.42

SNOWFALL (IN)
  YESTERDAY       MM            MM      MM  MM     MM       MM
  MONTH TO DATE   MM                        MM     MM       MM
  SINCE JUN 1     MM                        MM     MM       MM
  SINCE JUL 1     MM                        MM     MM       MM
  SNOW DEPTH      MM

DEGREE DAYS
 HEATING
  YESTERDAY        2                         2      0        5
  MONTH TO DATE   28                        35     -7       49
  SINCE JUN 1    125                       157    -32      128
  SINCE JUL 1     41                        57    -16       73

 COOLING
  YESTERDAY        0                         2     -2        0
  MONTH TO DATE   77                        94    -17       35
  SINCE JUN 1    271                       277     -6      203
  SINCE JAN 1    328                       296     32      210
..................................................................


WIND (MPH)
  HIGHEST WIND SPEED    14   HIGHEST WIND DIRECTION    SW (210)
  HIGHEST GUST SPEED    20   HIGHEST GUST DIRECTION     S (200)
  AVERAGE WIND SPEED     4.5


SKY COVER
  POSSIBLE SUNSHINE  MM
  AVERAGE SKY COVER 0.1


WEATHER CONDITIONS
 THE FOLLOWING WEATHER WAS RECORDED YESTERDAY.
  FOG


RELATIVE HUMIDITY (PERCENT)
 HIGHEST    93          1200 AM
 LOWEST     50           300 PM
 AVERAGE    72

..........................................................


THE MOUNT POCONO PA CLIMATE NORMALS FOR TODAY
                         NORMAL    RECORD    YEAR
 MAXIMUM TEMPERATURE (F)   74        91      1953
 MINIMUM TEMPERATURE (F)   55        31      1986


SUNRISE AND SUNSET
AUGUST 30 2015........SUNRISE   626 AM EDT   SUNSET   738 PM EDT
AUGUST 31 2015........SUNRISE   627 AM EDT   SUNSET   736 PM EDT


-  INDICATES NEGATIVE NUMBERS.
R  INDICATES RECORD WAS SET OR TIED.
MM INDICATES DATA IS MISSING.
T  INDICATES TRACE AMOUNT.




$$
