000
CDUS41 KBTV 280550
CLIMPV


CLIMATE REPORT
NATIONAL WEATHER SERVICE BURLINGTON VT
145 AM EDT SAT MAY 28 2016


...................................

...THE MONTPELIER VT CLIMATE SUMMARY FOR MAY 27 2016...

CLIMATE NORMAL PERIOD 1981 TO 2010
CLIMATE RECORD PERIOD 1948 TO 2016


WEATHER ITEM   OBSERVED TIME   RECORD YEAR NORMAL DEPARTURE LAST
                VALUE   (LST)  VALUE       VALUE  FROM      YEAR
                                                  NORMAL
..................................................................
TEMPERATURE (F)
 YESTERDAY
  MAXIMUM         85    427 PM  88    1960  69     16       85
  MINIMUM         60    418 AM  27    1969  45     15       63
  AVERAGE         73                        57     16       74

PRECIPITATION (IN)
  YESTERDAY        T             1.91        0.11  -0.11     0.16
  MONTH TO DATE    2.18                      2.90  -0.72     2.25
  SINCE MAR 1      6.95                      7.95  -1.00     5.15
  SINCE JAN 1     12.12                     12.44  -0.32     8.02

DEGREE DAYS
 HEATING
  YESTERDAY        0                         8     -8        0
  MONTH TO DATE  347                       325     22      204
  SINCE MAR 1   2108                      2121    -13     2278
  SINCE JUL 1   7262                      8029   -767     8616

 COOLING
  YESTERDAY        8                         1      7        9
  MONTH TO DATE    9                         3      6       24
  SINCE MAR 1      9                         4      5       24
  SINCE JAN 1      9                         4      5       24
..................................................................


WIND (MPH)
  HIGHEST WIND SPEED    18   HIGHEST WIND DIRECTION     S (170)
  HIGHEST GUST SPEED    24   HIGHEST GUST DIRECTION    SW (230)
  AVERAGE WIND SPEED     7.5


SKY COVER
  AVERAGE SKY COVER 0.3


WEATHER CONDITIONS
 THE FOLLOWING WEATHER WAS RECORDED YESTERDAY.
  NO SIGNIFICANT WEATHER WAS OBSERVED.


RELATIVE HUMIDITY (PERCENT)
 HIGHEST    84           400 AM
 LOWEST     44           500 PM
 AVERAGE    64

..........................................................


THE MONTPELIER VT CLIMATE NORMALS FOR TODAY
                         NORMAL    RECORD    YEAR
 MAXIMUM TEMPERATURE (F)   69        88      1978
 MINIMUM TEMPERATURE (F)   46        32      2013


SUNRISE AND SUNSET
MAY 28 2016...........SUNRISE   512 AM EDT   SUNSET   824 PM EDT
MAY 29 2016...........SUNRISE   511 AM EDT   SUNSET   825 PM EDT


-  INDICATES NEGATIVE NUMBERS.
R  INDICATES RECORD WAS SET OR TIED.
MM INDICATES DATA IS MISSING.
T  INDICATES TRACE AMOUNT.




$$
