000
CDUS41 KBTV 210728
CLIMPV


CLIMATE REPORT
NATIONAL WEATHER SERVICE BURLINGTON VT
326 AM EDT TUE OCT 21 2014


...................................

...THE MONTPELIER VT CLIMATE SUMMARY FOR OCTOBER 20 2014...

CLIMATE NORMAL PERIOD 1981 TO 2010
CLIMATE RECORD PERIOD 1948 TO 2014


WEATHER ITEM   OBSERVED TIME   RECORD YEAR NORMAL DEPARTURE LAST
                VALUE   (LST)  VALUE       VALUE  FROM      YEAR
                                                  NORMAL
..................................................................
TEMPERATURE (F)
 YESTERDAY
  MAXIMUM         49    241 PM  76    1965  54     -5       53
  MINIMUM         30    650 AM  14    1972  34     -4       42
  AVERAGE         40                        44     -4       48

PRECIPITATION (IN)
  YESTERDAY        0.00          1.71        0.10  -0.10     0.15
  MONTH TO DATE    2.81                      2.30   0.51     2.09
  SINCE SEP 1      4.36                      5.42  -1.06     6.41
  SINCE JAN 1     29.45                     30.22  -0.77    31.70

DEGREE DAYS
 HEATING
  YESTERDAY       25                        21      4       17
  MONTH TO DATE  264                       352    -88      251
  SINCE SEP 1    535                       599    -64      538
  SINCE JUL 1    648                       707    -59      631

 COOLING
  YESTERDAY        0                         0      0        0
  MONTH TO DATE    2                         0      2        0
  SINCE SEP 1     22                        19      3       29
  SINCE JAN 1    188                       263    -75      323
..................................................................


WIND (MPH)
  HIGHEST WIND SPEED    10   HIGHEST WIND DIRECTION    SW (220)
  HIGHEST GUST SPEED    15   HIGHEST GUST DIRECTION     S (200)
  AVERAGE WIND SPEED     2.4


SKY COVER
  AVERAGE SKY COVER 0.8


WEATHER CONDITIONS
 THE FOLLOWING WEATHER WAS RECORDED YESTERDAY.
  NO SIGNIFICANT WEATHER WAS OBSERVED.


RELATIVE HUMIDITY (PERCENT)
 HIGHEST    92           700 AM
 LOWEST     49          1200 PM
 AVERAGE    71

..........................................................


THE MONTPELIER VT CLIMATE NORMALS FOR TODAY
                         NORMAL    RECORD    YEAR
 MAXIMUM TEMPERATURE (F)   54        77      1979
 MINIMUM TEMPERATURE (F)   34        15      1972


SUNRISE AND SUNSET
OCTOBER 21 2014.......SUNRISE   713 AM EDT   SUNSET   556 PM EDT
OCTOBER 22 2014.......SUNRISE   714 AM EDT   SUNSET   555 PM EDT


-  INDICATES NEGATIVE NUMBERS.
R  INDICATES RECORD WAS SET OR TIED.
MM INDICATES DATA IS MISSING.
T  INDICATES TRACE AMOUNT.




$$
