000
CDUS41 KBTV 140539
CLIMPV


CLIMATE REPORT
NATIONAL WEATHER SERVICE BURLINGTON VT
1237 AM EST THU DEC 14 2017


...................................

...THE MONTPELIER VT CLIMATE SUMMARY FOR DECEMBER 13 2017...

CLIMATE NORMAL PERIOD 1981 TO 2010
CLIMATE RECORD PERIOD 1948 TO 2017


WEATHER ITEM   OBSERVED TIME   RECORD YEAR NORMAL DEPARTURE LAST
                VALUE   (LST)  VALUE       VALUE  FROM      YEAR
                                                  NORMAL
..................................................................
TEMPERATURE (F)
 YESTERDAY
  MAXIMUM         22   1234 AM  55    1991  32    -10       34
  MINIMUM          8   1159 PM -12    1962  15     -7       16
  AVERAGE         15                        24     -9       25

PRECIPITATION (IN)
  YESTERDAY        T             1.13        0.09  -0.09     0.03
  MONTH TO DATE    0.85                      1.28  -0.43     1.03
  SINCE DEC 1      0.85                      1.28  -0.43     1.03
  SINCE JAN 1     41.78                     35.81   5.97    32.94

DEGREE DAYS
 HEATING
  YESTERDAY       50                        41      9       40
  MONTH TO DATE  474                       501    -27      502
  SINCE DEC 1    474                       501    -27      502
  SINCE JUL 1   2108                      2347   -239     2091

 COOLING
  YESTERDAY        0                         0      0        0
  MONTH TO DATE    0                         0      0        0
  SINCE DEC 1      0                         0      0        0
  SINCE JAN 1    243                       264    -21      300
..................................................................


WIND (MPH)
  HIGHEST WIND SPEED    22   HIGHEST WIND DIRECTION    NW (300)
  HIGHEST GUST SPEED    30   HIGHEST GUST DIRECTION    NW (310)
  AVERAGE WIND SPEED    10.7


SKY COVER
  AVERAGE SKY COVER 0.9


WEATHER CONDITIONS
 THE FOLLOWING WEATHER WAS RECORDED YESTERDAY.
  LIGHT SNOW
  FOG
  HAZE
  BLOWING SNOW


RELATIVE HUMIDITY (PERCENT)
 HIGHEST    92           400 AM
 LOWEST     73           800 PM
 AVERAGE    83

..........................................................


THE MONTPELIER VT CLIMATE NORMALS FOR TODAY
                         NORMAL    RECORD    YEAR
 MAXIMUM TEMPERATURE (F)   32        57      1975
 MINIMUM TEMPERATURE (F)   15       -16      1976


SUNRISE AND SUNSET
DECEMBER 14 2017......SUNRISE   718 AM EST   SUNSET   412 PM EST
DECEMBER 15 2017......SUNRISE   719 AM EST   SUNSET   412 PM EST


-  INDICATES NEGATIVE NUMBERS.
R  INDICATES RECORD WAS SET OR TIED.
MM INDICATES DATA IS MISSING.
T  INDICATES TRACE AMOUNT.




$$
