000
CDUS41 KBTV 250540
CLIMPV


CLIMATE REPORT
NATIONAL WEATHER SERVICE BURLINGTON VT
137 AM EDT MON JUL 25 2016


...................................

...THE MONTPELIER VT CLIMATE SUMMARY FOR JULY 24 2016...

CLIMATE NORMAL PERIOD 1981 TO 2010
CLIMATE RECORD PERIOD 1948 TO 2016


WEATHER ITEM   OBSERVED TIME   RECORD YEAR NORMAL DEPARTURE LAST
                VALUE   (LST)  VALUE       VALUE  FROM      YEAR
                                                  NORMAL
..................................................................
TEMPERATURE (F)
 YESTERDAY
  MAXIMUM         75    459 PM  89    1987  79     -4       71
  MINIMUM         55    934 PM  42    1985  56     -1       50
  AVERAGE         65                        67     -2       61

PRECIPITATION (IN)
  YESTERDAY        0.00          1.35        0.14  -0.14     0.05
  MONTH TO DATE    4.04                      3.06   0.98     3.32
  SINCE JUN 1      6.72                      6.86  -0.14    12.37
  SINCE JAN 1     19.00                     19.77  -0.77    23.07

DEGREE DAYS
 HEATING
  YESTERDAY        0                         1     -1        4
  MONTH TO DATE   29                        30     -1       51
  SINCE JUN 1    161                       151     10      213
  SINCE JUL 1     29                        30     -1       51

 COOLING
  YESTERDAY        0                         3     -3        0
  MONTH TO DATE   78                        76      2       57
  SINCE JUN 1    110                       129    -19       69
  SINCE JAN 1    139                       139      0      103
..................................................................


WIND (MPH)
  HIGHEST WIND SPEED    15   HIGHEST WIND DIRECTION     N (350)
  HIGHEST GUST SPEED    22   HIGHEST GUST DIRECTION     N (360)
  AVERAGE WIND SPEED     5.0


SKY COVER
  AVERAGE SKY COVER 0.2


WEATHER CONDITIONS
 THE FOLLOWING WEATHER WAS RECORDED YESTERDAY.
  NO SIGNIFICANT WEATHER WAS OBSERVED.


RELATIVE HUMIDITY (PERCENT)
 HIGHEST   100           300 AM
 LOWEST     46           400 PM
 AVERAGE    73

..........................................................


THE MONTPELIER VT CLIMATE NORMALS FOR TODAY
                         NORMAL    RECORD    YEAR
 MAXIMUM TEMPERATURE (F)   79        90      1989
 MINIMUM TEMPERATURE (F)   56        41      1953


SUNRISE AND SUNSET
JULY 25 2016..........SUNRISE   531 AM EDT   SUNSET   822 PM EDT
JULY 26 2016..........SUNRISE   532 AM EDT   SUNSET   821 PM EDT


-  INDICATES NEGATIVE NUMBERS.
R  INDICATES RECORD WAS SET OR TIED.
MM INDICATES DATA IS MISSING.
T  INDICATES TRACE AMOUNT.




$$
