000
CDUS41 KBTV 300543
CLIMPV


CLIMATE REPORT
NATIONAL WEATHER SERVICE BURLINGTON VT
138 AM EDT SUN AUG 30 2015


...................................

...THE MONTPELIER VT CLIMATE SUMMARY FOR AUGUST 29 2015...

CLIMATE NORMAL PERIOD 1981 TO 2010
CLIMATE RECORD PERIOD 1948 TO 2015


WEATHER ITEM   OBSERVED TIME   RECORD YEAR NORMAL DEPARTURE LAST
                VALUE   (LST)  VALUE       VALUE  FROM      YEAR
                                                  NORMAL
..................................................................
TEMPERATURE (F)
 YESTERDAY
  MAXIMUM         75    432 PM  91    1977  75      0       73
  MINIMUM         51    623 AM  36    1955  52     -1       48
  AVERAGE         63                        63      0       61

PRECIPITATION (IN)
  YESTERDAY        0.00          1.83        0.10  -0.10     0.00
  MONTH TO DATE    1.82                      3.81  -1.99     2.73
  SINCE JUN 1     15.24                     11.69   3.55    12.43
  SINCE JAN 1     25.94                     24.60   1.34    25.03

DEGREE DAYS
 HEATING
  YESTERDAY        2                         3     -1        4
  MONTH TO DATE   26                        61    -35       69
  SINCE JUN 1    239                       222     17      212
  SINCE JUL 1     77                       101    -24      112

 COOLING
  YESTERDAY        0                         2     -2        0
  MONTH TO DATE   88                        74     14       31
  SINCE JUN 1    199                       232    -33      162
  SINCE JAN 1    233                       242     -9      163
..................................................................


WIND (MPH)
  HIGHEST WIND SPEED    10   HIGHEST WIND DIRECTION     W (270)
  HIGHEST GUST SPEED    13   HIGHEST GUST DIRECTION     W (270)
  AVERAGE WIND SPEED     1.1


SKY COVER
  AVERAGE SKY COVER 0.5


WEATHER CONDITIONS
 THE FOLLOWING WEATHER WAS RECORDED YESTERDAY.
  FOG
  FOG W/VISIBILITY <= 1/4 MILE


RELATIVE HUMIDITY (PERCENT)
 HIGHEST   100           200 AM
 LOWEST     46           400 PM
 AVERAGE    73

..........................................................


THE MONTPELIER VT CLIMATE NORMALS FOR TODAY
                         NORMAL    RECORD    YEAR
 MAXIMUM TEMPERATURE (F)   75        90      1973
 MINIMUM TEMPERATURE (F)   52        34      1965


SUNRISE AND SUNSET
AUGUST 30 2015........SUNRISE   611 AM EDT   SUNSET   730 PM EDT
AUGUST 31 2015........SUNRISE   612 AM EDT   SUNSET   729 PM EDT


-  INDICATES NEGATIVE NUMBERS.
R  INDICATES RECORD WAS SET OR TIED.
MM INDICATES DATA IS MISSING.
T  INDICATES TRACE AMOUNT.




$$
