000
CDUS41 KBTV 260535
CLIMPV


CLIMATE REPORT
NATIONAL WEATHER SERVICE BURLINGTON VT
135 AM EDT WED APR 26 2017


...................................

...THE MONTPELIER VT CLIMATE SUMMARY FOR APRIL 25 2017...

CLIMATE NORMAL PERIOD 1981 TO 2010
CLIMATE RECORD PERIOD 1948 TO 2017


WEATHER ITEM   OBSERVED TIME   RECORD YEAR NORMAL DEPARTURE LAST
                VALUE   (LST)  VALUE       VALUE  FROM      YEAR
                                                  NORMAL
..................................................................
TEMPERATURE (F)
 YESTERDAY
  MAXIMUM         55    857 AM  85    2009  58     -3       51
  MINIMUM         32    527 AM  17    1965  35     -3       23
  AVERAGE         44                        47     -3       37

PRECIPITATION (IN)
  YESTERDAY        0.16          0.58        0.09   0.07     0.00
  MONTH TO DATE    3.07                      2.19   0.88     1.69
  SINCE MAR 1      5.67                      4.58   1.09     4.19
  SINCE JAN 1      9.59                      9.07   0.52     9.36

DEGREE DAYS
 HEATING
  YESTERDAY       21                        18      3       28
  MONTH TO DATE  503                       591    -88      664
  SINCE MAR 1   1784                      1708     76     1627
  SINCE JUL 1   7005                      7616   -611     6781

 COOLING
  YESTERDAY        0                         0      0        0
  MONTH TO DATE    1                         0      1        0
  SINCE MAR 1      1                         0      1        0
  SINCE JAN 1      1                         0      1        0
..................................................................


WIND (MPH)
  HIGHEST WIND SPEED    21   HIGHEST WIND DIRECTION    SE (150)
  HIGHEST GUST SPEED    25   HIGHEST GUST DIRECTION    SE (150)
  AVERAGE WIND SPEED     5.2


SKY COVER
  AVERAGE SKY COVER 0.5


WEATHER CONDITIONS
 THE FOLLOWING WEATHER WAS RECORDED YESTERDAY.
  LIGHT RAIN
  FOG


RELATIVE HUMIDITY (PERCENT)
 HIGHEST   100          1100 PM
 LOWEST     54           900 AM
 AVERAGE    77

..........................................................


THE MONTPELIER VT CLIMATE NORMALS FOR TODAY
                         NORMAL    RECORD    YEAR
 MAXIMUM TEMPERATURE (F)   59        80      1990
 MINIMUM TEMPERATURE (F)   35        22      1967


SUNRISE AND SUNSET
APRIL 26 2017.........SUNRISE   549 AM EDT   SUNSET   748 PM EDT
APRIL 27 2017.........SUNRISE   547 AM EDT   SUNSET   749 PM EDT


-  INDICATES NEGATIVE NUMBERS.
R  INDICATES RECORD WAS SET OR TIED.
MM INDICATES DATA IS MISSING.
T  INDICATES TRACE AMOUNT.




$$
