000
CDUS41 KBTV 210540
CLIMPV


CLIMATE REPORT
NATIONAL WEATHER SERVICE BURLINGTON VT
1238 AM EST SUN DEC 21 2014


...................................

...THE MONTPELIER VT CLIMATE SUMMARY FOR DECEMBER 20 2014...

CLIMATE NORMAL PERIOD 1981 TO 2010
CLIMATE RECORD PERIOD 1948 TO 2014


WEATHER ITEM   OBSERVED TIME   RECORD YEAR NORMAL DEPARTURE LAST
                VALUE   (LST)  VALUE       VALUE  FROM      YEAR
                                                  NORMAL
..................................................................
TEMPERATURE (F)
 YESTERDAY
  MAXIMUM         26    215 PM  56    1957  30     -4       37
  MINIMUM          5    759 AM -19    1980  12     -7       30
  AVERAGE         16                        21     -5       34

PRECIPITATION (IN)
  YESTERDAY        0.00          0.55        0.08  -0.08    MM
  MONTH TO DATE    2.95                      1.88   1.07     0.54
  SINCE DEC 1      2.95                      1.88   1.07     0.54
  SINCE JAN 1     35.74                     36.41  -0.67    35.63

DEGREE DAYS
 HEATING
  YESTERDAY       49                        44      5       31
  MONTH TO DATE  794                       800     -6      896
  SINCE DEC 1    794                       800     -6      896
  SINCE JUL 1   2612                      2646    -34     2800

 COOLING
  YESTERDAY        0                         0      0        0
  MONTH TO DATE    0                         0      0        0
  SINCE DEC 1      0                         0      0        0
  SINCE JAN 1    188                       264    -76      323
..................................................................


WIND (MPH)
  HIGHEST WIND SPEED     5   HIGHEST WIND DIRECTION     S (180)
  HIGHEST GUST SPEED     5   HIGHEST GUST DIRECTION     S (170)
  AVERAGE WIND SPEED     0.4


SKY COVER
  AVERAGE SKY COVER 0.1


WEATHER CONDITIONS
 THE FOLLOWING WEATHER WAS RECORDED YESTERDAY.
  FOG


RELATIVE HUMIDITY (PERCENT)
 HIGHEST    96           800 PM
 LOWEST     68           200 PM
 AVERAGE    82

..........................................................


THE MONTPELIER VT CLIMATE NORMALS FOR TODAY
                         NORMAL    RECORD    YEAR
 MAXIMUM TEMPERATURE (F)   30        56      1957
 MINIMUM TEMPERATURE (F)   12       -22      1955


SUNRISE AND SUNSET
DECEMBER 21 2014......SUNRISE   722 AM EST   SUNSET   414 PM EST
DECEMBER 22 2014......SUNRISE   723 AM EST   SUNSET   415 PM EST


-  INDICATES NEGATIVE NUMBERS.
R  INDICATES RECORD WAS SET OR TIED.
MM INDICATES DATA IS MISSING.
T  INDICATES TRACE AMOUNT.




$$
