780
CDUS41 KBTV 140545
CLIMPV


CLIMATE REPORT
NATIONAL WEATHER SERVICE BURLINGTON VT
1244 AM EST SUN FEB 14 2016


...................................

...THE MONTPELIER VT CLIMATE SUMMARY FOR FEBRUARY 13 2016...

CLIMATE NORMAL PERIOD 1981 TO 2010
CLIMATE RECORD PERIOD 1948 TO 2016


WEATHER ITEM   OBSERVED TIME   RECORD YEAR NORMAL DEPARTURE LAST
                VALUE   (LST)  VALUE       VALUE  FROM      YEAR
                                                  NORMAL
..................................................................
TEMPERATURE (F)
 YESTERDAY
  MAXIMUM         MM        MM  53    1984  30     MM        2
  MINIMUM         MM        MM -29    1967   9     MM      -14
  AVERAGE         MM                        19     MM       -6

PRECIPITATION (IN)
  YESTERDAY        T             1.05        0.08  -0.08      T
  MONTH TO DATE    0.36                      0.99  -0.63     0.83
  SINCE DEC 1      5.31                      6.18  -0.87     6.18
  SINCE JAN 1      1.62                      3.44  -1.82     2.61

DEGREE DAYS
 HEATING
  YESTERDAY       MM                        46     MM       71
  MONTH TO DATE  481                       608   -127      752
  SINCE DEC 1   2785                      3407   -622     3602
  SINCE JUL 1   4428                      5253   -825     5420

 COOLING
  YESTERDAY       MM                         0     MM        0
  MONTH TO DATE    0                         0      0        0
  SINCE DEC 1      0                         0      0        0
  SINCE JAN 1      0                         0      0        0
..................................................................


WIND (MPH)
  HIGHEST WIND SPEED    21   HIGHEST WIND DIRECTION    NW (310)
  HIGHEST GUST SPEED    35   HIGHEST GUST DIRECTION    NW (300)
  AVERAGE WIND SPEED    11.8


SKY COVER
  AVERAGE SKY COVER 0.9


WEATHER CONDITIONS
 THE FOLLOWING WEATHER WAS RECORDED YESTERDAY.
  LIGHT SNOW
  FOG
  HAZE


RELATIVE HUMIDITY (PERCENT)
 HIGHEST    83           500 AM
 LOWEST     52           400 PM
 AVERAGE    68

..........................................................


THE MONTPELIER VT CLIMATE NORMALS FOR TODAY
                         NORMAL    RECORD    YEAR
 MAXIMUM TEMPERATURE (F)   30        47      2011
 MINIMUM TEMPERATURE (F)    9       -19      2003
                                             1987


SUNRISE AND SUNSET
FEBRUARY 14 2016......SUNRISE   652 AM EST   SUNSET   518 PM EST
FEBRUARY 15 2016......SUNRISE   650 AM EST   SUNSET   519 PM EST


-  INDICATES NEGATIVE NUMBERS.
R  INDICATES RECORD WAS SET OR TIED.
MM INDICATES DATA IS MISSING.
T  INDICATES TRACE AMOUNT.




$$
