000
CDUS41 KBTV 240524
CLIMPV


CLIMATE REPORT
NATIONAL WEATHER SERVICE BURLINGTON VT
122 AM EDT WED AUG 24 2016


...................................

...THE MONTPELIER VT CLIMATE SUMMARY FOR AUGUST 23 2016...

CLIMATE NORMAL PERIOD 1981 TO 2010
CLIMATE RECORD PERIOD 1948 TO 2016


WEATHER ITEM   OBSERVED TIME   RECORD YEAR NORMAL DEPARTURE LAST
                VALUE   (LST)  VALUE       VALUE  FROM      YEAR
                                                  NORMAL
..................................................................
TEMPERATURE (F)
 YESTERDAY
  MAXIMUM         74    449 PM  84    1972  76     -2       81
  MINIMUM         46    534 AM  37    1988  53     -7       53
  AVERAGE         60                        64     -4       67

PRECIPITATION (IN)
  YESTERDAY        0.00          1.94        0.11  -0.11     0.00
  MONTH TO DATE    5.28                      3.19   2.09     1.60
  SINCE JUN 1     12.06                     11.07   0.99    15.02
  SINCE JAN 1     24.34                     23.98   0.36    25.72

DEGREE DAYS
 HEATING
  YESTERDAY        5                         3      2        0
  MONTH TO DATE   18                        43    -25       14
  SINCE JUN 1    182                       204    -22      227
  SINCE JUL 1     50                        83    -33       65

 COOLING
  YESTERDAY        0                         2     -2        2
  MONTH TO DATE   86                        62     24       74
  SINCE JUN 1    221                       220      1      185
  SINCE JAN 1    250                       230     20      219
..................................................................


WIND (MPH)
  HIGHEST WIND SPEED    13   HIGHEST WIND DIRECTION    SW (210)
  HIGHEST GUST SPEED    17   HIGHEST GUST DIRECTION    NW (300)
  AVERAGE WIND SPEED     4.6


SKY COVER
  AVERAGE SKY COVER 0.0


WEATHER CONDITIONS
 THE FOLLOWING WEATHER WAS RECORDED YESTERDAY.
  FOG


RELATIVE HUMIDITY (PERCENT)
 HIGHEST   100           600 AM
 LOWEST     41          1200 PM
 AVERAGE    71

..........................................................


THE MONTPELIER VT CLIMATE NORMALS FOR TODAY
                         NORMAL    RECORD    YEAR
 MAXIMUM TEMPERATURE (F)   76        86      1950
 MINIMUM TEMPERATURE (F)   53        40      1987


SUNRISE AND SUNSET
AUGUST 24 2016........SUNRISE   605 AM EDT   SUNSET   740 PM EDT
AUGUST 25 2016........SUNRISE   606 AM EDT   SUNSET   738 PM EDT


-  INDICATES NEGATIVE NUMBERS.
R  INDICATES RECORD WAS SET OR TIED.
MM INDICATES DATA IS MISSING.
T  INDICATES TRACE AMOUNT.




$$
