194
CDUS41 KBTV 200523
CLIMPV


CLIMATE REPORT
NATIONAL WEATHER SERVICE BURLINGTON VT
120 AM EDT SUN AUG 20 2017


...................................

...THE MONTPELIER VT CLIMATE SUMMARY FOR AUGUST 19 2017...

CLIMATE NORMAL PERIOD 1981 TO 2010
CLIMATE RECORD PERIOD 1948 TO 2017


WEATHER ITEM   OBSERVED TIME   RECORD YEAR NORMAL DEPARTURE LAST
                VALUE   (LST)  VALUE       VALUE  FROM      YEAR
                                                  NORMAL
..................................................................
TEMPERATURE (F)
 YESTERDAY
  MAXIMUM         79    236 PM  87    2015  77      2       78
  MINIMUM         62   1159 PM  38    1968  54      8       55
  AVERAGE         71                        65      6       67

PRECIPITATION (IN)
  YESTERDAY        0.01          0.81        0.12  -0.11     0.00
  MONTH TO DATE    2.58                      2.74  -0.16     4.35
  SINCE JUN 1     15.90                     10.62   5.28    11.13
  SINCE JAN 1     31.10                     23.53   7.57    23.41

DEGREE DAYS
 HEATING
  YESTERDAY        0                         2     -2        0
  MONTH TO DATE   28                        34     -6        5
  SINCE JUN 1    220                       195     25      169
  SINCE JUL 1     74                        74      0       37

 COOLING
  YESTERDAY        6                         2      4        2
  MONTH TO DATE   37                        54    -17       78
  SINCE JUN 1    170                       212    -42      213
  SINCE JAN 1    187                       222    -35      242
..................................................................


WIND (MPH)
  HIGHEST WIND SPEED    14   HIGHEST WIND DIRECTION     W (250)
  HIGHEST GUST SPEED    20   HIGHEST GUST DIRECTION    SW (210)
  AVERAGE WIND SPEED     3.5


SKY COVER
  AVERAGE SKY COVER 0.7


WEATHER CONDITIONS
 THE FOLLOWING WEATHER WAS RECORDED YESTERDAY.
  LIGHT RAIN
  FOG
  FOG W/VISIBILITY <= 1/4 MILE


RELATIVE HUMIDITY (PERCENT)
 HIGHEST   100          1200 AM
 LOWEST     62           200 PM
 AVERAGE    81

..........................................................


THE MONTPELIER VT CLIMATE NORMALS FOR TODAY
                         NORMAL    RECORD    YEAR
 MAXIMUM TEMPERATURE (F)   77        87      1955
 MINIMUM TEMPERATURE (F)   53        39      1953


SUNRISE AND SUNSET
AUGUST 20 2017........SUNRISE   600 AM EDT   SUNSET   747 PM EDT
AUGUST 21 2017........SUNRISE   601 AM EDT   SUNSET   745 PM EDT


-  INDICATES NEGATIVE NUMBERS.
R  INDICATES RECORD WAS SET OR TIED.
MM INDICATES DATA IS MISSING.
T  INDICATES TRACE AMOUNT.




$$
