000
CDUS41 KBTV 290527
CLIMPV


CLIMATE REPORT
NATIONAL WEATHER SERVICE BURLINGTON VT
123 AM EDT SUN MAR 29 2015


...................................

...THE MONTPELIER VT CLIMATE SUMMARY FOR MARCH 28 2015...

CLIMATE NORMAL PERIOD 1981 TO 2010
CLIMATE RECORD PERIOD 1948 TO 2015


WEATHER ITEM   OBSERVED TIME   RECORD YEAR NORMAL DEPARTURE LAST
                VALUE   (LST)  VALUE       VALUE  FROM      YEAR
                                                  NORMAL
..................................................................
TEMPERATURE (F)
 YESTERDAY
  MAXIMUM         28    308 PM  72    1998  44    -16       45
  MINIMUM         16   1159 PM   3    1974  24     -8       29
  AVERAGE         22                        34    -12       37

PRECIPITATION (IN)
  YESTERDAY        0.00          0.58        0.08  -0.08     0.21
  MONTH TO DATE    0.76                      2.14  -1.38     1.98
  SINCE MAR 1      0.76                      2.14  -1.38     1.98
  SINCE JAN 1      3.63                      6.63  -3.00     6.29

DEGREE DAYS
 HEATING
  YESTERDAY       43                        31     12       28
  MONTH TO DATE 1206                      1027    179     1355
  SINCE MAR 1   1206                      1027    179     1355
  SINCE JUL 1   7544                      6935    609     7520

 COOLING
  YESTERDAY        0                         0      0        0
  MONTH TO DATE    0                         0      0        0
  SINCE MAR 1      0                         0      0        0
  SINCE JAN 1      0                         0      0        0
..................................................................


WIND (MPH)
  HIGHEST WIND SPEED    17   HIGHEST WIND DIRECTION     W (290)
  HIGHEST GUST SPEED    24   HIGHEST GUST DIRECTION    NW (300)
  AVERAGE WIND SPEED     9.1


SKY COVER
  AVERAGE SKY COVER 0.7


WEATHER CONDITIONS
 THE FOLLOWING WEATHER WAS RECORDED YESTERDAY.
  NO SIGNIFICANT WEATHER WAS OBSERVED.


RELATIVE HUMIDITY (PERCENT)
 HIGHEST    88           400 AM
 LOWEST     45           700 PM
 AVERAGE    67

..........................................................


THE MONTPELIER VT CLIMATE NORMALS FOR TODAY
                         NORMAL    RECORD    YEAR
 MAXIMUM TEMPERATURE (F)   44        70      1977
 MINIMUM TEMPERATURE (F)   24        -5      1974


SUNRISE AND SUNSET
MARCH 29 2015.........SUNRISE   638 AM EDT   SUNSET   713 PM EDT
MARCH 30 2015.........SUNRISE   636 AM EDT   SUNSET   715 PM EDT


-  INDICATES NEGATIVE NUMBERS.
R  INDICATES RECORD WAS SET OR TIED.
MM INDICATES DATA IS MISSING.
T  INDICATES TRACE AMOUNT.




$$
