000
CDUS43 KMPX 280632
CLIMPX


CLIMATE REPORT
NATIONAL WEATHER SERVICE CHANHASSEN MN
1232 AM CST SUN DEC 28 2014


...................................

...THE CHANHASSEN MN CLIMATE SUMMARY FOR DECEMBER 27 2014...

CLIMATE NORMAL PERIOD 1981 TO 2010
CLIMATE RECORD PERIOD 1995 TO 2014


WEATHER ITEM   OBSERVED TIME   RECORD YEAR NORMAL DEPARTURE LAST
                VALUE   (LST)  VALUE       VALUE  FROM      YEAR
                                                  NORMAL
..................................................................
TEMPERATURE (F)
 YESTERDAY
  MAXIMUM         26        MM  44    2003  23      3       38
  MINIMUM          8        MM   3    2000   7      1        8
  AVERAGE         17                        15      2       23

PRECIPITATION (IN)
  YESTERDAY        0.27R         T    2005   0.04   0.23     0.00
                                      2005
                                      2010
  MONTH TO DATE    0.97                      1.10  -0.13     1.20
  SINCE DEC 1      0.97                      1.10  -0.13     1.20
  SINCE JAN 1     36.43                     31.01   5.42    35.02

SNOWFALL (IN)
  YESTERDAY        3.9 R         T    2010   0.4    3.5      0.0
                                      2006
                                      2004
  MONTH TO DATE    6.7                      12.2   -5.5     15.8
  SINCE DEC 1      6.7                      12.2   -5.5     15.8
  SINCE JUL 1     14.8                      18.0   -3.2     17.6
  SNOW DEPTH       4

DEGREE DAYS
 HEATING
  YESTERDAY       48                        50     -2       42
  MONTH TO DATE 1052                      1252   -200     1463
  SINCE DEC 1   1052                      1252   -200     1463
  SINCE JUL 1   2989                      2959     30     3185

 COOLING
  YESTERDAY        0                         0      0        0
  MONTH TO DATE    0                         0      0        0
  SINCE DEC 1      0                         0      0        0
  SINCE JAN 1    514                       605    -91      667
..................................................................


WIND (MPH)
  HIGHEST WIND SPEED    MM   HIGHEST WIND DIRECTION    MM
  HIGHEST GUST SPEED    MM   HIGHEST GUST DIRECTION    MM
  AVERAGE WIND SPEED    MM


SKY COVER
  POSSIBLE SUNSHINE  MM
  AVERAGE SKY COVER  MM


WEATHER CONDITIONS
 THE FOLLOWING WEATHER WAS RECORDED YESTERDAY.
  NO SIGNIFICANT WEATHER WAS OBSERVED.


RELATIVE HUMIDITY (PERCENT)
 HIGHEST    MM
 LOWEST     MM
 AVERAGE    MM

..........................................................


THE CHANHASSEN MN CLIMATE NORMALS FOR TODAY
                         NORMAL    RECORD    YEAR
 MAXIMUM TEMPERATURE (F)   23        44      2013
 MINIMUM TEMPERATURE (F)    7         3      2008


SUNRISE AND SUNSET
DECEMBER 28 2014......SUNRISE   751 AM CST   SUNSET   440 PM CST
DECEMBER 29 2014......SUNRISE   752 AM CST   SUNSET   441 PM CST


-  INDICATES NEGATIVE NUMBERS.
R  INDICATES RECORD WAS SET OR TIED.
MM INDICATES DATA IS MISSING.
T  INDICATES TRACE AMOUNT.




$$
