000
CDUS43 KMPX 210720
CLIMPX


CLIMATE REPORT
NATIONAL WEATHER SERVICE CHANHASSEN MN
220 AM CDT SUN SEP 21 2014


...................................

...THE CHANHASSEN MN CLIMATE SUMMARY FOR SEPTEMBER 20 2014...

CLIMATE NORMAL PERIOD 1981 TO 2010
CLIMATE RECORD PERIOD 1995 TO 2014


WEATHER ITEM   OBSERVED NORMAL DEPARTURE LAST
                VALUE   VALUE  FROM      YEAR
                               NORMAL
...............................................
TEMPERATURE (F)
 YESTERDAY
  MAXIMUM         75     69      6       63
  MINIMUM         56     49      7       49
  AVERAGE         66     59      7       56

PRECIPITATION (IN)
  YESTERDAY        0.40   0.11   0.29      T
  MONTH TO DATE    1.01   2.40  -1.39     1.38
  SINCE SEP 1      1.01   2.40  -1.39     1.38
  SINCE JAN 1     33.52  24.40   9.12    29.59

SNOWFALL (IN)
  YESTERDAY        0.0    0.0    0.0      0.0
  MONTH TO DATE    0.0    0.0    0.0      0.0
  SINCE SEP 1      0.0    0.0    0.0      0.0
  SINCE JUL 1      0.0    0.0    0.0      0.0
  SNOW DEPTH       0

DEGREE DAYS
 HEATING
  YESTERDAY        0      7     -7        9
  MONTH TO DATE  117     83     34       68
  SINCE SEP 1    117     83     34       68
  SINCE JUL 1    133    106     27       89

 COOLING
  YESTERDAY        1      1      0        0
  MONTH TO DATE   22     41    -19       73
  SINCE SEP 1     22     41    -19       73
  SINCE JAN 1    501    594    -93      652
...............................................







THE CHANHASSEN MN CLIMATE NORMALS FOR TODAY
                         NORMAL
 MAXIMUM TEMPERATURE (F)   68
 MINIMUM TEMPERATURE (F)   48



-  INDICATES NEGATIVE NUMBERS.
R  INDICATES RECORD WAS SET OR TIED.
MM INDICATES DATA IS MISSING.
T  INDICATES TRACE AMOUNT.




$$
